-- Table structure for table `partiushop_companies`
--

CREATE TABLE `partiushop_companies` (
  `company_id` int(11) UNSIGNED NOT NULL,
  `cnpj` varchar(255) NOT NULL DEFAULT '0',
  `status` char(1) NOT NULL DEFAULT 'A',
  `company` varchar(255) NOT NULL,
  `razao_social` varchar(255) DEFAULT NULL,
  `lang_code` char(2) NOT NULL DEFAULT '',
  `address` varchar(255) NOT NULL,
  `city` varchar(64) NOT NULL,
  `state` varchar(32) NOT NULL,
  `country` char(2) NOT NULL,
  `zipcode` varchar(16) NOT NULL,
  `email` varchar(128) NOT NULL,
  `phone` varchar(128) NOT NULL,
  `url` varchar(128) NOT NULL,
  `storefront` varchar(255) NOT NULL DEFAULT '',
  `secure_storefront` varchar(255) NOT NULL DEFAULT '',
  `entry_page` varchar(50) NOT NULL DEFAULT 'none',
  `redirect_customer` char(1) NOT NULL DEFAULT 'Y',
  `countries_list` text DEFAULT NULL,
  `timestamp` int(11) NOT NULL,
  `shippings` text DEFAULT NULL,
  `logos` text DEFAULT NULL,
  `request_user_id` mediumint(8) UNSIGNED NOT NULL DEFAULT 0,
  `request_account_name` varchar(255) NOT NULL DEFAULT '',
  `request_account_data` blob DEFAULT NULL,
  `pre_moderation` char(1) NOT NULL DEFAULT 'N',
  `pre_moderation_edit` char(1) NOT NULL DEFAULT 'N',
  `pre_moderation_edit_vendors` char(1) NOT NULL DEFAULT 'N',
  `plan_id` int(11) UNSIGNED NOT NULL DEFAULT 0,
  `suspend_date` int(11) UNSIGNED NOT NULL DEFAULT 0,
  `grace_period_start` int(11) UNSIGNED NOT NULL DEFAULT 0,
  `last_time_suspended` int(11) UNSIGNED NOT NULL DEFAULT 0,
  `last_debt_notification_time` int(11) UNSIGNED NOT NULL DEFAULT 0,
  `tax_number` varchar(255) NOT NULL DEFAULT '',
  `b_address` varchar(255) DEFAULT NULL,
  `b_address_2` varchar(255) DEFAULT NULL,
  `b_city` varchar(255) DEFAULT NULL,
  `b_state` varchar(255) DEFAULT NULL,
  `b_country` varchar(255) DEFAULT NULL,
  `b_zipcode` varchar(255) DEFAULT NULL,
  `b_bairro` varchar(255) DEFAULT NULL,
  `b_numero` varchar(255) DEFAULT NULL,
  `s_address` varchar(255) DEFAULT NULL,
  `s_address_2` varchar(255) DEFAULT NULL,
  `s_city` varchar(255) DEFAULT NULL,
  `s_state` varchar(255) DEFAULT NULL,
  `s_country` varchar(255) DEFAULT NULL,
  `s_zipcode` varchar(255) DEFAULT NULL,
  `s_numero` varchar(255) DEFAULT NULL,
  `s_bairro` varchar(255) DEFAULT NULL,
  `inscricao_municipal` varchar(255) DEFAULT NULL,
  `inscricao_estadual` varchar(255) DEFAULT NULL,
  `landline_phone` varchar(255) DEFAULT NULL,
  `times_used_free_trial` int(11) NOT NULL DEFAULT 0
) ENGINE=InnoDB DEFAULT CHARSET=utf8;

--
-- Dumping data for table `partiushop_companies`
--

INSERT INTO `partiushop_companies` (`company_id`, `cnpj`, `status`, `company`, `razao_social`, `lang_code`, `address`, `city`, `state`, `country`, `zipcode`, `email`, `phone`, `url`, `storefront`, `secure_storefront`, `entry_page`, `redirect_customer`, `countries_list`, `timestamp`, `shippings`, `logos`, `request_user_id`, `request_account_name`, `request_account_data`, `pre_moderation`, `pre_moderation_edit`, `pre_moderation_edit_vendors`, `plan_id`, `suspend_date`, `grace_period_start`, `last_time_suspended`, `last_debt_notification_time`, `tax_number`, `b_address`, `b_address_2`, `b_city`, `b_state`, `b_country`, `b_zipcode`, `b_bairro`, `b_numero`, `s_address`, `s_address_2`, `s_city`, `s_state`, `s_country`, `s_zipcode`, `s_numero`, `s_bairro`, `inscricao_municipal`, `inscricao_estadual`, `landline_phone`, `times_used_free_trial`) VALUES
(4, '0', 'A', 'Loja 01', NULL, 'pt', 'Carlos Drummond de Andrade', 'Goioere', 'PR', 'BR', '87360000', 'guilhermedoyle@gmail.com.br', '+55(44)99999-9999', '', '', '', 'none', 'Y', '', 1586399637, '1,8,10', NULL, 12, '', 0x613a343a7b733a31343a22636f6d70616e795f6669656c6473223b613a323a7b693a33373b733a393a224775696c6865726d65223b693a33383b733a353a22446f796c65223b7d733a31353a2261646d696e5f66697273746e616d65223b733a393a224775696c6865726d65223b733a31343a2261646d696e5f6c6173746e616d65223b733a353a22446f796c65223b733a363a226669656c6473223b613a303a7b7d7d, 'N', 'N', 'N', 10, 1631574430, 0, 1634756744, 0, '', NULL, NULL, NULL, NULL, NULL, NULL, NULL, NULL, NULL, NULL, NULL, NULL, NULL, NULL, NULL, NULL, NULL, NULL, NULL, 0);

-- --------------------------------------------------------

--
-- Table structure for table `partiushop_companies_socios`
--

CREATE TABLE `partiushop_companies_socios` (
  `socios_id` int(11) NOT NULL,
  `company_id` int(11) NOT NULL DEFAULT 0,
  `cpf` int(11) NOT NULL,
  `fullname` varchar(255) DEFAULT NULL,
  `birthday` varchar(50) NOT NULL,
  `phone` varchar(50) NOT NULL,
  `landline_phone` varchar(50) NOT NULL,
  `email` varchar(255) NOT NULL,
  `zipcode` varchar(50) NOT NULL,
  `address` varchar(50) NOT NULL,
  `numero` varchar(50) NOT NULL,
  `address_2` varchar(50) NOT NULL,
  `bairro` varchar(50) NOT NULL,
  `city` varchar(50) NOT NULL,
  `state` char(3) NOT NULL
) ENGINE=MyISAM DEFAULT CHARSET=utf8;

-- --------------------------------------------------------

--
-- Table structure for table `partiushop_company_descriptions`
--

CREATE TABLE `partiushop_company_descriptions` (
  `company_id` int(11) UNSIGNED NOT NULL,
  `lang_code` char(2) NOT NULL,
  `company_description` text DEFAULT NULL,
  `terms` mediumtext DEFAULT NULL
) ENGINE=InnoDB DEFAULT CHARSET=utf8;

--
-- Dumping data for table `partiushop_company_descriptions`
--

INSERT INTO `partiushop_company_descriptions` (`company_id`, `lang_code`, `company_description`, `terms`) VALUES
(4, 'da', NULL, NULL),
(4, 'de', NULL, NULL),
(4, 'el', NULL, NULL),
(4, 'en', '', ''),
(4, 'es', NULL, NULL),
(4, 'fr', NULL, NULL),
(4, 'it', NULL, NULL),
(4, 'nl', NULL, NULL),
(4, 'no', NULL, NULL),
(4, 'pt', '', ''),
(4, 'ro', NULL, NULL),
(4, 'ru', NULL, NULL);

-- --------------------------------------------------------

--
-- Table structure for table `partiushop_countries`
--

CREATE TABLE `partiushop_countries` (
  `code` char(2) NOT NULL DEFAULT '',
  `code_A3` char(3) NOT NULL DEFAULT '',
  `code_N3` char(3) NOT NULL DEFAULT '',
  `region` char(2) NOT NULL DEFAULT '',
  `lat` float NOT NULL DEFAULT 0,
  `lon` float NOT NULL DEFAULT 0,
  `status` char(1) NOT NULL DEFAULT 'A'
) ENGINE=InnoDB DEFAULT CHARSET=utf8;

--
-- Dumping data for table `partiushop_countries`
--

INSERT INTO `partiushop_countries` (`code`, `code_A3`, `code_N3`, `region`, `lat`, `lon`, `status`) VALUES
('AD', 'AND', '020', 'EU', 42.3, 1.3, 'D'),
('AE', 'ARE', '784', 'AS', 24, 54, 'D'),
('AF', 'AFG', '004', 'AS', 33, 65, 'D'),
('AG', 'ATG', '028', 'LA', 17.03, -61.48, 'D'),
('AI', 'AIA', '660', 'LA', 18.15, -63.1, 'D'),
('AL', 'ALB', '008', 'EU', 41, 20, 'D'),
('AM', 'ARM', '051', 'AS', 40, 45, 'D'),
('AO', 'AGO', '024', 'AF', -12.3, 18.3, 'D'),
('AP', '', '', '', -2.81, 128.5, 'D'),
('AQ', 'ATA', '010', 'AN', -90, 0, 'D'),
('AR', 'ARG', '032', 'LA', -34, -64, 'D'),
('AS', 'ASM', '016', 'AU', -14.2, -170, 'D'),
('AT', 'AUT', '040', 'EU', 47.2, 13.2, 'D'),
('AU', 'AUS', '036', 'AU', -27, 133, 'D'),
('AW', 'ABW', '533', 'LA', 12.3, -69.58, 'D'),
('AX', 'ALA', '248', 'EU', 60.21, 20.16, 'D'),
('AZ', 'AZE', '031', 'AS', 40.3, 47.3, 'D'),
('BA', 'BIH', '070', 'EU', 44, 18, 'D'),
('BB', 'BRB', '052', 'LA', 13.1, -59.32, 'D'),
('BD', 'BGD', '050', 'AS', 24, 90, 'D'),
('BE', 'BEL', '056', 'EU', 50.5, 4, 'D'),
('BF', 'BFA', '854', 'AF', 13, -2, 'D'),
('BG', 'BGR', '100', 'EU', 43, 25, 'D'),
('BH', 'BHR', '048', 'AS', 26, 50.33, 'D'),
('BI', 'BDI', '108', 'AF', -3.3, 30, 'D'),
('BJ', 'BEN', '204', 'AF', 9.3, 2.15, 'D'),
('BM', 'BMU', '060', 'LA', 32.2, -64.45, 'D'),
('BN', 'BRN', '096', 'AS', 4.3, 114.4, 'D'),
('BO', 'BOL', '068', 'LA', -17, -65, 'D'),
('BR', 'BRA', '076', 'LA', -10, -55, 'A'),
('BS', 'BHS', '044', 'LA', 24.15, -76, 'D'),
('BT', 'BTN', '064', 'AS', 27.3, 90.3, 'D'),
('BV', 'BVT', '074', 'AN', -54.26, 3.24, 'D'),
('BW', 'BWA', '072', 'AF', -22, 24, 'D'),
('BY', 'BLR', '112', 'EU', 53, 28, 'D'),
('BZ', 'BLZ', '084', 'LA', 17.15, -88.45, 'D'),
('CA', 'CAN', '124', 'NA', 60, -95, 'D'),
('CC', 'CCK', '166', 'AU', -12.3, 96.5, 'D'),
('CF', 'CAF', '140', 'AF', 7, 21, 'D'),
('CG', 'COG', '178', 'AF', 0, 25, 'D'),
('CH', 'CHE', '756', 'EU', 47, 8, 'D'),
('CI', 'CIV', '384', 'AF', 7.64, -4.93, 'D'),
('CK', 'COK', '184', 'AU', -21.14, -159.46, 'D'),
('CL', 'CHL', '152', 'LA', -30, -71, 'D'),
('CM', 'CMR', '120', 'AF', 6, 12, 'D'),
('CN', 'CHN', '156', 'AS', 35, 105, 'D'),
('CO', 'COL', '170', 'LA', 4, -72, 'D'),
('CR', 'CRI', '188', 'LA', 10, -84, 'D'),
('CS', 'SCG', '891', 'EU', 43.57, 21.41, 'D'),
('CU', 'CUB', '192', 'LA', 21.3, -80, 'D'),
('CV', 'CPV', '132', 'AF', 16, -24, 'D'),
('CW', 'CUW', '531', 'LA', 12.18, -69, 'D'),
('CX', 'CXR', '162', 'AU', -10.3, 105.4, 'D'),
('CY', 'CYP', '196', 'EU', 35, 33, 'D'),
('CZ', 'CZE', '203', 'EU', 49.45, 15.3, 'D'),
('DE', 'DEU', '276', 'EU', 51, 9, 'D'),
('DJ', 'DJI', '262', 'AF', 11.3, 43, 'D'),
('DK', 'DNK', '208', 'EU', 56, 10, 'D'),
('DM', 'DMA', '212', 'LA', 15.25, -61.2, 'D'),
('DO', 'DOM', '214', 'LA', 19, -70.4, 'D'),
('DZ', 'DZA', '012', 'AF', 28, 3, 'D'),
('EC', 'ECU', '218', 'LA', -2, -77.3, 'D'),
('EE', 'EST', '233', 'EU', 59, 26, 'D'),
('EG', 'EGY', '818', 'AF', 27, 30, 'D'),
('EH', 'ESH', '732', 'AF', 24.3, -13, 'D'),
('ER', 'ERI', '232', 'AF', 15, 39, 'D'),
('ES', 'ESP', '724', 'EU', 40, -4, 'D'),
('ET', 'ETH', '210', 'AF', 8, 38, 'D'),
('EU', '', '', '', 0, 0, 'D'),
('FI', 'FIN', '246', 'EU', 64, 26, 'D'),
('FJ', 'FJI', '242', 'AU', -18, 175, 'D'),
('FK', 'FLK', '238', 'LA', -51.45, -59, 'D'),
('FM', 'FSM', '583', 'AU', 6.55, 158.15, 'D'),
('FO', 'FRO', '234', 'EU', 62, -7, 'D'),
('FR', 'FRA', '250', 'EU', 46, 2, 'D'),
('FX', 'FXX', '249', 'EU', 0, 0, 'D'),
('GA', 'GAB', '266', 'AF', -1, 11.45, 'D'),
('GB', 'GBR', '826', 'EU', 54, -2, 'D'),
('GD', 'GRD', '308', 'LA', 12.07, -61.4, 'D'),
('GE', 'GEO', '268', 'AS', 42, 43.3, 'D'),
('GF', 'GUF', '254', 'LA', 4, -53, 'D'),
('GG', 'GGY', '831', 'EU', 49.27, 2.33, 'D'),
('GH', 'GHA', '288', 'AF', 8, -2, 'D'),
('GI', 'GIB', '292', 'EU', 36.8, -5.21, 'D'),
('GL', 'GRL', '304', 'NA', 72, -40, 'D'),
('GM', 'GMB', '270', 'AF', 13.28, -16.34, 'D'),
('GN', 'GIN', '324', 'AF', 11, -10, 'D'),
('GP', 'GLP', '312', 'LA', 16.15, -61.35, 'D'),
('GQ', 'GNQ', '226', 'AF', 2, 10, 'D'),
('GR', 'GRC', '300', 'EU', 39, 22, 'D'),
('GT', 'GTM', '320', 'LA', 15.3, -90.15, 'D'),
('GU', 'GUM', '316', 'AU', 13.28, 144.47, 'D'),
('GW', 'GNB', '624', 'AF', 12, -15, 'D'),
('GY', 'GUY', '328', 'LA', 5, -59, 'D'),
('HK', 'HKG', '344', 'AS', 22.15, 114.1, 'D'),
('HM', 'HMD', '334', 'AU', -53.06, 72.31, 'D'),
('HN', 'HND', '340', 'LA', 15, -86.3, 'D'),
('HR', 'HRV', '191', 'EU', 45.1, 15.3, 'D'),
('HT', 'HTI', '332', 'LA', 19, -72.25, 'D'),
('HU', 'HUN', '348', 'EU', 47, 20, 'D'),
('ID', 'IDN', '360', 'AS', -5, 120, 'D'),
('IE', 'IRL', '372', 'EU', 53, -8, 'D'),
('IL', 'ISR', '376', 'AS', 31.3, 34.45, 'D'),
('IM', 'IMN', '833', 'EU', 54.09, 4.29, 'D'),
('IN', 'IND', '356', 'AS', 20, 77, 'D'),
('IO', 'IOT', '086', 'AS', -6, 71.3, 'D'),
('IQ', 'IRQ', '368', 'AS', 33, 44, 'D'),
('IR', 'IRN', '364', 'AS', 32, 53, 'D'),
('IS', 'ISL', '352', 'EU', 65, -18, 'D'),
('IT', 'ITA', '380', 'EU', 42.5, 12.5, 'D'),
('JE', 'JEY', '832', 'EU', 49.11, 2.06, 'D'),
('JM', 'JAM', '388', 'LA', 18.15, -77.3, 'D'),
('JO', 'JOR', '400', 'AS', 31, 36, 'D'),
('JP', 'JPN', '392', 'AS', 36, 138, 'D'),
('KE', 'KEN', '404', 'AF', 1, 38, 'D'),
('KG', 'KGZ', '417', 'AS', 41, 75, 'D'),
('KH', 'KHM', '116', 'AS', 13, 105, 'D'),
('KI', 'KIR', '296', 'AU', 1.25, 173, 'D'),
('KM', 'COM', '174', 'AF', -12.1, 44.15, 'D'),
('KN', 'KNA', '659', 'LA', 17.2, -62.45, 'D'),
('KP', 'PRK', '408', 'AS', 40, 127, 'D'),
('KR', 'KOR', '410', 'AS', 37, 127.3, 'D'),
('KW', 'KWT', '414', 'AS', 29.3, 45.45, 'D'),
('KY', 'CYM', '136', 'LA', 19.3, -80.3, 'D'),
('KZ', 'KAZ', '398', 'AS', 48, 68, 'D'),
('LA', 'LAO', '418', 'AS', 18, 105, 'D'),
('LB', 'LBN', '422', 'AS', 33.5, 35.5, 'D'),
('LC', 'LCA', '662', 'LA', 13.53, -60.68, 'D'),
('LI', 'LIE', '438', 'EU', 47.16, 9.32, 'D'),
('LK', 'LKA', '144', 'AS', 7, 81, 'D'),
('LR', 'LBR', '430', 'AF', 6.3, -9.3, 'D'),
('LS', 'LSO', '426', 'AF', -29.3, 28.3, 'D'),
('LT', 'LTU', '440', 'EU', 56, 24, 'D'),
('LU', 'LUX', '442', 'EU', 49.45, 6.1, 'D'),
('LV', 'LVA', '428', 'EU', 57, 25, 'D'),
('LY', 'LBY', '434', 'AF', 25, 17, 'D'),
('MA', 'MAR', '504', 'AF', 32, -5, 'D'),
('MC', 'MCO', '492', 'EU', 43.44, 7.24, 'D'),
('MD', 'MDA', '498', 'EU', 47, 29, 'D'),
('ME', 'MNE', '499', 'EU', 42.47, 19.28, 'D'),
('MG', 'MDG', '450', 'AF', -20, 47, 'D'),
('MH', 'MHL', '584', 'AU', 9, 168, 'D'),
('MK', 'MKD', '807', 'EU', 41.5, 22, 'D'),
('ML', 'MLI', '466', 'AF', 17, -4, 'D'),
('MM', 'MMR', '104', 'AS', 22, 98, 'D'),
('MN', 'MNG', '496', 'AS', 46, 105, 'D'),
('MO', 'MAC', '446', 'AS', 22.1, 113.33, 'D'),
('MP', 'MNP', '580', 'AU', 15.12, 145.45, 'D'),
('MQ', 'MTQ', '474', 'LA', 14.4, -61, 'D'),
('MR', 'MRT', '478', 'AF', 20, -12, 'D'),
('MS', 'MSR', '500', 'LA', 16.45, -62.12, 'D'),
('MT', 'MLT', '470', 'EU', 35.5, 14.35, 'D'),
('MU', 'MUS', '480', 'AF', -20.17, 57.33, 'D'),
('MV', 'MDV', '462', 'AS', 3.15, 73, 'D'),
('MW', 'MWI', '454', 'AF', -13.3, 34, 'D'),
('MX', 'MEX', '484', 'LA', 23, -102, 'D'),
('MY', 'MYS', '458', 'AS', 2.3, 112.3, 'D'),
('MZ', 'MOZ', '508', 'AF', -18.15, 35, 'D'),
('NA', 'NAM', '516', 'AF', -22, 17, 'D'),
('NC', 'NCL', '540', 'AU', -21.3, 165.3, 'D'),
('NE', 'NER', '562', 'AF', 16, 8, 'D'),
('NF', 'NFK', '574', 'AU', -29.02, 167.57, 'D'),
('NG', 'NGA', '566', 'AF', 10, 8, 'D'),
('NI', 'NIC', '558', 'LA', 13, -85, 'D'),
('NL', 'NLD', '528', 'EU', 52.3, 5.45, 'D'),
('NO', 'NOR', '578', 'EU', 62, 10, 'D'),
('NP', 'NPL', '524', 'AS', 28, 84, 'D'),
('NR', 'NRU', '520', 'AU', -0.32, 166.55, 'D'),
('NU', 'NIU', '570', 'AU', -19.02, -169.52, 'D'),
('NZ', 'NZL', '554', 'AU', -41, 174, 'D'),
('OM', 'OMN', '512', 'AS', 21, 57, 'D'),
('PA', 'PAN', '591', 'LA', 9, -80, 'D'),
('PE', 'PER', '604', 'LA', -10, -76, 'D'),
('PF', 'PYF', '258', 'AU', -15, -140, 'D'),
('PG', 'PNG', '598', 'AS', -6, 147, 'D'),
('PH', 'PHL', '608', 'AS', 13, 122, 'D'),
('PK', 'PAK', '586', 'AS', 30, 70, 'D'),
('PL', 'POL', '616', 'EU', 52, 20, 'D'),
('PM', 'SPM', '666', 'NA', 46.5, -56.2, 'D'),
('PN', 'PCN', '612', 'AU', -25.04, -130.06, 'D'),
('PR', 'PRI', '630', 'LA', 18.15, -66.3, 'D'),
('PS', 'PSE', '275', 'AS', 31.89, 34.9, 'D'),
('PT', 'PRT', '620', 'EU', 39.3, -8, 'D'),
('PW', 'PLW', '585', 'AU', 7.3, 134.3, 'D'),
('PY', 'PRY', '600', 'LA', -23, -58, 'D'),
('QA', 'QAT', '634', 'AS', 25.3, 51.15, 'D'),
('RE', 'REU', '638', 'AF', -21.06, 55.36, 'D'),
('RO', 'ROU', '642', 'EU', 46, 25, 'D'),
('RS', 'SRB', '688', 'EU', 44.02, 21.01, 'D'),
('RU', 'RUS', '643', 'EU', 60, 100, 'D'),
('RW', 'RWA', '646', 'AF', -2, 30, 'D'),
('SA', 'SAU', '682', 'AS', 25, 45, 'D'),
('SB', 'SLB', '090', 'AU', -8, 159, 'D'),
('SC', 'SYC', '690', 'AF', -4.35, 55.4, 'D'),
('SD', 'SDN', '736', 'AF', 15, 30, 'D'),
('SE', 'SWE', '752', 'EU', 62, 15, 'D'),
('SG', 'SGP', '702', 'AS', 1.22, 103.48, 'D'),
('SH', 'SHN', '654', 'AF', -15.56, -5.42, 'D'),
('SI', 'SVN', '705', 'EU', 46.07, 14.49, 'D'),
('SJ', 'SJM', '744', 'EU', 78, 20, 'D'),
('SK', 'SVK', '703', 'EU', 48.4, 19.3, 'D'),
('SL', 'SLE', '694', 'AF', 8.3, -11.3, 'D'),
('SM', 'SMR', '674', 'EU', 43.46, 12.25, 'D'),
('SN', 'SEN', '686', 'AF', 14, -14, 'D'),
('SO', 'SOM', '706', 'AF', 10, 49, 'D'),
('SR', 'SUR', '740', 'LA', 4, -56, 'D'),
('ST', 'STP', '678', 'AF', 1, 7, 'D'),
('SV', 'SLV', '222', 'LA', 13.5, -88.55, 'D'),
('SX', 'SXM', '534', 'LA', 18.07, -63.05, 'D'),
('SY', 'SYR', '760', 'AS', 35, 38, 'D'),
('SZ', 'SWZ', '748', 'AF', -26.3, 31.3, 'D'),
('TC', 'TCA', '796', 'LA', 21.45, -71.35, 'D'),
('TD', 'TCD', '148', 'AF', 15, 19, 'D'),
('TF', 'ATF', '260', 'AN', -43, 67, 'D'),
('TG', 'TGO', '768', 'AF', 8, 1.1, 'D'),
('TH', 'THA', '764', 'AS', 15, 100, 'D'),
('TJ', 'TJK', '762', 'AS', 39, 71, 'D'),
('TK', 'TKL', '772', 'AU', -9, -172, 'D'),
('TL', 'TLS', '626', 'AS', -8.5, 125.55, 'D'),
('TM', 'TKM', '795', 'AS', 40, 60, 'D'),
('TN', 'TUN', '788', 'AF', 34, 9, 'D'),
('TO', 'TON', '776', 'AU', -20, -175, 'D'),
('TR', 'TUR', '792', 'EU', 39, 35, 'D'),
('TT', 'TTO', '780', 'LA', 11, -61, 'D'),
('TV', 'TUV', '798', 'AU', -8, 178, 'D'),
('TW', 'TWN', '158', 'AS', 23.3, 121, 'D'),
('TZ', 'TZA', '834', 'AF', -6, 35, 'D'),
('UA', 'UKR', '804', 'EU', 49, 32, 'D'),
('UG', 'UGA', '800', 'AF', 1, 32, 'D'),
('US', 'USA', '840', 'NA', 38, -97, 'D'),
('UY', 'URY', '858', 'LA', -33, -56, 'D'),
('UZ', 'UZB', '860', 'AS', 41, 64, 'D'),
('VA', 'VAT', '336', 'EU', 41.54, 12.27, 'D'),
('VC', 'VCT', '670', 'LA', 13.15, -61.12, 'D'),
('VE', 'VEN', '862', 'LA', 8, -66, 'D'),
('VG', 'VGB', '092', 'LA', 18.2, -64.5, 'D'),
('VI', 'VIR', '850', 'LA', 18.2, -64.5, 'D'),
('VN', 'VNM', '704', 'AS', 16, 106, 'D'),
('VU', 'VUT', '548', 'AU', -16, 167, 'D'),
('WF', 'WLF', '876', 'AU', -13.18, -176.12, 'D'),
('WS', 'WSM', '685', 'AU', -13.35, -172.2, 'D'),
('YE', 'YEM', '887', 'AS', 15, 48, 'D'),
('YT', 'MYT', '175', 'AF', -12.5, 45.1, 'D'),
('ZA', 'ZAF', '710', 'AF', -29, 24, 'D'),
('ZM', 'ZMB', '894', 'AF', -15, 30, 'D'),
('ZR', 'ZAR', '180', 'AF', 0, 0, 'D'),
('ZW', 'ZWE', '716', 'AF', -20, 30, 'D');

-- --------------------------------------------------------

--
-- Table structure for table `partiushop_country_descriptions`
--

CREATE TABLE `partiushop_country_descriptions` (
  `code` char(2) NOT NULL DEFAULT '',
  `lang_code` char(2) NOT NULL DEFAULT '',
  `country` varchar(128) NOT NULL DEFAULT ''
) ENGINE=InnoDB DEFAULT CHARSET=utf8;

--
-- Dumping data for table `partiushop_country_descriptions`
--

INSERT INTO `partiushop_country_descriptions` (`code`, `lang_code`, `country`) VALUES
('AD', 'da', 'Andorra'),
('AD', 'de', 'Andorra'),
('AD', 'el', 'Andorra'),
('AD', 'en', 'Andorra'),
('AD', 'es', 'Andorra'),
('AD', 'fr', 'Andorre'),
('AD', 'it', 'Andorra'),
('AD', 'nl', 'Andorra'),
('AD', 'no', 'Andorra'),
('AD', 'pt', 'Andorra'),
('AD', 'ro', 'Andorra'),
('AD', 'ru', 'Андорра'),
('AE', 'da', 'De Forenede Arabiske Emirater'),
('AE', 'de', 'United Arab Emirates'),
('AE', 'el', 'United Arab Emirates'),
('AE', 'en', 'United Arab Emirates'),
('AE', 'es', 'Emiratos Árabes Unidos'),
('AE', 'fr', 'Émirats arabes unis'),
('AE', 'it', 'United Arab Emirates'),
('AE', 'nl', 'Ver. Arabische Emiraten'),
('AE', 'no', 'United Arab Emirates'),
('AE', 'pt', 'United Arab Emirates'),
('AE', 'ro', 'Emiratele Arabe Unite'),
('AE', 'ru', 'Объединенные Арабские Эмираты(ОАЭ)'),
('AF', 'da', 'Belarus'),
('AF', 'de', 'Afghanistan'),
('AF', 'el', 'Afghanistan'),
('AF', 'en', 'Afghanistan'),
('AF', 'es', 'Afganistán'),
('AF', 'fr', 'Afghanistan'),
('AF', 'it', 'Afghanistan'),
('AF', 'nl', 'Afghanistan'),
('AF', 'no', 'Afghanistan'),
('AF', 'pt', 'Afghanistan'),
('AF', 'ro', 'Afganistan'),
('AF', 'ru', 'Афганистан'),
('AG', 'da', 'Antigua og Barbuda'),
('AG', 'de', 'Antigua and Barbuda'),
('AG', 'el', 'Antigua and Barbuda'),
('AG', 'en', 'Antigua and Barbuda'),
('AG', 'es', 'Antigua y Barbuda'),
('AG', 'fr', 'Antigua-et-Barbuda'),
('AG', 'it', 'Antigua and Barbuda'),
('AG', 'nl', 'Antigua and Barbuda'),
('AG', 'no', 'Antigua and Barbuda'),
('AG', 'pt', 'Antigua and Barbuda'),
('AG', 'ro', 'Antigua și Barbuda'),
('AG', 'ru', 'Антигуа и Барбуда'),
('AI', 'da', 'Anguilla'),
('AI', 'de', 'Anguilla'),
('AI', 'el', 'Anguilla'),
('AI', 'en', 'Anguilla'),
('AI', 'es', 'Anguila'),
('AI', 'fr', 'Anguilla'),
('AI', 'it', 'Anguilla'),
('AI', 'nl', 'Anguilla'),
('AI', 'no', 'Anguilla'),
('AI', 'pt', 'Anguilla'),
('AI', 'ro', 'Anguilla'),
('AI', 'ru', 'Ангилья'),
('AL', 'da', 'Albanien'),
('AL', 'de', 'Albania'),
('AL', 'el', 'Albania'),
('AL', 'en', 'Albania'),
('AL', 'es', 'Albania'),
('AL', 'fr', 'Albanie'),
('AL', 'it', 'Albania'),
('AL', 'nl', 'Albanie'),
('AL', 'no', 'Albania'),
('AL', 'pt', 'Albania'),
('AL', 'ro', 'Albania'),
('AL', 'ru', 'Албания'),
('AM', 'da', 'Armenien'),
('AM', 'de', 'Armenia'),
('AM', 'el', 'Armenia'),
('AM', 'en', 'Armenia'),
('AM', 'es', 'Armenia'),
('AM', 'fr', 'Arménie'),
('AM', 'it', 'Armenia'),
('AM', 'nl', 'Armenie'),
('AM', 'no', 'Armenia'),
('AM', 'pt', 'Armenia'),
('AM', 'ro', 'Armenia'),
('AM', 'ru', 'Армения'),
('AO', 'da', 'Angola'),
('AO', 'de', 'Angola'),
('AO', 'el', 'Angola'),
('AO', 'en', 'Angola'),
('AO', 'es', 'Angola'),
('AO', 'fr', 'Angola'),
('AO', 'it', 'Angola'),
('AO', 'nl', 'Angola'),
('AO', 'no', 'Angola'),
('AO', 'pt', 'Angola'),
('AO', 'ro', 'Angola'),
('AO', 'ru', 'Ангола'),
('AP', 'da', 'Asia-Pacific'),
('AP', 'de', 'Asia-Pacific'),
('AP', 'el', 'Asia-Pacific'),
('AP', 'en', 'Asia-Pacific'),
('AP', 'es', 'Asia-Pacific'),
('AP', 'fr', 'Asie-Pacifique'),
('AP', 'it', 'Asia-Pacific'),
('AP', 'nl', 'Asia-Pacific'),
('AP', 'no', 'Asia-Pacific'),
('AP', 'pt', 'Asia-Pacific'),
('AP', 'ro', 'Asia-Pacifică'),
('AP', 'ru', 'Азиатско-Тихоокеанский регион'),
('AQ', 'da', 'Antarktis'),
('AQ', 'de', 'Antarctica'),
('AQ', 'el', 'Antarctica'),
('AQ', 'en', 'Antarctica'),
('AQ', 'es', 'Antártida'),
('AQ', 'fr', 'Antarctique'),
('AQ', 'it', 'Antarctica'),
('AQ', 'nl', 'Antarctica'),
('AQ', 'no', 'Antarctica'),
('AQ', 'pt', 'Antarctica'),
('AQ', 'ro', 'Antarctica'),
('AQ', 'ru', 'Антарктида'),
('AR', 'da', 'Argentina'),
('AR', 'de', 'Argentina'),
('AR', 'el', 'Argentina'),
('AR', 'en', 'Argentina'),
('AR', 'es', 'Argentina'),
('AR', 'fr', 'Argentine'),
('AR', 'it', 'Argentina'),
('AR', 'nl', 'Argentinie'),
('AR', 'no', 'Argentina'),
('AR', 'pt', 'Argentina'),
('AR', 'ro', 'Argentina'),
('AR', 'ru', 'Аргентина'),
('AS', 'da', 'American Samoa'),
('AS', 'de', 'American Samoa'),
('AS', 'el', 'American Samoa'),
('AS', 'en', 'American Samoa'),
('AS', 'es', 'Samoa Americana'),
('AS', 'fr', 'Samoa américaines'),
('AS', 'it', 'American Samoa'),
('AS', 'nl', 'American Samoa'),
('AS', 'no', 'American Samoa'),
('AS', 'pt', 'American Samoa'),
('AS', 'ro', 'Samoa Americană'),
('AS', 'ru', 'Американское Самоа'),
('AT', 'da', 'Østrig'),
('AT', 'de', 'Austria'),
('AT', 'el', 'Austria'),
('AT', 'en', 'Austria'),
('AT', 'es', 'Austria'),
('AT', 'fr', 'Autriche'),
('AT', 'it', 'Austria'),
('AT', 'nl', 'Oostenrijk'),
('AT', 'no', 'Austria'),
('AT', 'pt', 'Austria'),
('AT', 'ro', 'Austria'),
('AT', 'ru', 'Австрия'),
('AU', 'da', 'Australia'),
('AU', 'de', 'Australia'),
('AU', 'el', 'Australia'),
('AU', 'en', 'Australia'),
('AU', 'es', 'Australia'),
('AU', 'fr', 'Australie'),
('AU', 'it', 'Australia'),
('AU', 'nl', 'Australie'),
('AU', 'no', 'Australia'),
('AU', 'pt', 'Australia'),
('AU', 'ro', 'Australia'),
('AU', 'ru', 'Австралия'),
('AW', 'da', 'Aruba'),
('AW', 'de', 'Aruba'),
('AW', 'el', 'Aruba'),
('AW', 'en', 'Aruba'),
('AW', 'es', 'Aruba'),
('AW', 'fr', 'Aruba'),
('AW', 'it', 'Aruba'),
('AW', 'nl', 'Aruba'),
('AW', 'no', 'Aruba'),
('AW', 'pt', 'Aruba'),
('AW', 'ro', 'Aruba'),
('AW', 'ru', 'Аруба'),
('AX', 'da', 'Åland'),
('AX', 'de', 'Aland Islands'),
('AX', 'el', 'Aland Islands'),
('AX', 'en', 'Aland Islands'),
('AX', 'es', 'Åland'),
('AX', 'fr', 'Îles Aland'),
('AX', 'it', 'Aland Islands'),
('AX', 'nl', 'Aland Islands'),
('AX', 'no', 'Aland Islands'),
('AX', 'pt', 'Aland Islands'),
('AX', 'ro', 'Insulele Aland'),
('AX', 'ru', 'Аландские острова'),
('AZ', 'da', 'Aserbajdsjan'),
('AZ', 'de', 'Azerbaijan'),
('AZ', 'el', 'Azerbaijan'),
('AZ', 'en', 'Azerbaijan'),
('AZ', 'es', 'Azerbaiyán'),
('AZ', 'fr', 'Azerbaïdjan'),
('AZ', 'it', 'Azerbaijan'),
('AZ', 'nl', 'Azerbaijan'),
('AZ', 'no', 'Azerbaijan'),
('AZ', 'pt', 'Azerbaijan'),
('AZ', 'ro', 'Azerbaijan'),
('AZ', 'ru', 'Азербайджан'),
('BA', 'da', 'Bosnien og Hercegovina'),
('BA', 'de', 'Bosnia and Herzegovina'),
('BA', 'el', 'Bosnia and Herzegovina'),
('BA', 'en', 'Bosnia and Herzegovina'),
('BA', 'es', 'Bosnia y Herzegovina'),
('BA', 'fr', 'Bosnie-Herzégovine'),
('BA', 'it', 'Bosnia and Herzegovina'),
('BA', 'nl', 'Bosnia and Herzegovina'),
('BA', 'no', 'Bosnia and Herzegovina'),
('BA', 'pt', 'Bosnia and Herzegovina'),
('BA', 'ro', 'Bosnia şi Herţegovina'),
('BA', 'ru', 'Босния и Герцеговина'),
('BB', 'da', 'Barbados'),
('BB', 'de', 'Barbados'),
('BB', 'el', 'Barbados'),
('BB', 'en', 'Barbados'),
('BB', 'es', 'Barbados'),
('BB', 'fr', 'Barbade'),
('BB', 'it', 'Barbados'),
('BB', 'nl', 'Barbados'),
('BB', 'no', 'Barbados'),
('BB', 'pt', 'Barbados'),
('BB', 'ro', 'Barbados'),
('BB', 'ru', 'Барбадос'),
('BD', 'da', 'Bangladesh'),
('BD', 'de', 'Bangladesh'),
('BD', 'el', 'Bangladesh'),
('BD', 'en', 'Bangladesh'),
('BD', 'es', 'Bangladesh'),
('BD', 'fr', 'Bangladesh'),
('BD', 'it', 'Bangladesh'),
('BD', 'nl', 'Bangladesh'),
('BD', 'no', 'Bangladesh'),
('BD', 'pt', 'Bangladesh'),
('BD', 'ro', 'Bangladesh'),
('BD', 'ru', 'Бангладеш'),
('BE', 'da', 'Belgien'),
('BE', 'de', 'Belgium'),
('BE', 'el', 'Belgium'),
('BE', 'en', 'Belgium'),
('BE', 'es', 'Bélgica'),
('BE', 'fr', 'Belgique'),
('BE', 'it', 'Belgium'),
('BE', 'nl', 'Belgie'),
('BE', 'no', 'Belgium'),
('BE', 'pt', 'Belgium'),
('BE', 'ro', 'Belgia'),
('BE', 'ru', 'Бельгия'),
('BF', 'da', 'Burkina Faso'),
('BF', 'de', 'Burkina Faso'),
('BF', 'el', 'Burkina Faso'),
('BF', 'en', 'Burkina Faso'),
('BF', 'es', 'Burkina Faso'),
('BF', 'fr', 'Burkina Faso'),
('BF', 'it', 'Burkina Faso'),
('BF', 'nl', 'Burkina Faso'),
('BF', 'no', 'Burkina Faso'),
('BF', 'pt', 'Burkina Faso'),
('BF', 'ro', 'Burkina Faso'),
('BF', 'ru', 'Буркина-Фасо'),
('BG', 'da', 'Bulgarien'),
('BG', 'de', 'Bulgaria'),
('BG', 'el', 'Bulgaria'),
('BG', 'en', 'Bulgaria'),
('BG', 'es', 'Bulgaria'),
('BG', 'fr', 'Bulgarie'),
('BG', 'it', 'Bulgaria'),
('BG', 'nl', 'Bulgarije'),
('BG', 'no', 'Bulgaria'),
('BG', 'pt', 'Bulgaria'),
('BG', 'ro', 'Bulgaria'),
('BG', 'ru', 'Болгария'),
('BH', 'da', 'Bahrain'),
('BH', 'de', 'Bahrain'),
('BH', 'el', 'Bahrain'),
('BH', 'en', 'Bahrain'),
('BH', 'es', 'Bahréin'),
('BH', 'fr', 'Bahreïn'),
('BH', 'it', 'Bahrain'),
('BH', 'nl', 'Bahrain'),
('BH', 'no', 'Bahrain'),
('BH', 'pt', 'Bahrain'),
('BH', 'ro', 'Bahrain'),
('BH', 'ru', 'Бахрейн'),
('BI', 'da', 'Burundi'),
('BI', 'de', 'Burundi'),
('BI', 'el', 'Burundi'),
('BI', 'en', 'Burundi'),
('BI', 'es', 'Burundi'),
('BI', 'fr', 'Burundi'),
('BI', 'it', 'Burundi'),
('BI', 'nl', 'Burundi'),
('BI', 'no', 'Burundi'),
('BI', 'pt', 'Burundi'),
('BI', 'ro', 'Burundi'),
('BI', 'ru', 'Бурунди'),
('BJ', 'da', 'Benin'),
('BJ', 'de', 'Benin'),
('BJ', 'el', 'Benin'),
('BJ', 'en', 'Benin'),
('BJ', 'es', 'Benín'),
('BJ', 'fr', 'Benin'),
('BJ', 'it', 'Benin'),
('BJ', 'nl', 'Benin'),
('BJ', 'no', 'Benin'),
('BJ', 'pt', 'Benin'),
('BJ', 'ro', 'Benin'),
('BJ', 'ru', 'Бенин'),
('BM', 'da', 'Bermuda'),
('BM', 'de', 'Bermuda'),
('BM', 'el', 'Bermuda'),
('BM', 'en', 'Bermuda'),
('BM', 'es', 'Bermudas'),
('BM', 'fr', 'Bermuda'),
('BM', 'it', 'Bermuda'),
('BM', 'nl', 'Bermuda'),
('BM', 'no', 'Bermuda'),
('BM', 'pt', 'Bermuda'),
('BM', 'ro', 'Insulele Bermude'),
('BM', 'ru', 'Бермуды'),
('BN', 'da', 'Brunei'),
('BN', 'de', 'Brunei Darussalam'),
('BN', 'el', 'Brunei Darussalam'),
('BN', 'en', 'Brunei Darussalam'),
('BN', 'es', 'Brunéi'),
('BN', 'fr', 'Brunei'),
('BN', 'it', 'Brunei Darussalam'),
('BN', 'nl', 'Brunei Darussalam'),
('BN', 'no', 'Brunei Darussalam'),
('BN', 'pt', 'Brunei Darussalam'),
('BN', 'ro', 'Brunei Darussalam'),
('BN', 'ru', 'Бруней Даруссалам'),
('BO', 'da', 'Bolivia'),
('BO', 'de', 'Bolivia'),
('BO', 'el', 'Bolivia'),
('BO', 'en', 'Bolivia'),
('BO', 'es', 'Bolivia'),
('BO', 'fr', 'Bolivie'),
('BO', 'it', 'Bolivia'),
('BO', 'nl', 'Bolivie'),
('BO', 'no', 'Bolivia'),
('BO', 'pt', 'Bolivia'),
('BO', 'ro', 'Bolivia'),
('BO', 'ru', 'Боливия'),
('BR', 'da', 'Brazil'),
('BR', 'de', 'Brazil'),
('BR', 'el', 'Brazil'),
('BR', 'en', 'Brazil'),
('BR', 'es', 'Brasil'),
('BR', 'fr', 'Brésil'),
('BR', 'it', 'Brazil'),
('BR', 'nl', 'Brazilie'),
('BR', 'no', 'Brazil'),
('BR', 'pt', 'Brasil'),
('BR', 'ro', 'Brazilia'),
('BR', 'ru', 'Бразилия'),
('BS', 'da', 'Bahamas'),
('BS', 'de', 'Bahamas'),
('BS', 'el', 'Bahamas'),
('BS', 'en', 'Bahamas'),
('BS', 'es', 'Bahamas'),
('BS', 'fr', 'Bahamas'),
('BS', 'it', 'Bahamas'),
('BS', 'nl', 'Bahamas'),
('BS', 'no', 'Bahamas'),
('BS', 'pt', 'Bahamas'),
('BS', 'ro', 'Bahamas'),
('BS', 'ru', 'Багамские острова'),
('BT', 'da', 'Bhutan'),
('BT', 'de', 'Bhutan'),
('BT', 'el', 'Bhutan'),
('BT', 'en', 'Bhutan'),
('BT', 'es', 'Bután'),
('BT', 'fr', 'Bhoutan'),
('BT', 'it', 'Bhutan'),
('BT', 'nl', 'Bhutan'),
('BT', 'no', 'Bhutan'),
('BT', 'pt', 'Bhutan'),
('BT', 'ro', 'Bhutan'),
('BT', 'ru', 'Бутан'),
('BV', 'da', 'bouvetøen'),
('BV', 'de', 'Bouvet Island'),
('BV', 'el', 'Bouvet Island'),
('BV', 'en', 'Bouvet Island'),
('BV', 'es', 'Isla Bouvet'),
('BV', 'fr', 'Île Bouvet'),
('BV', 'it', 'Bouvet Island'),
('BV', 'nl', 'Bouvet Eiland'),
('BV', 'no', 'Bouvet Island'),
('BV', 'pt', 'Bouvet Island'),
('BV', 'ro', 'Insula Bouvet'),
('BV', 'ru', 'остров Буве'),
('BW', 'da', 'Botswana'),
('BW', 'de', 'Botswana'),
('BW', 'el', 'Botswana'),
('BW', 'en', 'Botswana'),
('BW', 'es', 'Botsuana'),
('BW', 'fr', 'Botswana'),
('BW', 'it', 'Botswana'),
('BW', 'nl', 'Botswana'),
('BW', 'no', 'Botswana'),
('BW', 'pt', 'Botswana'),
('BW', 'ro', 'Botswana'),
('BW', 'ru', 'Ботсвана'),
('BY', 'da', 'Belarus'),
('BY', 'de', 'Belarus'),
('BY', 'el', 'Belarus'),
('BY', 'en', 'Belarus'),
('BY', 'es', 'Bielorrusia'),
('BY', 'fr', 'Biélorussie'),
('BY', 'it', 'Belarus'),
('BY', 'nl', 'Wit Rusland'),
('BY', 'no', 'Belarus'),
('BY', 'pt', 'Belarus'),
('BY', 'ro', 'Belarus'),
('BY', 'ru', 'Беларусь'),
('BZ', 'da', 'Belize'),
('BZ', 'de', 'Belize'),
('BZ', 'el', 'Belize'),
('BZ', 'en', 'Belize'),
('BZ', 'es', 'Belice'),
('BZ', 'fr', 'Belize'),
('BZ', 'it', 'Belize'),
('BZ', 'nl', 'Belize'),
('BZ', 'no', 'Belize'),
('BZ', 'pt', 'Belize'),
('BZ', 'ro', 'Belize'),
('BZ', 'ru', 'Белиз'),
('CA', 'da', 'Canada'),
('CA', 'de', 'Canada'),
('CA', 'el', 'Canada'),
('CA', 'en', 'Canada'),
('CA', 'es', 'Canadá'),
('CA', 'fr', 'Canada'),
('CA', 'it', 'Canada'),
('CA', 'nl', 'Canada'),
('CA', 'no', 'Canada'),
('CA', 'pt', 'Canada'),
('CA', 'ro', 'Canada'),
('CA', 'ru', 'Канада'),
('CC', 'da', 'Cocos (Keeling)'),
('CC', 'de', 'Cocos (Keeling) Islands'),
('CC', 'el', 'Cocos (Keeling) Islands'),
('CC', 'en', 'Cocos (Keeling) Islands'),
('CC', 'es', 'Islas Cocos'),
('CC', 'fr', 'Îles Cocos'),
('CC', 'it', 'Cocos (Keeling) Islands'),
('CC', 'nl', 'Cocos (Keeling) Eilanden'),
('CC', 'no', 'Cocos (Keeling) Islands'),
('CC', 'pt', 'Cocos (Keeling) Islands'),
('CC', 'ro', 'Insulele Cocos (Keeling)'),
('CC', 'ru', 'Кокосовые острова(острова Килинг)'),
('CD', 'da', 'Den Demokratiske Republik Congo'),
('CD', 'de', 'Democratic Republic of Congo'),
('CD', 'el', 'Democratic Republic of Congo'),
('CD', 'en', 'Democratic Republic of Congo'),
('CD', 'es', 'República Democrática del Congo'),
('CD', 'fr', 'République démocratique du Congo'),
('CD', 'it', 'Democratic Republic of Congo'),
('CD', 'nl', 'Democratic Republic of Congo'),
('CD', 'no', 'Democratic Republic of Congo'),
('CD', 'pt', 'Democratic Republic of Congo'),
('CD', 'ro', 'Republica Democratică Congo'),
('CD', 'ru', 'Демократическая республика Конго'),
('CF', 'da', 'Den Centralafrikanske Republik'),
('CF', 'de', 'Central African Republic'),
('CF', 'el', 'Central African Republic'),
('CF', 'en', 'Central African Republic'),
('CF', 'es', 'República Centroafricana'),
('CF', 'fr', 'République centrafricaine'),
('CF', 'it', 'Central African Republic'),
('CF', 'nl', 'Central African Republiek'),
('CF', 'no', 'Central African Republic'),
('CF', 'pt', 'Central African Republic'),
('CF', 'ro', 'Republica Centrală a Africii'),
('CF', 'ru', 'Центральноафриканская Республика'),
('CG', 'da', 'Congo'),
('CG', 'de', 'Congo'),
('CG', 'el', 'Congo'),
('CG', 'en', 'Congo'),
('CG', 'es', 'República del Congo'),
('CG', 'fr', 'Congo'),
('CG', 'it', 'Congo'),
('CG', 'nl', 'Congo'),
('CG', 'no', 'Congo'),
('CG', 'pt', 'Congo'),
('CG', 'ro', 'Congo'),
('CG', 'ru', 'Конго'),
('CH', 'da', 'Schweiz'),
('CH', 'de', 'Switzerland'),
('CH', 'el', 'Switzerland'),
('CH', 'en', 'Switzerland'),
('CH', 'es', 'Suiza'),
('CH', 'fr', 'Suisse'),
('CH', 'it', 'Switzerland'),
('CH', 'nl', 'Zwitserland'),
('CH', 'no', 'Switzerland'),
('CH', 'pt', 'Switzerland'),
('CH', 'ro', 'Elveția'),
('CH', 'ru', 'Швейцария'),
('CI', 'da', 'Cote Ivoire '),
('CI', 'de', 'Cote D\'ivoire'),
('CI', 'el', 'Cote D\'ivoire'),
('CI', 'en', 'Cote D\'ivoire'),
('CI', 'es', 'Costa de Marfil'),
('CI', 'fr', 'Cote D\'ivoire'),
('CI', 'it', 'Cote D\'ivoire'),
('CI', 'nl', 'Ivoorkust'),
('CI', 'no', 'Cote D\'ivoire'),
('CI', 'pt', 'Cote D\'ivoire'),
('CI', 'ro', 'Coasta de Fildeș'),
('CI', 'ru', 'Кот-д\' Ивуар'),
('CK', 'da', 'Cook Islands'),
('CK', 'de', 'Cook Islands'),
('CK', 'el', 'Cook Islands'),
('CK', 'en', 'Cook Islands'),
('CK', 'es', 'Islas Cook'),
('CK', 'fr', 'Îles Cook'),
('CK', 'it', 'Cook Islands'),
('CK', 'nl', 'Cook Eilanden'),
('CK', 'no', 'Cook Islands'),
('CK', 'pt', 'Cook Islands'),
('CK', 'ro', 'Insulele Cook'),
('CK', 'ru', 'острова Кука'),
('CL', 'da', 'Chile'),
('CL', 'de', 'Chile'),
('CL', 'el', 'Chile'),
('CL', 'en', 'Chile'),
('CL', 'es', 'Chile'),
('CL', 'fr', 'Chili'),
('CL', 'it', 'Chile'),
('CL', 'nl', 'Chili'),
('CL', 'no', 'Chile'),
('CL', 'pt', 'Chile'),
('CL', 'ro', 'Chile'),
('CL', 'ru', 'Чили'),
('CM', 'da', 'Cameroun'),
('CM', 'de', 'Cameroon'),
('CM', 'el', 'Cameroon'),
('CM', 'en', 'Cameroon'),
('CM', 'es', 'Camerún'),
('CM', 'fr', 'Cameroun'),
('CM', 'it', 'Cameroon'),
('CM', 'nl', 'Kameroen'),
('CM', 'no', 'Cameroon'),
('CM', 'pt', 'Cameroon'),
('CM', 'ro', 'Camerun'),
('CM', 'ru', 'Камерун'),
('CN', 'da', 'China'),
('CN', 'de', 'China'),
('CN', 'el', 'China'),
('CN', 'en', 'China'),
('CN', 'es', 'China'),
('CN', 'fr', 'Chine'),
('CN', 'it', 'China'),
('CN', 'nl', 'China'),
('CN', 'no', 'China'),
('CN', 'pt', 'China'),
('CN', 'ro', 'China'),
('CN', 'ru', 'Китай'),
('CO', 'da', 'Colombia'),
('CO', 'de', 'Colombia'),
('CO', 'el', 'Colombia'),
('CO', 'en', 'Colombia'),
('CO', 'es', 'Colombia'),
('CO', 'fr', 'Colombie'),
('CO', 'it', 'Colombia'),
('CO', 'nl', 'Colombia'),
('CO', 'no', 'Colombia'),
('CO', 'pt', 'Colombia'),
('CO', 'ro', 'Columbia'),
('CO', 'ru', 'Колумбия'),
('CR', 'da', 'Costa Rica'),
('CR', 'de', 'Costa Rica'),
('CR', 'el', 'Costa Rica'),
('CR', 'en', 'Costa Rica'),
('CR', 'es', 'Costa Rica'),
('CR', 'fr', 'Costa Rica'),
('CR', 'it', 'Costa Rica'),
('CR', 'nl', 'Costa Rica'),
('CR', 'no', 'Costa Rica'),
('CR', 'pt', 'Costa Rica'),
('CR', 'ro', 'Costa Rica'),
('CR', 'ru', 'Коста-Рика'),
('CS', 'da', 'Serbien'),
('CS', 'de', 'Serbia'),
('CS', 'el', 'Serbia'),
('CS', 'en', 'Serbia'),
('CS', 'es', 'Serbia'),
('CS', 'fr', 'Serbie'),
('CS', 'it', 'Serbia'),
('CS', 'nl', 'Serbia'),
('CS', 'no', 'Serbia'),
('CS', 'pt', 'Serbia'),
('CS', 'ro', 'Serbia'),
('CS', 'ru', 'Сербия'),
('CU', 'da', 'Cuba'),
('CU', 'de', 'Cuba'),
('CU', 'el', 'Cuba'),
('CU', 'en', 'Cuba'),
('CU', 'es', 'Cuba'),
('CU', 'fr', 'Cuba'),
('CU', 'it', 'Cuba'),
('CU', 'nl', 'Cuba'),
('CU', 'no', 'Cuba'),
('CU', 'pt', 'Cuba'),
('CU', 'ro', 'Cuba'),
('CU', 'ru', 'Куба'),
('CV', 'da', 'Kap Verde'),
('CV', 'de', 'Cape Verde'),
('CV', 'el', 'Cape Verde'),
('CV', 'en', 'Cape Verde'),
('CV', 'es', 'Cabo Verde'),
('CV', 'fr', 'Cap-Vert'),
('CV', 'it', 'Cape Verde'),
('CV', 'nl', 'Kaap Verde'),
('CV', 'no', 'Cape Verde'),
('CV', 'pt', 'Cape Verde'),
('CV', 'ro', 'Capul Verde'),
('CV', 'ru', 'Кабо-Верде'),
('CW', 'da', 'Curaçao'),
('CW', 'de', 'Curaçao'),
('CW', 'el', 'Curaçao'),
('CW', 'en', 'Curaçao'),
('CW', 'es', 'Curaçao'),
('CW', 'fr', 'Curaçao'),
('CW', 'it', 'Curaçao'),
('CW', 'nl', 'Curaçao'),
('CW', 'no', 'Curaçao'),
('CW', 'pt', 'Curaçao'),
('CW', 'ro', 'Curaçao'),
('CW', 'ru', 'Кюрасао'),
('CX', 'da', 'Christmas Island'),
('CX', 'de', 'Christmas Island'),
('CX', 'el', 'Christmas Island'),
('CX', 'en', 'Christmas Island'),
('CX', 'es', 'Isla de Navidad'),
('CX', 'fr', 'Île Christmas'),
('CX', 'it', 'Christmas Island'),
('CX', 'nl', 'Christmas Eiland'),
('CX', 'no', 'Christmas Island'),
('CX', 'pt', 'Christmas Island'),
('CX', 'ro', 'Insula Christmas'),
('CX', 'ru', 'остров Рождества'),
('CY', 'da', 'Cypern'),
('CY', 'de', 'Cyprus'),
('CY', 'el', 'Cyprus'),
('CY', 'en', 'Cyprus'),
('CY', 'es', 'Chipre'),
('CY', 'fr', 'Chypre'),
('CY', 'it', 'Cyprus'),
('CY', 'nl', 'Cyprus'),
('CY', 'no', 'Cyprus'),
('CY', 'pt', 'Cyprus'),
('CY', 'ro', 'Cipru'),
('CY', 'ru', 'Кипр'),
('CZ', 'da', 'Tjekkiet'),
('CZ', 'de', 'Czech Republic'),
('CZ', 'el', 'Czech Republic'),
('CZ', 'en', 'Czech Republic'),
('CZ', 'es', 'República Checa'),
('CZ', 'fr', 'République tchèque'),
('CZ', 'it', 'Czech Republic'),
('CZ', 'nl', 'Tsjechie'),
('CZ', 'no', 'Czech Republic'),
('CZ', 'pt', 'Czech Republic'),
('CZ', 'ro', 'Republica Cehă'),
('CZ', 'ru', 'Чехия'),
('DE', 'da', 'Tyskland'),
('DE', 'de', 'Germany'),
('DE', 'el', 'Germany'),
('DE', 'en', 'Germany'),
('DE', 'es', 'Alemania'),
('DE', 'fr', 'Allemagne'),
('DE', 'it', 'Germany'),
('DE', 'nl', 'Duitsland'),
('DE', 'no', 'Germany'),
('DE', 'pt', 'Germany'),
('DE', 'ro', 'Germania'),
('DE', 'ru', 'Германия'),
('DJ', 'da', 'Djibouti'),
('DJ', 'de', 'Djibouti'),
('DJ', 'el', 'Djibouti'),
('DJ', 'en', 'Djibouti'),
('DJ', 'es', 'Yibuti'),
('DJ', 'fr', 'Djibouti'),
('DJ', 'it', 'Djibouti'),
('DJ', 'nl', 'Djibouti'),
('DJ', 'no', 'Djibouti'),
('DJ', 'pt', 'Djibouti'),
('DJ', 'ro', 'Djibouti'),
('DJ', 'ru', 'Джибути'),
('DK', 'da', 'Danmark'),
('DK', 'de', 'Denmark'),
('DK', 'el', 'Denmark'),
('DK', 'en', 'Denmark'),
('DK', 'es', 'Dinamarca'),
('DK', 'fr', 'Danemark'),
('DK', 'it', 'Denmark'),
('DK', 'nl', 'Denemarken'),
('DK', 'no', 'Denmark'),
('DK', 'pt', 'Denmark'),
('DK', 'ro', 'Danemarca'),
('DK', 'ru', 'Дания'),
('DM', 'da', 'Dominica'),
('DM', 'de', 'Dominica'),
('DM', 'el', 'Dominica'),
('DM', 'en', 'Dominica'),
('DM', 'es', 'Dominica'),
('DM', 'fr', 'Dominique'),
('DM', 'it', 'Dominica'),
('DM', 'nl', 'Dominica'),
('DM', 'no', 'Dominica'),
('DM', 'pt', 'Dominica'),
('DM', 'ro', 'Dominica'),
('DM', 'ru', 'Доминика'),
('DO', 'da', 'Den Dominikanske Republik'),
('DO', 'de', 'Dominican Republic'),
('DO', 'el', 'Dominican Republic'),
('DO', 'en', 'Dominican Republic'),
('DO', 'es', 'República Dominicana'),
('DO', 'fr', 'République dominicaine'),
('DO', 'it', 'Dominican Republic'),
('DO', 'nl', 'Dominicaanse Republiek'),
('DO', 'no', 'Dominican Republic'),
('DO', 'pt', 'Dominican Republic'),
('DO', 'ro', 'Republica Dominicană'),
('DO', 'ru', 'Доминиканская Республика'),
('DZ', 'da', 'Algeriet'),
('DZ', 'de', 'Algeria'),
('DZ', 'el', 'Algeria'),
('DZ', 'en', 'Algeria'),
('DZ', 'es', 'Argelia'),
('DZ', 'fr', 'Algérie'),
('DZ', 'it', 'Algeria'),
('DZ', 'nl', 'Algerije'),
('DZ', 'no', 'Algeria'),
('DZ', 'pt', 'Algeria'),
('DZ', 'ro', 'Algeria'),
('DZ', 'ru', 'Алжир'),
('EC', 'da', 'Ecuador'),
('EC', 'de', 'Ecuador'),
('EC', 'el', 'Ecuador'),
('EC', 'en', 'Ecuador'),
('EC', 'es', 'Ecuador'),
('EC', 'fr', 'Équateur'),
('EC', 'it', 'Ecuador'),
('EC', 'nl', 'Ecuador'),
('EC', 'no', 'Ecuador'),
('EC', 'pt', 'Ecuador'),
('EC', 'ro', 'Ecuador'),
('EC', 'ru', 'Эквадор'),
('EE', 'da', 'Estonia'),
('EE', 'de', 'Estonia'),
('EE', 'el', 'Estonia'),
('EE', 'en', 'Estonia'),
('EE', 'es', 'Estonia'),
('EE', 'fr', 'Estonie'),
('EE', 'it', 'Estonia'),
('EE', 'nl', 'Estonia'),
('EE', 'no', 'Estonia'),
('EE', 'pt', 'Estonia'),
('EE', 'ro', 'Estonia'),
('EE', 'ru', 'Эстония'),
('EG', 'da', 'Egypten'),
('EG', 'de', 'Egypt'),
('EG', 'el', 'Egypt'),
('EG', 'en', 'Egypt'),
('EG', 'es', 'Egipto'),
('EG', 'fr', 'Égypte'),
('EG', 'it', 'Egypt'),
('EG', 'nl', 'Egypte'),
('EG', 'no', 'Egypt'),
('EG', 'pt', 'Egypt'),
('EG', 'ro', 'Egipt'),
('EG', 'ru', 'Египт'),
('EH', 'da', 'Vestsahara'),
('EH', 'de', 'Western Sahara'),
('EH', 'el', 'Western Sahara'),
('EH', 'en', 'Western Sahara'),
('EH', 'es', 'Sahara Occidental'),
('EH', 'fr', 'Sahara occidental'),
('EH', 'it', 'Western Sahara'),
('EH', 'nl', 'West Sahara'),
('EH', 'no', 'Western Sahara'),
('EH', 'pt', 'Western Sahara'),
('EH', 'ro', 'Sahara Occidentală'),
('EH', 'ru', 'Западная Сахара'),
('ER', 'da', 'Eritrea'),
('ER', 'de', 'Eritrea'),
('ER', 'el', 'Eritrea'),
('ER', 'en', 'Eritrea'),
('ER', 'es', 'Eritrea'),
('ER', 'fr', 'Érythrée'),
('ER', 'it', 'Eritrea'),
('ER', 'nl', 'Eritrea'),
('ER', 'no', 'Eritrea'),
('ER', 'pt', 'Eritrea'),
('ER', 'ro', 'Eritreea'),
('ER', 'ru', 'Эритрея'),
('ES', 'da', 'Spanien'),
('ES', 'de', 'Spain'),
('ES', 'el', 'Spain'),
('ES', 'en', 'Spain'),
('ES', 'es', 'España'),
('ES', 'fr', 'Espagne'),
('ES', 'it', 'Spain'),
('ES', 'nl', 'Spanje'),
('ES', 'no', 'Spain'),
('ES', 'pt', 'Spain'),
('ES', 'ro', 'Spania'),
('ES', 'ru', 'Испания'),
('ET', 'da', 'Etiopien'),
('ET', 'de', 'Ethiopia'),
('ET', 'el', 'Ethiopia'),
('ET', 'en', 'Ethiopia'),
('ET', 'es', 'Etiopía'),
('ET', 'fr', 'Éthiopie'),
('ET', 'it', 'Ethiopia'),
('ET', 'nl', 'Ethiopia'),
('ET', 'no', 'Ethiopia'),
('ET', 'pt', 'Ethiopia'),
('ET', 'ro', 'Etiopia'),
('ET', 'ru', 'Эфиопия'),
('EU', 'da', 'Europa'),
('EU', 'de', 'Europe'),
('EU', 'el', 'Europe'),
('EU', 'en', 'Europe'),
('EU', 'es', 'Unión Europea'),
('EU', 'fr', 'Europe'),
('EU', 'it', 'Europe'),
('EU', 'nl', 'Europe'),
('EU', 'no', 'Europe'),
('EU', 'pt', 'Europe'),
('EU', 'ro', 'Europa'),
('EU', 'ru', 'Европа'),
('FI', 'da', 'Finland'),
('FI', 'de', 'Finland'),
('FI', 'el', 'Finland'),
('FI', 'en', 'Finland'),
('FI', 'es', 'Finlandia'),
('FI', 'fr', 'Finlande'),
('FI', 'it', 'Finland'),
('FI', 'nl', 'Finland'),
('FI', 'no', 'Finland'),
('FI', 'pt', 'Finland'),
('FI', 'ro', 'Finlanda'),
('FI', 'ru', 'Финляндия'),
('FJ', 'da', 'Fiji'),
('FJ', 'de', 'Fiji'),
('FJ', 'el', 'Fiji'),
('FJ', 'en', 'Fiji'),
('FJ', 'es', 'Fiyi'),
('FJ', 'fr', 'Fidji'),
('FJ', 'it', 'Fiji'),
('FJ', 'nl', 'Fiji'),
('FJ', 'no', 'Fiji'),
('FJ', 'pt', 'Fiji'),
('FJ', 'ro', 'Fiji'),
('FJ', 'ru', 'Фиджи'),
('FK', 'da', 'Falklandsøerne (Malvinas)'),
('FK', 'de', 'Falkland Islands (Malvinas)'),
('FK', 'el', 'Falkland Islands (Malvinas)'),
('FK', 'en', 'Falkland Islands (Malvinas)'),
('FK', 'es', 'Islas Malvinas'),
('FK', 'fr', 'Îles Malouines'),
('FK', 'it', 'Falkland Islands (Malvinas)'),
('FK', 'nl', 'Falkland Eilanden'),
('FK', 'no', 'Falkland Islands (Malvinas)'),
('FK', 'pt', 'Falkland Islands (Malvinas)'),
('FK', 'ro', 'Insulele Falkland (Malvinas)'),
('FK', 'ru', 'Фолклендские острова (Мальвинские)'),
('FM', 'da', 'Mikronesien'),
('FM', 'de', 'Micronesia'),
('FM', 'el', 'Micronesia'),
('FM', 'en', 'Micronesia'),
('FM', 'es', 'Micronesia'),
('FM', 'fr', 'Micronésie'),
('FM', 'it', 'Micronesia'),
('FM', 'nl', 'Micronesie'),
('FM', 'no', 'Micronesia'),
('FM', 'pt', 'Micronesia'),
('FM', 'ro', 'Micronezia'),
('FM', 'ru', 'Микронезия'),
('FO', 'da', 'Færøerne'),
('FO', 'de', 'Faroe Islands'),
('FO', 'el', 'Faroe Islands'),
('FO', 'en', 'Faroe Islands'),
('FO', 'es', 'Islas Feroe'),
('FO', 'fr', 'Îles Féroé'),
('FO', 'it', 'Faroe Islands'),
('FO', 'nl', 'Faroe Eilanden'),
('FO', 'no', 'Faroe Islands'),
('FO', 'pt', 'Faroe Islands'),
('FO', 'ro', 'Insulele Faroe'),
('FO', 'ru', 'Фарерские острова'),
('FR', 'da', 'Frankrig'),
('FR', 'de', 'France'),
('FR', 'el', 'France'),
('FR', 'en', 'France'),
('FR', 'es', 'Francia'),
('FR', 'fr', 'France'),
('FR', 'it', 'France'),
('FR', 'nl', 'Frankrijk'),
('FR', 'no', 'France'),
('FR', 'pt', 'France'),
('FR', 'ro', 'Franța'),
('FR', 'ru', 'Франция'),
('FX', 'da', 'Frankrig, Metropolitan'),
('FX', 'de', 'France, Metropolitan'),
('FX', 'el', 'France, Metropolitan'),
('FX', 'en', 'France, Metropolitan'),
('FX', 'es', 'France, Metropolitan'),
('FX', 'fr', 'France, Métropolitaine'),
('FX', 'it', 'France, Metropolitan'),
('FX', 'nl', 'Frankrijk, Metropool'),
('FX', 'no', 'France, Metropolitan'),
('FX', 'pt', 'France, Metropolitan'),
('FX', 'ro', 'Franța, Metropolitană'),
('FX', 'ru', 'метрополия Франции'),
('GA', 'da', 'Gabon'),
('GA', 'de', 'Gabon'),
('GA', 'el', 'Gabon'),
('GA', 'en', 'Gabon'),
('GA', 'es', 'Gabón'),
('GA', 'fr', 'Gabon'),
('GA', 'it', 'Gabon'),
('GA', 'nl', 'Gabon'),
('GA', 'no', 'Gabon'),
('GA', 'pt', 'Gabon'),
('GA', 'ro', 'Gabon'),
('GA', 'ru', 'Габон'),
('GB', 'da', 'Det Forenede Kongerige (Storbritannien)'),
('GB', 'de', 'United Kingdom (Great Britain)'),
('GB', 'el', 'United Kingdom (Great Britain)'),
('GB', 'en', 'United Kingdom (Great Britain)'),
('GB', 'es', 'Reino Unido'),
('GB', 'fr', 'Royaume-Uni (Grande Bretagne)'),
('GB', 'it', 'United Kingdom (Great Britain)'),
('GB', 'nl', 'Groot Brittanie (UK)'),
('GB', 'no', 'United Kingdom (Great Britain)'),
('GB', 'pt', 'United Kingdom (Great Britain)'),
('GB', 'ro', 'Regatul Unit (Marea Britanie)'),
('GB', 'ru', 'Соединённое Королевство (Великобритания)'),
('GD', 'da', 'Grenada'),
('GD', 'de', 'Grenada'),
('GD', 'el', 'Grenada'),
('GD', 'en', 'Grenada'),
('GD', 'es', 'Granada'),
('GD', 'fr', 'Grenade'),
('GD', 'it', 'Grenada'),
('GD', 'nl', 'Granada'),
('GD', 'no', 'Grenada'),
('GD', 'pt', 'Grenada'),
('GD', 'ro', 'Grenada'),
('GD', 'ru', 'Гренада'),
('GE', 'da', 'Georgien'),
('GE', 'de', 'Georgia'),
('GE', 'el', 'Georgia'),
('GE', 'en', 'Georgia'),
('GE', 'es', 'Georgia'),
('GE', 'fr', 'Géorgie'),
('GE', 'it', 'Georgia'),
('GE', 'nl', 'Georgie'),
('GE', 'no', 'Georgia'),
('GE', 'pt', 'Georgia'),
('GE', 'ro', 'Georgia'),
('GE', 'ru', 'Грузия'),
('GF', 'da', 'Fransk Guyana'),
('GF', 'de', 'French Guiana'),
('GF', 'el', 'French Guiana'),
('GF', 'en', 'French Guiana'),
('GF', 'es', 'Guayana Francesa'),
('GF', 'fr', 'Guyane'),
('GF', 'it', 'French Guiana'),
('GF', 'nl', 'French Guinea'),
('GF', 'no', 'French Guiana'),
('GF', 'pt', 'French Guiana'),
('GF', 'ro', 'Guyana Franceză'),
('GF', 'ru', 'Французская Гвиана'),
('GG', 'da', 'Guernsey'),
('GG', 'de', 'Guernsey'),
('GG', 'el', 'Guernsey'),
('GG', 'en', 'Guernsey'),
('GG', 'es', 'Guernsey'),
('GG', 'fr', 'Guernsey'),
('GG', 'it', 'Guernsey'),
('GG', 'nl', 'Guernsey'),
('GG', 'no', 'Guernsey'),
('GG', 'pt', 'Guernsey'),
('GG', 'ro', 'Guernsey'),
('GG', 'ru', 'Гернси'),
('GH', 'da', 'Ghana'),
('GH', 'de', 'Ghana'),
('GH', 'el', 'Ghana'),
('GH', 'en', 'Ghana'),
('GH', 'es', 'Ghana'),
('GH', 'fr', 'Ghana'),
('GH', 'it', 'Ghana'),
('GH', 'nl', 'Ghana'),
('GH', 'no', 'Ghana'),
('GH', 'pt', 'Ghana'),
('GH', 'ro', 'Republica Ghana'),
('GH', 'ru', 'Гана'),
('GI', 'da', 'Gibraltar'),
('GI', 'de', 'Gibraltar'),
('GI', 'el', 'Gibraltar'),
('GI', 'en', 'Gibraltar'),
('GI', 'es', 'Gibraltar'),
('GI', 'fr', 'Gibraltar'),
('GI', 'it', 'Gibraltar'),
('GI', 'nl', 'Gibraltar'),
('GI', 'no', 'Gibraltar'),
('GI', 'pt', 'Gibraltar'),
('GI', 'ro', 'Gibraltar'),
('GI', 'ru', 'Гибралтар'),
('GL', 'da', 'Grønland'),
('GL', 'de', 'Greenland'),
('GL', 'el', 'Greenland'),
('GL', 'en', 'Greenland'),
('GL', 'es', 'Groenlandia'),
('GL', 'fr', 'Groenland'),
('GL', 'it', 'Greenland'),
('GL', 'nl', 'Groenland'),
('GL', 'no', 'Greenland'),
('GL', 'pt', 'Greenland'),
('GL', 'ro', 'Groelanda'),
('GL', 'ru', 'Гренландия'),
('GM', 'da', 'Gambia'),
('GM', 'de', 'Gambia'),
('GM', 'el', 'Gambia'),
('GM', 'en', 'Gambia'),
('GM', 'es', 'Gambia'),
('GM', 'fr', 'Gambie'),
('GM', 'it', 'Gambia'),
('GM', 'nl', 'Gambia'),
('GM', 'no', 'Gambia'),
('GM', 'pt', 'Gambia'),
('GM', 'ro', 'Gambia'),
('GM', 'ru', 'Гамбия'),
('GN', 'da', 'Guinea'),
('GN', 'de', 'Guinea'),
('GN', 'el', 'Guinea'),
('GN', 'en', 'Guinea'),
('GN', 'es', 'Guinea'),
('GN', 'fr', 'Guinée'),
('GN', 'it', 'Guinea'),
('GN', 'nl', 'Guinea'),
('GN', 'no', 'Guinea'),
('GN', 'pt', 'Guinea'),
('GN', 'ro', 'Guineea'),
('GN', 'ru', 'Гвинея'),
('GP', 'da', 'Guadeloupe'),
('GP', 'de', 'Guadeloupe'),
('GP', 'el', 'Guadeloupe'),
('GP', 'en', 'Guadeloupe'),
('GP', 'es', 'Guadalupe'),
('GP', 'fr', 'Guadeloupe'),
('GP', 'it', 'Guadeloupe'),
('GP', 'nl', 'Guadeloupe'),
('GP', 'no', 'Guadeloupe'),
('GP', 'pt', 'Guadeloupe'),
('GP', 'ro', 'Guadeloupa'),
('GP', 'ru', 'Гваделупа'),
('GQ', 'da', 'Ækvatorialguinea'),
('GQ', 'de', 'Equatorial Guinea'),
('GQ', 'el', 'Equatorial Guinea'),
('GQ', 'en', 'Equatorial Guinea'),
('GQ', 'es', 'Guinea Ecuatorial'),
('GQ', 'fr', 'Guinée équatoriale'),
('GQ', 'it', 'Equatorial Guinea'),
('GQ', 'nl', 'Equatorial Guinea'),
('GQ', 'no', 'Equatorial Guinea'),
('GQ', 'pt', 'Equatorial Guinea'),
('GQ', 'ro', 'Guinea Ecuatorială'),
('GQ', 'ru', 'Экваториальная Гвинея'),
('GR', 'da', 'Grækenland'),
('GR', 'de', 'Greece'),
('GR', 'el', 'Greece'),
('GR', 'en', 'Greece'),
('GR', 'es', 'Grecia'),
('GR', 'fr', 'Grèce'),
('GR', 'it', 'Greece'),
('GR', 'nl', 'Griekenland'),
('GR', 'no', 'Greece'),
('GR', 'pt', 'Greece'),
('GR', 'ro', 'Grecia'),
('GR', 'ru', 'Греция'),
('GT', 'da', 'Guatemala'),
('GT', 'de', 'Guatemala'),
('GT', 'el', 'Guatemala'),
('GT', 'en', 'Guatemala'),
('GT', 'es', 'Guatemala'),
('GT', 'fr', 'Guatemala'),
('GT', 'it', 'Guatemala'),
('GT', 'nl', 'Guatemala'),
('GT', 'no', 'Guatemala'),
('GT', 'pt', 'Guatemala'),
('GT', 'ro', 'Guatemala'),
('GT', 'ru', 'Гватемала'),
('GU', 'da', 'Guam'),
('GU', 'de', 'Guam'),
('GU', 'el', 'Guam'),
('GU', 'en', 'Guam'),
('GU', 'es', 'Guam'),
('GU', 'fr', 'Guam'),
('GU', 'it', 'Guam'),
('GU', 'nl', 'Guam'),
('GU', 'no', 'Guam'),
('GU', 'pt', 'Guam'),
('GU', 'ro', 'Guam'),
('GU', 'ru', 'Гуам'),
('GW', 'da', 'Guinea-Bissau'),
('GW', 'de', 'Guinea-Bissau'),
('GW', 'el', 'Guinea-Bissau'),
('GW', 'en', 'Guinea-Bissau'),
('GW', 'es', 'Guinea-Bissau'),
('GW', 'fr', 'Guinée-Bissau'),
('GW', 'it', 'Guinea-Bissau'),
('GW', 'nl', 'Guinea-Bissau'),
('GW', 'no', 'Guinea-Bissau'),
('GW', 'pt', 'Guinea-Bissau'),
('GW', 'ro', 'Guineea-Bissau'),
('GW', 'ru', 'Гвинея-Бисау'),
('GY', 'da', 'Guyana'),
('GY', 'de', 'Guyana'),
('GY', 'el', 'Guyana'),
('GY', 'en', 'Guyana'),
('GY', 'es', 'Guyana'),
('GY', 'fr', 'Guyana'),
('GY', 'it', 'Guyana'),
('GY', 'nl', 'Guyana'),
('GY', 'no', 'Guyana'),
('GY', 'pt', 'Guyana'),
('GY', 'ro', 'Republica Cooperativă Guyana'),
('GY', 'ru', 'Гайана'),
('HK', 'da', 'Hong Kong'),
('HK', 'de', 'Hong Kong'),
('HK', 'el', 'Hong Kong'),
('HK', 'en', 'Hong Kong'),
('HK', 'es', 'Hong Kong'),
('HK', 'fr', 'Hong Kong'),
('HK', 'it', 'Hong Kong'),
('HK', 'nl', 'Hong Kong'),
('HK', 'no', 'Hong Kong'),
('HK', 'pt', 'Hong Kong'),
('HK', 'ro', 'Hong Kong'),
('HK', 'ru', 'Гонконг'),
('HM', 'da', 'Heard-og McDonaldøerne'),
('HM', 'de', 'Heard and McDonald Islands'),
('HM', 'el', 'Heard and McDonald Islands'),
('HM', 'en', 'Heard and McDonald Islands'),
('HM', 'es', 'Islas Heard y McDonald'),
('HM', 'fr', 'Île Heard et îles McDonald'),
('HM', 'it', 'Heard and McDonald Islands'),
('HM', 'nl', 'Heard en McDonald eilanden'),
('HM', 'no', 'Heard and McDonald Islands'),
('HM', 'pt', 'Heard and McDonald Islands'),
('HM', 'ro', 'Insulele Heard și McDonald'),
('HM', 'ru', 'острова Херд и Макдональд'),
('HN', 'da', 'Honduras'),
('HN', 'de', 'Honduras'),
('HN', 'el', 'Honduras'),
('HN', 'en', 'Honduras'),
('HN', 'es', 'Honduras'),
('HN', 'fr', 'Honduras'),
('HN', 'it', 'Honduras'),
('HN', 'nl', 'Honduras'),
('HN', 'no', 'Honduras'),
('HN', 'pt', 'Honduras'),
('HN', 'ro', 'Honduras'),
('HN', 'ru', 'Гондурас'),
('HR', 'da', 'Kroatien'),
('HR', 'de', 'Croatia'),
('HR', 'el', 'Croatia'),
('HR', 'en', 'Croatia'),
('HR', 'es', 'Croacia'),
('HR', 'fr', 'Croatie'),
('HR', 'it', 'Croatia'),
('HR', 'nl', 'Kroatie'),
('HR', 'no', 'Croatia'),
('HR', 'pt', 'Croatia'),
('HR', 'ro', 'Croația'),
('HR', 'ru', 'Хорватия'),
('HT', 'da', 'Haiti'),
('HT', 'de', 'Haiti'),
('HT', 'el', 'Haiti'),
('HT', 'en', 'Haiti'),
('HT', 'es', 'Haití'),
('HT', 'fr', 'Haiti'),
('HT', 'it', 'Haiti'),
('HT', 'nl', 'Haiti'),
('HT', 'no', 'Haiti'),
('HT', 'pt', 'Haiti'),
('HT', 'ro', 'Haiti'),
('HT', 'ru', 'Гаити'),
('HU', 'da', 'Ungarn'),
('HU', 'de', 'Hungary'),
('HU', 'el', 'Hungary'),
('HU', 'en', 'Hungary'),
('HU', 'es', 'Hungría'),
('HU', 'fr', 'Hongrie'),
('HU', 'it', 'Hungary'),
('HU', 'nl', 'Hongarije'),
('HU', 'no', 'Hungary'),
('HU', 'pt', 'Hungary'),
('HU', 'ro', 'Ungaria'),
('HU', 'ru', 'Венгрия'),
('ID', 'da', 'Indonesien'),
('ID', 'de', 'Indonesia'),
('ID', 'el', 'Indonesia'),
('ID', 'en', 'Indonesia'),
('ID', 'es', 'Indonesia'),
('ID', 'fr', 'Indonésie'),
('ID', 'it', 'Indonesia'),
('ID', 'nl', 'Indonesie'),
('ID', 'no', 'Indonesia'),
('ID', 'pt', 'Indonesia'),
('ID', 'ro', 'Indonezia'),
('ID', 'ru', 'Индонезия'),
('IE', 'da', 'Ireland'),
('IE', 'de', 'Ireland'),
('IE', 'el', 'Ireland'),
('IE', 'en', 'Ireland'),
('IE', 'es', 'Irlanda'),
('IE', 'fr', 'Irlande'),
('IE', 'it', 'Ireland'),
('IE', 'nl', 'Ierland'),
('IE', 'no', 'Ireland'),
('IE', 'pt', 'Ireland'),
('IE', 'ro', 'Irlanda'),
('IE', 'ru', 'Ирландия'),
('IL', 'da', 'Israel'),
('IL', 'de', 'Israel'),
('IL', 'el', 'Israel'),
('IL', 'en', 'Israel'),
('IL', 'es', 'Israel'),
('IL', 'fr', 'Israel'),
('IL', 'it', 'Israel'),
('IL', 'nl', 'Israel'),
('IL', 'no', 'Israel'),
('IL', 'pt', 'Israel'),
('IL', 'ro', 'Israel'),
('IL', 'ru', 'Израиль'),
('IM', 'da', 'Isle of Man'),
('IM', 'de', 'Isle of Man'),
('IM', 'el', 'Isle of Man'),
('IM', 'en', 'Isle of Man'),
('IM', 'es', 'Isle of Man'),
('IM', 'fr', 'Isle of Man'),
('IM', 'it', 'Isle of Man'),
('IM', 'nl', 'Isle of Man'),
('IM', 'no', 'Isle of Man'),
('IM', 'pt', 'Isle of Man'),
('IM', 'ro', 'Isle of Man'),
('IM', 'ru', 'Остров Мэн'),
('IN', 'da', 'Indien'),
('IN', 'de', 'India'),
('IN', 'el', 'India'),
('IN', 'en', 'India'),
('IN', 'es', 'India'),
('IN', 'fr', 'Inde'),
('IN', 'it', 'India'),
('IN', 'nl', 'India'),
('IN', 'no', 'India'),
('IN', 'pt', 'India'),
('IN', 'ro', 'India'),
('IN', 'ru', 'Индия'),
('IO', 'da', 'British Indian Ocean Territory'),
('IO', 'de', 'British Indian Ocean Territory'),
('IO', 'el', 'British Indian Ocean Territory'),
('IO', 'en', 'British Indian Ocean Territory'),
('IO', 'es', 'Territorio Británico del Océano Índico'),
('IO', 'fr', 'Territoire britannique de l\'océan Indien'),
('IO', 'it', 'British Indian Ocean Territory'),
('IO', 'nl', 'British Indian Ocean Territory'),
('IO', 'no', 'British Indian Ocean Territory'),
('IO', 'pt', 'British Indian Ocean Territory'),
('IO', 'ro', 'Teritoriul Britanic din Oceanul Indian'),
('IO', 'ru', 'Британская территория в Индийском океане'),
('IQ', 'da', 'Irak'),
('IQ', 'de', 'Iraq'),
('IQ', 'el', 'Iraq'),
('IQ', 'en', 'Iraq'),
('IQ', 'es', 'Iraq'),
('IQ', 'fr', 'Irak'),
('IQ', 'it', 'Iraq'),
('IQ', 'nl', 'Irak'),
('IQ', 'no', 'Iraq'),
('IQ', 'pt', 'Iraq'),
('IQ', 'ro', 'Irak'),
('IQ', 'ru', 'Ирак'),
('IR', 'da', 'Islamiske Republik Iran'),
('IR', 'de', 'Islamic Republic of Iran'),
('IR', 'el', 'Islamic Republic of Iran'),
('IR', 'en', 'Islamic Republic of Iran'),
('IR', 'es', 'Irán'),
('IR', 'fr', 'République islamique d\'Iran'),
('IR', 'it', 'Islamic Republic of Iran'),
('IR', 'nl', 'Islamic Republic of Iran'),
('IR', 'no', 'Islamic Republic of Iran'),
('IR', 'pt', 'Islamic Republic of Iran'),
('IR', 'ro', 'Republica Islamică Iraniană'),
('IR', 'ru', 'Исламская Республика Иран'),
('IS', 'da', 'Island'),
('IS', 'de', 'Iceland'),
('IS', 'el', 'Iceland'),
('IS', 'en', 'Iceland'),
('IS', 'es', 'Islandia'),
('IS', 'fr', 'Islande'),
('IS', 'it', 'Iceland'),
('IS', 'nl', 'IJsland'),
('IS', 'no', 'Iceland'),
('IS', 'pt', 'Iceland'),
('IS', 'ro', 'Islanda'),
('IS', 'ru', 'Исландия'),
('IT', 'da', 'Italien'),
('IT', 'de', 'Italy'),
('IT', 'el', 'Italy'),
('IT', 'en', 'Italy'),
('IT', 'es', 'Italia'),
('IT', 'fr', 'Italie'),
('IT', 'it', 'Italia'),
('IT', 'nl', 'Italie'),
('IT', 'no', 'Italy'),
('IT', 'pt', 'Italy'),
('IT', 'ro', 'Italia'),
('IT', 'ru', 'Италия'),
('JE', 'da', 'Jersey'),
('JE', 'de', 'Jersey'),
('JE', 'el', 'Jersey'),
('JE', 'en', 'Jersey'),
('JE', 'es', 'Jersey'),
('JE', 'fr', 'Jersey'),
('JE', 'it', 'Jersey'),
('JE', 'nl', 'Jersey'),
('JE', 'no', 'Jersey'),
('JE', 'pt', 'Jersey'),
('JE', 'ro', 'Jersey'),
('JE', 'ru', 'Джерси'),
('JM', 'da', 'Jamaica'),
('JM', 'de', 'Jamaica'),
('JM', 'el', 'Jamaica'),
('JM', 'en', 'Jamaica'),
('JM', 'es', 'Jamaica'),
('JM', 'fr', 'Jamaïque'),
('JM', 'it', 'Jamaica'),
('JM', 'nl', 'Jamaica'),
('JM', 'no', 'Jamaica'),
('JM', 'pt', 'Jamaica'),
('JM', 'ro', 'Jamaica'),
('JM', 'ru', 'Ямайка'),
('JO', 'da', 'Jordan'),
('JO', 'de', 'Jordan'),
('JO', 'el', 'Jordan'),
('JO', 'en', 'Jordan'),
('JO', 'es', 'Jordania'),
('JO', 'fr', 'Jordanie'),
('JO', 'it', 'Jordan'),
('JO', 'nl', 'Jordanie'),
('JO', 'no', 'Jordan'),
('JO', 'pt', 'Jordan'),
('JO', 'ro', 'Iordania'),
('JO', 'ru', 'Иордания'),
('JP', 'da', 'Japan'),
('JP', 'de', 'Japan'),
('JP', 'el', 'Japan'),
('JP', 'en', 'Japan'),
('JP', 'es', 'Japón'),
('JP', 'fr', 'Japon'),
('JP', 'it', 'Japan'),
('JP', 'nl', 'Japan'),
('JP', 'no', 'Japan'),
('JP', 'pt', 'Japan'),
('JP', 'ro', 'Japonia'),
('JP', 'ru', 'Япония'),
('KE', 'da', 'Kenya'),
('KE', 'de', 'Kenya'),
('KE', 'el', 'Kenya'),
('KE', 'en', 'Kenya'),
('KE', 'es', 'Kenia'),
('KE', 'fr', 'Kenya'),
('KE', 'it', 'Kenya'),
('KE', 'nl', 'Kenia'),
('KE', 'no', 'Kenya'),
('KE', 'pt', 'Kenya'),
('KE', 'ro', 'Kenia'),
('KE', 'ru', 'Кения'),
('KG', 'da', 'Kirgisistan'),
('KG', 'de', 'Kyrgyzstan'),
('KG', 'el', 'Kyrgyzstan'),
('KG', 'en', 'Kyrgyzstan'),
('KG', 'es', 'Kirguistán'),
('KG', 'fr', 'Kirghizistan'),
('KG', 'it', 'Kyrgyzstan'),
('KG', 'nl', 'Kyrgyzstan'),
('KG', 'no', 'Kyrgyzstan'),
('KG', 'pt', 'Kyrgyzstan'),
('KG', 'ro', 'Kirghizstan'),
('KG', 'ru', 'Киргизия'),
('KH', 'da', 'Cambodja'),
('KH', 'de', 'Cambodia'),
('KH', 'el', 'Cambodia'),
('KH', 'en', 'Cambodia'),
('KH', 'es', 'Camboya'),
('KH', 'fr', 'Cambodge'),
('KH', 'it', 'Cambodia'),
('KH', 'nl', 'Cambodja'),
('KH', 'no', 'Cambodia'),
('KH', 'pt', 'Cambodia'),
('KH', 'ro', 'Cambodgia'),
('KH', 'ru', 'Камбоджа'),
('KI', 'da', 'Kiribati'),
('KI', 'de', 'Kiribati'),
('KI', 'el', 'Kiribati'),
('KI', 'en', 'Kiribati'),
('KI', 'es', 'Kiribati'),
('KI', 'fr', 'Kiribati'),
('KI', 'it', 'Kiribati'),
('KI', 'nl', 'Kiribati'),
('KI', 'no', 'Kiribati'),
('KI', 'pt', 'Kiribati'),
('KI', 'ro', 'Kiribati'),
('KI', 'ru', 'Кирибати'),
('KM', 'da', 'Comorerne'),
('KM', 'de', 'Comoros'),
('KM', 'el', 'Comoros'),
('KM', 'en', 'Comoros'),
('KM', 'es', 'Comoras'),
('KM', 'fr', 'Comoros'),
('KM', 'it', 'Comoros'),
('KM', 'nl', 'Comoros'),
('KM', 'no', 'Comoros'),
('KM', 'pt', 'Comoros'),
('KM', 'ro', 'Comore'),
('KM', 'ru', 'Коморские Острова'),
('KN', 'da', 'St. Kitts og Nevis'),
('KN', 'de', 'St. Kitts and Nevis'),
('KN', 'el', 'St. Kitts and Nevis'),
('KN', 'en', 'St. Kitts and Nevis'),
('KN', 'es', 'San Cristóbal y Nieves'),
('KN', 'fr', 'St. Kitts and Nevis'),
('KN', 'it', 'St. Kitts and Nevis'),
('KN', 'nl', 'St. Kitts and Nevis'),
('KN', 'no', 'St. Kitts and Nevis'),
('KN', 'pt', 'St. Kitts and Nevis'),
('KN', 'ro', 'Sf. Kitts și Nevis'),
('KN', 'ru', 'Сент-Китс и Невис'),
('KP', 'da', 'Korea'),
('KP', 'de', 'Korea'),
('KP', 'el', 'Korea'),
('KP', 'en', 'Korea'),
('KP', 'es', 'Corea del Norte'),
('KP', 'fr', 'Korea'),
('KP', 'it', 'Korea'),
('KP', 'nl', 'Korea'),
('KP', 'no', 'Korea'),
('KP', 'pt', 'Korea'),
('KP', 'ro', 'Coreea'),
('KP', 'ru', 'Северная Корея(КНДР)'),
('KR', 'da', 'Korea'),
('KR', 'de', 'Korea, Republic of'),
('KR', 'el', 'Korea, Republic of'),
('KR', 'en', 'Korea, Republic of'),
('KR', 'es', 'Corea del Sur'),
('KR', 'fr', 'Korea, Republic of'),
('KR', 'it', 'Korea, Republic of'),
('KR', 'nl', 'Korea, Republiek'),
('KR', 'no', 'Korea, Republic of'),
('KR', 'pt', 'Korea, Republic of'),
('KR', 'ro', 'Corea, Republica'),
('KR', 'ru', 'Южная Корея'),
('KW', 'da', 'Kuwait'),
('KW', 'de', 'Kuwait'),
('KW', 'el', 'Kuwait'),
('KW', 'en', 'Kuwait'),
('KW', 'es', 'Kuwait'),
('KW', 'fr', 'Kuwait'),
('KW', 'it', 'Kuwait'),
('KW', 'nl', 'Koeweit'),
('KW', 'no', 'Kuwait'),
('KW', 'pt', 'Kuwait'),
('KW', 'ro', 'Kuweit'),
('KW', 'ru', 'Кувейт'),
('KY', 'da', 'Caymanøerne'),
('KY', 'de', 'Cayman Islands'),
('KY', 'el', 'Cayman Islands'),
('KY', 'en', 'Cayman Islands'),
('KY', 'es', 'Islas Caimán'),
('KY', 'fr', 'Cayman Islands'),
('KY', 'it', 'Cayman Islands'),
('KY', 'nl', 'Kaaiman Eilanden'),
('KY', 'no', 'Cayman Islands'),
('KY', 'pt', 'Cayman Islands'),
('KY', 'ro', 'Insulele Cayman'),
('KY', 'ru', 'Каймановы острова'),
('KZ', 'da', 'Kasakhstan'),
('KZ', 'de', 'Kazakhstan'),
('KZ', 'el', 'Kazakhstan'),
('KZ', 'en', 'Kazakhstan'),
('KZ', 'es', 'Kazajistán'),
('KZ', 'fr', 'Kazakhstan'),
('KZ', 'it', 'Kazakhstan'),
('KZ', 'nl', 'Kazakstan'),
('KZ', 'no', 'Kazakhstan'),
('KZ', 'pt', 'Kazakhstan'),
('KZ', 'ro', 'Kazakhstan'),
('KZ', 'ru', 'Казахстан'),
('LA', 'da', 'Laos'),
('LA', 'de', 'Laos'),
('LA', 'el', 'Laos'),
('LA', 'en', 'Laos'),
('LA', 'es', 'Laos'),
('LA', 'fr', 'Laos'),
('LA', 'it', 'Laos'),
('LA', 'nl', 'Laos'),
('LA', 'no', 'Laos'),
('LA', 'pt', 'Laos'),
('LA', 'ro', 'Laos'),
('LA', 'ru', 'Лаос'),
('LB', 'da', 'Libanon'),
('LB', 'de', 'Lebanon'),
('LB', 'el', 'Lebanon'),
('LB', 'en', 'Lebanon'),
('LB', 'es', 'Líbano'),
('LB', 'fr', 'Liban'),
('LB', 'it', 'Lebanon'),
('LB', 'nl', 'Libanon'),
('LB', 'no', 'Lebanon'),
('LB', 'pt', 'Lebanon'),
('LB', 'ro', 'Liban'),
('LB', 'ru', 'Ливан'),
('LC', 'da', 'Saint Lucia'),
('LC', 'de', 'Saint Lucia'),
('LC', 'el', 'Saint Lucia'),
('LC', 'en', 'Saint Lucia'),
('LC', 'es', 'Santa Lucía'),
('LC', 'fr', 'Sainte-Lucie'),
('LC', 'it', 'Saint Lucia'),
('LC', 'nl', 'Saint Lucia'),
('LC', 'no', 'Saint Lucia'),
('LC', 'pt', 'Saint Lucia'),
('LC', 'ro', 'Sfânta Lucia'),
('LC', 'ru', 'Сент-Люсия'),
('LI', 'da', 'Liechtenstein'),
('LI', 'de', 'Liechtenstein'),
('LI', 'el', 'Liechtenstein'),
('LI', 'en', 'Liechtenstein'),
('LI', 'es', 'Liechtenstein'),
('LI', 'fr', 'Liechtenstein'),
('LI', 'it', 'Liechtenstein'),
('LI', 'nl', 'Liechtenstein'),
('LI', 'no', 'Liechtenstein'),
('LI', 'pt', 'Liechtenstein'),
('LI', 'ro', 'Liechtenstein'),
('LI', 'ru', 'Лихтенштейн'),
('LK', 'da', 'Sri Lanka'),
('LK', 'de', 'Sri Lanka'),
('LK', 'el', 'Sri Lanka'),
('LK', 'en', 'Sri Lanka'),
('LK', 'es', 'Sri Lanka'),
('LK', 'fr', 'Sri Lanka'),
('LK', 'it', 'Sri Lanka'),
('LK', 'nl', 'Sri Lanka'),
('LK', 'no', 'Sri Lanka'),
('LK', 'pt', 'Sri Lanka'),
('LK', 'ro', 'Sri Lanka'),
('LK', 'ru', 'Шри-Ланка'),
('LR', 'da', 'Liberia'),
('LR', 'de', 'Liberia'),
('LR', 'el', 'Liberia'),
('LR', 'en', 'Liberia'),
('LR', 'es', 'Liberia'),
('LR', 'fr', 'Liberia'),
('LR', 'it', 'Liberia'),
('LR', 'nl', 'Liberia'),
('LR', 'no', 'Liberia'),
('LR', 'pt', 'Liberia'),
('LR', 'ro', 'Liberia'),
('LR', 'ru', 'Либерия'),
('LS', 'da', 'Lesotho'),
('LS', 'de', 'Lesotho'),
('LS', 'el', 'Lesotho'),
('LS', 'en', 'Lesotho'),
('LS', 'es', 'Lesoto'),
('LS', 'fr', 'Lesotho'),
('LS', 'it', 'Lesotho'),
('LS', 'nl', 'Lesotho'),
('LS', 'no', 'Lesotho'),
('LS', 'pt', 'Lesotho'),
('LS', 'ro', 'Lesotho'),
('LS', 'ru', 'Лесото'),
('LT', 'da', 'Litauen'),
('LT', 'de', 'Lithuania'),
('LT', 'el', 'Lithuania'),
('LT', 'en', 'Lithuania'),
('LT', 'es', 'Lituania'),
('LT', 'fr', 'Lithuanie'),
('LT', 'it', 'Lithuania'),
('LT', 'nl', 'Litouwen'),
('LT', 'no', 'Lithuania'),
('LT', 'pt', 'Lithuania'),
('LT', 'ro', 'Lituania'),
('LT', 'ru', 'Литва'),
('LU', 'da', 'Luxembourg'),
('LU', 'de', 'Luxembourg'),
('LU', 'el', 'Luxembourg'),
('LU', 'en', 'Luxembourg'),
('LU', 'es', 'Luxemburgo'),
('LU', 'fr', 'Luxembourg'),
('LU', 'it', 'Luxembourg'),
('LU', 'nl', 'Luxemburg'),
('LU', 'no', 'Luxembourg'),
('LU', 'pt', 'Luxembourg'),
('LU', 'ro', 'Luxemburg'),
('LU', 'ru', 'Люксембург'),
('LV', 'da', 'Letland'),
('LV', 'de', 'Latvia'),
('LV', 'el', 'Latvia'),
('LV', 'en', 'Latvia'),
('LV', 'es', 'Letonia'),
('LV', 'fr', 'Lettonie'),
('LV', 'it', 'Latvia'),
('LV', 'nl', 'Letland'),
('LV', 'no', 'Latvia'),
('LV', 'pt', 'Latvia'),
('LV', 'ro', 'Letonia'),
('LV', 'ru', 'Латвия'),
('LY', 'da', 'Libyske Arabiske Jamahiriya'),
('LY', 'de', 'Libyan Arab Jamahiriya'),
('LY', 'el', 'Libyan Arab Jamahiriya'),
('LY', 'en', 'Libyan Arab Jamahiriya'),
('LY', 'es', 'Libia'),
('LY', 'fr', 'Libye'),
('LY', 'it', 'Libyan Arab Jamahiriya'),
('LY', 'nl', 'Libie Arab Jamahiriya'),
('LY', 'no', 'Libyan Arab Jamahiriya'),
('LY', 'pt', 'Libyan Arab Jamahiriya'),
('LY', 'ro', 'Jamahiriya Arabă Libiană'),
('LY', 'ru', 'Ливийская Арабская Джамахирия'),
('MA', 'da', 'Marokko'),
('MA', 'de', 'Morocco'),
('MA', 'el', 'Morocco'),
('MA', 'en', 'Morocco'),
('MA', 'es', 'Marruecos'),
('MA', 'fr', 'Maroc'),
('MA', 'it', 'Morocco'),
('MA', 'nl', 'Marokko'),
('MA', 'no', 'Morocco'),
('MA', 'pt', 'Morocco'),
('MA', 'ro', 'Maroc'),
('MA', 'ru', 'Марокко'),
('MC', 'da', 'Monaco'),
('MC', 'de', 'Monaco'),
('MC', 'el', 'Monaco'),
('MC', 'en', 'Monaco'),
('MC', 'es', 'Mónaco'),
('MC', 'fr', 'Monaco'),
('MC', 'it', 'Monaco'),
('MC', 'nl', 'Monaco'),
('MC', 'no', 'Monaco'),
('MC', 'pt', 'Monaco'),
('MC', 'ro', 'Monaco'),
('MC', 'ru', 'Монако'),
('MD', 'da', 'Moldova, Republikken'),
('MD', 'de', 'Moldova, Republic of'),
('MD', 'el', 'Moldova, Republic of'),
('MD', 'en', 'Moldova, Republic of'),
('MD', 'es', 'Moldavia'),
('MD', 'fr', 'Moldavie'),
('MD', 'it', 'Moldova, Republic of'),
('MD', 'nl', 'Moldavie, Republiek'),
('MD', 'no', 'Moldova, Republic of'),
('MD', 'pt', 'Moldova, Republic of'),
('MD', 'ro', 'Moldova, Republica'),
('MD', 'ru', 'Молдова'),
('ME', 'da', 'Montenegro'),
('ME', 'de', 'Montenegro'),
('ME', 'el', 'Montenegro'),
('ME', 'en', 'Montenegro'),
('ME', 'es', 'Montenegro'),
('ME', 'fr', 'Montenegro'),
('ME', 'it', 'Montenegro'),
('ME', 'nl', 'Montenegro'),
('ME', 'no', 'Montenegro'),
('ME', 'pt', 'Montenegro'),
('ME', 'ro', 'Muntenegru'),
('ME', 'ru', 'Черногория'),
('MG', 'da', 'Madagascar'),
('MG', 'de', 'Madagascar'),
('MG', 'el', 'Madagascar'),
('MG', 'en', 'Madagascar'),
('MG', 'es', 'Madagascar'),
('MG', 'fr', 'Madagascar'),
('MG', 'it', 'Madagascar'),
('MG', 'nl', 'Madagascar'),
('MG', 'no', 'Madagascar'),
('MG', 'pt', 'Madagascar'),
('MG', 'ro', 'Madagascar'),
('MG', 'ru', 'Мадагаскар'),
('MH', 'da', 'Marshall Islands'),
('MH', 'de', 'Marshall Islands'),
('MH', 'el', 'Marshall Islands'),
('MH', 'en', 'Marshall Islands'),
('MH', 'es', 'Islas Marshall'),
('MH', 'fr', 'Îles Marshall'),
('MH', 'it', 'Marshall Islands'),
('MH', 'nl', 'Marshall Eilanden'),
('MH', 'no', 'Marshall Islands'),
('MH', 'pt', 'Marshall Islands'),
('MH', 'ro', 'Insulele Marshall'),
('MH', 'ru', 'Маршалловы острова'),
('MK', 'da', 'Makedonien'),
('MK', 'de', 'Macedonia'),
('MK', 'el', 'Macedonia'),
('MK', 'en', 'Macedonia'),
('MK', 'es', 'ARY Macedonia'),
('MK', 'fr', 'Macédoine'),
('MK', 'it', 'Macedonia'),
('MK', 'nl', 'Macedonie'),
('MK', 'no', 'Macedonia'),
('MK', 'pt', 'Macedonia'),
('MK', 'ro', 'Macedonia'),
('MK', 'ru', 'Македония'),
('ML', 'da', 'Mali'),
('ML', 'de', 'Mali'),
('ML', 'el', 'Mali'),
('ML', 'en', 'Mali'),
('ML', 'es', 'Malí'),
('ML', 'fr', 'Mali'),
('ML', 'it', 'Mali'),
('ML', 'nl', 'Mali'),
('ML', 'no', 'Mali'),
('ML', 'pt', 'Mali'),
('ML', 'ro', 'Mali'),
('ML', 'ru', 'Мали'),
('MM', 'da', 'Myanmar'),
('MM', 'de', 'Myanmar'),
('MM', 'el', 'Myanmar'),
('MM', 'en', 'Myanmar'),
('MM', 'es', 'Birmania'),
('MM', 'fr', 'Birmanie'),
('MM', 'it', 'Myanmar'),
('MM', 'nl', 'Myanmar'),
('MM', 'no', 'Myanmar'),
('MM', 'pt', 'Myanmar'),
('MM', 'ro', 'Mianmar'),
('MM', 'ru', 'Мьянма'),
('MN', 'da', 'Mongoliet'),
('MN', 'de', 'Mongolia'),
('MN', 'el', 'Mongolia'),
('MN', 'en', 'Mongolia'),
('MN', 'es', 'Mongolia'),
('MN', 'fr', 'Mongolie'),
('MN', 'it', 'Mongolia'),
('MN', 'nl', 'Mongolie'),
('MN', 'no', 'Mongolia'),
('MN', 'pt', 'Mongolia'),
('MN', 'ro', 'Mongolia'),
('MN', 'ru', 'Монголия'),
('MO', 'da', 'Macau'),
('MO', 'de', 'Macau'),
('MO', 'el', 'Macau'),
('MO', 'en', 'Macau'),
('MO', 'es', 'Macao'),
('MO', 'fr', 'Macao'),
('MO', 'it', 'Macau'),
('MO', 'nl', 'Macau'),
('MO', 'no', 'Macau'),
('MO', 'pt', 'Macau'),
('MO', 'ro', 'Macao'),
('MO', 'ru', 'Макау'),
('MP', 'da', 'Nordmarianerne'),
('MP', 'de', 'Northern Mariana Islands'),
('MP', 'el', 'Northern Mariana Islands'),
('MP', 'en', 'Northern Mariana Islands'),
('MP', 'es', 'Islas Marianas del Norte'),
('MP', 'fr', 'Îles Mariannes du Nord'),
('MP', 'it', 'Northern Mariana Islands'),
('MP', 'nl', 'Northern Mariana Islands'),
('MP', 'no', 'Northern Mariana Islands'),
('MP', 'pt', 'Northern Mariana Islands'),
('MP', 'ro', 'Insulele Marine de Nord'),
('MP', 'ru', 'Марианские острова'),
('MQ', 'da', 'Martinique'),
('MQ', 'de', 'Martinique'),
('MQ', 'el', 'Martinique'),
('MQ', 'en', 'Martinique'),
('MQ', 'es', 'Martinica'),
('MQ', 'fr', 'Martinique'),
('MQ', 'it', 'Martinique'),
('MQ', 'nl', 'Martinique'),
('MQ', 'no', 'Martinique'),
('MQ', 'pt', 'Martinique'),
('MQ', 'ro', 'Martinica'),
('MQ', 'ru', 'остров Мартиника'),
('MR', 'da', 'Mauretanien'),
('MR', 'de', 'Mauritania'),
('MR', 'el', 'Mauritania'),
('MR', 'en', 'Mauritania'),
('MR', 'es', 'Mauritania'),
('MR', 'fr', 'Mauritanie'),
('MR', 'it', 'Mauritania'),
('MR', 'nl', 'Mauretanie'),
('MR', 'no', 'Mauritania'),
('MR', 'pt', 'Mauritania'),
('MR', 'ro', 'Mauritania'),
('MR', 'ru', 'Мавритания'),
('MS', 'da', 'Montserrat'),
('MS', 'de', 'Montserrat'),
('MS', 'el', 'Montserrat'),
('MS', 'en', 'Montserrat'),
('MS', 'es', 'Montserrat'),
('MS', 'fr', 'Montserrat'),
('MS', 'it', 'Montserrat'),
('MS', 'nl', 'Montserrat'),
('MS', 'no', 'Montserrat'),
('MS', 'pt', 'Montserrat'),
('MS', 'ro', 'Montserrat'),
('MS', 'ru', 'Монтсеррат'),
('MT', 'da', 'Malta'),
('MT', 'de', 'Malta'),
('MT', 'el', 'Malta'),
('MT', 'en', 'Malta'),
('MT', 'es', 'Malta'),
('MT', 'fr', 'Malte'),
('MT', 'it', 'Malta'),
('MT', 'nl', 'Malta'),
('MT', 'no', 'Malta'),
('MT', 'pt', 'Malta'),
('MT', 'ro', 'Malta'),
('MT', 'ru', 'Мальта'),
('MU', 'da', 'Mauritius'),
('MU', 'de', 'Mauritius'),
('MU', 'el', 'Mauritius'),
('MU', 'en', 'Mauritius'),
('MU', 'es', 'Mauricio'),
('MU', 'fr', 'Maurice'),
('MU', 'it', 'Mauritius'),
('MU', 'nl', 'Mauritius'),
('MU', 'no', 'Mauritius'),
('MU', 'pt', 'Mauritius'),
('MU', 'ro', 'Mauritius'),
('MU', 'ru', 'Маврикий'),
('MV', 'da', 'Maldiverne'),
('MV', 'de', 'Maldives'),
('MV', 'el', 'Maldives'),
('MV', 'en', 'Maldives'),
('MV', 'es', 'Maldivas'),
('MV', 'fr', 'Maldives'),
('MV', 'it', 'Maldives'),
('MV', 'nl', 'Maldiven'),
('MV', 'no', 'Maldives'),
('MV', 'pt', 'Maldives'),
('MV', 'ro', 'Maldive'),
('MV', 'ru', 'Мальдивы'),
('MW', 'da', 'Malawi'),
('MW', 'de', 'Malawi'),
('MW', 'el', 'Malawi'),
('MW', 'en', 'Malawi'),
('MW', 'es', 'Malawi'),
('MW', 'fr', 'Malawi'),
('MW', 'it', 'Malawi'),
('MW', 'nl', 'Malawi'),
('MW', 'no', 'Malawi'),
('MW', 'pt', 'Malawi'),
('MW', 'ro', 'Malawi'),
('MW', 'ru', 'Малави'),
('MX', 'da', 'Mexico'),
('MX', 'de', 'Mexico'),
('MX', 'el', 'Mexico'),
('MX', 'en', 'Mexico'),
('MX', 'es', 'México'),
('MX', 'fr', 'Mexique'),
('MX', 'it', 'Mexico'),
('MX', 'nl', 'Mexico'),
('MX', 'no', 'Mexico'),
('MX', 'pt', 'Mexico'),
('MX', 'ro', 'Mexic'),
('MX', 'ru', 'Мексика'),
('MY', 'da', 'Malaysia'),
('MY', 'de', 'Malaysia'),
('MY', 'el', 'Malaysia'),
('MY', 'en', 'Malaysia'),
('MY', 'es', 'Malasia'),
('MY', 'fr', 'Malaisie'),
('MY', 'it', 'Malaysia'),
('MY', 'nl', 'Maleisie'),
('MY', 'no', 'Malaysia'),
('MY', 'pt', 'Malaysia'),
('MY', 'ro', 'Malaezia'),
('MY', 'ru', 'Малайзия'),
('MZ', 'da', 'Mozambique'),
('MZ', 'de', 'Mozambique'),
('MZ', 'el', 'Mozambique'),
('MZ', 'en', 'Mozambique'),
('MZ', 'es', 'Mozambique'),
('MZ', 'fr', 'Mozambique'),
('MZ', 'it', 'Mozambique'),
('MZ', 'nl', 'Mozambique'),
('MZ', 'no', 'Mozambique'),
('MZ', 'pt', 'Mozambique'),
('MZ', 'ro', 'Mozambic'),
('MZ', 'ru', 'Мозамбик'),
('NA', 'da', 'Namibia'),
('NA', 'de', 'Namibia'),
('NA', 'el', 'Namibia'),
('NA', 'en', 'Namibia'),
('NA', 'es', 'Namibia'),
('NA', 'fr', 'Namibie'),
('NA', 'it', 'Namibia'),
('NA', 'nl', 'Namibie'),
('NA', 'no', 'Namibia'),
('NA', 'pt', 'Namibia'),
('NA', 'ro', 'Namibia'),
('NA', 'ru', 'Намибия'),
('NC', 'da', 'New Caledonia'),
('NC', 'de', 'New Caledonia'),
('NC', 'el', 'New Caledonia'),
('NC', 'en', 'New Caledonia'),
('NC', 'es', 'Nueva Caledonia'),
('NC', 'fr', 'Nouvelle-Calédonie'),
('NC', 'it', 'New Caledonia'),
('NC', 'nl', 'New Caledonia'),
('NC', 'no', 'New Caledonia'),
('NC', 'pt', 'New Caledonia'),
('NC', 'ro', 'Noua Caledonie'),
('NC', 'ru', 'остров Новая Каледония'),
('NE', 'da', 'Niger'),
('NE', 'de', 'Niger'),
('NE', 'el', 'Niger');
INSERT INTO `partiushop_country_descriptions` (`code`, `lang_code`, `country`) VALUES
('NE', 'en', 'Niger'),
('NE', 'es', 'Níger'),
('NE', 'fr', 'Niger'),
('NE', 'it', 'Niger'),
('NE', 'nl', 'Nigeria'),
('NE', 'no', 'Niger'),
('NE', 'pt', 'Niger'),
('NE', 'ro', 'Niger'),
('NE', 'ru', 'Нигер'),
('NF', 'da', 'Norfolk Island'),
('NF', 'de', 'Norfolk Island'),
('NF', 'el', 'Norfolk Island'),
('NF', 'en', 'Norfolk Island'),
('NF', 'es', 'Norfolk'),
('NF', 'fr', 'Île Norfolk'),
('NF', 'it', 'Norfolk Island'),
('NF', 'nl', 'Norfolk Island'),
('NF', 'no', 'Norfolk Island'),
('NF', 'pt', 'Norfolk Island'),
('NF', 'ro', 'Insula Norfolk'),
('NF', 'ru', 'остров Норфолк'),
('NG', 'da', 'Nigeria'),
('NG', 'de', 'Nigeria'),
('NG', 'el', 'Nigeria'),
('NG', 'en', 'Nigeria'),
('NG', 'es', 'Nigeria'),
('NG', 'fr', 'Nigeria'),
('NG', 'it', 'Nigeria'),
('NG', 'nl', 'Nigeria'),
('NG', 'no', 'Nigeria'),
('NG', 'pt', 'Nigeria'),
('NG', 'ro', 'Nigeria'),
('NG', 'ru', 'Нигерия'),
('NI', 'da', 'Nicaragua'),
('NI', 'de', 'Nicaragua'),
('NI', 'el', 'Nicaragua'),
('NI', 'en', 'Nicaragua'),
('NI', 'es', 'Nicaragua'),
('NI', 'fr', 'Nicaragua'),
('NI', 'it', 'Nicaragua'),
('NI', 'nl', 'Nicaragua'),
('NI', 'no', 'Nicaragua'),
('NI', 'pt', 'Nicaragua'),
('NI', 'ro', 'Nicaragua'),
('NI', 'ru', 'Никарагуа'),
('NL', 'da', 'Holland'),
('NL', 'de', 'Netherlands'),
('NL', 'el', 'Netherlands'),
('NL', 'en', 'Netherlands'),
('NL', 'es', 'Países Bajos'),
('NL', 'fr', 'Pays-Bas'),
('NL', 'it', 'Netherlands'),
('NL', 'nl', 'Nederland'),
('NL', 'no', 'Netherlands'),
('NL', 'pt', 'Netherlands'),
('NL', 'ro', 'Olanda'),
('NL', 'ru', 'Нидерланды'),
('NO', 'da', 'Norge'),
('NO', 'de', 'Norway'),
('NO', 'el', 'Norway'),
('NO', 'en', 'Norway'),
('NO', 'es', 'Noruega'),
('NO', 'fr', 'Norvège'),
('NO', 'it', 'Norway'),
('NO', 'nl', 'Noorwegen'),
('NO', 'no', 'Norway'),
('NO', 'pt', 'Norway'),
('NO', 'ro', 'Norvegia'),
('NO', 'ru', 'Норвегия'),
('NP', 'da', 'Nepal'),
('NP', 'de', 'Nepal'),
('NP', 'el', 'Nepal'),
('NP', 'en', 'Nepal'),
('NP', 'es', 'Nepal'),
('NP', 'fr', 'Nepal'),
('NP', 'it', 'Nepal'),
('NP', 'nl', 'Nepal'),
('NP', 'no', 'Nepal'),
('NP', 'pt', 'Nepal'),
('NP', 'ro', 'Nepal'),
('NP', 'ru', 'Непал'),
('NR', 'da', 'Nauru'),
('NR', 'de', 'Nauru'),
('NR', 'el', 'Nauru'),
('NR', 'en', 'Nauru'),
('NR', 'es', 'Nauru'),
('NR', 'fr', 'Nauru'),
('NR', 'it', 'Nauru'),
('NR', 'nl', 'Nauru'),
('NR', 'no', 'Nauru'),
('NR', 'pt', 'Nauru'),
('NR', 'ro', 'Nauru'),
('NR', 'ru', 'Науру'),
('NU', 'da', 'Niue'),
('NU', 'de', 'Niue'),
('NU', 'el', 'Niue'),
('NU', 'en', 'Niue'),
('NU', 'es', 'Niue'),
('NU', 'fr', 'Niue'),
('NU', 'it', 'Niue'),
('NU', 'nl', 'Niue'),
('NU', 'no', 'Niue'),
('NU', 'pt', 'Niue'),
('NU', 'ro', 'Insulele Niue'),
('NU', 'ru', 'Ниуэ'),
('NZ', 'da', 'New Zealand'),
('NZ', 'de', 'New Zealand'),
('NZ', 'el', 'New Zealand'),
('NZ', 'en', 'New Zealand'),
('NZ', 'es', 'Nueva Zelanda'),
('NZ', 'fr', 'Nouvelle-Zélande'),
('NZ', 'it', 'New Zealand'),
('NZ', 'nl', 'Nieuw Zeeland'),
('NZ', 'no', 'New Zealand'),
('NZ', 'pt', 'New Zealand'),
('NZ', 'ro', 'Noua Zeelandă'),
('NZ', 'ru', 'Новая Зеландия'),
('OM', 'da', 'Oman'),
('OM', 'de', 'Oman'),
('OM', 'el', 'Oman'),
('OM', 'en', 'Oman'),
('OM', 'es', 'Omán'),
('OM', 'fr', 'Oman'),
('OM', 'it', 'Oman'),
('OM', 'nl', 'Oman'),
('OM', 'no', 'Oman'),
('OM', 'pt', 'Oman'),
('OM', 'ro', 'Oman'),
('OM', 'ru', 'Оман'),
('PA', 'da', 'Panama'),
('PA', 'de', 'Panama'),
('PA', 'el', 'Panama'),
('PA', 'en', 'Panama'),
('PA', 'es', 'Panamá'),
('PA', 'fr', 'Panama'),
('PA', 'it', 'Panama'),
('PA', 'nl', 'Panama'),
('PA', 'no', 'Panama'),
('PA', 'pt', 'Panama'),
('PA', 'ro', 'Panama'),
('PA', 'ru', 'Панама'),
('PE', 'da', 'Peru'),
('PE', 'de', 'Peru'),
('PE', 'el', 'Peru'),
('PE', 'en', 'Peru'),
('PE', 'es', 'Perú'),
('PE', 'fr', 'Pérou'),
('PE', 'it', 'Peru'),
('PE', 'nl', 'Peru'),
('PE', 'no', 'Peru'),
('PE', 'pt', 'Peru'),
('PE', 'ro', 'Peru'),
('PE', 'ru', 'Перу'),
('PF', 'da', 'Fransk Polynesien'),
('PF', 'de', 'French Polynesia'),
('PF', 'el', 'French Polynesia'),
('PF', 'en', 'French Polynesia'),
('PF', 'es', 'Polinesia Francesa'),
('PF', 'fr', 'Polynésie française'),
('PF', 'it', 'French Polynesia'),
('PF', 'nl', 'Frans Polynesie'),
('PF', 'no', 'French Polynesia'),
('PF', 'pt', 'French Polynesia'),
('PF', 'ro', 'Polinezia Franceză'),
('PF', 'ru', 'Французская Полинезия'),
('PG', 'da', 'Papua Ny Guinea'),
('PG', 'de', 'Papua New Guinea'),
('PG', 'el', 'Papua New Guinea'),
('PG', 'en', 'Papua New Guinea'),
('PG', 'es', 'Papúa Nueva Guinea'),
('PG', 'fr', 'Papouasie-Nouvelle-Guinée'),
('PG', 'it', 'Papua New Guinea'),
('PG', 'nl', 'Papua Nieuw Guinea'),
('PG', 'no', 'Papua New Guinea'),
('PG', 'pt', 'Papua New Guinea'),
('PG', 'ro', 'Papua Noua Guinee'),
('PG', 'ru', 'Папуа - Новая Гвинея'),
('PH', 'da', 'Filippinerne'),
('PH', 'de', 'Philippines'),
('PH', 'el', 'Philippines'),
('PH', 'en', 'Philippines'),
('PH', 'es', 'Filipinas'),
('PH', 'fr', 'Philippines'),
('PH', 'it', 'Philippines'),
('PH', 'nl', 'Philippijnen'),
('PH', 'no', 'Philippines'),
('PH', 'pt', 'Philippines'),
('PH', 'ro', 'Filipine'),
('PH', 'ru', 'Филипины'),
('PK', 'da', 'Pakistan'),
('PK', 'de', 'Pakistan'),
('PK', 'el', 'Pakistan'),
('PK', 'en', 'Pakistan'),
('PK', 'es', 'Pakistán'),
('PK', 'fr', 'Pakistan'),
('PK', 'it', 'Pakistan'),
('PK', 'nl', 'Pakistan'),
('PK', 'no', 'Pakistan'),
('PK', 'pt', 'Pakistan'),
('PK', 'ro', 'Pakistan'),
('PK', 'ru', 'Пакистан'),
('PL', 'da', 'Polen'),
('PL', 'de', 'Poland'),
('PL', 'el', 'Poland'),
('PL', 'en', 'Poland'),
('PL', 'es', 'Polonia'),
('PL', 'fr', 'Pologne'),
('PL', 'it', 'Poland'),
('PL', 'nl', 'Polen'),
('PL', 'no', 'Poland'),
('PL', 'pt', 'Poland'),
('PL', 'ro', 'Polonia'),
('PL', 'ru', 'Польша'),
('PM', 'da', 'St. Pierre og Miquelon'),
('PM', 'de', 'St. Pierre and Miquelon'),
('PM', 'el', 'St. Pierre and Miquelon'),
('PM', 'en', 'St. Pierre and Miquelon'),
('PM', 'es', 'San Pedro y Miquelón'),
('PM', 'fr', 'Saint-Pierre-et-Miquelon'),
('PM', 'it', 'St. Pierre and Miquelon'),
('PM', 'nl', 'St. Pierre en Miquelon'),
('PM', 'no', 'St. Pierre and Miquelon'),
('PM', 'pt', 'St. Pierre and Miquelon'),
('PM', 'ro', 'Sf. Pierre și Miquelon'),
('PM', 'ru', 'Сент-Пьер и Микелон'),
('PN', 'da', 'Pitcairn'),
('PN', 'de', 'Pitcairn'),
('PN', 'el', 'Pitcairn'),
('PN', 'en', 'Pitcairn'),
('PN', 'es', 'Islas Pitcairn'),
('PN', 'fr', 'Îles Pitcairn'),
('PN', 'it', 'Pitcairn'),
('PN', 'nl', 'Pitcairn'),
('PN', 'no', 'Pitcairn'),
('PN', 'pt', 'Pitcairn'),
('PN', 'ro', 'Insula Pitcairn'),
('PN', 'ru', 'Питкэрн'),
('PR', 'da', 'Puerto Rico'),
('PR', 'de', 'Puerto Rico'),
('PR', 'el', 'Puerto Rico'),
('PR', 'en', 'Puerto Rico'),
('PR', 'es', 'Puerto Rico'),
('PR', 'fr', 'Porto Rico'),
('PR', 'it', 'Puerto Rico'),
('PR', 'nl', 'Puerto Rico'),
('PR', 'no', 'Puerto Rico'),
('PR', 'pt', 'Puerto Rico'),
('PR', 'ro', 'Porto Rico'),
('PR', 'ru', 'Пуэрто-Рико'),
('PS', 'da', 'Palæstinensiske Myndighed'),
('PS', 'de', 'Palestine Authority'),
('PS', 'el', 'Palestine Authority'),
('PS', 'en', 'Palestine Authority'),
('PS', 'es', 'Palestina (ANP)'),
('PS', 'fr', 'Palestine'),
('PS', 'it', 'Palestine Authority'),
('PS', 'nl', 'Palestine Authority'),
('PS', 'no', 'Palestine Authority'),
('PS', 'pt', 'Palestine Authority'),
('PS', 'ro', 'Autoritățiile Palestine'),
('PS', 'ru', 'Палестинская автономия'),
('PT', 'da', 'Portugal'),
('PT', 'de', 'Portugal'),
('PT', 'el', 'Portugal'),
('PT', 'en', 'Portugal'),
('PT', 'es', 'Portugal'),
('PT', 'fr', 'Portugal'),
('PT', 'it', 'Portugal'),
('PT', 'nl', 'Portugal'),
('PT', 'no', 'Portugal'),
('PT', 'pt', 'Portugal'),
('PT', 'ro', 'Portugalia'),
('PT', 'ru', 'Португалия'),
('PW', 'da', 'Palau'),
('PW', 'de', 'Palau'),
('PW', 'el', 'Palau'),
('PW', 'en', 'Palau'),
('PW', 'es', 'Palaos'),
('PW', 'fr', 'Palaos'),
('PW', 'it', 'Palau'),
('PW', 'nl', 'Palau'),
('PW', 'no', 'Palau'),
('PW', 'pt', 'Palau'),
('PW', 'ro', 'Palau'),
('PW', 'ru', 'Палан'),
('PY', 'da', 'Paraguay'),
('PY', 'de', 'Paraguay'),
('PY', 'el', 'Paraguay'),
('PY', 'en', 'Paraguay'),
('PY', 'es', 'Paraguay'),
('PY', 'fr', 'Paraguay'),
('PY', 'it', 'Paraguay'),
('PY', 'nl', 'Paraguay'),
('PY', 'no', 'Paraguay'),
('PY', 'pt', 'Paraguay'),
('PY', 'ro', 'Paraguay'),
('PY', 'ru', 'Парагвай'),
('QA', 'da', 'Qatar'),
('QA', 'de', 'Qatar'),
('QA', 'el', 'Qatar'),
('QA', 'en', 'Qatar'),
('QA', 'es', 'Qatar'),
('QA', 'fr', 'Qatar'),
('QA', 'it', 'Qatar'),
('QA', 'nl', 'Qatar'),
('QA', 'no', 'Qatar'),
('QA', 'pt', 'Qatar'),
('QA', 'ro', 'Statul Qatar'),
('QA', 'ru', 'Катар'),
('RE', 'da', 'reunion'),
('RE', 'de', 'Reunion'),
('RE', 'el', 'Reunion'),
('RE', 'en', 'Reunion'),
('RE', 'es', 'Reunión'),
('RE', 'fr', 'La Réunion'),
('RE', 'it', 'Reunion'),
('RE', 'nl', 'Reunion'),
('RE', 'no', 'Reunion'),
('RE', 'pt', 'Reunion'),
('RE', 'ro', 'Insula Réunion'),
('RE', 'ru', 'Реюньон'),
('RO', 'da', 'Rumænien'),
('RO', 'de', 'Romania'),
('RO', 'el', 'Romania'),
('RO', 'en', 'Romania'),
('RO', 'es', 'Rumania'),
('RO', 'fr', 'Roumanie'),
('RO', 'it', 'Romania'),
('RO', 'nl', 'Roemenie'),
('RO', 'no', 'Romania'),
('RO', 'pt', 'Romania'),
('RO', 'ro', 'România'),
('RO', 'ru', 'Румыния'),
('RS', 'da', 'Republikken Serbien'),
('RS', 'de', 'Republic of Serbia'),
('RS', 'el', 'Republic of Serbia'),
('RS', 'en', 'Republic of Serbia'),
('RS', 'es', 'Serbia'),
('RS', 'fr', 'Serbie'),
('RS', 'it', 'Republic of Serbia'),
('RS', 'nl', 'Republic of Serbia'),
('RS', 'no', 'Republic of Serbia'),
('RS', 'pt', 'Republic of Serbia'),
('RS', 'ro', 'Republica Serbia'),
('RS', 'ru', 'Республика Сербия'),
('RU', 'da', 'Rusland'),
('RU', 'de', 'Russian Federation'),
('RU', 'el', 'Russian Federation'),
('RU', 'en', 'Russian Federation'),
('RU', 'es', 'Rusia'),
('RU', 'fr', 'Fédération Russe'),
('RU', 'it', 'Russian Federation'),
('RU', 'nl', 'Rusland'),
('RU', 'no', 'Russian Federation'),
('RU', 'pt', 'Russian Federation'),
('RU', 'ro', 'Federația Rusă'),
('RU', 'ru', 'Российская Федерация'),
('RW', 'da', 'Rwanda'),
('RW', 'de', 'Rwanda'),
('RW', 'el', 'Rwanda'),
('RW', 'en', 'Rwanda'),
('RW', 'es', 'Ruanda'),
('RW', 'fr', 'Rwanda'),
('RW', 'it', 'Rwanda'),
('RW', 'nl', 'Roewanda'),
('RW', 'no', 'Rwanda'),
('RW', 'pt', 'Rwanda'),
('RW', 'ro', 'Ruanda'),
('RW', 'ru', 'Руанда'),
('SA', 'da', 'Saudi-Arabien'),
('SA', 'de', 'Saudi Arabia'),
('SA', 'el', 'Saudi Arabia'),
('SA', 'en', 'Saudi Arabia'),
('SA', 'es', 'Arabia Saudita'),
('SA', 'fr', 'Arabie saoudite'),
('SA', 'it', 'Saudi Arabia'),
('SA', 'nl', 'Saudi Arabie'),
('SA', 'no', 'Saudi Arabia'),
('SA', 'pt', 'Saudi Arabia'),
('SA', 'ro', 'Arabia Saudită'),
('SA', 'ru', 'Саудовская Аравия'),
('SB', 'da', 'Salomonøerne'),
('SB', 'de', 'Solomon Islands'),
('SB', 'el', 'Solomon Islands'),
('SB', 'en', 'Solomon Islands'),
('SB', 'es', 'Islas Salomón'),
('SB', 'fr', 'Îles Salomon'),
('SB', 'it', 'Solomon Islands'),
('SB', 'nl', 'Solomon Eilanden'),
('SB', 'no', 'Solomon Islands'),
('SB', 'pt', 'Solomon Islands'),
('SB', 'ro', 'Insulele Solomon'),
('SB', 'ru', 'Соломоновы Острова'),
('SC', 'da', 'Seychellerne'),
('SC', 'de', 'Seychelles'),
('SC', 'el', 'Seychelles'),
('SC', 'en', 'Seychelles'),
('SC', 'es', 'Seychelles'),
('SC', 'fr', 'Seychelles'),
('SC', 'it', 'Seychelles'),
('SC', 'nl', 'Seychelles'),
('SC', 'no', 'Seychelles'),
('SC', 'pt', 'Seychelles'),
('SC', 'ro', 'Republica Seychelles'),
('SC', 'ru', 'Сейшельские Острова'),
('SD', 'da', 'Sudan'),
('SD', 'de', 'Sudan'),
('SD', 'el', 'Sudan'),
('SD', 'en', 'Sudan'),
('SD', 'es', 'Sudán'),
('SD', 'fr', 'Soudan'),
('SD', 'it', 'Sudan'),
('SD', 'nl', 'Soedan'),
('SD', 'no', 'Sudan'),
('SD', 'pt', 'Sudan'),
('SD', 'ro', 'Sudan'),
('SD', 'ru', 'Судан'),
('SE', 'da', 'Sverige'),
('SE', 'de', 'Sweden'),
('SE', 'el', 'Sweden'),
('SE', 'en', 'Sweden'),
('SE', 'es', 'Suecia'),
('SE', 'fr', 'Suède'),
('SE', 'it', 'Sweden'),
('SE', 'nl', 'Zweden'),
('SE', 'no', 'Sweden'),
('SE', 'pt', 'Sweden'),
('SE', 'ro', 'Suedia'),
('SE', 'ru', 'Швеция'),
('SG', 'da', 'Singapore'),
('SG', 'de', 'Singapore'),
('SG', 'el', 'Singapore'),
('SG', 'en', 'Singapore'),
('SG', 'es', 'Singapur'),
('SG', 'fr', 'Singapour'),
('SG', 'it', 'Singapore'),
('SG', 'nl', 'Singapore'),
('SG', 'no', 'Singapore'),
('SG', 'pt', 'Singapore'),
('SG', 'ro', 'Singapore'),
('SG', 'ru', 'Сингапур'),
('SH', 'da', 'St. Helena'),
('SH', 'de', 'St. Helena'),
('SH', 'el', 'St. Helena'),
('SH', 'en', 'St. Helena'),
('SH', 'es', 'Santa Helena'),
('SH', 'fr', 'Sainte-Hélène'),
('SH', 'it', 'St. Helena'),
('SH', 'nl', 'St. Helena'),
('SH', 'no', 'St. Helena'),
('SH', 'pt', 'St. Helena'),
('SH', 'ro', 'Sf. Elena'),
('SH', 'ru', 'остров Св. Елены'),
('SI', 'da', 'Slovenien'),
('SI', 'de', 'Slovenia'),
('SI', 'el', 'Slovenia'),
('SI', 'en', 'Slovenia'),
('SI', 'es', 'Eslovenia'),
('SI', 'fr', 'Slovénie'),
('SI', 'it', 'Slovenia'),
('SI', 'nl', 'Slovenie'),
('SI', 'no', 'Slovenia'),
('SI', 'pt', 'Slovenia'),
('SI', 'ro', 'Slovenia'),
('SI', 'ru', 'Словения'),
('SJ', 'da', 'Svalbard og Jan Mayen'),
('SJ', 'de', 'Svalbard and Jan Mayen Islands'),
('SJ', 'el', 'Svalbard and Jan Mayen Islands'),
('SJ', 'en', 'Svalbard and Jan Mayen Islands'),
('SJ', 'es', 'Svalbard y Jan Mayen'),
('SJ', 'fr', 'Svalbard et Jan Mayen'),
('SJ', 'it', 'Svalbard and Jan Mayen Islands'),
('SJ', 'nl', 'Svalbard and Jan Mayen Eil.'),
('SJ', 'no', 'Svalbard and Jan Mayen Islands'),
('SJ', 'pt', 'Svalbard and Jan Mayen Islands'),
('SJ', 'ro', 'Insulele Svalbard şi Jan Mayen'),
('SJ', 'ru', 'острова Свалбард и Ян Мейен'),
('SK', 'da', 'Slovakiet'),
('SK', 'de', 'Slovakia'),
('SK', 'el', 'Slovakia'),
('SK', 'en', 'Slovakia'),
('SK', 'es', 'Eslovaquia'),
('SK', 'fr', 'Slovaquie'),
('SK', 'it', 'Slovakia'),
('SK', 'nl', 'Slowakije'),
('SK', 'no', 'Slovakia'),
('SK', 'pt', 'Slovakia'),
('SK', 'ro', 'Slovacia'),
('SK', 'ru', 'Словакия'),
('SL', 'da', 'Sierra Leone'),
('SL', 'de', 'Sierra Leone'),
('SL', 'el', 'Sierra Leone'),
('SL', 'en', 'Sierra Leone'),
('SL', 'es', 'Sierra Leona'),
('SL', 'fr', 'Sierra Leone'),
('SL', 'it', 'Sierra Leone'),
('SL', 'nl', 'Sierra Leone'),
('SL', 'no', 'Sierra Leone'),
('SL', 'pt', 'Sierra Leone'),
('SL', 'ro', 'Sierra Leone'),
('SL', 'ru', 'Сьерра-Леоне'),
('SM', 'da', 'San Marino'),
('SM', 'de', 'San Marino'),
('SM', 'el', 'San Marino'),
('SM', 'en', 'San Marino'),
('SM', 'es', 'San Marino'),
('SM', 'fr', 'Saint-Marin'),
('SM', 'it', 'San Marino'),
('SM', 'nl', 'San Marino'),
('SM', 'no', 'San Marino'),
('SM', 'pt', 'San Marino'),
('SM', 'ro', 'San Marino'),
('SM', 'ru', 'Сан-Марино'),
('SN', 'da', 'Senegal'),
('SN', 'de', 'Senegal'),
('SN', 'el', 'Senegal'),
('SN', 'en', 'Senegal'),
('SN', 'es', 'Senegal'),
('SN', 'fr', 'Senegal'),
('SN', 'it', 'Senegal'),
('SN', 'nl', 'Senegal'),
('SN', 'no', 'Senegal'),
('SN', 'pt', 'Senegal'),
('SN', 'ro', 'Senegal'),
('SN', 'ru', 'Сенегал'),
('SO', 'da', 'Somalia'),
('SO', 'de', 'Somalia'),
('SO', 'el', 'Somalia'),
('SO', 'en', 'Somalia'),
('SO', 'es', 'Somalia'),
('SO', 'fr', 'Somalie'),
('SO', 'it', 'Somalia'),
('SO', 'nl', 'Somalie'),
('SO', 'no', 'Somalia'),
('SO', 'pt', 'Somalia'),
('SO', 'ro', 'Somalia'),
('SO', 'ru', 'Сомали'),
('SR', 'da', 'Surinam'),
('SR', 'de', 'Suriname'),
('SR', 'el', 'Suriname'),
('SR', 'en', 'Suriname'),
('SR', 'es', 'Surinam'),
('SR', 'fr', 'Suriname'),
('SR', 'it', 'Suriname'),
('SR', 'nl', 'Suriname'),
('SR', 'no', 'Suriname'),
('SR', 'pt', 'Suriname'),
('SR', 'ro', 'Surinam'),
('SR', 'ru', 'Суринам'),
('ST', 'da', 'São Tomé og Príncipe'),
('ST', 'de', 'Sao Tome and Principe'),
('ST', 'el', 'Sao Tome and Principe'),
('ST', 'en', 'Sao Tome and Principe'),
('ST', 'es', 'Santo Tomé y Príncipe'),
('ST', 'fr', 'Sao Tomé-et-Principe'),
('ST', 'it', 'Sao Tome and Principe'),
('ST', 'nl', 'Sao Tome en Principe'),
('ST', 'no', 'Sao Tome and Principe'),
('ST', 'pt', 'Sao Tome and Principe'),
('ST', 'ro', 'Sao Tome și Principe'),
('ST', 'ru', 'Сан-Томе и Принсипи'),
('SV', 'da', 'El Salvador'),
('SV', 'de', 'El Salvador'),
('SV', 'el', 'El Salvador'),
('SV', 'en', 'El Salvador'),
('SV', 'es', 'El Salvador'),
('SV', 'fr', 'Salvador'),
('SV', 'it', 'El Salvador'),
('SV', 'nl', 'El Salvador'),
('SV', 'no', 'El Salvador'),
('SV', 'pt', 'El Salvador'),
('SV', 'ro', 'El Salvador'),
('SV', 'ru', 'Сальвадор'),
('SX', 'da', 'Sint Maarten'),
('SX', 'de', 'Sint Maarten'),
('SX', 'el', 'Sint Maarten'),
('SX', 'en', 'Sint Maarten'),
('SX', 'es', 'Sint Maarten'),
('SX', 'fr', 'Sint Maarten'),
('SX', 'it', 'Sint Maarten'),
('SX', 'nl', 'Sint Maarten'),
('SX', 'no', 'Sint Maarten'),
('SX', 'pt', 'Sint Maarten'),
('SX', 'ro', 'Sint Maarten'),
('SX', 'ru', 'Синт-Мартен'),
('SY', 'da', 'Syriske Arabiske Republik'),
('SY', 'de', 'Syrian Arab Republic'),
('SY', 'el', 'Syrian Arab Republic'),
('SY', 'en', 'Syrian Arab Republic'),
('SY', 'es', 'Siria'),
('SY', 'fr', 'Syrie'),
('SY', 'it', 'Syrian Arab Republic'),
('SY', 'nl', 'Syrie Arab Republiek'),
('SY', 'no', 'Syrian Arab Republic'),
('SY', 'pt', 'Syrian Arab Republic'),
('SY', 'ro', 'Republica Arabă Siriană'),
('SY', 'ru', 'Сирийская Арабская Республика'),
('SZ', 'da', 'Swaziland'),
('SZ', 'de', 'Swaziland'),
('SZ', 'el', 'Swaziland'),
('SZ', 'en', 'Swaziland'),
('SZ', 'es', 'Suazilandia'),
('SZ', 'fr', 'Swaziland'),
('SZ', 'it', 'Swaziland'),
('SZ', 'nl', 'Swaziland'),
('SZ', 'no', 'Swaziland'),
('SZ', 'pt', 'Swaziland'),
('SZ', 'ro', 'Swaziland'),
('SZ', 'ru', 'Свазиленд'),
('TC', 'da', 'Turks og Caicos Islands'),
('TC', 'de', 'Turks and Caicos Islands'),
('TC', 'el', 'Turks and Caicos Islands'),
('TC', 'en', 'Turks and Caicos Islands'),
('TC', 'es', 'Islas Turcas y Caicos'),
('TC', 'fr', 'Îles Turques-et-Caïques'),
('TC', 'it', 'Turks and Caicos Islands'),
('TC', 'nl', 'Turkse en Caicos Eil.'),
('TC', 'no', 'Turks and Caicos Islands'),
('TC', 'pt', 'Turks and Caicos Islands'),
('TC', 'ro', 'Insulele Turks și Caicos'),
('TC', 'ru', 'острова Теркс и Кайкос'),
('TD', 'da', 'Tchad'),
('TD', 'de', 'Chad'),
('TD', 'el', 'Chad'),
('TD', 'en', 'Chad'),
('TD', 'es', 'Chad'),
('TD', 'fr', 'Chad'),
('TD', 'it', 'Chad'),
('TD', 'nl', 'Chad'),
('TD', 'no', 'Chad'),
('TD', 'pt', 'Chad'),
('TD', 'ro', 'Ciad'),
('TD', 'ru', 'Чад'),
('TF', 'da', 'Franske sydlige territorier'),
('TF', 'de', 'French Southern Territories'),
('TF', 'el', 'French Southern Territories'),
('TF', 'en', 'French Southern Territories'),
('TF', 'es', 'Territorios Australes Franceses'),
('TF', 'fr', 'Terres australes et antarctiques françaises'),
('TF', 'it', 'French Southern Territories'),
('TF', 'nl', 'Franse Zuid. Territ.'),
('TF', 'no', 'French Southern Territories'),
('TF', 'pt', 'French Southern Territories'),
('TF', 'ro', 'Teritorile de Sus ale Franței'),
('TF', 'ru', 'Французские Южные Территории'),
('TG', 'da', 'Togo'),
('TG', 'de', 'Togo'),
('TG', 'el', 'Togo'),
('TG', 'en', 'Togo'),
('TG', 'es', 'Togo'),
('TG', 'fr', 'Togo'),
('TG', 'it', 'Togo'),
('TG', 'nl', 'Togo'),
('TG', 'no', 'Togo'),
('TG', 'pt', 'Togo'),
('TG', 'ro', 'Togo'),
('TG', 'ru', 'Того'),
('TH', 'da', 'Thailand'),
('TH', 'de', 'Thailand'),
('TH', 'el', 'Thailand'),
('TH', 'en', 'Thailand'),
('TH', 'es', 'Tailandia'),
('TH', 'fr', 'Thaïlande'),
('TH', 'it', 'Thailand'),
('TH', 'nl', 'Thailand'),
('TH', 'no', 'Thailand'),
('TH', 'pt', 'Thailand'),
('TH', 'ro', 'Tailanda'),
('TH', 'ru', 'Таиланд'),
('TJ', 'da', 'Tadsjikistan'),
('TJ', 'de', 'Tajikistan'),
('TJ', 'el', 'Tajikistan'),
('TJ', 'en', 'Tajikistan'),
('TJ', 'es', 'Tayikistán'),
('TJ', 'fr', 'Tadjikistan'),
('TJ', 'it', 'Tajikistan'),
('TJ', 'nl', 'Tajikistan'),
('TJ', 'no', 'Tajikistan'),
('TJ', 'pt', 'Tajikistan'),
('TJ', 'ro', 'Tadjikistan'),
('TJ', 'ru', 'Таджикистан'),
('TK', 'da', 'Tokelau'),
('TK', 'de', 'Tokelau'),
('TK', 'el', 'Tokelau'),
('TK', 'en', 'Tokelau'),
('TK', 'es', 'Tokelau'),
('TK', 'fr', 'Tokelau'),
('TK', 'it', 'Tokelau'),
('TK', 'nl', 'Tokelau'),
('TK', 'no', 'Tokelau'),
('TK', 'pt', 'Tokelau'),
('TK', 'ro', 'Tokelau'),
('TK', 'ru', 'острова Токелау'),
('TL', 'da', 'East Timor'),
('TL', 'de', 'East Timor'),
('TL', 'el', 'East Timor'),
('TL', 'en', 'East Timor'),
('TL', 'es', 'East Timor'),
('TL', 'fr', 'East Timor'),
('TL', 'it', 'East Timor'),
('TL', 'nl', 'East Timor'),
('TL', 'no', 'East Timor'),
('TL', 'pt', 'East Timor'),
('TL', 'ro', 'East Timor'),
('TL', 'ru', 'Восточный Тимор'),
('TM', 'da', 'Turkmenistan'),
('TM', 'de', 'Turkmenistan'),
('TM', 'el', 'Turkmenistan'),
('TM', 'en', 'Turkmenistan'),
('TM', 'es', 'Turkmenistán'),
('TM', 'fr', 'Turkmenistan'),
('TM', 'it', 'Turkmenistan'),
('TM', 'nl', 'Turkmenistan'),
('TM', 'no', 'Turkmenistan'),
('TM', 'pt', 'Turkmenistan'),
('TM', 'ro', 'Turcmenistan'),
('TM', 'ru', 'Туркменистан'),
('TN', 'da', 'Tunesien'),
('TN', 'de', 'Tunisia'),
('TN', 'el', 'Tunisia'),
('TN', 'en', 'Tunisia'),
('TN', 'es', 'Túnez'),
('TN', 'fr', 'Tunisie'),
('TN', 'it', 'Tunisia'),
('TN', 'nl', 'Tunesie'),
('TN', 'no', 'Tunisia'),
('TN', 'pt', 'Tunisia'),
('TN', 'ro', 'Tunisia'),
('TN', 'ru', 'Тунис'),
('TO', 'da', 'Tonga'),
('TO', 'de', 'Tonga'),
('TO', 'el', 'Tonga'),
('TO', 'en', 'Tonga'),
('TO', 'es', 'Tonga'),
('TO', 'fr', 'Tonga'),
('TO', 'it', 'Tonga'),
('TO', 'nl', 'Tonga'),
('TO', 'no', 'Tonga'),
('TO', 'pt', 'Tonga'),
('TO', 'ro', 'Tonga'),
('TO', 'ru', 'Tonga'),
('TP', 'da', 'Østtimor'),
('TP', 'fr', 'Timor oriental'),
('TP', 'nl', 'Oost Timor'),
('TP', 'ro', 'Timorul de Est'),
('TR', 'da', 'Tyrkiet'),
('TR', 'de', 'Turkey'),
('TR', 'el', 'Turkey'),
('TR', 'en', 'Turkey'),
('TR', 'es', 'Turquía'),
('TR', 'fr', 'Turquie'),
('TR', 'it', 'Turkey'),
('TR', 'nl', 'Turkije'),
('TR', 'no', 'Turkey'),
('TR', 'pt', 'Turkey'),
('TR', 'ro', 'Turcia'),
('TR', 'ru', 'Турция'),
('TT', 'da', 'Trinidad og Tobago'),
('TT', 'de', 'Trinidad and Tobago'),
('TT', 'el', 'Trinidad and Tobago'),
('TT', 'en', 'Trinidad and Tobago'),
('TT', 'es', 'Trinidad y Tobago'),
('TT', 'fr', 'Trinité-et-Tobago'),
('TT', 'it', 'Trinidad and Tobago'),
('TT', 'nl', 'Trinidad en Tobago'),
('TT', 'no', 'Trinidad and Tobago'),
('TT', 'pt', 'Trinidad and Tobago'),
('TT', 'ro', 'Trinidad și Tobago'),
('TT', 'ru', 'Тринидад и Тобаго'),
('TV', 'da', 'Tuvalu'),
('TV', 'de', 'Tuvalu'),
('TV', 'el', 'Tuvalu'),
('TV', 'en', 'Tuvalu'),
('TV', 'es', 'Tuvalu'),
('TV', 'fr', 'Tuvalu'),
('TV', 'it', 'Tuvalu'),
('TV', 'nl', 'Tuvalu'),
('TV', 'no', 'Tuvalu'),
('TV', 'pt', 'Tuvalu'),
('TV', 'ro', 'Tuvalu'),
('TV', 'ru', 'Тувалу'),
('TW', 'da', 'Taiwan'),
('TW', 'de', 'Taiwan'),
('TW', 'el', 'Taiwan'),
('TW', 'en', 'Taiwan'),
('TW', 'es', 'República de China'),
('TW', 'fr', 'Taiwan'),
('TW', 'it', 'Taiwan'),
('TW', 'nl', 'Taiwan'),
('TW', 'no', 'Taiwan'),
('TW', 'pt', 'Taiwan'),
('TW', 'ro', 'Taivan'),
('TW', 'ru', 'Тайвань'),
('TZ', 'da', 'Tanzania, Den Forenede Republik'),
('TZ', 'de', 'Tanzania, United Republic of'),
('TZ', 'el', 'Tanzania, United Republic of'),
('TZ', 'en', 'Tanzania, United Republic of'),
('TZ', 'es', 'Tanzania'),
('TZ', 'fr', 'Tanzanie'),
('TZ', 'it', 'Tanzania, United Republic of'),
('TZ', 'nl', 'Tanzania'),
('TZ', 'no', 'Tanzania, United Republic of'),
('TZ', 'pt', 'Tanzania, United Republic of'),
('TZ', 'ro', 'Tanzania, Republica Unită a'),
('TZ', 'ru', 'Танзания'),
('UA', 'da', 'Ukraine'),
('UA', 'de', 'Ukraine'),
('UA', 'el', 'Ukraine'),
('UA', 'en', 'Ukraine'),
('UA', 'es', 'Ucrania'),
('UA', 'fr', 'Ukraine'),
('UA', 'it', 'Ukraine'),
('UA', 'nl', 'Oekraine'),
('UA', 'no', 'Ukraine'),
('UA', 'pt', 'Ukraine'),
('UA', 'ro', 'Ucraina'),
('UA', 'ru', 'Украина'),
('UG', 'da', 'Uganda'),
('UG', 'de', 'Uganda'),
('UG', 'el', 'Uganda'),
('UG', 'en', 'Uganda'),
('UG', 'es', 'Uganda'),
('UG', 'fr', 'Ouganda'),
('UG', 'it', 'Uganda'),
('UG', 'nl', 'Oeganda'),
('UG', 'no', 'Uganda'),
('UG', 'pt', 'Uganda'),
('UG', 'ro', 'Uganda'),
('UG', 'ru', 'Уганда'),
('US', 'da', 'USA'),
('US', 'de', 'United States'),
('US', 'el', 'United States'),
('US', 'en', 'United States'),
('US', 'es', 'Estados Unidos'),
('US', 'fr', 'États-Unis'),
('US', 'it', 'United States'),
('US', 'nl', 'Verenigde Staten'),
('US', 'no', 'United States'),
('US', 'pt', 'United States'),
('US', 'ro', 'Statele Unite'),
('US', 'ru', 'Соединенные Штаты Америки'),
('UY', 'da', 'Uruguay'),
('UY', 'de', 'Uruguay'),
('UY', 'el', 'Uruguay'),
('UY', 'en', 'Uruguay'),
('UY', 'es', 'Uruguay'),
('UY', 'fr', 'Uruguay'),
('UY', 'it', 'Uruguay'),
('UY', 'nl', 'Uruguay'),
('UY', 'no', 'Uruguay'),
('UY', 'pt', 'Uruguay'),
('UY', 'ro', 'Uruguay'),
('UY', 'ru', 'Уругвай'),
('Uz', 'da', 'Usbekistan'),
('UZ', 'de', 'Uzbekistan'),
('UZ', 'el', 'Uzbekistan'),
('UZ', 'en', 'Uzbekistan'),
('UZ', 'es', 'Uzbekistán'),
('UZ', 'fr', 'Ouzbékistan'),
('UZ', 'it', 'Uzbekistan'),
('UZ', 'nl', 'Oezbekistan'),
('UZ', 'no', 'Uzbekistan'),
('UZ', 'pt', 'Uzbekistan'),
('UZ', 'ro', 'Uzbekistan'),
('UZ', 'ru', 'Узбекистан'),
('VA', 'da', 'Vatikanstaten'),
('VA', 'de', 'Vatican City State'),
('VA', 'el', 'Vatican City State'),
('VA', 'en', 'Vatican City State'),
('VA', 'es', 'Ciudad del Vaticano'),
('VA', 'fr', 'Vatican'),
('VA', 'it', 'Vatican City State'),
('VA', 'nl', 'Vaticaan Stad'),
('VA', 'no', 'Vatican City State'),
('VA', 'pt', 'Vatican City State'),
('VA', 'ro', 'Statul Vatican'),
('VA', 'ru', 'Ватикан'),
('VC', 'da', 'St. Vincent og Grenadinerne'),
('VC', 'de', 'St. Vincent and the Grenadines'),
('VC', 'el', 'St. Vincent and the Grenadines'),
('VC', 'en', 'St. Vincent and the Grenadines'),
('VC', 'es', 'San Vicente y las Granadinas'),
('VC', 'fr', 'Saint-Vincent-et-les Grenadines'),
('VC', 'it', 'St. Vincent and the Grenadines'),
('VC', 'nl', 'St. Vincent'),
('VC', 'no', 'St. Vincent and the Grenadines'),
('VC', 'pt', 'St. Vincent and the Grenadines'),
('VC', 'ro', 'Sf. Vincent și Grenadine'),
('VC', 'ru', 'Сент-Винсент и Гренадины'),
('VE', 'da', 'Venezuela'),
('VE', 'de', 'Venezuela'),
('VE', 'el', 'Venezuela'),
('VE', 'en', 'Venezuela'),
('VE', 'es', 'Venezuela'),
('VE', 'fr', 'Venezuela'),
('VE', 'it', 'Venezuela'),
('VE', 'nl', 'Venezuela'),
('VE', 'no', 'Venezuela'),
('VE', 'pt', 'Venezuela'),
('VE', 'ro', 'Venezuela'),
('VE', 'ru', 'Венесуэла'),
('VG', 'da', 'De Britiske Jomfruøer'),
('VG', 'de', 'British Virgin Islands'),
('VG', 'el', 'British Virgin Islands'),
('VG', 'en', 'British Virgin Islands'),
('VG', 'es', 'Islas Vírgenes Británicas'),
('VG', 'fr', 'Îles Vierges britanniques'),
('VG', 'it', 'British Virgin Islands'),
('VG', 'nl', 'Virgin Islands-UK'),
('VG', 'no', 'British Virgin Islands'),
('VG', 'pt', 'British Virgin Islands'),
('VG', 'ro', 'Insulele Virgine Britanice'),
('VG', 'ru', 'Британские Виргинские Острова'),
('VI', 'da', 'United States Virgin Islands'),
('VI', 'de', 'United States Virgin Islands'),
('VI', 'el', 'United States Virgin Islands'),
('VI', 'en', 'United States Virgin Islands'),
('VI', 'es', 'Islas Vírgenes Estadounidenses'),
('VI', 'fr', 'Îles Vierges américaines'),
('VI', 'it', 'United States Virgin Islands'),
('VI', 'nl', 'Virgin Islands-USA'),
('VI', 'no', 'United States Virgin Islands'),
('VI', 'pt', 'United States Virgin Islands'),
('VI', 'ro', 'Insulele Virgine ale Statelor Unite ale Americii'),
('VI', 'ru', 'Виргинские Острова США'),
('VN', 'da', 'Vietnam'),
('VN', 'de', 'Viet Nam'),
('VN', 'el', 'Viet Nam'),
('VN', 'en', 'Viet Nam'),
('VN', 'es', 'Vietnam'),
('VN', 'fr', 'Viet Nam'),
('VN', 'it', 'Viet Nam'),
('VN', 'nl', 'Vietnam'),
('VN', 'no', 'Viet Nam'),
('VN', 'pt', 'Viet Nam'),
('VN', 'ro', 'Vietnam'),
('VN', 'ru', 'Вьетнам'),
('VU', 'da', 'Vanuatu'),
('VU', 'de', 'Vanuatu'),
('VU', 'el', 'Vanuatu'),
('VU', 'en', 'Vanuatu'),
('VU', 'es', 'Vanuatu'),
('VU', 'fr', 'Vanuatu'),
('VU', 'it', 'Vanuatu'),
('VU', 'nl', 'Vanuatu'),
('VU', 'no', 'Vanuatu'),
('VU', 'pt', 'Vanuatu'),
('VU', 'ro', 'Vanuatu'),
('VU', 'ru', 'Вануату'),
('WF', 'da', 'Wallis og Futuna'),
('WF', 'de', 'Wallis And Futuna Islands'),
('WF', 'el', 'Wallis And Futuna Islands'),
('WF', 'en', 'Wallis And Futuna Islands'),
('WF', 'es', 'Wallis y Futuna'),
('WF', 'fr', 'Wallis-et-Futuna'),
('WF', 'it', 'Wallis And Futuna Islands'),
('WF', 'nl', 'Wallis en Futuna Eil.'),
('WF', 'no', 'Wallis And Futuna Islands'),
('WF', 'pt', 'Wallis And Futuna Islands'),
('WF', 'ro', 'Insulele Wallis şi Futuna'),
('WF', 'ru', 'острова Уоллис и Футуна'),
('WS', 'da', 'Samoa'),
('WS', 'de', 'Samoa'),
('WS', 'el', 'Samoa'),
('WS', 'en', 'Samoa'),
('WS', 'es', 'Samoa'),
('WS', 'fr', 'Samoa'),
('WS', 'it', 'Samoa'),
('WS', 'nl', 'Samoa'),
('WS', 'no', 'Samoa'),
('WS', 'pt', 'Samoa'),
('WS', 'ro', 'Samoa'),
('WS', 'ru', 'Самоа'),
('YE', 'da', 'Yemen'),
('YE', 'de', 'Yemen'),
('YE', 'el', 'Yemen'),
('YE', 'en', 'Yemen'),
('YE', 'es', 'Yemen'),
('YE', 'fr', 'Yemen'),
('YE', 'it', 'Yemen'),
('YE', 'nl', 'Yemen'),
('YE', 'no', 'Yemen'),
('YE', 'pt', 'Yemen'),
('YE', 'ro', 'Yemen'),
('YE', 'ru', 'Йемен'),
('YT', 'da', 'Mayotte'),
('YT', 'de', 'Mayotte'),
('YT', 'el', 'Mayotte'),
('YT', 'en', 'Mayotte'),
('YT', 'es', 'Mayotte'),
('YT', 'fr', 'Mayotte'),
('YT', 'it', 'Mayotte'),
('YT', 'nl', 'Mayotte'),
('YT', 'no', 'Mayotte'),
('YT', 'pt', 'Mayotte'),
('YT', 'ro', 'Mayotte'),
('YT', 'ru', 'Майотте'),
('ZA', 'da', 'Sydafrika'),
('ZA', 'de', 'South Africa'),
('ZA', 'el', 'South Africa'),
('ZA', 'en', 'South Africa'),
('ZA', 'es', 'Sudáfrica'),
('ZA', 'fr', 'Afrique du Sud'),
('ZA', 'it', 'South Africa'),
('ZA', 'nl', 'Zuid Afrika'),
('ZA', 'no', 'South Africa'),
('ZA', 'pt', 'South Africa'),
('ZA', 'ro', 'Africa de Sud'),
('ZA', 'ru', 'Южно-Африканская Республика(ЮАР)'),
('ZM', 'da', 'Zambia'),
('ZM', 'de', 'Zambia'),
('ZM', 'el', 'Zambia'),
('ZM', 'en', 'Zambia'),
('ZM', 'es', 'Zambia'),
('ZM', 'fr', 'Zambie'),
('ZM', 'it', 'Zambia'),
('ZM', 'nl', 'Zambia'),
('ZM', 'no', 'Zambia'),
('ZM', 'pt', 'Zambia'),
('ZM', 'ro', 'Zambia'),
('ZM', 'ru', 'Замбия'),
('ZR', 'da', 'Zaire'),
('ZR', 'de', 'Zaire'),
('ZR', 'el', 'Zaire'),
('ZR', 'en', 'Zaire'),
('ZR', 'es', 'Zaire'),
('ZR', 'fr', 'Zaire'),
('ZR', 'it', 'Zaire'),
('ZR', 'nl', 'Zaire'),
('ZR', 'no', 'Zaire'),
('ZR', 'pt', 'Zaire'),
('ZR', 'ro', 'Provincia Zaire'),
('ZR', 'ru', 'Заир'),
('ZW', 'da', 'Zimbabwe'),
('ZW', 'de', 'Zimbabwe'),
('ZW', 'el', 'Zimbabwe'),
('ZW', 'en', 'Zimbabwe'),
('ZW', 'es', 'Zimbabue'),
('ZW', 'fr', 'Zimbabwe'),
('ZW', 'it', 'Zimbabwe'),
('ZW', 'nl', 'Zimbabwe'),
('ZW', 'no', 'Zimbabwe'),
('ZW', 'pt', 'Zimbabwe'),
('ZW', 'ro', 'Zimbabwe'),
('ZW', 'ru', 'Зимбабве');

-- --------------------------------------------------------

--
-- Table structure for table `partiushop_cronjobs`
--

CREATE TABLE `partiushop_cronjobs` (
  `cronjob_id` int(11) NOT NULL,
  `name` varchar(255) DEFAULT NULL,
  `addon` varchar(255) DEFAULT NULL,
  `created_at` int(11) NOT NULL,
  `updated_at` int(11) DEFAULT NULL
) ENGINE=MyISAM DEFAULT CHARSET=utf8;

-- --------------------------------------------------------

--
-- Table structure for table `partiushop_currencies`
--

CREATE TABLE `partiushop_currencies` (
  `currency_id` mediumint(8) UNSIGNED NOT NULL,
  `currency_code` varchar(10) NOT NULL DEFAULT '',
  `after` char(1) NOT NULL DEFAULT 'N',
  `symbol` tinytext DEFAULT NULL,
  `coefficient` double(12,5) NOT NULL DEFAULT 1.00000,
  `is_primary` char(1) NOT NULL DEFAULT 'N',
  `position` smallint(5) NOT NULL,
  `decimals_separator` varchar(6) NOT NULL DEFAULT '.',
  `thousands_separator` varchar(6) NOT NULL DEFAULT ',',
  `decimals` smallint(5) NOT NULL DEFAULT 2,
  `status` char(1) NOT NULL DEFAULT 'A'
) ENGINE=InnoDB DEFAULT CHARSET=utf8;

--
-- Dumping data for table `partiushop_currencies`
--

INSERT INTO `partiushop_currencies` (`currency_id`, `currency_code`, `after`, `symbol`, `coefficient`, `is_primary`, `position`, `decimals_separator`, `thousands_separator`, `decimals`, `status`) VALUES
(1, 'USD', 'N', '$', 1.00000, 'N', 10, '.', ',', 2, 'D'),
(2, 'EUR', 'N', '€', 1.00000, 'N', 20, '.', ',', 2, 'D'),
(3, 'GBP', 'N', '£', 1.00000, 'N', 30, '.', ',', 2, 'D'),
(4, 'BRL', 'N', 'R$', 1.00000, 'Y', 0, ',', '.', 2, 'A');

-- --------------------------------------------------------

--
-- Table structure for table `partiushop_currency_descriptions`
--

CREATE TABLE `partiushop_currency_descriptions` (
  `currency_id` mediumint(8) UNSIGNED NOT NULL DEFAULT 0,
  `description` varchar(255) NOT NULL DEFAULT '',
  `lang_code` char(2) NOT NULL DEFAULT ''
) ENGINE=MyISAM DEFAULT CHARSET=utf8;

--
-- Dumping data for table `partiushop_currency_descriptions`
--

INSERT INTO `partiushop_currency_descriptions` (`currency_id`, `description`, `lang_code`) VALUES
(4, 'Real', 'da'),
(4, 'Real', 'de'),
(4, 'Real', 'el'),
(4, 'Real', 'en'),
(4, 'Real', 'es'),
(4, 'Real', 'fr'),
(4, 'Real', 'it'),
(4, 'Real', 'nl'),
(4, 'Real', 'no'),
(4, 'Real', 'pt'),
(4, 'Real', 'ro'),
(4, 'Real', 'ru'),
(2, 'Euro', 'da'),
(2, 'Euro', 'de'),
(2, 'Ευρώ', 'el'),
(2, 'Euro', 'en'),
(2, 'Euro', 'es'),
(2, 'Euro', 'fr'),
(2, 'Euro', 'it'),
(2, 'Euro', 'nl'),
(2, 'Euro', 'no'),
(2, 'Euro', 'pt'),
(2, 'Euro', 'ro'),
(2, 'Евро', 'ru'),
(3, 'GB Pund', 'da'),
(3, 'GB Pound', 'de'),
(3, 'Λίρα Αγγλίας', 'el'),
(3, 'GB Pound', 'en'),
(3, 'GB Pound', 'es'),
(3, 'GB Pound', 'fr'),
(3, 'GB Pound', 'it'),
(3, 'GB Pound', 'nl'),
(3, 'GB Pound', 'no'),
(3, 'GB Pound', 'pt'),
(3, 'Lira sterlină GB', 'ro'),
(3, 'Фунты стерлингов', 'ru'),
(1, 'US Dollar', 'da'),
(1, 'US Dollars', 'de'),
(1, 'Δολλάριο ΗΠΑ', 'el'),
(1, 'US Dollars', 'en'),
(1, 'US Dollars', 'es'),
(1, 'US Dollars', 'fr'),
(1, 'US Dollars', 'it'),
(1, 'US Dollars', 'nl'),
(1, 'US Dollars', 'no'),
(1, 'US Dollars', 'pt'),
(1, 'Dolari Americani', 'ro'),
(1, 'Доллары США', 'ru');

-- --------------------------------------------------------

--
-- Table structure for table `partiushop_data_feeds`
--

CREATE TABLE `partiushop_data_feeds` (
  `datafeed_id` int(11) UNSIGNED NOT NULL,
  `company_id` int(11) UNSIGNED NOT NULL DEFAULT 0,
  `categories` text DEFAULT NULL,
  `products` text DEFAULT NULL,
  `fields` text DEFAULT NULL,
  `export_location` char(1) NOT NULL DEFAULT 'L',
  `export_by_cron` char(1) NOT NULL DEFAULT 'N',
  `ftp_url` varchar(255) NOT NULL DEFAULT '',
  `ftp_user` varchar(50) NOT NULL DEFAULT '',
  `ftp_pass` varchar(50) NOT NULL DEFAULT '',
  `file_name` varchar(50) NOT NULL DEFAULT '',
  `enclosure` char(1) NOT NULL DEFAULT '',
  `csv_delimiter` char(1) NOT NULL DEFAULT '',
  `exclude_disabled_products` char(1) NOT NULL DEFAULT 'N',
  `exclude_shared_products` char(1) NOT NULL DEFAULT 'N',
  `export_options` text DEFAULT NULL,
  `save_dir` varchar(255) NOT NULL DEFAULT '',
  `status` char(1) NOT NULL DEFAULT '',
  `layout_id` int(11) UNSIGNED NOT NULL DEFAULT 0,
  `params` text DEFAULT NULL
) ENGINE=InnoDB DEFAULT CHARSET=utf8;

-- --------------------------------------------------------

--
-- Table structure for table `partiushop_data_feed_descriptions`
--

CREATE TABLE `partiushop_data_feed_descriptions` (
  `datafeed_id` int(11) UNSIGNED NOT NULL DEFAULT 0,
  `datafeed_name` varchar(255) NOT NULL DEFAULT '',
  `lang_code` char(2) NOT NULL DEFAULT ''
) ENGINE=InnoDB DEFAULT CHARSET=utf8;

-- --------------------------------------------------------

--
-- Table structure for table `partiushop_destinations`
--

CREATE TABLE `partiushop_destinations` (
  `destination_id` mediumint(8) UNSIGNED NOT NULL,
  `localization` varchar(255) NOT NULL DEFAULT '',
  `status` char(1) NOT NULL DEFAULT 'A'
) ENGINE=InnoDB DEFAULT CHARSET=utf8;

--
-- Dumping data for table `partiushop_destinations`
--

INSERT INTO `partiushop_destinations` (`destination_id`, `localization`, `status`) VALUES
(1, '', 'D'),
(7, '', 'D'),
(8, '', 'D'),
(9, '', 'A');

-- --------------------------------------------------------

--
-- Table structure for table `partiushop_destination_descriptions`
--

CREATE TABLE `partiushop_destination_descriptions` (
  `destination_id` mediumint(8) UNSIGNED NOT NULL DEFAULT 0,
  `lang_code` char(2) NOT NULL DEFAULT '',
  `destination` varchar(255) NOT NULL DEFAULT ''
) ENGINE=InnoDB DEFAULT CHARSET=utf8;

--
-- Dumping data for table `partiushop_destination_descriptions`
--

INSERT INTO `partiushop_destination_descriptions` (`destination_id`, `lang_code`, `destination`) VALUES
(1, 'da', 'Standard destination (alle lande)'),
(1, 'de', 'Default rate area (all countries)'),
(1, 'el', 'Προεπιλεγμένος προορισμός (όλες οι χώρες)'),
(1, 'en', 'Default rate area (all countries)'),
(1, 'es', 'Default rate area (all countries)'),
(1, 'fr', 'Default rate area (all countries)'),
(1, 'it', 'Default rate area (all countries)'),
(1, 'nl', 'Standaard'),
(1, 'no', 'Default rate area (all countries)'),
(1, 'pt', 'Default rate area (all countries)'),
(1, 'ro', 'Destinația implicită (toate țările)'),
(1, 'ru', 'Все страны'),
(7, 'da', 'USA'),
(7, 'de', 'USA'),
(7, 'el', 'ΗΠΑ'),
(7, 'en', 'USA'),
(7, 'es', 'USA'),
(7, 'fr', 'USA'),
(7, 'it', 'USA'),
(7, 'nl', 'USA'),
(7, 'no', 'USA'),
(7, 'pt', 'USA'),
(7, 'ro', 'USA'),
(7, 'ru', 'США'),
(8, 'da', 'Canada'),
(8, 'de', 'Canada'),
(8, 'el', 'Καναδάς'),
(8, 'en', 'Canada'),
(8, 'es', 'Canada'),
(8, 'fr', 'Canada'),
(8, 'it', 'Canada'),
(8, 'nl', 'Canada'),
(8, 'no', 'Canada'),
(8, 'pt', 'Canada'),
(8, 'ro', 'Canada'),
(8, 'ru', 'Канада'),
(9, 'da', 'Brasil'),
(9, 'de', 'Brasil'),
(9, 'el', 'Brasil'),
(9, 'en', 'Brasil'),
(9, 'es', 'Brasil'),
(9, 'fr', 'Brasil'),
(9, 'it', 'Brasil'),
(9, 'nl', 'Brasil'),
(9, 'no', 'Brasil'),
(9, 'pt', 'Brasil'),
(9, 'ro', 'Brasil'),
(9, 'ru', 'Brasil');

-- --------------------------------------------------------

--
-- Table structure for table `partiushop_destination_elements`
--

CREATE TABLE `partiushop_destination_elements` (
  `element_id` mediumint(8) UNSIGNED NOT NULL,
  `destination_id` mediumint(8) UNSIGNED NOT NULL DEFAULT 0,
  `element` varchar(255) NOT NULL DEFAULT '',
  `element_type` char(1) NOT NULL DEFAULT 'S'
) ENGINE=InnoDB DEFAULT CHARSET=utf8;

--
-- Dumping data for table `partiushop_destination_elements`
--

INSERT INTO `partiushop_destination_elements` (`element_id`, `destination_id`, `element`, `element_type`) VALUES
(114, 1, 'AF', 'C'),
(115, 1, 'AL', 'C'),
(116, 1, 'DZ', 'C'),
(117, 1, 'AS', 'C'),
(118, 1, 'AD', 'C'),
(119, 1, 'AO', 'C'),
(120, 1, 'AI', 'C'),
(121, 1, 'AQ', 'C'),
(122, 1, 'AG', 'C'),
(123, 1, 'AR', 'C'),
(124, 1, 'AM', 'C'),
(125, 1, 'AW', 'C'),
(126, 1, 'AU', 'C'),
(127, 1, 'AT', 'C'),
(128, 1, 'AZ', 'C'),
(129, 1, 'BS', 'C'),
(130, 1, 'BH', 'C'),
(131, 1, 'BD', 'C'),
(132, 1, 'BB', 'C'),
(133, 1, 'BY', 'C'),
(134, 1, 'BE', 'C'),
(135, 1, 'BZ', 'C'),
(136, 1, 'BJ', 'C'),
(137, 1, 'BM', 'C'),
(138, 1, 'BT', 'C'),
(139, 1, 'BO', 'C'),
(140, 1, 'BA', 'C'),
(141, 1, 'BW', 'C'),
(142, 1, 'BV', 'C'),
(143, 1, 'BR', 'C'),
(144, 1, 'IO', 'C'),
(145, 1, 'VG', 'C'),
(146, 1, 'BN', 'C'),
(147, 1, 'BG', 'C'),
(148, 1, 'BF', 'C'),
(149, 1, 'BI', 'C'),
(150, 1, 'KH', 'C'),
(151, 1, 'CM', 'C'),
(152, 1, 'CA', 'C'),
(153, 1, 'CV', 'C'),
(154, 1, 'KY', 'C'),
(155, 1, 'CF', 'C'),
(156, 1, 'TD', 'C'),
(157, 1, 'CL', 'C'),
(158, 1, 'CN', 'C'),
(159, 1, 'CX', 'C'),
(160, 1, 'CC', 'C'),
(161, 1, 'CO', 'C'),
(162, 1, 'KM', 'C'),
(163, 1, 'CG', 'C'),
(164, 1, 'CK', 'C'),
(165, 1, 'CR', 'C'),
(166, 1, 'CI', 'C'),
(167, 1, 'HR', 'C'),
(168, 1, 'CU', 'C'),
(169, 1, 'CY', 'C'),
(170, 1, 'CZ', 'C'),
(171, 1, 'DK', 'C'),
(172, 1, 'DJ', 'C'),
(173, 1, 'DM', 'C'),
(174, 1, 'DO', 'C'),
(175, 1, 'TP', 'C'),
(176, 1, 'EC', 'C'),
(177, 1, 'EG', 'C'),
(178, 1, 'SV', 'C'),
(179, 1, 'GQ', 'C'),
(180, 1, 'ER', 'C'),
(181, 1, 'EE', 'C'),
(182, 1, 'ET', 'C'),
(183, 1, 'FK', 'C'),
(184, 1, 'FO', 'C'),
(185, 1, 'FJ', 'C'),
(186, 1, 'FI', 'C'),
(187, 1, 'FR', 'C'),
(188, 1, 'FX', 'C'),
(189, 1, 'GF', 'C'),
(190, 1, 'PF', 'C'),
(191, 1, 'TF', 'C'),
(192, 1, 'GA', 'C'),
(193, 1, 'GM', 'C'),
(194, 1, 'GE', 'C'),
(195, 1, 'DE', 'C'),
(196, 1, 'GH', 'C'),
(197, 1, 'GI', 'C'),
(198, 1, 'GR', 'C'),
(199, 1, 'GL', 'C'),
(200, 1, 'GD', 'C'),
(201, 1, 'GP', 'C'),
(202, 1, 'GU', 'C'),
(203, 1, 'GT', 'C'),
(204, 1, 'GN', 'C'),
(205, 1, 'GW', 'C'),
(206, 1, 'GY', 'C'),
(207, 1, 'HT', 'C'),
(208, 1, 'HM', 'C'),
(209, 1, 'HN', 'C'),
(210, 1, 'HK', 'C'),
(211, 1, 'HU', 'C'),
(212, 1, 'IS', 'C'),
(213, 1, 'IN', 'C'),
(214, 1, 'ID', 'C'),
(215, 1, 'IQ', 'C'),
(216, 1, 'IE', 'C'),
(217, 1, 'IR', 'C'),
(218, 1, 'IL', 'C'),
(219, 1, 'IT', 'C'),
(220, 1, 'JM', 'C'),
(221, 1, 'JP', 'C'),
(222, 1, 'JO', 'C'),
(223, 1, 'KZ', 'C'),
(224, 1, 'KE', 'C'),
(225, 1, 'KI', 'C'),
(226, 1, 'KP', 'C'),
(227, 1, 'KR', 'C'),
(228, 1, 'KW', 'C'),
(229, 1, 'KG', 'C'),
(230, 1, 'LA', 'C'),
(231, 1, 'LV', 'C'),
(232, 1, 'LB', 'C'),
(233, 1, 'LS', 'C'),
(234, 1, 'LR', 'C'),
(235, 1, 'LY', 'C'),
(236, 1, 'LI', 'C'),
(237, 1, 'LT', 'C'),
(238, 1, 'LU', 'C'),
(239, 1, 'MO', 'C'),
(240, 1, 'MK', 'C'),
(241, 1, 'MG', 'C'),
(242, 1, 'MW', 'C'),
(243, 1, 'MY', 'C'),
(244, 1, 'MV', 'C'),
(245, 1, 'ML', 'C'),
(246, 1, 'MT', 'C'),
(247, 1, 'MH', 'C'),
(248, 1, 'MQ', 'C'),
(249, 1, 'MR', 'C'),
(250, 1, 'MU', 'C'),
(251, 1, 'YT', 'C'),
(252, 1, 'MX', 'C'),
(253, 1, 'FM', 'C'),
(254, 1, 'MD', 'C'),
(255, 1, 'MC', 'C'),
(256, 1, 'MN', 'C'),
(257, 1, 'MS', 'C'),
(258, 1, 'MA', 'C'),
(259, 1, 'MZ', 'C'),
(260, 1, 'MM', 'C'),
(261, 1, 'NA', 'C'),
(262, 1, 'NR', 'C'),
(263, 1, 'NP', 'C'),
(264, 1, 'NL', 'C'),
(266, 1, 'NC', 'C'),
(267, 1, 'NZ', 'C'),
(268, 1, 'NI', 'C'),
(269, 1, 'NE', 'C'),
(270, 1, 'NG', 'C'),
(271, 1, 'NU', 'C'),
(272, 1, 'NF', 'C'),
(273, 1, 'MP', 'C'),
(274, 1, 'NO', 'C'),
(275, 1, 'OM', 'C'),
(276, 1, 'PK', 'C'),
(277, 1, 'PW', 'C'),
(278, 1, 'PA', 'C'),
(279, 1, 'PG', 'C'),
(280, 1, 'PY', 'C'),
(281, 1, 'PE', 'C'),
(282, 1, 'PH', 'C'),
(283, 1, 'PN', 'C'),
(284, 1, 'PL', 'C'),
(285, 1, 'PT', 'C'),
(286, 1, 'PR', 'C'),
(287, 1, 'QA', 'C'),
(288, 1, 'RE', 'C'),
(289, 1, 'RO', 'C'),
(290, 1, 'RU', 'C'),
(291, 1, 'RW', 'C'),
(292, 1, 'LC', 'C'),
(293, 1, 'WS', 'C'),
(294, 1, 'SM', 'C'),
(295, 1, 'ST', 'C'),
(296, 1, 'SA', 'C'),
(297, 1, 'SN', 'C'),
(298, 1, 'SC', 'C'),
(299, 1, 'SL', 'C'),
(300, 1, 'SG', 'C'),
(301, 1, 'SK', 'C'),
(302, 1, 'SI', 'C'),
(303, 1, 'SB', 'C'),
(304, 1, 'SO', 'C'),
(305, 1, 'ZA', 'C'),
(306, 1, 'ES', 'C'),
(307, 1, 'LK', 'C'),
(308, 1, 'SH', 'C'),
(309, 1, 'KN', 'C'),
(310, 1, 'PM', 'C'),
(311, 1, 'VC', 'C'),
(312, 1, 'SD', 'C'),
(313, 1, 'SR', 'C'),
(314, 1, 'SJ', 'C'),
(315, 1, 'SZ', 'C'),
(316, 1, 'SE', 'C'),
(317, 1, 'CH', 'C'),
(318, 1, 'SY', 'C'),
(319, 1, 'TW', 'C'),
(320, 1, 'TJ', 'C'),
(321, 1, 'TZ', 'C'),
(322, 1, 'TH', 'C'),
(323, 1, 'TG', 'C'),
(324, 1, 'TK', 'C'),
(325, 1, 'TO', 'C'),
(326, 1, 'TT', 'C'),
(327, 1, 'TN', 'C'),
(328, 1, 'TR', 'C'),
(329, 1, 'TM', 'C'),
(330, 1, 'TC', 'C'),
(331, 1, 'TV', 'C'),
(332, 1, 'UG', 'C'),
(333, 1, 'UA', 'C'),
(334, 1, 'AE', 'C'),
(335, 1, 'GB', 'C'),
(336, 1, 'US', 'C'),
(337, 1, 'VI', 'C'),
(338, 1, 'UY', 'C'),
(339, 1, 'UZ', 'C'),
(340, 1, 'VU', 'C'),
(341, 1, 'VA', 'C'),
(342, 1, 'VE', 'C'),
(343, 1, 'VN', 'C'),
(344, 1, 'WF', 'C'),
(345, 1, 'EH', 'C'),
(346, 1, 'YE', 'C'),
(347, 1, 'YU', 'C'),
(348, 1, 'ZR', 'C'),
(349, 1, 'ZM', 'C'),
(350, 1, 'ZW', 'C'),
(351, 8, 'CA', 'C'),
(352, 1, 'IM', 'C'),
(353, 1, 'CW', 'C'),
(354, 1, 'SX', 'C'),
(1851, 7, '13', 'S'),
(1852, 7, '12', 'S'),
(1853, 7, '11', 'S'),
(1854, 7, '10', 'S'),
(1855, 7, '15', 'S'),
(1856, 7, '16', 'S'),
(1857, 7, '17', 'S'),
(1858, 7, '18', 'S'),
(1859, 7, '19', 'S'),
(1860, 7, '20', 'S'),
(1861, 7, '21', 'S'),
(1862, 7, '22', 'S'),
(1863, 7, '23', 'S'),
(1864, 7, '24', 'S'),
(1865, 7, '25', 'S'),
(1866, 7, '26', 'S'),
(1867, 7, '27', 'S'),
(1868, 7, '28', 'S'),
(1869, 7, '29', 'S'),
(1870, 7, '30', 'S'),
(1871, 7, '31', 'S'),
(1872, 7, '32', 'S'),
(1873, 7, '33', 'S'),
(1874, 7, '34', 'S'),
(1875, 7, '35', 'S'),
(1876, 7, '36', 'S'),
(1877, 7, '37', 'S'),
(1878, 7, '38', 'S'),
(1879, 7, '39', 'S'),
(1880, 7, '40', 'S'),
(1881, 7, '41', 'S'),
(1882, 7, '42', 'S'),
(1883, 7, '43', 'S'),
(1884, 7, '44', 'S'),
(1885, 7, '45', 'S'),
(1886, 7, '46', 'S'),
(1887, 7, '47', 'S'),
(1888, 7, '48', 'S'),
(1889, 7, '49', 'S'),
(1890, 7, '50', 'S'),
(1891, 7, '51', 'S'),
(1892, 7, '52', 'S'),
(1893, 7, '53', 'S'),
(1894, 7, '54', 'S'),
(1895, 7, '55', 'S'),
(1896, 7, '56', 'S'),
(1897, 7, '57', 'S'),
(1898, 7, '58', 'S'),
(1899, 7, '59', 'S'),
(1900, 7, '60', 'S'),
(1901, 7, '61', 'S'),
(1902, 7, '62', 'S'),
(1903, 7, '63', 'S'),
(1904, 7, '64', 'S'),
(1905, 7, 'US', 'C'),
(1906, 9, '905', 'S'),
(1907, 9, '909', 'S'),
(1908, 9, '910', 'S'),
(1909, 9, '908', 'S'),
(1910, 9, '911', 'S'),
(1911, 9, '912', 'S'),
(1912, 9, '913', 'S'),
(1913, 9, '931', 'S'),
(1914, 9, '914', 'S'),
(1915, 9, '915', 'S'),
(1916, 9, '916', 'S'),
(1917, 9, '917', 'S'),
(1918, 9, '918', 'S'),
(1919, 9, '919', 'S'),
(1920, 9, '920', 'S'),
(1921, 9, '903', 'S'),
(1922, 9, '921', 'S'),
(1923, 9, '922', 'S'),
(1924, 9, '923', 'S'),
(1925, 9, '924', 'S'),
(1926, 9, '925', 'S'),
(1927, 9, '926', 'S'),
(1928, 9, '927', 'S'),
(1929, 9, '928', 'S'),
(1930, 9, '904', 'S'),
(1931, 9, '929', 'S'),
(1932, 9, '930', 'S'),
(1933, 9, 'BR', 'C'),
(1934, 9, '*', 'Z'),
(1935, 9, '*', 'T'),
(1936, 9, '*', 'A');

-- --------------------------------------------------------

--
-- Table structure for table `partiushop_discussion`
--

CREATE TABLE `partiushop_discussion` (
  `thread_id` mediumint(8) UNSIGNED NOT NULL,
  `object_id` mediumint(8) UNSIGNED NOT NULL DEFAULT 0,
  `object_type` char(1) NOT NULL DEFAULT '',
  `type` char(1) NOT NULL DEFAULT 'D',
  `company_id` int(11) UNSIGNED NOT NULL DEFAULT 0
) ENGINE=InnoDB DEFAULT CHARSET=utf8;

--
-- Dumping data for table `partiushop_discussion`
--

INSERT INTO `partiushop_discussion` (`thread_id`, `object_id`, `object_type`, `type`, `company_id`) VALUES
(7, 1, 'A', 'D', 0),
(8, 2, 'A', 'D', 0),
(9, 3, 'A', 'D', 0),
(26, 0, 'E', 'B', 0),
(30, 30, 'A', 'D', 0),
(34, 20, 'A', 'D', 0),
(50, 6, 'A', 'D', 0),
(88, 4, 'A', 'D', 0),
(97, 48, 'A', 'D', 4),
(142, 49, 'A', 'D', 0),
(143, 50, 'A', 'D', 0),
(144, 51, 'A', 'D', 0),
(145, 52, 'A', 'D', 0),
(146, 53, 'A', 'D', 0),
(147, 54, 'A', 'D', 0),
(148, 55, 'A', 'D', 0),
(149, 56, 'A', 'D', 0),
(150, 57, 'A', 'D', 0),
(151, 58, 'A', 'D', 0),
(152, 59, 'A', 'D', 0),
(153, 60, 'A', 'D', 0),
(154, 61, 'A', 'D', 0),
(155, 62, 'A', 'D', 0),
(156, 63, 'A', 'D', 0),
(157, 64, 'A', 'D', 0),
(158, 65, 'A', 'D', 0),
(159, 66, 'A', 'D', 0),
(160, 67, 'A', 'D', 0),
(161, 68, 'A', 'D', 0),
(172, 281, 'C', 'B', 0),
(173, 282, 'C', 'D', 0),
(174, 283, 'C', 'D', 0),
(175, 284, 'C', 'D', 0),
(176, 285, 'C', 'D', 0),
(177, 286, 'C', 'D', 0),
(178, 287, 'C', 'D', 0),
(179, 288, 'C', 'D', 0),
(180, 289, 'C', 'D', 0),
(181, 290, 'C', 'D', 0),
(185, 296, 'P', 'D', 4),
(189, 297, 'P', 'D', 4),
(190, 291, 'C', 'D', 0),
(191, 292, 'C', 'D', 0),
(192, 293, 'C', 'D', 0),
(193, 294, 'C', 'D', 0),
(201, 298, 'P', 'D', 4),
(202, 299, 'P', 'D', 4),
(203, 300, 'P', 'D', 4),
(204, 301, 'P', 'D', 4),
(205, 302, 'P', 'D', 4),
(206, 303, 'P', 'D', 4),
(207, 304, 'P', 'D', 4),
(208, 305, 'P', 'D', 4),
(209, 306, 'P', 'D', 4),
(210, 307, 'P', 'D', 0);

-- --------------------------------------------------------

--
-- Table structure for table `partiushop_discussion_messages`
--

CREATE TABLE `partiushop_discussion_messages` (
  `message` mediumtext DEFAULT NULL,
  `post_id` mediumint(8) UNSIGNED NOT NULL DEFAULT 0,
  `thread_id` mediumint(8) UNSIGNED NOT NULL DEFAULT 0
) ENGINE=InnoDB DEFAULT CHARSET=utf8;

--
-- Dumping data for table `partiushop_discussion_messages`
--

INSERT INTO `partiushop_discussion_messages` (`message`, `post_id`, `thread_id`) VALUES
('You guys have the BEST customer service known to man!!! I have always been impressed with how fast you help us out!', 18, 26),
('You\'re the best! Thank you most graciously and appreciatively!', 19, 26);

-- --------------------------------------------------------

--
-- Table structure for table `partiushop_discussion_posts`
--

CREATE TABLE `partiushop_discussion_posts` (
  `post_id` mediumint(8) UNSIGNED NOT NULL,
  `thread_id` mediumint(8) UNSIGNED NOT NULL DEFAULT 0,
  `name` varchar(128) NOT NULL DEFAULT '',
  `timestamp` int(11) UNSIGNED NOT NULL DEFAULT 0,
  `user_id` mediumint(8) UNSIGNED NOT NULL DEFAULT 0,
  `ip_address` varbinary(40) NOT NULL DEFAULT '',
  `status` char(1) NOT NULL DEFAULT 'D'
) ENGINE=InnoDB DEFAULT CHARSET=utf8;

--
-- Dumping data for table `partiushop_discussion_posts`
--

INSERT INTO `partiushop_discussion_posts` (`post_id`, `thread_id`, `name`, `timestamp`, `user_id`, `ip_address`, `status`) VALUES
(18, 26, 'Alex', 1383914729, 0, 0x31302e372e372e3933, 'A'),
(19, 26, 'Michael', 1383914678, 0, 0x31302e372e372e3933, 'A');

-- --------------------------------------------------------

--
-- Table structure for table `partiushop_discussion_rating`
--

CREATE TABLE `partiushop_discussion_rating` (
  `rating_value` tinyint(4) UNSIGNED NOT NULL DEFAULT 0,
  `post_id` mediumint(8) UNSIGNED NOT NULL DEFAULT 0,
  `thread_id` mediumint(8) UNSIGNED NOT NULL DEFAULT 0
) ENGINE=InnoDB DEFAULT CHARSET=utf8;

--
-- Dumping data for table `partiushop_discussion_rating`
--

INSERT INTO `partiushop_discussion_rating` (`rating_value`, `post_id`, `thread_id`) VALUES
(4, 18, 26),
(5, 19, 26);

-- --------------------------------------------------------

--
-- Table structure for table `partiushop_ekeys`
--

CREATE TABLE `partiushop_ekeys` (
  `object_id` mediumint(8) UNSIGNED NOT NULL DEFAULT 0,
  `object_string` varchar(128) NOT NULL DEFAULT '',
  `object_type` char(1) NOT NULL DEFAULT 'R',
  `ekey` varchar(255) NOT NULL DEFAULT '',
  `ttl` int(11) UNSIGNED NOT NULL DEFAULT 0,
  `data` text DEFAULT NULL
) ENGINE=InnoDB DEFAULT CHARSET=utf8;

--
-- Dumping data for table `partiushop_ekeys`
--

INSERT INTO `partiushop_ekeys` (`object_id`, `object_string`, `object_type`, `ekey`, `ttl`, `data`) VALUES
(30, '', 'U', '9fbada88c298413540a24582a7afb2a1', 1653760646, '[]');

-- --------------------------------------------------------

--
-- Table structure for table `partiushop_em_mailchimp_webhooks`
--

CREATE TABLE `partiushop_em_mailchimp_webhooks` (
  `webhook_id` varchar(128) NOT NULL DEFAULT '',
  `list_id` varchar(128) NOT NULL DEFAULT ''
) ENGINE=MyISAM DEFAULT CHARSET=utf8;

-- --------------------------------------------------------

--
-- Table structure for table `partiushop_em_subscribers`
--

CREATE TABLE `partiushop_em_subscribers` (
  `subscriber_id` mediumint(8) UNSIGNED NOT NULL,
  `email` varchar(128) NOT NULL DEFAULT '',
  `name` varchar(128) NOT NULL DEFAULT '',
  `timestamp` int(11) UNSIGNED NOT NULL DEFAULT 0,
  `ip_address` varbinary(40) NOT NULL DEFAULT '',
  `lang_code` char(2) NOT NULL DEFAULT '',
  `status` char(1) NOT NULL DEFAULT 'A',
  `unsubscribe_key` varchar(32) NOT NULL DEFAULT '',
  `company_id` int(11) UNSIGNED NOT NULL DEFAULT 0
) ENGINE=InnoDB DEFAULT CHARSET=utf8;

-- --------------------------------------------------------

--
-- Table structure for table `partiushop_etl`
--

CREATE TABLE `partiushop_etl` (
  `etl_timestamp` int(11) UNSIGNED NOT NULL DEFAULT 0
) ENGINE=MyISAM DEFAULT CHARSET=utf8;

--
-- Dumping data for table `partiushop_etl`
--

INSERT INTO `partiushop_etl` (`etl_timestamp`) VALUES
(1656962331);

-- --------------------------------------------------------

--
-- Table structure for table `partiushop_et_category_banner`
--

CREATE TABLE `partiushop_et_category_banner` (
  `category_id` mediumint(8) UNSIGNED NOT NULL DEFAULT 0,
  `data` text DEFAULT ''
) ENGINE=MyISAM DEFAULT CHARSET=utf8;

--
-- Dumping data for table `partiushop_et_category_banner`
--

INSERT INTO `partiushop_et_category_banner` (`category_id`, `data`) VALUES
(166, '62,63'),
(203, '64'),
(223, '65'),
(228, '66'),
(241, '67'),
(245, '68'),
(250, '69'),
(265, '70'),
(266, '71'),
(281, ''),
(282, ''),
(283, ''),
(284, ''),
(285, ''),
(286, ''),
(287, ''),
(288, ''),
(289, ''),
(290, ''),
(291, ''),
(292, ''),
(293, ''),
(294, '');

-- --------------------------------------------------------

--
-- Table structure for table `partiushop_et_category_menu`
--

CREATE TABLE `partiushop_et_category_menu` (
  `et_menu_id` mediumint(8) UNSIGNED NOT NULL,
  `categ_id` mediumint(8) UNSIGNED NOT NULL DEFAULT 0,
  `size` text DEFAULT '',
  `thumbnails` text DEFAULT '',
  `icon` text DEFAULT '',
  `text` text DEFAULT '',
  `banner` text DEFAULT '',
  `lang_code` char(2) NOT NULL DEFAULT '',
  `products` text DEFAULT NULL
) ENGINE=MyISAM DEFAULT CHARSET=utf8;

--
-- Dumping data for table `partiushop_et_category_menu`
--

INSERT INTO `partiushop_et_category_menu` (`et_menu_id`, `categ_id`, `size`, `thumbnails`, `icon`, `text`, `banner`, `lang_code`, `products`) VALUES
(398, 294, '', '', '', 'a:4:{s:7:\"enabled\";s:1:\"N\";s:5:\"label\";s:0:\"\";s:5:\"color\";s:7:\"#ffffff\";s:3:\"bkg\";s:7:\"#000000\";}', '', 'ro', NULL),
(412, 294, '', '', '', 'a:4:{s:7:\"enabled\";s:1:\"N\";s:5:\"label\";s:0:\"\";s:5:\"color\";s:7:\"#ffffff\";s:3:\"bkg\";s:7:\"#000000\";}', '', 'ru', NULL),
(426, 294, '', '', '', 'a:4:{s:7:\"enabled\";s:1:\"N\";s:5:\"label\";s:0:\"\";s:5:\"color\";s:7:\"#ffffff\";s:3:\"bkg\";s:7:\"#000000\";}', '', 'no', NULL),
(372, 293, '', '', '', 'a:4:{s:7:\"enabled\";s:1:\"N\";s:5:\"label\";s:0:\"\";s:5:\"color\";s:7:\"#ffffff\";s:3:\"bkg\";s:7:\"#000000\";}', '', 'it', NULL),
(386, 293, '', '', '', 'a:4:{s:7:\"enabled\";s:1:\"N\";s:5:\"label\";s:0:\"\";s:5:\"color\";s:7:\"#ffffff\";s:3:\"bkg\";s:7:\"#000000\";}', '', 'nl', NULL),
(400, 293, '', '', '', 'a:4:{s:7:\"enabled\";s:1:\"N\";s:5:\"label\";s:0:\"\";s:5:\"color\";s:7:\"#ffffff\";s:3:\"bkg\";s:7:\"#000000\";}', '', 'ro', NULL),
(414, 293, '', '', '', 'a:4:{s:7:\"enabled\";s:1:\"N\";s:5:\"label\";s:0:\"\";s:5:\"color\";s:7:\"#ffffff\";s:3:\"bkg\";s:7:\"#000000\";}', '', 'ru', NULL),
(428, 293, '', '', '', 'a:4:{s:7:\"enabled\";s:1:\"N\";s:5:\"label\";s:0:\"\";s:5:\"color\";s:7:\"#ffffff\";s:3:\"bkg\";s:7:\"#000000\";}', '', 'no', NULL),
(274, 294, '', '', '', 'a:4:{s:7:\"enabled\";s:1:\"N\";s:5:\"label\";s:0:\"\";s:5:\"color\";s:7:\"#ffffff\";s:3:\"bkg\";s:7:\"#000000\";}', '', 'pt', NULL),
(286, 294, '', '', '', 'a:4:{s:7:\"enabled\";s:1:\"N\";s:5:\"label\";s:0:\"\";s:5:\"color\";s:7:\"#ffffff\";s:3:\"bkg\";s:7:\"#000000\";}', '', 'en', NULL),
(300, 294, '', '', '', 'a:4:{s:7:\"enabled\";s:1:\"N\";s:5:\"label\";s:0:\"\";s:5:\"color\";s:7:\"#ffffff\";s:3:\"bkg\";s:7:\"#000000\";}', '', 'da', NULL),
(314, 294, '', '', '', 'a:4:{s:7:\"enabled\";s:1:\"N\";s:5:\"label\";s:0:\"\";s:5:\"color\";s:7:\"#ffffff\";s:3:\"bkg\";s:7:\"#000000\";}', '', 'de', NULL),
(440, 294, '', '', '', 'a:4:{s:7:\"enabled\";s:1:\"N\";s:5:\"label\";s:0:\"\";s:5:\"color\";s:7:\"#ffffff\";s:3:\"bkg\";s:7:\"#000000\";}', '', 'es', NULL),
(342, 294, '', '', '', 'a:4:{s:7:\"enabled\";s:1:\"N\";s:5:\"label\";s:0:\"\";s:5:\"color\";s:7:\"#ffffff\";s:3:\"bkg\";s:7:\"#000000\";}', '', 'fr', NULL),
(356, 294, '', '', '', 'a:4:{s:7:\"enabled\";s:1:\"N\";s:5:\"label\";s:0:\"\";s:5:\"color\";s:7:\"#ffffff\";s:3:\"bkg\";s:7:\"#000000\";}', '', 'el', NULL),
(370, 294, '', '', '', 'a:4:{s:7:\"enabled\";s:1:\"N\";s:5:\"label\";s:0:\"\";s:5:\"color\";s:7:\"#ffffff\";s:3:\"bkg\";s:7:\"#000000\";}', '', 'it', NULL),
(384, 294, '', '', '', 'a:4:{s:7:\"enabled\";s:1:\"N\";s:5:\"label\";s:0:\"\";s:5:\"color\";s:7:\"#ffffff\";s:3:\"bkg\";s:7:\"#000000\";}', '', 'nl', NULL),
(389, 291, 'a:2:{s:5:\"width\";s:1:\"0\";s:6:\"height\";s:1:\"0\";}', 'a:1:{s:7:\"enabled\";s:1:\"N\";}', 'a:5:{s:7:\"enabled\";s:1:\"N\";s:4:\"type\";s:1:\"G\";s:5:\"value\";s:18:\" fa fa-fw fa-heart\";s:10:\"color_type\";s:1:\"S\";s:5:\"color\";s:7:\"#ffffff\";}', 'a:6:{s:7:\"enabled\";s:1:\"N\";s:5:\"label\";s:0:\"\";s:10:\"color_type\";s:1:\"S\";s:5:\"color\";s:7:\"#ffffff\";s:3:\"bkg\";s:7:\"#000000\";s:5:\"descr\";s:0:\"\";}', 'a:5:{s:7:\"enabled\";s:1:\"N\";s:3:\"url\";s:0:\"\";s:9:\"push_menu\";s:1:\"N\";s:12:\"offset_right\";s:1:\"0\";s:13:\"offset_bottom\";s:1:\"0\";}', 'nl', 'a:13:{s:7:\"enabled\";s:1:\"N\";s:3:\"ids\";s:0:\"\";s:8:\"position\";s:1:\"R\";s:10:\"show_title\";s:1:\"Y\";s:5:\"title\";s:0:\"\";s:10:\"color_type\";s:1:\"S\";s:21:\"title_bkg_transparent\";s:1:\"N\";s:9:\"title_bkg\";s:7:\"#000000\";s:11:\"title_color\";s:7:\"#ffffff\";s:19:\"show_discount_label\";s:1:\"Y\";s:9:\"show_name\";s:1:\"Y\";s:10:\"show_price\";s:1:\"Y\";s:14:\"show_old_price\";s:1:\"Y\";}'),
(403, 291, 'a:2:{s:5:\"width\";s:1:\"0\";s:6:\"height\";s:1:\"0\";}', 'a:1:{s:7:\"enabled\";s:1:\"N\";}', 'a:5:{s:7:\"enabled\";s:1:\"N\";s:4:\"type\";s:1:\"G\";s:5:\"value\";s:18:\" fa fa-fw fa-heart\";s:10:\"color_type\";s:1:\"S\";s:5:\"color\";s:7:\"#ffffff\";}', 'a:6:{s:7:\"enabled\";s:1:\"N\";s:5:\"label\";s:0:\"\";s:10:\"color_type\";s:1:\"S\";s:5:\"color\";s:7:\"#ffffff\";s:3:\"bkg\";s:7:\"#000000\";s:5:\"descr\";s:0:\"\";}', 'a:5:{s:7:\"enabled\";s:1:\"N\";s:3:\"url\";s:0:\"\";s:9:\"push_menu\";s:1:\"N\";s:12:\"offset_right\";s:1:\"0\";s:13:\"offset_bottom\";s:1:\"0\";}', 'ro', 'a:13:{s:7:\"enabled\";s:1:\"N\";s:3:\"ids\";s:0:\"\";s:8:\"position\";s:1:\"R\";s:10:\"show_title\";s:1:\"Y\";s:5:\"title\";s:0:\"\";s:10:\"color_type\";s:1:\"S\";s:21:\"title_bkg_transparent\";s:1:\"N\";s:9:\"title_bkg\";s:7:\"#000000\";s:11:\"title_color\";s:7:\"#ffffff\";s:19:\"show_discount_label\";s:1:\"Y\";s:9:\"show_name\";s:1:\"Y\";s:10:\"show_price\";s:1:\"Y\";s:14:\"show_old_price\";s:1:\"Y\";}'),
(417, 291, 'a:2:{s:5:\"width\";s:1:\"0\";s:6:\"height\";s:1:\"0\";}', 'a:1:{s:7:\"enabled\";s:1:\"N\";}', 'a:5:{s:7:\"enabled\";s:1:\"N\";s:4:\"type\";s:1:\"G\";s:5:\"value\";s:18:\" fa fa-fw fa-heart\";s:10:\"color_type\";s:1:\"S\";s:5:\"color\";s:7:\"#ffffff\";}', 'a:6:{s:7:\"enabled\";s:1:\"N\";s:5:\"label\";s:0:\"\";s:10:\"color_type\";s:1:\"S\";s:5:\"color\";s:7:\"#ffffff\";s:3:\"bkg\";s:7:\"#000000\";s:5:\"descr\";s:0:\"\";}', 'a:5:{s:7:\"enabled\";s:1:\"N\";s:3:\"url\";s:0:\"\";s:9:\"push_menu\";s:1:\"N\";s:12:\"offset_right\";s:1:\"0\";s:13:\"offset_bottom\";s:1:\"0\";}', 'ru', 'a:13:{s:7:\"enabled\";s:1:\"N\";s:3:\"ids\";s:0:\"\";s:8:\"position\";s:1:\"R\";s:10:\"show_title\";s:1:\"Y\";s:5:\"title\";s:0:\"\";s:10:\"color_type\";s:1:\"S\";s:21:\"title_bkg_transparent\";s:1:\"N\";s:9:\"title_bkg\";s:7:\"#000000\";s:11:\"title_color\";s:7:\"#ffffff\";s:19:\"show_discount_label\";s:1:\"Y\";s:9:\"show_name\";s:1:\"Y\";s:10:\"show_price\";s:1:\"Y\";s:14:\"show_old_price\";s:1:\"Y\";}'),
(431, 291, 'a:2:{s:5:\"width\";s:1:\"0\";s:6:\"height\";s:1:\"0\";}', 'a:1:{s:7:\"enabled\";s:1:\"N\";}', 'a:5:{s:7:\"enabled\";s:1:\"N\";s:4:\"type\";s:1:\"G\";s:5:\"value\";s:18:\" fa fa-fw fa-heart\";s:10:\"color_type\";s:1:\"S\";s:5:\"color\";s:7:\"#ffffff\";}', 'a:6:{s:7:\"enabled\";s:1:\"N\";s:5:\"label\";s:0:\"\";s:10:\"color_type\";s:1:\"S\";s:5:\"color\";s:7:\"#ffffff\";s:3:\"bkg\";s:7:\"#000000\";s:5:\"descr\";s:0:\"\";}', 'a:5:{s:7:\"enabled\";s:1:\"N\";s:3:\"url\";s:0:\"\";s:9:\"push_menu\";s:1:\"N\";s:12:\"offset_right\";s:1:\"0\";s:13:\"offset_bottom\";s:1:\"0\";}', 'no', 'a:13:{s:7:\"enabled\";s:1:\"N\";s:3:\"ids\";s:0:\"\";s:8:\"position\";s:1:\"R\";s:10:\"show_title\";s:1:\"Y\";s:5:\"title\";s:0:\"\";s:10:\"color_type\";s:1:\"S\";s:21:\"title_bkg_transparent\";s:1:\"N\";s:9:\"title_bkg\";s:7:\"#000000\";s:11:\"title_color\";s:7:\"#ffffff\";s:19:\"show_discount_label\";s:1:\"Y\";s:9:\"show_name\";s:1:\"Y\";s:10:\"show_price\";s:1:\"Y\";s:14:\"show_old_price\";s:1:\"Y\";}'),
(250, 292, '', '', '', 'a:4:{s:7:\"enabled\";s:1:\"N\";s:5:\"label\";s:0:\"\";s:5:\"color\";s:7:\"#ffffff\";s:3:\"bkg\";s:7:\"#000000\";}', '', 'pt', NULL),
(287, 292, '', '', '', 'a:4:{s:7:\"enabled\";s:1:\"N\";s:5:\"label\";s:0:\"\";s:5:\"color\";s:7:\"#ffffff\";s:3:\"bkg\";s:7:\"#000000\";}', '', 'en', NULL),
(301, 292, '', '', '', 'a:4:{s:7:\"enabled\";s:1:\"N\";s:5:\"label\";s:0:\"\";s:5:\"color\";s:7:\"#ffffff\";s:3:\"bkg\";s:7:\"#000000\";}', '', 'da', NULL),
(315, 292, '', '', '', 'a:4:{s:7:\"enabled\";s:1:\"N\";s:5:\"label\";s:0:\"\";s:5:\"color\";s:7:\"#ffffff\";s:3:\"bkg\";s:7:\"#000000\";}', '', 'de', NULL),
(441, 292, '', '', '', 'a:4:{s:7:\"enabled\";s:1:\"N\";s:5:\"label\";s:0:\"\";s:5:\"color\";s:7:\"#ffffff\";s:3:\"bkg\";s:7:\"#000000\";}', '', 'es', NULL),
(343, 292, '', '', '', 'a:4:{s:7:\"enabled\";s:1:\"N\";s:5:\"label\";s:0:\"\";s:5:\"color\";s:7:\"#ffffff\";s:3:\"bkg\";s:7:\"#000000\";}', '', 'fr', NULL),
(357, 292, '', '', '', 'a:4:{s:7:\"enabled\";s:1:\"N\";s:5:\"label\";s:0:\"\";s:5:\"color\";s:7:\"#ffffff\";s:3:\"bkg\";s:7:\"#000000\";}', '', 'el', NULL),
(371, 292, '', '', '', 'a:4:{s:7:\"enabled\";s:1:\"N\";s:5:\"label\";s:0:\"\";s:5:\"color\";s:7:\"#ffffff\";s:3:\"bkg\";s:7:\"#000000\";}', '', 'it', NULL),
(385, 292, '', '', '', 'a:4:{s:7:\"enabled\";s:1:\"N\";s:5:\"label\";s:0:\"\";s:5:\"color\";s:7:\"#ffffff\";s:3:\"bkg\";s:7:\"#000000\";}', '', 'nl', NULL),
(399, 292, '', '', '', 'a:4:{s:7:\"enabled\";s:1:\"N\";s:5:\"label\";s:0:\"\";s:5:\"color\";s:7:\"#ffffff\";s:3:\"bkg\";s:7:\"#000000\";}', '', 'ro', NULL),
(413, 292, '', '', '', 'a:4:{s:7:\"enabled\";s:1:\"N\";s:5:\"label\";s:0:\"\";s:5:\"color\";s:7:\"#ffffff\";s:3:\"bkg\";s:7:\"#000000\";}', '', 'ru', NULL),
(427, 292, '', '', '', 'a:4:{s:7:\"enabled\";s:1:\"N\";s:5:\"label\";s:0:\"\";s:5:\"color\";s:7:\"#ffffff\";s:3:\"bkg\";s:7:\"#000000\";}', '', 'no', NULL),
(262, 293, '', '', '', 'a:4:{s:7:\"enabled\";s:1:\"N\";s:5:\"label\";s:0:\"\";s:5:\"color\";s:7:\"#ffffff\";s:3:\"bkg\";s:7:\"#000000\";}', '', 'pt', NULL),
(288, 293, '', '', '', 'a:4:{s:7:\"enabled\";s:1:\"N\";s:5:\"label\";s:0:\"\";s:5:\"color\";s:7:\"#ffffff\";s:3:\"bkg\";s:7:\"#000000\";}', '', 'en', NULL),
(302, 293, '', '', '', 'a:4:{s:7:\"enabled\";s:1:\"N\";s:5:\"label\";s:0:\"\";s:5:\"color\";s:7:\"#ffffff\";s:3:\"bkg\";s:7:\"#000000\";}', '', 'da', NULL),
(316, 293, '', '', '', 'a:4:{s:7:\"enabled\";s:1:\"N\";s:5:\"label\";s:0:\"\";s:5:\"color\";s:7:\"#ffffff\";s:3:\"bkg\";s:7:\"#000000\";}', '', 'de', NULL),
(442, 293, '', '', '', 'a:4:{s:7:\"enabled\";s:1:\"N\";s:5:\"label\";s:0:\"\";s:5:\"color\";s:7:\"#ffffff\";s:3:\"bkg\";s:7:\"#000000\";}', '', 'es', NULL),
(344, 293, '', '', '', 'a:4:{s:7:\"enabled\";s:1:\"N\";s:5:\"label\";s:0:\"\";s:5:\"color\";s:7:\"#ffffff\";s:3:\"bkg\";s:7:\"#000000\";}', '', 'fr', NULL),
(358, 293, '', '', '', 'a:4:{s:7:\"enabled\";s:1:\"N\";s:5:\"label\";s:0:\"\";s:5:\"color\";s:7:\"#ffffff\";s:3:\"bkg\";s:7:\"#000000\";}', '', 'el', NULL),
(375, 291, 'a:2:{s:5:\"width\";s:1:\"0\";s:6:\"height\";s:1:\"0\";}', 'a:1:{s:7:\"enabled\";s:1:\"N\";}', 'a:5:{s:7:\"enabled\";s:1:\"N\";s:4:\"type\";s:1:\"G\";s:5:\"value\";s:18:\" fa fa-fw fa-heart\";s:10:\"color_type\";s:1:\"S\";s:5:\"color\";s:7:\"#ffffff\";}', 'a:6:{s:7:\"enabled\";s:1:\"N\";s:5:\"label\";s:0:\"\";s:10:\"color_type\";s:1:\"S\";s:5:\"color\";s:7:\"#ffffff\";s:3:\"bkg\";s:7:\"#000000\";s:5:\"descr\";s:0:\"\";}', 'a:5:{s:7:\"enabled\";s:1:\"N\";s:3:\"url\";s:0:\"\";s:9:\"push_menu\";s:1:\"N\";s:12:\"offset_right\";s:1:\"0\";s:13:\"offset_bottom\";s:1:\"0\";}', 'it', 'a:13:{s:7:\"enabled\";s:1:\"N\";s:3:\"ids\";s:0:\"\";s:8:\"position\";s:1:\"R\";s:10:\"show_title\";s:1:\"Y\";s:5:\"title\";s:0:\"\";s:10:\"color_type\";s:1:\"S\";s:21:\"title_bkg_transparent\";s:1:\"N\";s:9:\"title_bkg\";s:7:\"#000000\";s:11:\"title_color\";s:7:\"#ffffff\";s:19:\"show_discount_label\";s:1:\"Y\";s:9:\"show_name\";s:1:\"Y\";s:10:\"show_price\";s:1:\"Y\";s:14:\"show_old_price\";s:1:\"Y\";}'),
(361, 291, 'a:2:{s:5:\"width\";s:1:\"0\";s:6:\"height\";s:1:\"0\";}', 'a:1:{s:7:\"enabled\";s:1:\"N\";}', 'a:5:{s:7:\"enabled\";s:1:\"N\";s:4:\"type\";s:1:\"G\";s:5:\"value\";s:18:\" fa fa-fw fa-heart\";s:10:\"color_type\";s:1:\"S\";s:5:\"color\";s:7:\"#ffffff\";}', 'a:6:{s:7:\"enabled\";s:1:\"N\";s:5:\"label\";s:0:\"\";s:10:\"color_type\";s:1:\"S\";s:5:\"color\";s:7:\"#ffffff\";s:3:\"bkg\";s:7:\"#000000\";s:5:\"descr\";s:0:\"\";}', 'a:5:{s:7:\"enabled\";s:1:\"N\";s:3:\"url\";s:0:\"\";s:9:\"push_menu\";s:1:\"N\";s:12:\"offset_right\";s:1:\"0\";s:13:\"offset_bottom\";s:1:\"0\";}', 'el', 'a:13:{s:7:\"enabled\";s:1:\"N\";s:3:\"ids\";s:0:\"\";s:8:\"position\";s:1:\"R\";s:10:\"show_title\";s:1:\"Y\";s:5:\"title\";s:0:\"\";s:10:\"color_type\";s:1:\"S\";s:21:\"title_bkg_transparent\";s:1:\"N\";s:9:\"title_bkg\";s:7:\"#000000\";s:11:\"title_color\";s:7:\"#ffffff\";s:19:\"show_discount_label\";s:1:\"Y\";s:9:\"show_name\";s:1:\"Y\";s:10:\"show_price\";s:1:\"Y\";s:14:\"show_old_price\";s:1:\"Y\";}'),
(214, 289, '', '', '', 'a:4:{s:7:\"enabled\";s:1:\"N\";s:5:\"label\";s:0:\"\";s:5:\"color\";s:7:\"#ffffff\";s:3:\"bkg\";s:7:\"#000000\";}', '', 'pt', NULL),
(289, 289, '', '', '', 'a:4:{s:7:\"enabled\";s:1:\"N\";s:5:\"label\";s:0:\"\";s:5:\"color\";s:7:\"#ffffff\";s:3:\"bkg\";s:7:\"#000000\";}', '', 'en', NULL),
(303, 289, '', '', '', 'a:4:{s:7:\"enabled\";s:1:\"N\";s:5:\"label\";s:0:\"\";s:5:\"color\";s:7:\"#ffffff\";s:3:\"bkg\";s:7:\"#000000\";}', '', 'da', NULL),
(317, 289, '', '', '', 'a:4:{s:7:\"enabled\";s:1:\"N\";s:5:\"label\";s:0:\"\";s:5:\"color\";s:7:\"#ffffff\";s:3:\"bkg\";s:7:\"#000000\";}', '', 'de', NULL),
(443, 289, '', '', '', 'a:4:{s:7:\"enabled\";s:1:\"N\";s:5:\"label\";s:0:\"\";s:5:\"color\";s:7:\"#ffffff\";s:3:\"bkg\";s:7:\"#000000\";}', '', 'es', NULL),
(345, 289, '', '', '', 'a:4:{s:7:\"enabled\";s:1:\"N\";s:5:\"label\";s:0:\"\";s:5:\"color\";s:7:\"#ffffff\";s:3:\"bkg\";s:7:\"#000000\";}', '', 'fr', NULL),
(359, 289, '', '', '', 'a:4:{s:7:\"enabled\";s:1:\"N\";s:5:\"label\";s:0:\"\";s:5:\"color\";s:7:\"#ffffff\";s:3:\"bkg\";s:7:\"#000000\";}', '', 'el', NULL),
(373, 289, '', '', '', 'a:4:{s:7:\"enabled\";s:1:\"N\";s:5:\"label\";s:0:\"\";s:5:\"color\";s:7:\"#ffffff\";s:3:\"bkg\";s:7:\"#000000\";}', '', 'it', NULL),
(387, 289, '', '', '', 'a:4:{s:7:\"enabled\";s:1:\"N\";s:5:\"label\";s:0:\"\";s:5:\"color\";s:7:\"#ffffff\";s:3:\"bkg\";s:7:\"#000000\";}', '', 'nl', NULL),
(401, 289, '', '', '', 'a:4:{s:7:\"enabled\";s:1:\"N\";s:5:\"label\";s:0:\"\";s:5:\"color\";s:7:\"#ffffff\";s:3:\"bkg\";s:7:\"#000000\";}', '', 'ro', NULL),
(415, 289, '', '', '', 'a:4:{s:7:\"enabled\";s:1:\"N\";s:5:\"label\";s:0:\"\";s:5:\"color\";s:7:\"#ffffff\";s:3:\"bkg\";s:7:\"#000000\";}', '', 'ru', NULL),
(429, 289, '', '', '', 'a:4:{s:7:\"enabled\";s:1:\"N\";s:5:\"label\";s:0:\"\";s:5:\"color\";s:7:\"#ffffff\";s:3:\"bkg\";s:7:\"#000000\";}', '', 'no', NULL),
(226, 290, '', '', '', 'a:4:{s:7:\"enabled\";s:1:\"N\";s:5:\"label\";s:0:\"\";s:5:\"color\";s:7:\"#ffffff\";s:3:\"bkg\";s:7:\"#000000\";}', '', 'pt', NULL),
(290, 290, '', '', '', 'a:4:{s:7:\"enabled\";s:1:\"N\";s:5:\"label\";s:0:\"\";s:5:\"color\";s:7:\"#ffffff\";s:3:\"bkg\";s:7:\"#000000\";}', '', 'en', NULL),
(304, 290, '', '', '', 'a:4:{s:7:\"enabled\";s:1:\"N\";s:5:\"label\";s:0:\"\";s:5:\"color\";s:7:\"#ffffff\";s:3:\"bkg\";s:7:\"#000000\";}', '', 'da', NULL),
(318, 290, '', '', '', 'a:4:{s:7:\"enabled\";s:1:\"N\";s:5:\"label\";s:0:\"\";s:5:\"color\";s:7:\"#ffffff\";s:3:\"bkg\";s:7:\"#000000\";}', '', 'de', NULL),
(444, 290, '', '', '', 'a:4:{s:7:\"enabled\";s:1:\"N\";s:5:\"label\";s:0:\"\";s:5:\"color\";s:7:\"#ffffff\";s:3:\"bkg\";s:7:\"#000000\";}', '', 'es', NULL),
(346, 290, '', '', '', 'a:4:{s:7:\"enabled\";s:1:\"N\";s:5:\"label\";s:0:\"\";s:5:\"color\";s:7:\"#ffffff\";s:3:\"bkg\";s:7:\"#000000\";}', '', 'fr', NULL),
(360, 290, '', '', '', 'a:4:{s:7:\"enabled\";s:1:\"N\";s:5:\"label\";s:0:\"\";s:5:\"color\";s:7:\"#ffffff\";s:3:\"bkg\";s:7:\"#000000\";}', '', 'el', NULL),
(374, 290, '', '', '', 'a:4:{s:7:\"enabled\";s:1:\"N\";s:5:\"label\";s:0:\"\";s:5:\"color\";s:7:\"#ffffff\";s:3:\"bkg\";s:7:\"#000000\";}', '', 'it', NULL),
(388, 290, '', '', '', 'a:4:{s:7:\"enabled\";s:1:\"N\";s:5:\"label\";s:0:\"\";s:5:\"color\";s:7:\"#ffffff\";s:3:\"bkg\";s:7:\"#000000\";}', '', 'nl', NULL),
(402, 290, '', '', '', 'a:4:{s:7:\"enabled\";s:1:\"N\";s:5:\"label\";s:0:\"\";s:5:\"color\";s:7:\"#ffffff\";s:3:\"bkg\";s:7:\"#000000\";}', '', 'ro', NULL),
(416, 290, '', '', '', 'a:4:{s:7:\"enabled\";s:1:\"N\";s:5:\"label\";s:0:\"\";s:5:\"color\";s:7:\"#ffffff\";s:3:\"bkg\";s:7:\"#000000\";}', '', 'ru', NULL),
(430, 290, '', '', '', 'a:4:{s:7:\"enabled\";s:1:\"N\";s:5:\"label\";s:0:\"\";s:5:\"color\";s:7:\"#ffffff\";s:3:\"bkg\";s:7:\"#000000\";}', '', 'no', NULL),
(238, 291, 'a:2:{s:5:\"width\";s:1:\"0\";s:6:\"height\";s:1:\"0\";}', 'a:1:{s:7:\"enabled\";s:1:\"N\";}', 'a:5:{s:7:\"enabled\";s:1:\"N\";s:4:\"type\";s:1:\"G\";s:5:\"value\";s:18:\" fa fa-fw fa-heart\";s:10:\"color_type\";s:1:\"S\";s:5:\"color\";s:7:\"#ffffff\";}', 'a:6:{s:7:\"enabled\";s:1:\"N\";s:5:\"label\";s:0:\"\";s:10:\"color_type\";s:1:\"S\";s:5:\"color\";s:7:\"#ffffff\";s:3:\"bkg\";s:7:\"#000000\";s:5:\"descr\";s:0:\"\";}', 'a:5:{s:7:\"enabled\";s:1:\"N\";s:3:\"url\";s:0:\"\";s:9:\"push_menu\";s:1:\"N\";s:12:\"offset_right\";s:1:\"0\";s:13:\"offset_bottom\";s:1:\"0\";}', 'pt', 'a:13:{s:7:\"enabled\";s:1:\"N\";s:3:\"ids\";s:0:\"\";s:8:\"position\";s:1:\"R\";s:10:\"show_title\";s:1:\"Y\";s:5:\"title\";s:0:\"\";s:10:\"color_type\";s:1:\"S\";s:21:\"title_bkg_transparent\";s:1:\"N\";s:9:\"title_bkg\";s:7:\"#000000\";s:11:\"title_color\";s:7:\"#ffffff\";s:19:\"show_discount_label\";s:1:\"Y\";s:9:\"show_name\";s:1:\"Y\";s:10:\"show_price\";s:1:\"Y\";s:14:\"show_old_price\";s:1:\"Y\";}'),
(291, 291, 'a:2:{s:5:\"width\";s:1:\"0\";s:6:\"height\";s:1:\"0\";}', 'a:1:{s:7:\"enabled\";s:1:\"N\";}', 'a:5:{s:7:\"enabled\";s:1:\"N\";s:4:\"type\";s:1:\"G\";s:5:\"value\";s:18:\" fa fa-fw fa-heart\";s:10:\"color_type\";s:1:\"S\";s:5:\"color\";s:7:\"#ffffff\";}', 'a:6:{s:7:\"enabled\";s:1:\"N\";s:5:\"label\";s:0:\"\";s:10:\"color_type\";s:1:\"S\";s:5:\"color\";s:7:\"#ffffff\";s:3:\"bkg\";s:7:\"#000000\";s:5:\"descr\";s:0:\"\";}', 'a:5:{s:7:\"enabled\";s:1:\"N\";s:3:\"url\";s:0:\"\";s:9:\"push_menu\";s:1:\"N\";s:12:\"offset_right\";s:1:\"0\";s:13:\"offset_bottom\";s:1:\"0\";}', 'en', 'a:13:{s:7:\"enabled\";s:1:\"N\";s:3:\"ids\";s:0:\"\";s:8:\"position\";s:1:\"R\";s:10:\"show_title\";s:1:\"Y\";s:5:\"title\";s:0:\"\";s:10:\"color_type\";s:1:\"S\";s:21:\"title_bkg_transparent\";s:1:\"N\";s:9:\"title_bkg\";s:7:\"#000000\";s:11:\"title_color\";s:7:\"#ffffff\";s:19:\"show_discount_label\";s:1:\"Y\";s:9:\"show_name\";s:1:\"Y\";s:10:\"show_price\";s:1:\"Y\";s:14:\"show_old_price\";s:1:\"Y\";}'),
(305, 291, 'a:2:{s:5:\"width\";s:1:\"0\";s:6:\"height\";s:1:\"0\";}', 'a:1:{s:7:\"enabled\";s:1:\"N\";}', 'a:5:{s:7:\"enabled\";s:1:\"N\";s:4:\"type\";s:1:\"G\";s:5:\"value\";s:18:\" fa fa-fw fa-heart\";s:10:\"color_type\";s:1:\"S\";s:5:\"color\";s:7:\"#ffffff\";}', 'a:6:{s:7:\"enabled\";s:1:\"N\";s:5:\"label\";s:0:\"\";s:10:\"color_type\";s:1:\"S\";s:5:\"color\";s:7:\"#ffffff\";s:3:\"bkg\";s:7:\"#000000\";s:5:\"descr\";s:0:\"\";}', 'a:5:{s:7:\"enabled\";s:1:\"N\";s:3:\"url\";s:0:\"\";s:9:\"push_menu\";s:1:\"N\";s:12:\"offset_right\";s:1:\"0\";s:13:\"offset_bottom\";s:1:\"0\";}', 'da', 'a:13:{s:7:\"enabled\";s:1:\"N\";s:3:\"ids\";s:0:\"\";s:8:\"position\";s:1:\"R\";s:10:\"show_title\";s:1:\"Y\";s:5:\"title\";s:0:\"\";s:10:\"color_type\";s:1:\"S\";s:21:\"title_bkg_transparent\";s:1:\"N\";s:9:\"title_bkg\";s:7:\"#000000\";s:11:\"title_color\";s:7:\"#ffffff\";s:19:\"show_discount_label\";s:1:\"Y\";s:9:\"show_name\";s:1:\"Y\";s:10:\"show_price\";s:1:\"Y\";s:14:\"show_old_price\";s:1:\"Y\";}'),
(319, 291, 'a:2:{s:5:\"width\";s:1:\"0\";s:6:\"height\";s:1:\"0\";}', 'a:1:{s:7:\"enabled\";s:1:\"N\";}', 'a:5:{s:7:\"enabled\";s:1:\"N\";s:4:\"type\";s:1:\"G\";s:5:\"value\";s:18:\" fa fa-fw fa-heart\";s:10:\"color_type\";s:1:\"S\";s:5:\"color\";s:7:\"#ffffff\";}', 'a:6:{s:7:\"enabled\";s:1:\"N\";s:5:\"label\";s:0:\"\";s:10:\"color_type\";s:1:\"S\";s:5:\"color\";s:7:\"#ffffff\";s:3:\"bkg\";s:7:\"#000000\";s:5:\"descr\";s:0:\"\";}', 'a:5:{s:7:\"enabled\";s:1:\"N\";s:3:\"url\";s:0:\"\";s:9:\"push_menu\";s:1:\"N\";s:12:\"offset_right\";s:1:\"0\";s:13:\"offset_bottom\";s:1:\"0\";}', 'de', 'a:13:{s:7:\"enabled\";s:1:\"N\";s:3:\"ids\";s:0:\"\";s:8:\"position\";s:1:\"R\";s:10:\"show_title\";s:1:\"Y\";s:5:\"title\";s:0:\"\";s:10:\"color_type\";s:1:\"S\";s:21:\"title_bkg_transparent\";s:1:\"N\";s:9:\"title_bkg\";s:7:\"#000000\";s:11:\"title_color\";s:7:\"#ffffff\";s:19:\"show_discount_label\";s:1:\"Y\";s:9:\"show_name\";s:1:\"Y\";s:10:\"show_price\";s:1:\"Y\";s:14:\"show_old_price\";s:1:\"Y\";}'),
(445, 291, 'a:2:{s:5:\"width\";s:1:\"0\";s:6:\"height\";s:1:\"0\";}', 'a:1:{s:7:\"enabled\";s:1:\"N\";}', 'a:5:{s:7:\"enabled\";s:1:\"N\";s:4:\"type\";s:1:\"G\";s:5:\"value\";s:18:\" fa fa-fw fa-heart\";s:10:\"color_type\";s:1:\"S\";s:5:\"color\";s:7:\"#ffffff\";}', 'a:6:{s:7:\"enabled\";s:1:\"N\";s:5:\"label\";s:0:\"\";s:10:\"color_type\";s:1:\"S\";s:5:\"color\";s:7:\"#ffffff\";s:3:\"bkg\";s:7:\"#000000\";s:5:\"descr\";s:0:\"\";}', 'a:5:{s:7:\"enabled\";s:1:\"N\";s:3:\"url\";s:0:\"\";s:9:\"push_menu\";s:1:\"N\";s:12:\"offset_right\";s:1:\"0\";s:13:\"offset_bottom\";s:1:\"0\";}', 'es', 'a:13:{s:7:\"enabled\";s:1:\"N\";s:3:\"ids\";s:0:\"\";s:8:\"position\";s:1:\"R\";s:10:\"show_title\";s:1:\"Y\";s:5:\"title\";s:0:\"\";s:10:\"color_type\";s:1:\"S\";s:21:\"title_bkg_transparent\";s:1:\"N\";s:9:\"title_bkg\";s:7:\"#000000\";s:11:\"title_color\";s:7:\"#ffffff\";s:19:\"show_discount_label\";s:1:\"Y\";s:9:\"show_name\";s:1:\"Y\";s:10:\"show_price\";s:1:\"Y\";s:14:\"show_old_price\";s:1:\"Y\";}'),
(347, 291, 'a:2:{s:5:\"width\";s:1:\"0\";s:6:\"height\";s:1:\"0\";}', 'a:1:{s:7:\"enabled\";s:1:\"N\";}', 'a:5:{s:7:\"enabled\";s:1:\"N\";s:4:\"type\";s:1:\"G\";s:5:\"value\";s:18:\" fa fa-fw fa-heart\";s:10:\"color_type\";s:1:\"S\";s:5:\"color\";s:7:\"#ffffff\";}', 'a:6:{s:7:\"enabled\";s:1:\"N\";s:5:\"label\";s:0:\"\";s:10:\"color_type\";s:1:\"S\";s:5:\"color\";s:7:\"#ffffff\";s:3:\"bkg\";s:7:\"#000000\";s:5:\"descr\";s:0:\"\";}', 'a:5:{s:7:\"enabled\";s:1:\"N\";s:3:\"url\";s:0:\"\";s:9:\"push_menu\";s:1:\"N\";s:12:\"offset_right\";s:1:\"0\";s:13:\"offset_bottom\";s:1:\"0\";}', 'fr', 'a:13:{s:7:\"enabled\";s:1:\"N\";s:3:\"ids\";s:0:\"\";s:8:\"position\";s:1:\"R\";s:10:\"show_title\";s:1:\"Y\";s:5:\"title\";s:0:\"\";s:10:\"color_type\";s:1:\"S\";s:21:\"title_bkg_transparent\";s:1:\"N\";s:9:\"title_bkg\";s:7:\"#000000\";s:11:\"title_color\";s:7:\"#ffffff\";s:19:\"show_discount_label\";s:1:\"Y\";s:9:\"show_name\";s:1:\"Y\";s:10:\"show_price\";s:1:\"Y\";s:14:\"show_old_price\";s:1:\"Y\";}'),
(362, 288, '', '', '', 'a:4:{s:7:\"enabled\";s:1:\"N\";s:5:\"label\";s:0:\"\";s:5:\"color\";s:7:\"#ffffff\";s:3:\"bkg\";s:7:\"#000000\";}', '', 'el', NULL),
(376, 288, '', '', '', 'a:4:{s:7:\"enabled\";s:1:\"N\";s:5:\"label\";s:0:\"\";s:5:\"color\";s:7:\"#ffffff\";s:3:\"bkg\";s:7:\"#000000\";}', '', 'it', NULL),
(390, 288, '', '', '', 'a:4:{s:7:\"enabled\";s:1:\"N\";s:5:\"label\";s:0:\"\";s:5:\"color\";s:7:\"#ffffff\";s:3:\"bkg\";s:7:\"#000000\";}', '', 'nl', NULL),
(404, 288, '', '', '', 'a:4:{s:7:\"enabled\";s:1:\"N\";s:5:\"label\";s:0:\"\";s:5:\"color\";s:7:\"#ffffff\";s:3:\"bkg\";s:7:\"#000000\";}', '', 'ro', NULL),
(418, 288, '', '', '', 'a:4:{s:7:\"enabled\";s:1:\"N\";s:5:\"label\";s:0:\"\";s:5:\"color\";s:7:\"#ffffff\";s:3:\"bkg\";s:7:\"#000000\";}', '', 'ru', NULL),
(432, 288, '', '', '', 'a:4:{s:7:\"enabled\";s:1:\"N\";s:5:\"label\";s:0:\"\";s:5:\"color\";s:7:\"#ffffff\";s:3:\"bkg\";s:7:\"#000000\";}', '', 'no', NULL),
(451, 287, '', '', '', 'a:4:{s:7:\"enabled\";s:1:\"N\";s:5:\"label\";s:0:\"\";s:5:\"color\";s:7:\"#ffffff\";s:3:\"bkg\";s:7:\"#000000\";}', '', 'es', NULL),
(353, 287, '', '', '', 'a:4:{s:7:\"enabled\";s:1:\"N\";s:5:\"label\";s:0:\"\";s:5:\"color\";s:7:\"#ffffff\";s:3:\"bkg\";s:7:\"#000000\";}', '', 'fr', NULL),
(367, 287, '', '', '', 'a:4:{s:7:\"enabled\";s:1:\"N\";s:5:\"label\";s:0:\"\";s:5:\"color\";s:7:\"#ffffff\";s:3:\"bkg\";s:7:\"#000000\";}', '', 'el', NULL),
(381, 287, '', '', '', 'a:4:{s:7:\"enabled\";s:1:\"N\";s:5:\"label\";s:0:\"\";s:5:\"color\";s:7:\"#ffffff\";s:3:\"bkg\";s:7:\"#000000\";}', '', 'it', NULL),
(395, 287, '', '', '', 'a:4:{s:7:\"enabled\";s:1:\"N\";s:5:\"label\";s:0:\"\";s:5:\"color\";s:7:\"#ffffff\";s:3:\"bkg\";s:7:\"#000000\";}', '', 'nl', NULL),
(409, 287, '', '', '', 'a:4:{s:7:\"enabled\";s:1:\"N\";s:5:\"label\";s:0:\"\";s:5:\"color\";s:7:\"#ffffff\";s:3:\"bkg\";s:7:\"#000000\";}', '', 'ro', NULL),
(423, 287, '', '', '', 'a:4:{s:7:\"enabled\";s:1:\"N\";s:5:\"label\";s:0:\"\";s:5:\"color\";s:7:\"#ffffff\";s:3:\"bkg\";s:7:\"#000000\";}', '', 'ru', NULL),
(437, 287, '', '', '', 'a:4:{s:7:\"enabled\";s:1:\"N\";s:5:\"label\";s:0:\"\";s:5:\"color\";s:7:\"#ffffff\";s:3:\"bkg\";s:7:\"#000000\";}', '', 'no', NULL),
(202, 288, '', '', '', 'a:4:{s:7:\"enabled\";s:1:\"N\";s:5:\"label\";s:0:\"\";s:5:\"color\";s:7:\"#ffffff\";s:3:\"bkg\";s:7:\"#000000\";}', '', 'pt', NULL),
(292, 288, '', '', '', 'a:4:{s:7:\"enabled\";s:1:\"N\";s:5:\"label\";s:0:\"\";s:5:\"color\";s:7:\"#ffffff\";s:3:\"bkg\";s:7:\"#000000\";}', '', 'en', NULL),
(306, 288, '', '', '', 'a:4:{s:7:\"enabled\";s:1:\"N\";s:5:\"label\";s:0:\"\";s:5:\"color\";s:7:\"#ffffff\";s:3:\"bkg\";s:7:\"#000000\";}', '', 'da', NULL),
(320, 288, '', '', '', 'a:4:{s:7:\"enabled\";s:1:\"N\";s:5:\"label\";s:0:\"\";s:5:\"color\";s:7:\"#ffffff\";s:3:\"bkg\";s:7:\"#000000\";}', '', 'de', NULL),
(446, 288, '', '', '', 'a:4:{s:7:\"enabled\";s:1:\"N\";s:5:\"label\";s:0:\"\";s:5:\"color\";s:7:\"#ffffff\";s:3:\"bkg\";s:7:\"#000000\";}', '', 'es', NULL),
(348, 288, '', '', '', 'a:4:{s:7:\"enabled\";s:1:\"N\";s:5:\"label\";s:0:\"\";s:5:\"color\";s:7:\"#ffffff\";s:3:\"bkg\";s:7:\"#000000\";}', '', 'fr', NULL),
(142, 283, '', '', '', 'a:4:{s:7:\"enabled\";s:1:\"N\";s:5:\"label\";s:0:\"\";s:5:\"color\";s:7:\"#ffffff\";s:3:\"bkg\";s:7:\"#000000\";}', '', 'pt', NULL),
(293, 283, '', '', '', 'a:4:{s:7:\"enabled\";s:1:\"N\";s:5:\"label\";s:0:\"\";s:5:\"color\";s:7:\"#ffffff\";s:3:\"bkg\";s:7:\"#000000\";}', '', 'en', NULL),
(307, 283, '', '', '', 'a:4:{s:7:\"enabled\";s:1:\"N\";s:5:\"label\";s:0:\"\";s:5:\"color\";s:7:\"#ffffff\";s:3:\"bkg\";s:7:\"#000000\";}', '', 'da', NULL),
(321, 283, '', '', '', 'a:4:{s:7:\"enabled\";s:1:\"N\";s:5:\"label\";s:0:\"\";s:5:\"color\";s:7:\"#ffffff\";s:3:\"bkg\";s:7:\"#000000\";}', '', 'de', NULL),
(447, 283, '', '', '', 'a:4:{s:7:\"enabled\";s:1:\"N\";s:5:\"label\";s:0:\"\";s:5:\"color\";s:7:\"#ffffff\";s:3:\"bkg\";s:7:\"#000000\";}', '', 'es', NULL),
(349, 283, '', '', '', 'a:4:{s:7:\"enabled\";s:1:\"N\";s:5:\"label\";s:0:\"\";s:5:\"color\";s:7:\"#ffffff\";s:3:\"bkg\";s:7:\"#000000\";}', '', 'fr', NULL),
(363, 283, '', '', '', 'a:4:{s:7:\"enabled\";s:1:\"N\";s:5:\"label\";s:0:\"\";s:5:\"color\";s:7:\"#ffffff\";s:3:\"bkg\";s:7:\"#000000\";}', '', 'el', NULL),
(377, 283, '', '', '', 'a:4:{s:7:\"enabled\";s:1:\"N\";s:5:\"label\";s:0:\"\";s:5:\"color\";s:7:\"#ffffff\";s:3:\"bkg\";s:7:\"#000000\";}', '', 'it', NULL),
(391, 283, '', '', '', 'a:4:{s:7:\"enabled\";s:1:\"N\";s:5:\"label\";s:0:\"\";s:5:\"color\";s:7:\"#ffffff\";s:3:\"bkg\";s:7:\"#000000\";}', '', 'nl', NULL),
(405, 283, '', '', '', 'a:4:{s:7:\"enabled\";s:1:\"N\";s:5:\"label\";s:0:\"\";s:5:\"color\";s:7:\"#ffffff\";s:3:\"bkg\";s:7:\"#000000\";}', '', 'ro', NULL),
(419, 283, '', '', '', 'a:4:{s:7:\"enabled\";s:1:\"N\";s:5:\"label\";s:0:\"\";s:5:\"color\";s:7:\"#ffffff\";s:3:\"bkg\";s:7:\"#000000\";}', '', 'ru', NULL),
(433, 283, '', '', '', 'a:4:{s:7:\"enabled\";s:1:\"N\";s:5:\"label\";s:0:\"\";s:5:\"color\";s:7:\"#ffffff\";s:3:\"bkg\";s:7:\"#000000\";}', '', 'no', NULL),
(154, 284, '', '', '', 'a:4:{s:7:\"enabled\";s:1:\"N\";s:5:\"label\";s:0:\"\";s:5:\"color\";s:7:\"#ffffff\";s:3:\"bkg\";s:7:\"#000000\";}', '', 'pt', NULL),
(294, 284, '', '', '', 'a:4:{s:7:\"enabled\";s:1:\"N\";s:5:\"label\";s:0:\"\";s:5:\"color\";s:7:\"#ffffff\";s:3:\"bkg\";s:7:\"#000000\";}', '', 'en', NULL),
(308, 284, '', '', '', 'a:4:{s:7:\"enabled\";s:1:\"N\";s:5:\"label\";s:0:\"\";s:5:\"color\";s:7:\"#ffffff\";s:3:\"bkg\";s:7:\"#000000\";}', '', 'da', NULL),
(322, 284, '', '', '', 'a:4:{s:7:\"enabled\";s:1:\"N\";s:5:\"label\";s:0:\"\";s:5:\"color\";s:7:\"#ffffff\";s:3:\"bkg\";s:7:\"#000000\";}', '', 'de', NULL),
(448, 284, '', '', '', 'a:4:{s:7:\"enabled\";s:1:\"N\";s:5:\"label\";s:0:\"\";s:5:\"color\";s:7:\"#ffffff\";s:3:\"bkg\";s:7:\"#000000\";}', '', 'es', NULL),
(350, 284, '', '', '', 'a:4:{s:7:\"enabled\";s:1:\"N\";s:5:\"label\";s:0:\"\";s:5:\"color\";s:7:\"#ffffff\";s:3:\"bkg\";s:7:\"#000000\";}', '', 'fr', NULL),
(364, 284, '', '', '', 'a:4:{s:7:\"enabled\";s:1:\"N\";s:5:\"label\";s:0:\"\";s:5:\"color\";s:7:\"#ffffff\";s:3:\"bkg\";s:7:\"#000000\";}', '', 'el', NULL),
(378, 284, '', '', '', 'a:4:{s:7:\"enabled\";s:1:\"N\";s:5:\"label\";s:0:\"\";s:5:\"color\";s:7:\"#ffffff\";s:3:\"bkg\";s:7:\"#000000\";}', '', 'it', NULL),
(392, 284, '', '', '', 'a:4:{s:7:\"enabled\";s:1:\"N\";s:5:\"label\";s:0:\"\";s:5:\"color\";s:7:\"#ffffff\";s:3:\"bkg\";s:7:\"#000000\";}', '', 'nl', NULL),
(406, 284, '', '', '', 'a:4:{s:7:\"enabled\";s:1:\"N\";s:5:\"label\";s:0:\"\";s:5:\"color\";s:7:\"#ffffff\";s:3:\"bkg\";s:7:\"#000000\";}', '', 'ro', NULL),
(420, 284, '', '', '', 'a:4:{s:7:\"enabled\";s:1:\"N\";s:5:\"label\";s:0:\"\";s:5:\"color\";s:7:\"#ffffff\";s:3:\"bkg\";s:7:\"#000000\";}', '', 'ru', NULL),
(434, 284, '', '', '', 'a:4:{s:7:\"enabled\";s:1:\"N\";s:5:\"label\";s:0:\"\";s:5:\"color\";s:7:\"#ffffff\";s:3:\"bkg\";s:7:\"#000000\";}', '', 'no', NULL),
(166, 285, '', '', '', 'a:4:{s:7:\"enabled\";s:1:\"N\";s:5:\"label\";s:0:\"\";s:5:\"color\";s:7:\"#ffffff\";s:3:\"bkg\";s:7:\"#000000\";}', '', 'pt', NULL),
(295, 285, '', '', '', 'a:4:{s:7:\"enabled\";s:1:\"N\";s:5:\"label\";s:0:\"\";s:5:\"color\";s:7:\"#ffffff\";s:3:\"bkg\";s:7:\"#000000\";}', '', 'en', NULL),
(309, 285, '', '', '', 'a:4:{s:7:\"enabled\";s:1:\"N\";s:5:\"label\";s:0:\"\";s:5:\"color\";s:7:\"#ffffff\";s:3:\"bkg\";s:7:\"#000000\";}', '', 'da', NULL),
(323, 285, '', '', '', 'a:4:{s:7:\"enabled\";s:1:\"N\";s:5:\"label\";s:0:\"\";s:5:\"color\";s:7:\"#ffffff\";s:3:\"bkg\";s:7:\"#000000\";}', '', 'de', NULL),
(449, 285, '', '', '', 'a:4:{s:7:\"enabled\";s:1:\"N\";s:5:\"label\";s:0:\"\";s:5:\"color\";s:7:\"#ffffff\";s:3:\"bkg\";s:7:\"#000000\";}', '', 'es', NULL),
(351, 285, '', '', '', 'a:4:{s:7:\"enabled\";s:1:\"N\";s:5:\"label\";s:0:\"\";s:5:\"color\";s:7:\"#ffffff\";s:3:\"bkg\";s:7:\"#000000\";}', '', 'fr', NULL),
(365, 285, '', '', '', 'a:4:{s:7:\"enabled\";s:1:\"N\";s:5:\"label\";s:0:\"\";s:5:\"color\";s:7:\"#ffffff\";s:3:\"bkg\";s:7:\"#000000\";}', '', 'el', NULL),
(379, 285, '', '', '', 'a:4:{s:7:\"enabled\";s:1:\"N\";s:5:\"label\";s:0:\"\";s:5:\"color\";s:7:\"#ffffff\";s:3:\"bkg\";s:7:\"#000000\";}', '', 'it', NULL),
(393, 285, '', '', '', 'a:4:{s:7:\"enabled\";s:1:\"N\";s:5:\"label\";s:0:\"\";s:5:\"color\";s:7:\"#ffffff\";s:3:\"bkg\";s:7:\"#000000\";}', '', 'nl', NULL),
(407, 285, '', '', '', 'a:4:{s:7:\"enabled\";s:1:\"N\";s:5:\"label\";s:0:\"\";s:5:\"color\";s:7:\"#ffffff\";s:3:\"bkg\";s:7:\"#000000\";}', '', 'ro', NULL),
(421, 285, '', '', '', 'a:4:{s:7:\"enabled\";s:1:\"N\";s:5:\"label\";s:0:\"\";s:5:\"color\";s:7:\"#ffffff\";s:3:\"bkg\";s:7:\"#000000\";}', '', 'ru', NULL),
(435, 285, '', '', '', 'a:4:{s:7:\"enabled\";s:1:\"N\";s:5:\"label\";s:0:\"\";s:5:\"color\";s:7:\"#ffffff\";s:3:\"bkg\";s:7:\"#000000\";}', '', 'no', NULL),
(178, 286, '', '', '', 'a:4:{s:7:\"enabled\";s:1:\"N\";s:5:\"label\";s:0:\"\";s:5:\"color\";s:7:\"#ffffff\";s:3:\"bkg\";s:7:\"#000000\";}', '', 'pt', NULL),
(296, 286, '', '', '', 'a:4:{s:7:\"enabled\";s:1:\"N\";s:5:\"label\";s:0:\"\";s:5:\"color\";s:7:\"#ffffff\";s:3:\"bkg\";s:7:\"#000000\";}', '', 'en', NULL),
(310, 286, '', '', '', 'a:4:{s:7:\"enabled\";s:1:\"N\";s:5:\"label\";s:0:\"\";s:5:\"color\";s:7:\"#ffffff\";s:3:\"bkg\";s:7:\"#000000\";}', '', 'da', NULL),
(324, 286, '', '', '', 'a:4:{s:7:\"enabled\";s:1:\"N\";s:5:\"label\";s:0:\"\";s:5:\"color\";s:7:\"#ffffff\";s:3:\"bkg\";s:7:\"#000000\";}', '', 'de', NULL),
(450, 286, '', '', '', 'a:4:{s:7:\"enabled\";s:1:\"N\";s:5:\"label\";s:0:\"\";s:5:\"color\";s:7:\"#ffffff\";s:3:\"bkg\";s:7:\"#000000\";}', '', 'es', NULL),
(352, 286, '', '', '', 'a:4:{s:7:\"enabled\";s:1:\"N\";s:5:\"label\";s:0:\"\";s:5:\"color\";s:7:\"#ffffff\";s:3:\"bkg\";s:7:\"#000000\";}', '', 'fr', NULL),
(366, 286, '', '', '', 'a:4:{s:7:\"enabled\";s:1:\"N\";s:5:\"label\";s:0:\"\";s:5:\"color\";s:7:\"#ffffff\";s:3:\"bkg\";s:7:\"#000000\";}', '', 'el', NULL),
(380, 286, '', '', '', 'a:4:{s:7:\"enabled\";s:1:\"N\";s:5:\"label\";s:0:\"\";s:5:\"color\";s:7:\"#ffffff\";s:3:\"bkg\";s:7:\"#000000\";}', '', 'it', NULL),
(394, 286, '', '', '', 'a:4:{s:7:\"enabled\";s:1:\"N\";s:5:\"label\";s:0:\"\";s:5:\"color\";s:7:\"#ffffff\";s:3:\"bkg\";s:7:\"#000000\";}', '', 'nl', NULL),
(408, 286, '', '', '', 'a:4:{s:7:\"enabled\";s:1:\"N\";s:5:\"label\";s:0:\"\";s:5:\"color\";s:7:\"#ffffff\";s:3:\"bkg\";s:7:\"#000000\";}', '', 'ro', NULL),
(422, 286, '', '', '', 'a:4:{s:7:\"enabled\";s:1:\"N\";s:5:\"label\";s:0:\"\";s:5:\"color\";s:7:\"#ffffff\";s:3:\"bkg\";s:7:\"#000000\";}', '', 'ru', NULL),
(436, 286, '', '', '', 'a:4:{s:7:\"enabled\";s:1:\"N\";s:5:\"label\";s:0:\"\";s:5:\"color\";s:7:\"#ffffff\";s:3:\"bkg\";s:7:\"#000000\";}', '', 'no', NULL),
(190, 287, '', '', '', 'a:4:{s:7:\"enabled\";s:1:\"N\";s:5:\"label\";s:0:\"\";s:5:\"color\";s:7:\"#ffffff\";s:3:\"bkg\";s:7:\"#000000\";}', '', 'pt', NULL),
(297, 287, '', '', '', 'a:4:{s:7:\"enabled\";s:1:\"N\";s:5:\"label\";s:0:\"\";s:5:\"color\";s:7:\"#ffffff\";s:3:\"bkg\";s:7:\"#000000\";}', '', 'en', NULL),
(311, 287, '', '', '', 'a:4:{s:7:\"enabled\";s:1:\"N\";s:5:\"label\";s:0:\"\";s:5:\"color\";s:7:\"#ffffff\";s:3:\"bkg\";s:7:\"#000000\";}', '', 'da', NULL),
(325, 287, '', '', '', 'a:4:{s:7:\"enabled\";s:1:\"N\";s:5:\"label\";s:0:\"\";s:5:\"color\";s:7:\"#ffffff\";s:3:\"bkg\";s:7:\"#000000\";}', '', 'de', NULL),
(368, 282, '', '', '', 'a:4:{s:7:\"enabled\";s:1:\"N\";s:5:\"label\";s:0:\"\";s:5:\"color\";s:7:\"#ffffff\";s:3:\"bkg\";s:7:\"#000000\";}', '', 'el', NULL),
(382, 282, '', '', '', 'a:4:{s:7:\"enabled\";s:1:\"N\";s:5:\"label\";s:0:\"\";s:5:\"color\";s:7:\"#ffffff\";s:3:\"bkg\";s:7:\"#000000\";}', '', 'it', NULL),
(396, 282, '', '', '', 'a:4:{s:7:\"enabled\";s:1:\"N\";s:5:\"label\";s:0:\"\";s:5:\"color\";s:7:\"#ffffff\";s:3:\"bkg\";s:7:\"#000000\";}', '', 'nl', NULL),
(410, 282, '', '', '', 'a:4:{s:7:\"enabled\";s:1:\"N\";s:5:\"label\";s:0:\"\";s:5:\"color\";s:7:\"#ffffff\";s:3:\"bkg\";s:7:\"#000000\";}', '', 'ro', NULL),
(424, 282, '', '', '', 'a:4:{s:7:\"enabled\";s:1:\"N\";s:5:\"label\";s:0:\"\";s:5:\"color\";s:7:\"#ffffff\";s:3:\"bkg\";s:7:\"#000000\";}', '', 'ru', NULL),
(438, 282, '', '', '', 'a:4:{s:7:\"enabled\";s:1:\"N\";s:5:\"label\";s:0:\"\";s:5:\"color\";s:7:\"#ffffff\";s:3:\"bkg\";s:7:\"#000000\";}', '', 'no', NULL),
(130, 282, '', '', '', 'a:4:{s:7:\"enabled\";s:1:\"N\";s:5:\"label\";s:0:\"\";s:5:\"color\";s:7:\"#ffffff\";s:3:\"bkg\";s:7:\"#000000\";}', '', 'pt', NULL),
(298, 282, '', '', '', 'a:4:{s:7:\"enabled\";s:1:\"N\";s:5:\"label\";s:0:\"\";s:5:\"color\";s:7:\"#ffffff\";s:3:\"bkg\";s:7:\"#000000\";}', '', 'en', NULL),
(312, 282, '', '', '', 'a:4:{s:7:\"enabled\";s:1:\"N\";s:5:\"label\";s:0:\"\";s:5:\"color\";s:7:\"#ffffff\";s:3:\"bkg\";s:7:\"#000000\";}', '', 'da', NULL),
(326, 282, '', '', '', 'a:4:{s:7:\"enabled\";s:1:\"N\";s:5:\"label\";s:0:\"\";s:5:\"color\";s:7:\"#ffffff\";s:3:\"bkg\";s:7:\"#000000\";}', '', 'de', NULL),
(452, 282, '', '', '', 'a:4:{s:7:\"enabled\";s:1:\"N\";s:5:\"label\";s:0:\"\";s:5:\"color\";s:7:\"#ffffff\";s:3:\"bkg\";s:7:\"#000000\";}', '', 'es', NULL),
(354, 282, '', '', '', 'a:4:{s:7:\"enabled\";s:1:\"N\";s:5:\"label\";s:0:\"\";s:5:\"color\";s:7:\"#ffffff\";s:3:\"bkg\";s:7:\"#000000\";}', '', 'fr', NULL),
(327, 281, 'a:2:{s:5:\"width\";s:1:\"0\";s:6:\"height\";s:1:\"0\";}', 'a:1:{s:7:\"enabled\";s:1:\"N\";}', 'a:5:{s:7:\"enabled\";s:1:\"N\";s:4:\"type\";s:1:\"G\";s:5:\"value\";s:20:\"   fa fa-fw fa-heart\";s:10:\"color_type\";s:1:\"S\";s:5:\"color\";s:7:\"#ffffff\";}', 'a:6:{s:7:\"enabled\";s:1:\"N\";s:5:\"label\";s:0:\"\";s:10:\"color_type\";s:1:\"S\";s:5:\"color\";s:7:\"#ffffff\";s:3:\"bkg\";s:7:\"#000000\";s:5:\"descr\";s:0:\"\";}', 'a:5:{s:7:\"enabled\";s:1:\"N\";s:3:\"url\";s:0:\"\";s:9:\"push_menu\";s:1:\"N\";s:12:\"offset_right\";s:1:\"0\";s:13:\"offset_bottom\";s:1:\"0\";}', 'de', 'a:13:{s:7:\"enabled\";s:1:\"N\";s:3:\"ids\";s:0:\"\";s:8:\"position\";s:1:\"R\";s:10:\"show_title\";s:1:\"Y\";s:5:\"title\";s:0:\"\";s:10:\"color_type\";s:1:\"S\";s:21:\"title_bkg_transparent\";s:1:\"N\";s:9:\"title_bkg\";s:7:\"#000000\";s:11:\"title_color\";s:7:\"#ffffff\";s:19:\"show_discount_label\";s:1:\"Y\";s:9:\"show_name\";s:1:\"Y\";s:10:\"show_price\";s:1:\"Y\";s:14:\"show_old_price\";s:1:\"Y\";}'),
(453, 281, 'a:2:{s:5:\"width\";s:1:\"0\";s:6:\"height\";s:1:\"0\";}', 'a:1:{s:7:\"enabled\";s:1:\"N\";}', 'a:5:{s:7:\"enabled\";s:1:\"N\";s:4:\"type\";s:1:\"G\";s:5:\"value\";s:20:\"   fa fa-fw fa-heart\";s:10:\"color_type\";s:1:\"S\";s:5:\"color\";s:7:\"#ffffff\";}', 'a:6:{s:7:\"enabled\";s:1:\"N\";s:5:\"label\";s:0:\"\";s:10:\"color_type\";s:1:\"S\";s:5:\"color\";s:7:\"#ffffff\";s:3:\"bkg\";s:7:\"#000000\";s:5:\"descr\";s:0:\"\";}', 'a:5:{s:7:\"enabled\";s:1:\"N\";s:3:\"url\";s:0:\"\";s:9:\"push_menu\";s:1:\"N\";s:12:\"offset_right\";s:1:\"0\";s:13:\"offset_bottom\";s:1:\"0\";}', 'es', 'a:13:{s:7:\"enabled\";s:1:\"N\";s:3:\"ids\";s:0:\"\";s:8:\"position\";s:1:\"R\";s:10:\"show_title\";s:1:\"Y\";s:5:\"title\";s:0:\"\";s:10:\"color_type\";s:1:\"S\";s:21:\"title_bkg_transparent\";s:1:\"N\";s:9:\"title_bkg\";s:7:\"#000000\";s:11:\"title_color\";s:7:\"#ffffff\";s:19:\"show_discount_label\";s:1:\"Y\";s:9:\"show_name\";s:1:\"Y\";s:10:\"show_price\";s:1:\"Y\";s:14:\"show_old_price\";s:1:\"Y\";}'),
(355, 281, 'a:2:{s:5:\"width\";s:1:\"0\";s:6:\"height\";s:1:\"0\";}', 'a:1:{s:7:\"enabled\";s:1:\"N\";}', 'a:5:{s:7:\"enabled\";s:1:\"N\";s:4:\"type\";s:1:\"G\";s:5:\"value\";s:20:\"   fa fa-fw fa-heart\";s:10:\"color_type\";s:1:\"S\";s:5:\"color\";s:7:\"#ffffff\";}', 'a:6:{s:7:\"enabled\";s:1:\"N\";s:5:\"label\";s:0:\"\";s:10:\"color_type\";s:1:\"S\";s:5:\"color\";s:7:\"#ffffff\";s:3:\"bkg\";s:7:\"#000000\";s:5:\"descr\";s:0:\"\";}', 'a:5:{s:7:\"enabled\";s:1:\"N\";s:3:\"url\";s:0:\"\";s:9:\"push_menu\";s:1:\"N\";s:12:\"offset_right\";s:1:\"0\";s:13:\"offset_bottom\";s:1:\"0\";}', 'fr', 'a:13:{s:7:\"enabled\";s:1:\"N\";s:3:\"ids\";s:0:\"\";s:8:\"position\";s:1:\"R\";s:10:\"show_title\";s:1:\"Y\";s:5:\"title\";s:0:\"\";s:10:\"color_type\";s:1:\"S\";s:21:\"title_bkg_transparent\";s:1:\"N\";s:9:\"title_bkg\";s:7:\"#000000\";s:11:\"title_color\";s:7:\"#ffffff\";s:19:\"show_discount_label\";s:1:\"Y\";s:9:\"show_name\";s:1:\"Y\";s:10:\"show_price\";s:1:\"Y\";s:14:\"show_old_price\";s:1:\"Y\";}'),
(369, 281, 'a:2:{s:5:\"width\";s:1:\"0\";s:6:\"height\";s:1:\"0\";}', 'a:1:{s:7:\"enabled\";s:1:\"N\";}', 'a:5:{s:7:\"enabled\";s:1:\"N\";s:4:\"type\";s:1:\"G\";s:5:\"value\";s:20:\"   fa fa-fw fa-heart\";s:10:\"color_type\";s:1:\"S\";s:5:\"color\";s:7:\"#ffffff\";}', 'a:6:{s:7:\"enabled\";s:1:\"N\";s:5:\"label\";s:0:\"\";s:10:\"color_type\";s:1:\"S\";s:5:\"color\";s:7:\"#ffffff\";s:3:\"bkg\";s:7:\"#000000\";s:5:\"descr\";s:0:\"\";}', 'a:5:{s:7:\"enabled\";s:1:\"N\";s:3:\"url\";s:0:\"\";s:9:\"push_menu\";s:1:\"N\";s:12:\"offset_right\";s:1:\"0\";s:13:\"offset_bottom\";s:1:\"0\";}', 'el', 'a:13:{s:7:\"enabled\";s:1:\"N\";s:3:\"ids\";s:0:\"\";s:8:\"position\";s:1:\"R\";s:10:\"show_title\";s:1:\"Y\";s:5:\"title\";s:0:\"\";s:10:\"color_type\";s:1:\"S\";s:21:\"title_bkg_transparent\";s:1:\"N\";s:9:\"title_bkg\";s:7:\"#000000\";s:11:\"title_color\";s:7:\"#ffffff\";s:19:\"show_discount_label\";s:1:\"Y\";s:9:\"show_name\";s:1:\"Y\";s:10:\"show_price\";s:1:\"Y\";s:14:\"show_old_price\";s:1:\"Y\";}'),
(383, 281, 'a:2:{s:5:\"width\";s:1:\"0\";s:6:\"height\";s:1:\"0\";}', 'a:1:{s:7:\"enabled\";s:1:\"N\";}', 'a:5:{s:7:\"enabled\";s:1:\"N\";s:4:\"type\";s:1:\"G\";s:5:\"value\";s:20:\"   fa fa-fw fa-heart\";s:10:\"color_type\";s:1:\"S\";s:5:\"color\";s:7:\"#ffffff\";}', 'a:6:{s:7:\"enabled\";s:1:\"N\";s:5:\"label\";s:0:\"\";s:10:\"color_type\";s:1:\"S\";s:5:\"color\";s:7:\"#ffffff\";s:3:\"bkg\";s:7:\"#000000\";s:5:\"descr\";s:0:\"\";}', 'a:5:{s:7:\"enabled\";s:1:\"N\";s:3:\"url\";s:0:\"\";s:9:\"push_menu\";s:1:\"N\";s:12:\"offset_right\";s:1:\"0\";s:13:\"offset_bottom\";s:1:\"0\";}', 'it', 'a:13:{s:7:\"enabled\";s:1:\"N\";s:3:\"ids\";s:0:\"\";s:8:\"position\";s:1:\"R\";s:10:\"show_title\";s:1:\"Y\";s:5:\"title\";s:0:\"\";s:10:\"color_type\";s:1:\"S\";s:21:\"title_bkg_transparent\";s:1:\"N\";s:9:\"title_bkg\";s:7:\"#000000\";s:11:\"title_color\";s:7:\"#ffffff\";s:19:\"show_discount_label\";s:1:\"Y\";s:9:\"show_name\";s:1:\"Y\";s:10:\"show_price\";s:1:\"Y\";s:14:\"show_old_price\";s:1:\"Y\";}'),
(397, 281, 'a:2:{s:5:\"width\";s:1:\"0\";s:6:\"height\";s:1:\"0\";}', 'a:1:{s:7:\"enabled\";s:1:\"N\";}', 'a:5:{s:7:\"enabled\";s:1:\"N\";s:4:\"type\";s:1:\"G\";s:5:\"value\";s:20:\"   fa fa-fw fa-heart\";s:10:\"color_type\";s:1:\"S\";s:5:\"color\";s:7:\"#ffffff\";}', 'a:6:{s:7:\"enabled\";s:1:\"N\";s:5:\"label\";s:0:\"\";s:10:\"color_type\";s:1:\"S\";s:5:\"color\";s:7:\"#ffffff\";s:3:\"bkg\";s:7:\"#000000\";s:5:\"descr\";s:0:\"\";}', 'a:5:{s:7:\"enabled\";s:1:\"N\";s:3:\"url\";s:0:\"\";s:9:\"push_menu\";s:1:\"N\";s:12:\"offset_right\";s:1:\"0\";s:13:\"offset_bottom\";s:1:\"0\";}', 'nl', 'a:13:{s:7:\"enabled\";s:1:\"N\";s:3:\"ids\";s:0:\"\";s:8:\"position\";s:1:\"R\";s:10:\"show_title\";s:1:\"Y\";s:5:\"title\";s:0:\"\";s:10:\"color_type\";s:1:\"S\";s:21:\"title_bkg_transparent\";s:1:\"N\";s:9:\"title_bkg\";s:7:\"#000000\";s:11:\"title_color\";s:7:\"#ffffff\";s:19:\"show_discount_label\";s:1:\"Y\";s:9:\"show_name\";s:1:\"Y\";s:10:\"show_price\";s:1:\"Y\";s:14:\"show_old_price\";s:1:\"Y\";}'),
(411, 281, 'a:2:{s:5:\"width\";s:1:\"0\";s:6:\"height\";s:1:\"0\";}', 'a:1:{s:7:\"enabled\";s:1:\"N\";}', 'a:5:{s:7:\"enabled\";s:1:\"N\";s:4:\"type\";s:1:\"G\";s:5:\"value\";s:20:\"   fa fa-fw fa-heart\";s:10:\"color_type\";s:1:\"S\";s:5:\"color\";s:7:\"#ffffff\";}', 'a:6:{s:7:\"enabled\";s:1:\"N\";s:5:\"label\";s:0:\"\";s:10:\"color_type\";s:1:\"S\";s:5:\"color\";s:7:\"#ffffff\";s:3:\"bkg\";s:7:\"#000000\";s:5:\"descr\";s:0:\"\";}', 'a:5:{s:7:\"enabled\";s:1:\"N\";s:3:\"url\";s:0:\"\";s:9:\"push_menu\";s:1:\"N\";s:12:\"offset_right\";s:1:\"0\";s:13:\"offset_bottom\";s:1:\"0\";}', 'ro', 'a:13:{s:7:\"enabled\";s:1:\"N\";s:3:\"ids\";s:0:\"\";s:8:\"position\";s:1:\"R\";s:10:\"show_title\";s:1:\"Y\";s:5:\"title\";s:0:\"\";s:10:\"color_type\";s:1:\"S\";s:21:\"title_bkg_transparent\";s:1:\"N\";s:9:\"title_bkg\";s:7:\"#000000\";s:11:\"title_color\";s:7:\"#ffffff\";s:19:\"show_discount_label\";s:1:\"Y\";s:9:\"show_name\";s:1:\"Y\";s:10:\"show_price\";s:1:\"Y\";s:14:\"show_old_price\";s:1:\"Y\";}'),
(425, 281, 'a:2:{s:5:\"width\";s:1:\"0\";s:6:\"height\";s:1:\"0\";}', 'a:1:{s:7:\"enabled\";s:1:\"N\";}', 'a:5:{s:7:\"enabled\";s:1:\"N\";s:4:\"type\";s:1:\"G\";s:5:\"value\";s:20:\"   fa fa-fw fa-heart\";s:10:\"color_type\";s:1:\"S\";s:5:\"color\";s:7:\"#ffffff\";}', 'a:6:{s:7:\"enabled\";s:1:\"N\";s:5:\"label\";s:0:\"\";s:10:\"color_type\";s:1:\"S\";s:5:\"color\";s:7:\"#ffffff\";s:3:\"bkg\";s:7:\"#000000\";s:5:\"descr\";s:0:\"\";}', 'a:5:{s:7:\"enabled\";s:1:\"N\";s:3:\"url\";s:0:\"\";s:9:\"push_menu\";s:1:\"N\";s:12:\"offset_right\";s:1:\"0\";s:13:\"offset_bottom\";s:1:\"0\";}', 'ru', 'a:13:{s:7:\"enabled\";s:1:\"N\";s:3:\"ids\";s:0:\"\";s:8:\"position\";s:1:\"R\";s:10:\"show_title\";s:1:\"Y\";s:5:\"title\";s:0:\"\";s:10:\"color_type\";s:1:\"S\";s:21:\"title_bkg_transparent\";s:1:\"N\";s:9:\"title_bkg\";s:7:\"#000000\";s:11:\"title_color\";s:7:\"#ffffff\";s:19:\"show_discount_label\";s:1:\"Y\";s:9:\"show_name\";s:1:\"Y\";s:10:\"show_price\";s:1:\"Y\";s:14:\"show_old_price\";s:1:\"Y\";}'),
(439, 281, 'a:2:{s:5:\"width\";s:1:\"0\";s:6:\"height\";s:1:\"0\";}', 'a:1:{s:7:\"enabled\";s:1:\"N\";}', 'a:5:{s:7:\"enabled\";s:1:\"N\";s:4:\"type\";s:1:\"G\";s:5:\"value\";s:20:\"   fa fa-fw fa-heart\";s:10:\"color_type\";s:1:\"S\";s:5:\"color\";s:7:\"#ffffff\";}', 'a:6:{s:7:\"enabled\";s:1:\"N\";s:5:\"label\";s:0:\"\";s:10:\"color_type\";s:1:\"S\";s:5:\"color\";s:7:\"#ffffff\";s:3:\"bkg\";s:7:\"#000000\";s:5:\"descr\";s:0:\"\";}', 'a:5:{s:7:\"enabled\";s:1:\"N\";s:3:\"url\";s:0:\"\";s:9:\"push_menu\";s:1:\"N\";s:12:\"offset_right\";s:1:\"0\";s:13:\"offset_bottom\";s:1:\"0\";}', 'no', 'a:13:{s:7:\"enabled\";s:1:\"N\";s:3:\"ids\";s:0:\"\";s:8:\"position\";s:1:\"R\";s:10:\"show_title\";s:1:\"Y\";s:5:\"title\";s:0:\"\";s:10:\"color_type\";s:1:\"S\";s:21:\"title_bkg_transparent\";s:1:\"N\";s:9:\"title_bkg\";s:7:\"#000000\";s:11:\"title_color\";s:7:\"#ffffff\";s:19:\"show_discount_label\";s:1:\"Y\";s:9:\"show_name\";s:1:\"Y\";s:10:\"show_price\";s:1:\"Y\";s:14:\"show_old_price\";s:1:\"Y\";}'),
(313, 281, 'a:2:{s:5:\"width\";s:1:\"0\";s:6:\"height\";s:1:\"0\";}', 'a:1:{s:7:\"enabled\";s:1:\"N\";}', 'a:5:{s:7:\"enabled\";s:1:\"N\";s:4:\"type\";s:1:\"G\";s:5:\"value\";s:20:\"   fa fa-fw fa-heart\";s:10:\"color_type\";s:1:\"S\";s:5:\"color\";s:7:\"#ffffff\";}', 'a:6:{s:7:\"enabled\";s:1:\"N\";s:5:\"label\";s:0:\"\";s:10:\"color_type\";s:1:\"S\";s:5:\"color\";s:7:\"#ffffff\";s:3:\"bkg\";s:7:\"#000000\";s:5:\"descr\";s:0:\"\";}', 'a:5:{s:7:\"enabled\";s:1:\"N\";s:3:\"url\";s:0:\"\";s:9:\"push_menu\";s:1:\"N\";s:12:\"offset_right\";s:1:\"0\";s:13:\"offset_bottom\";s:1:\"0\";}', 'da', 'a:13:{s:7:\"enabled\";s:1:\"N\";s:3:\"ids\";s:0:\"\";s:8:\"position\";s:1:\"R\";s:10:\"show_title\";s:1:\"Y\";s:5:\"title\";s:0:\"\";s:10:\"color_type\";s:1:\"S\";s:21:\"title_bkg_transparent\";s:1:\"N\";s:9:\"title_bkg\";s:7:\"#000000\";s:11:\"title_color\";s:7:\"#ffffff\";s:19:\"show_discount_label\";s:1:\"Y\";s:9:\"show_name\";s:1:\"Y\";s:10:\"show_price\";s:1:\"Y\";s:14:\"show_old_price\";s:1:\"Y\";}'),
(118, 281, 'a:2:{s:5:\"width\";s:1:\"0\";s:6:\"height\";s:1:\"0\";}', 'a:1:{s:7:\"enabled\";s:1:\"N\";}', 'a:5:{s:7:\"enabled\";s:1:\"N\";s:4:\"type\";s:1:\"G\";s:5:\"value\";s:20:\"   fa fa-fw fa-heart\";s:10:\"color_type\";s:1:\"S\";s:5:\"color\";s:7:\"#ffffff\";}', 'a:6:{s:7:\"enabled\";s:1:\"N\";s:5:\"label\";s:0:\"\";s:10:\"color_type\";s:1:\"S\";s:5:\"color\";s:7:\"#ffffff\";s:3:\"bkg\";s:7:\"#000000\";s:5:\"descr\";s:0:\"\";}', 'a:5:{s:7:\"enabled\";s:1:\"N\";s:3:\"url\";s:0:\"\";s:9:\"push_menu\";s:1:\"N\";s:12:\"offset_right\";s:1:\"0\";s:13:\"offset_bottom\";s:1:\"0\";}', 'pt', 'a:13:{s:7:\"enabled\";s:1:\"N\";s:3:\"ids\";s:0:\"\";s:8:\"position\";s:1:\"R\";s:10:\"show_title\";s:1:\"Y\";s:5:\"title\";s:0:\"\";s:10:\"color_type\";s:1:\"S\";s:21:\"title_bkg_transparent\";s:1:\"N\";s:9:\"title_bkg\";s:7:\"#000000\";s:11:\"title_color\";s:7:\"#ffffff\";s:19:\"show_discount_label\";s:1:\"Y\";s:9:\"show_name\";s:1:\"Y\";s:10:\"show_price\";s:1:\"Y\";s:14:\"show_old_price\";s:1:\"Y\";}'),
(299, 281, 'a:2:{s:5:\"width\";s:1:\"0\";s:6:\"height\";s:1:\"0\";}', 'a:1:{s:7:\"enabled\";s:1:\"N\";}', 'a:5:{s:7:\"enabled\";s:1:\"N\";s:4:\"type\";s:1:\"G\";s:5:\"value\";s:20:\"   fa fa-fw fa-heart\";s:10:\"color_type\";s:1:\"S\";s:5:\"color\";s:7:\"#ffffff\";}', 'a:6:{s:7:\"enabled\";s:1:\"N\";s:5:\"label\";s:0:\"\";s:10:\"color_type\";s:1:\"S\";s:5:\"color\";s:7:\"#ffffff\";s:3:\"bkg\";s:7:\"#000000\";s:5:\"descr\";s:0:\"\";}', 'a:5:{s:7:\"enabled\";s:1:\"N\";s:3:\"url\";s:0:\"\";s:9:\"push_menu\";s:1:\"N\";s:12:\"offset_right\";s:1:\"0\";s:13:\"offset_bottom\";s:1:\"0\";}', 'en', 'a:13:{s:7:\"enabled\";s:1:\"N\";s:3:\"ids\";s:0:\"\";s:8:\"position\";s:1:\"R\";s:10:\"show_title\";s:1:\"Y\";s:5:\"title\";s:0:\"\";s:10:\"color_type\";s:1:\"S\";s:21:\"title_bkg_transparent\";s:1:\"N\";s:9:\"title_bkg\";s:7:\"#000000\";s:11:\"title_color\";s:7:\"#ffffff\";s:19:\"show_discount_label\";s:1:\"Y\";s:9:\"show_name\";s:1:\"Y\";s:10:\"show_price\";s:1:\"Y\";s:14:\"show_old_price\";s:1:\"Y\";}');

-- --------------------------------------------------------

--
-- Table structure for table `partiushop_et_featured_product_banner_tabs`
--

CREATE TABLE `partiushop_et_featured_product_banner_tabs` (
  `block_id` mediumint(8) UNSIGNED NOT NULL,
  `data` text DEFAULT '',
  `status` char(1) NOT NULL DEFAULT 'A'
) ENGINE=MyISAM DEFAULT CHARSET=utf8;

--
-- Dumping data for table `partiushop_et_featured_product_banner_tabs`
--

INSERT INTO `partiushop_et_featured_product_banner_tabs` (`block_id`, `data`, `status`) VALUES
(1, 'a:4:{s:5:\"color\";s:7:\"#ff9900\";s:9:\"bkg_color\";s:7:\"#ff9900\";s:10:\"tabs_color\";s:7:\"#000000\";s:17:\"tabs_color_active\";s:7:\"#ff9900\";}', 'A'),
(2, 'a:4:{s:5:\"color\";s:7:\"#cc0000\";s:9:\"bkg_color\";s:7:\"#cc0000\";s:10:\"tabs_color\";s:7:\"#000000\";s:17:\"tabs_color_active\";s:7:\"#cc0000\";}', 'A'),
(3, 'a:4:{s:5:\"color\";s:7:\"#434343\";s:9:\"bkg_color\";s:7:\"#f1c232\";s:10:\"tabs_color\";s:7:\"#6aa84f\";s:17:\"tabs_color_active\";s:7:\"#e83e8c\";}', 'A'),
(4, 'a:4:{s:5:\"color\";s:7:\"#20a7ab\";s:9:\"bkg_color\";s:7:\"#20a7ab\";s:10:\"tabs_color\";s:7:\"#000000\";s:17:\"tabs_color_active\";s:7:\"#20a7ab\";}', 'A');

-- --------------------------------------------------------

--
-- Table structure for table `partiushop_et_featured_product_banner_tabs_data`
--

CREATE TABLE `partiushop_et_featured_product_banner_tabs_data` (
  `block_id` mediumint(8) UNSIGNED NOT NULL,
  `data` text DEFAULT '',
  `lang_code` char(2) NOT NULL DEFAULT ''
) ENGINE=MyISAM DEFAULT CHARSET=utf8;

--
-- Dumping data for table `partiushop_et_featured_product_banner_tabs_data`
--

INSERT INTO `partiushop_et_featured_product_banner_tabs_data` (`block_id`, `data`, `lang_code`) VALUES
(1, 'a:1:{s:5:\"title\";s:20:\"Items For Your House\";}', 'pt'),
(1, 'a:1:{s:5:\"title\";s:20:\"Items For Your House\";}', 'en'),
(1, 'a:1:{s:5:\"title\";s:20:\"Items For Your House\";}', 'da'),
(1, 'a:1:{s:5:\"title\";s:20:\"Items For Your House\";}', 'de'),
(1, 'a:1:{s:5:\"title\";s:20:\"Items For Your House\";}', 'es'),
(1, 'a:1:{s:5:\"title\";s:20:\"Items For Your House\";}', 'fr'),
(1, 'a:1:{s:5:\"title\";s:20:\"Items For Your House\";}', 'el'),
(1, 'a:1:{s:5:\"title\";s:20:\"Items For Your House\";}', 'it'),
(1, 'a:1:{s:5:\"title\";s:20:\"Items For Your House\";}', 'nl'),
(1, 'a:1:{s:5:\"title\";s:20:\"Items For Your House\";}', 'ro'),
(1, 'a:1:{s:5:\"title\";s:20:\"Items For Your House\";}', 'ru'),
(1, 'a:1:{s:5:\"title\";s:20:\"Items For Your House\";}', 'no'),
(2, 'a:1:{s:5:\"title\";s:12:\"Best Watches\";}', 'pt'),
(2, 'a:1:{s:5:\"title\";s:12:\"Best Watches\";}', 'en'),
(2, 'a:1:{s:5:\"title\";s:12:\"Best Watches\";}', 'da'),
(2, 'a:1:{s:5:\"title\";s:12:\"Best Watches\";}', 'de'),
(2, 'a:1:{s:5:\"title\";s:12:\"Best Watches\";}', 'es'),
(2, 'a:1:{s:5:\"title\";s:12:\"Best Watches\";}', 'fr'),
(2, 'a:1:{s:5:\"title\";s:12:\"Best Watches\";}', 'el'),
(2, 'a:1:{s:5:\"title\";s:12:\"Best Watches\";}', 'it'),
(2, 'a:1:{s:5:\"title\";s:12:\"Best Watches\";}', 'nl'),
(2, 'a:1:{s:5:\"title\";s:12:\"Best Watches\";}', 'ro'),
(2, 'a:1:{s:5:\"title\";s:12:\"Best Watches\";}', 'ru'),
(2, 'a:1:{s:5:\"title\";s:12:\"Best Watches\";}', 'no'),
(3, 'a:1:{s:5:\"title\";s:15:\"For Your Health\";}', 'pt'),
(3, 'a:1:{s:5:\"title\";s:15:\"For Your Health\";}', 'en'),
(3, 'a:1:{s:5:\"title\";s:15:\"For Your Health\";}', 'da'),
(3, 'a:1:{s:5:\"title\";s:15:\"For Your Health\";}', 'de'),
(3, 'a:1:{s:5:\"title\";s:15:\"For Your Health\";}', 'es'),
(3, 'a:1:{s:5:\"title\";s:15:\"For Your Health\";}', 'fr'),
(3, 'a:1:{s:5:\"title\";s:15:\"For Your Health\";}', 'el'),
(3, 'a:1:{s:5:\"title\";s:15:\"For Your Health\";}', 'it'),
(3, 'a:1:{s:5:\"title\";s:15:\"For Your Health\";}', 'nl'),
(3, 'a:1:{s:5:\"title\";s:15:\"For Your Health\";}', 'ro'),
(3, 'a:1:{s:5:\"title\";s:15:\"For Your Health\";}', 'ru'),
(3, 'a:1:{s:5:\"title\";s:15:\"For Your Health\";}', 'no'),
(4, 'a:1:{s:5:\"title\";s:18:\"Electronic devices\";}', 'pt'),
(4, 'a:1:{s:5:\"title\";s:18:\"Electronic devices\";}', 'en'),
(4, 'a:1:{s:5:\"title\";s:18:\"Electronic devices\";}', 'da'),
(4, 'a:1:{s:5:\"title\";s:18:\"Electronic devices\";}', 'de'),
(4, 'a:1:{s:5:\"title\";s:18:\"Electronic devices\";}', 'es'),
(4, 'a:1:{s:5:\"title\";s:18:\"Electronic devices\";}', 'fr'),
(4, 'a:1:{s:5:\"title\";s:18:\"Electronic devices\";}', 'el'),
(4, 'a:1:{s:5:\"title\";s:18:\"Electronic devices\";}', 'it'),
(4, 'a:1:{s:5:\"title\";s:18:\"Electronic devices\";}', 'nl'),
(4, 'a:1:{s:5:\"title\";s:18:\"Electronic devices\";}', 'ro'),
(4, 'a:1:{s:5:\"title\";s:18:\"Electronic devices\";}', 'ru'),
(4, 'a:1:{s:5:\"title\";s:18:\"Electronic devices\";}', 'no');

-- --------------------------------------------------------

--
-- Table structure for table `partiushop_et_featured_product_banner_tabs_tabs`
--

CREATE TABLE `partiushop_et_featured_product_banner_tabs_tabs` (
  `tab_id` mediumint(8) UNSIGNED NOT NULL,
  `block_id` mediumint(8) UNSIGNED NOT NULL,
  `position` smallint(5) UNSIGNED NOT NULL DEFAULT 0,
  `data` text DEFAULT ''
) ENGINE=MyISAM DEFAULT CHARSET=utf8;

--
-- Dumping data for table `partiushop_et_featured_product_banner_tabs_tabs`
--

INSERT INTO `partiushop_et_featured_product_banner_tabs_tabs` (`tab_id`, `block_id`, `position`, `data`) VALUES
(1, 1, 10, 'a:3:{s:15:\"custom_settings\";a:4:{s:6:\"active\";s:1:\"Y\";s:10:\"title_rows\";s:1:\"2\";s:7:\"columns\";s:1:\"6\";s:11:\"image_width\";s:3:\"298\";}s:11:\"product_ids\";s:22:\"1,4,5,6,7,8,9,10,11,12\";s:10:\"banner_ids\";a:2:{s:8:\"banner_1\";i:72;s:8:\"banner_2\";s:0:\"\";}}'),
(2, 1, 20, 'a:3:{s:15:\"custom_settings\";a:4:{s:6:\"active\";s:1:\"Y\";s:10:\"title_rows\";s:1:\"2\";s:7:\"columns\";s:1:\"6\";s:11:\"image_width\";s:3:\"298\";}s:11:\"product_ids\";s:40:\"1,4,5,6,7,8,9,10,11,12,13,14,15,16,17,18\";s:10:\"banner_ids\";a:2:{s:8:\"banner_1\";i:73;s:8:\"banner_2\";i:74;}}'),
(3, 1, 30, 'a:3:{s:15:\"custom_settings\";a:4:{s:6:\"active\";s:1:\"Y\";s:10:\"title_rows\";s:1:\"2\";s:7:\"columns\";s:2:\"10\";s:11:\"image_width\";s:3:\"298\";}s:11:\"product_ids\";s:22:\"1,4,5,6,7,8,9,10,11,12\";s:10:\"banner_ids\";a:2:{s:8:\"banner_1\";s:0:\"\";s:8:\"banner_2\";s:0:\"\";}}'),
(4, 2, 10, 'a:3:{s:15:\"custom_settings\";a:4:{s:6:\"active\";s:1:\"Y\";s:10:\"title_rows\";s:1:\"2\";s:7:\"columns\";s:1:\"8\";s:11:\"image_width\";s:3:\"178\";}s:11:\"product_ids\";s:28:\"1,4,5,6,7,8,9,10,11,12,13,14\";s:10:\"banner_ids\";a:2:{s:8:\"banner_1\";i:75;s:8:\"banner_2\";i:76;}}'),
(5, 2, 20, 'a:3:{s:15:\"custom_settings\";a:4:{s:6:\"active\";s:1:\"Y\";s:10:\"title_rows\";s:1:\"2\";s:7:\"columns\";s:1:\"8\";s:11:\"image_width\";s:3:\"178\";}s:11:\"product_ids\";s:28:\"1,4,5,6,7,8,9,10,11,12,13,14\";s:10:\"banner_ids\";a:2:{s:8:\"banner_1\";i:77;s:8:\"banner_2\";s:0:\"\";}}'),
(6, 2, 30, 'a:3:{s:15:\"custom_settings\";a:4:{s:6:\"active\";s:1:\"Y\";s:10:\"title_rows\";s:1:\"2\";s:7:\"columns\";s:1:\"8\";s:11:\"image_width\";s:3:\"178\";}s:11:\"product_ids\";s:22:\"1,4,5,6,7,8,9,10,11,12\";s:10:\"banner_ids\";a:2:{s:8:\"banner_1\";i:78;s:8:\"banner_2\";s:0:\"\";}}'),
(7, 3, 10, 'a:3:{s:15:\"custom_settings\";a:4:{s:6:\"active\";s:1:\"Y\";s:10:\"title_rows\";s:1:\"2\";s:7:\"columns\";s:1:\"8\";s:11:\"image_width\";s:3:\"178\";}s:11:\"product_ids\";s:22:\"1,4,5,6,7,8,9,10,11,12\";s:10:\"banner_ids\";a:2:{s:8:\"banner_1\";i:79;s:8:\"banner_2\";s:0:\"\";}}'),
(8, 3, 20, 'a:3:{s:15:\"custom_settings\";a:4:{s:6:\"active\";s:1:\"Y\";s:10:\"title_rows\";s:1:\"2\";s:7:\"columns\";s:1:\"8\";s:11:\"image_width\";s:3:\"178\";}s:11:\"product_ids\";s:25:\"1,4,5,6,7,8,9,10,11,12,13\";s:10:\"banner_ids\";a:2:{s:8:\"banner_1\";i:80;s:8:\"banner_2\";i:81;}}'),
(9, 3, 30, 'a:3:{s:15:\"custom_settings\";a:4:{s:6:\"active\";s:1:\"Y\";s:10:\"title_rows\";s:1:\"2\";s:7:\"columns\";s:1:\"8\";s:11:\"image_width\";s:3:\"178\";}s:11:\"product_ids\";s:25:\"1,4,5,6,7,8,9,10,11,12,13\";s:10:\"banner_ids\";a:2:{s:8:\"banner_1\";i:82;s:8:\"banner_2\";s:0:\"\";}}'),
(10, 3, 40, 'a:3:{s:15:\"custom_settings\";a:4:{s:6:\"active\";s:1:\"N\";s:10:\"title_rows\";s:1:\"1\";s:7:\"columns\";s:1:\"8\";s:11:\"image_width\";s:3:\"178\";}s:11:\"product_ids\";s:28:\"1,4,5,6,7,8,9,10,11,12,13,14\";s:10:\"banner_ids\";a:2:{s:8:\"banner_1\";i:83;s:8:\"banner_2\";s:0:\"\";}}'),
(11, 4, 10, 'a:3:{s:15:\"custom_settings\";a:4:{s:6:\"active\";s:1:\"Y\";s:10:\"title_rows\";s:1:\"2\";s:7:\"columns\";s:1:\"6\";s:11:\"image_width\";s:3:\"298\";}s:11:\"product_ids\";s:22:\"1,4,5,6,7,8,9,10,11,12\";s:10:\"banner_ids\";a:2:{s:8:\"banner_1\";i:84;s:8:\"banner_2\";i:85;}}'),
(12, 4, 20, 'a:3:{s:15:\"custom_settings\";a:4:{s:6:\"active\";s:1:\"Y\";s:10:\"title_rows\";s:1:\"2\";s:7:\"columns\";s:1:\"6\";s:11:\"image_width\";s:3:\"298\";}s:11:\"product_ids\";s:22:\"1,4,5,6,7,8,9,10,11,12\";s:10:\"banner_ids\";a:2:{s:8:\"banner_1\";i:86;s:8:\"banner_2\";i:87;}}'),
(13, 4, 30, 'a:3:{s:15:\"custom_settings\";a:4:{s:6:\"active\";s:1:\"Y\";s:10:\"title_rows\";s:1:\"2\";s:7:\"columns\";s:1:\"9\";s:11:\"image_width\";s:3:\"298\";}s:11:\"product_ids\";s:22:\"1,4,5,6,7,8,9,10,11,12\";s:10:\"banner_ids\";a:2:{s:8:\"banner_1\";i:88;s:8:\"banner_2\";s:0:\"\";}}'),
(14, 4, 40, 'a:3:{s:15:\"custom_settings\";a:4:{s:6:\"active\";s:1:\"Y\";s:10:\"title_rows\";s:1:\"2\";s:7:\"columns\";s:1:\"6\";s:11:\"image_width\";s:3:\"298\";}s:11:\"product_ids\";s:34:\"1,4,5,6,7,8,9,10,11,12,13,14,15,16\";s:10:\"banner_ids\";a:2:{s:8:\"banner_1\";i:89;s:8:\"banner_2\";s:0:\"\";}}');

-- --------------------------------------------------------

--
-- Table structure for table `partiushop_et_featured_product_banner_tabs_tabs_data`
--

CREATE TABLE `partiushop_et_featured_product_banner_tabs_tabs_data` (
  `data_id` mediumint(8) UNSIGNED NOT NULL,
  `tab_id` mediumint(8) UNSIGNED NOT NULL,
  `data` text DEFAULT '',
  `lang_code` char(2) NOT NULL DEFAULT ''
) ENGINE=MyISAM DEFAULT CHARSET=utf8;

--
-- Dumping data for table `partiushop_et_featured_product_banner_tabs_tabs_data`
--

INSERT INTO `partiushop_et_featured_product_banner_tabs_tabs_data` (`data_id`, `tab_id`, `data`, `lang_code`) VALUES
(13, 1, 'a:3:{s:5:\"title\";s:10:\"Appliances\";s:12:\"url_banner_1\";s:1:\"#\";s:12:\"url_banner_2\";s:0:\"\";}', 'pt'),
(183, 1, 'a:3:{s:5:\"title\";s:10:\"Appliances\";s:12:\"url_banner_1\";s:1:\"#\";s:12:\"url_banner_2\";s:0:\"\";}', 'en'),
(197, 1, 'a:3:{s:5:\"title\";s:10:\"Appliances\";s:12:\"url_banner_1\";s:1:\"#\";s:12:\"url_banner_2\";s:0:\"\";}', 'da'),
(211, 1, 'a:3:{s:5:\"title\";s:10:\"Appliances\";s:12:\"url_banner_1\";s:1:\"#\";s:12:\"url_banner_2\";s:0:\"\";}', 'de'),
(337, 1, 'a:3:{s:5:\"title\";s:10:\"Appliances\";s:12:\"url_banner_1\";s:1:\"#\";s:12:\"url_banner_2\";s:0:\"\";}', 'es'),
(239, 1, 'a:3:{s:5:\"title\";s:10:\"Appliances\";s:12:\"url_banner_1\";s:1:\"#\";s:12:\"url_banner_2\";s:0:\"\";}', 'fr'),
(253, 1, 'a:3:{s:5:\"title\";s:10:\"Appliances\";s:12:\"url_banner_1\";s:1:\"#\";s:12:\"url_banner_2\";s:0:\"\";}', 'el'),
(267, 1, 'a:3:{s:5:\"title\";s:10:\"Appliances\";s:12:\"url_banner_1\";s:1:\"#\";s:12:\"url_banner_2\";s:0:\"\";}', 'it'),
(281, 1, 'a:3:{s:5:\"title\";s:10:\"Appliances\";s:12:\"url_banner_1\";s:1:\"#\";s:12:\"url_banner_2\";s:0:\"\";}', 'nl'),
(295, 1, 'a:3:{s:5:\"title\";s:10:\"Appliances\";s:12:\"url_banner_1\";s:1:\"#\";s:12:\"url_banner_2\";s:0:\"\";}', 'ro'),
(309, 1, 'a:3:{s:5:\"title\";s:10:\"Appliances\";s:12:\"url_banner_1\";s:1:\"#\";s:12:\"url_banner_2\";s:0:\"\";}', 'ru'),
(323, 1, 'a:3:{s:5:\"title\";s:10:\"Appliances\";s:12:\"url_banner_1\";s:1:\"#\";s:12:\"url_banner_2\";s:0:\"\";}', 'no'),
(26, 2, 'a:3:{s:5:\"title\";s:11:\"Modern Rugs\";s:12:\"url_banner_1\";s:1:\"#\";s:12:\"url_banner_2\";s:1:\"#\";}', 'pt'),
(184, 2, 'a:3:{s:5:\"title\";s:11:\"Modern Rugs\";s:12:\"url_banner_1\";s:1:\"#\";s:12:\"url_banner_2\";s:1:\"#\";}', 'en'),
(198, 2, 'a:3:{s:5:\"title\";s:11:\"Modern Rugs\";s:12:\"url_banner_1\";s:1:\"#\";s:12:\"url_banner_2\";s:1:\"#\";}', 'da'),
(212, 2, 'a:3:{s:5:\"title\";s:11:\"Modern Rugs\";s:12:\"url_banner_1\";s:1:\"#\";s:12:\"url_banner_2\";s:1:\"#\";}', 'de'),
(338, 2, 'a:3:{s:5:\"title\";s:11:\"Modern Rugs\";s:12:\"url_banner_1\";s:1:\"#\";s:12:\"url_banner_2\";s:1:\"#\";}', 'es'),
(240, 2, 'a:3:{s:5:\"title\";s:11:\"Modern Rugs\";s:12:\"url_banner_1\";s:1:\"#\";s:12:\"url_banner_2\";s:1:\"#\";}', 'fr'),
(254, 2, 'a:3:{s:5:\"title\";s:11:\"Modern Rugs\";s:12:\"url_banner_1\";s:1:\"#\";s:12:\"url_banner_2\";s:1:\"#\";}', 'el'),
(268, 2, 'a:3:{s:5:\"title\";s:11:\"Modern Rugs\";s:12:\"url_banner_1\";s:1:\"#\";s:12:\"url_banner_2\";s:1:\"#\";}', 'it'),
(282, 2, 'a:3:{s:5:\"title\";s:11:\"Modern Rugs\";s:12:\"url_banner_1\";s:1:\"#\";s:12:\"url_banner_2\";s:1:\"#\";}', 'nl'),
(296, 2, 'a:3:{s:5:\"title\";s:11:\"Modern Rugs\";s:12:\"url_banner_1\";s:1:\"#\";s:12:\"url_banner_2\";s:1:\"#\";}', 'ro'),
(310, 2, 'a:3:{s:5:\"title\";s:11:\"Modern Rugs\";s:12:\"url_banner_1\";s:1:\"#\";s:12:\"url_banner_2\";s:1:\"#\";}', 'ru'),
(324, 2, 'a:3:{s:5:\"title\";s:11:\"Modern Rugs\";s:12:\"url_banner_1\";s:1:\"#\";s:12:\"url_banner_2\";s:1:\"#\";}', 'no'),
(39, 3, 'a:3:{s:5:\"title\";s:15:\"Home Appliances\";s:12:\"url_banner_1\";s:0:\"\";s:12:\"url_banner_2\";s:0:\"\";}', 'pt'),
(185, 3, 'a:3:{s:5:\"title\";s:15:\"Home Appliances\";s:12:\"url_banner_1\";s:0:\"\";s:12:\"url_banner_2\";s:0:\"\";}', 'en'),
(199, 3, 'a:3:{s:5:\"title\";s:15:\"Home Appliances\";s:12:\"url_banner_1\";s:0:\"\";s:12:\"url_banner_2\";s:0:\"\";}', 'da'),
(213, 3, 'a:3:{s:5:\"title\";s:15:\"Home Appliances\";s:12:\"url_banner_1\";s:0:\"\";s:12:\"url_banner_2\";s:0:\"\";}', 'de'),
(339, 3, 'a:3:{s:5:\"title\";s:15:\"Home Appliances\";s:12:\"url_banner_1\";s:0:\"\";s:12:\"url_banner_2\";s:0:\"\";}', 'es'),
(241, 3, 'a:3:{s:5:\"title\";s:15:\"Home Appliances\";s:12:\"url_banner_1\";s:0:\"\";s:12:\"url_banner_2\";s:0:\"\";}', 'fr'),
(255, 3, 'a:3:{s:5:\"title\";s:15:\"Home Appliances\";s:12:\"url_banner_1\";s:0:\"\";s:12:\"url_banner_2\";s:0:\"\";}', 'el'),
(269, 3, 'a:3:{s:5:\"title\";s:15:\"Home Appliances\";s:12:\"url_banner_1\";s:0:\"\";s:12:\"url_banner_2\";s:0:\"\";}', 'it'),
(283, 3, 'a:3:{s:5:\"title\";s:15:\"Home Appliances\";s:12:\"url_banner_1\";s:0:\"\";s:12:\"url_banner_2\";s:0:\"\";}', 'nl'),
(297, 3, 'a:3:{s:5:\"title\";s:15:\"Home Appliances\";s:12:\"url_banner_1\";s:0:\"\";s:12:\"url_banner_2\";s:0:\"\";}', 'ro'),
(311, 3, 'a:3:{s:5:\"title\";s:15:\"Home Appliances\";s:12:\"url_banner_1\";s:0:\"\";s:12:\"url_banner_2\";s:0:\"\";}', 'ru'),
(325, 3, 'a:3:{s:5:\"title\";s:15:\"Home Appliances\";s:12:\"url_banner_1\";s:0:\"\";s:12:\"url_banner_2\";s:0:\"\";}', 'no'),
(52, 4, 'a:3:{s:5:\"title\";s:7:\"For Her\";s:12:\"url_banner_1\";s:1:\"#\";s:12:\"url_banner_2\";s:1:\"#\";}', 'pt'),
(186, 4, 'a:3:{s:5:\"title\";s:7:\"For Her\";s:12:\"url_banner_1\";s:1:\"#\";s:12:\"url_banner_2\";s:1:\"#\";}', 'en'),
(200, 4, 'a:3:{s:5:\"title\";s:7:\"For Her\";s:12:\"url_banner_1\";s:1:\"#\";s:12:\"url_banner_2\";s:1:\"#\";}', 'da'),
(214, 4, 'a:3:{s:5:\"title\";s:7:\"For Her\";s:12:\"url_banner_1\";s:1:\"#\";s:12:\"url_banner_2\";s:1:\"#\";}', 'de'),
(340, 4, 'a:3:{s:5:\"title\";s:7:\"For Her\";s:12:\"url_banner_1\";s:1:\"#\";s:12:\"url_banner_2\";s:1:\"#\";}', 'es'),
(242, 4, 'a:3:{s:5:\"title\";s:7:\"For Her\";s:12:\"url_banner_1\";s:1:\"#\";s:12:\"url_banner_2\";s:1:\"#\";}', 'fr'),
(256, 4, 'a:3:{s:5:\"title\";s:7:\"For Her\";s:12:\"url_banner_1\";s:1:\"#\";s:12:\"url_banner_2\";s:1:\"#\";}', 'el'),
(270, 4, 'a:3:{s:5:\"title\";s:7:\"For Her\";s:12:\"url_banner_1\";s:1:\"#\";s:12:\"url_banner_2\";s:1:\"#\";}', 'it'),
(284, 4, 'a:3:{s:5:\"title\";s:7:\"For Her\";s:12:\"url_banner_1\";s:1:\"#\";s:12:\"url_banner_2\";s:1:\"#\";}', 'nl'),
(298, 4, 'a:3:{s:5:\"title\";s:7:\"For Her\";s:12:\"url_banner_1\";s:1:\"#\";s:12:\"url_banner_2\";s:1:\"#\";}', 'ro'),
(312, 4, 'a:3:{s:5:\"title\";s:7:\"For Her\";s:12:\"url_banner_1\";s:1:\"#\";s:12:\"url_banner_2\";s:1:\"#\";}', 'ru'),
(326, 4, 'a:3:{s:5:\"title\";s:7:\"For Her\";s:12:\"url_banner_1\";s:1:\"#\";s:12:\"url_banner_2\";s:1:\"#\";}', 'no'),
(65, 5, 'a:3:{s:5:\"title\";s:7:\"For Him\";s:12:\"url_banner_1\";s:0:\"\";s:12:\"url_banner_2\";s:0:\"\";}', 'pt'),
(187, 5, 'a:3:{s:5:\"title\";s:7:\"For Him\";s:12:\"url_banner_1\";s:0:\"\";s:12:\"url_banner_2\";s:0:\"\";}', 'en'),
(201, 5, 'a:3:{s:5:\"title\";s:7:\"For Him\";s:12:\"url_banner_1\";s:0:\"\";s:12:\"url_banner_2\";s:0:\"\";}', 'da'),
(215, 5, 'a:3:{s:5:\"title\";s:7:\"For Him\";s:12:\"url_banner_1\";s:0:\"\";s:12:\"url_banner_2\";s:0:\"\";}', 'de'),
(341, 5, 'a:3:{s:5:\"title\";s:7:\"For Him\";s:12:\"url_banner_1\";s:0:\"\";s:12:\"url_banner_2\";s:0:\"\";}', 'es'),
(243, 5, 'a:3:{s:5:\"title\";s:7:\"For Him\";s:12:\"url_banner_1\";s:0:\"\";s:12:\"url_banner_2\";s:0:\"\";}', 'fr'),
(257, 5, 'a:3:{s:5:\"title\";s:7:\"For Him\";s:12:\"url_banner_1\";s:0:\"\";s:12:\"url_banner_2\";s:0:\"\";}', 'el'),
(271, 5, 'a:3:{s:5:\"title\";s:7:\"For Him\";s:12:\"url_banner_1\";s:0:\"\";s:12:\"url_banner_2\";s:0:\"\";}', 'it'),
(285, 5, 'a:3:{s:5:\"title\";s:7:\"For Him\";s:12:\"url_banner_1\";s:0:\"\";s:12:\"url_banner_2\";s:0:\"\";}', 'nl'),
(299, 5, 'a:3:{s:5:\"title\";s:7:\"For Him\";s:12:\"url_banner_1\";s:0:\"\";s:12:\"url_banner_2\";s:0:\"\";}', 'ro'),
(313, 5, 'a:3:{s:5:\"title\";s:7:\"For Him\";s:12:\"url_banner_1\";s:0:\"\";s:12:\"url_banner_2\";s:0:\"\";}', 'ru'),
(327, 5, 'a:3:{s:5:\"title\";s:7:\"For Him\";s:12:\"url_banner_1\";s:0:\"\";s:12:\"url_banner_2\";s:0:\"\";}', 'no'),
(78, 6, 'a:3:{s:5:\"title\";s:13:\"Smart Watches\";s:12:\"url_banner_1\";s:1:\"#\";s:12:\"url_banner_2\";s:0:\"\";}', 'pt'),
(188, 6, 'a:3:{s:5:\"title\";s:13:\"Smart Watches\";s:12:\"url_banner_1\";s:1:\"#\";s:12:\"url_banner_2\";s:0:\"\";}', 'en'),
(202, 6, 'a:3:{s:5:\"title\";s:13:\"Smart Watches\";s:12:\"url_banner_1\";s:1:\"#\";s:12:\"url_banner_2\";s:0:\"\";}', 'da'),
(216, 6, 'a:3:{s:5:\"title\";s:13:\"Smart Watches\";s:12:\"url_banner_1\";s:1:\"#\";s:12:\"url_banner_2\";s:0:\"\";}', 'de'),
(342, 6, 'a:3:{s:5:\"title\";s:13:\"Smart Watches\";s:12:\"url_banner_1\";s:1:\"#\";s:12:\"url_banner_2\";s:0:\"\";}', 'es'),
(244, 6, 'a:3:{s:5:\"title\";s:13:\"Smart Watches\";s:12:\"url_banner_1\";s:1:\"#\";s:12:\"url_banner_2\";s:0:\"\";}', 'fr'),
(258, 6, 'a:3:{s:5:\"title\";s:13:\"Smart Watches\";s:12:\"url_banner_1\";s:1:\"#\";s:12:\"url_banner_2\";s:0:\"\";}', 'el'),
(272, 6, 'a:3:{s:5:\"title\";s:13:\"Smart Watches\";s:12:\"url_banner_1\";s:1:\"#\";s:12:\"url_banner_2\";s:0:\"\";}', 'it'),
(286, 6, 'a:3:{s:5:\"title\";s:13:\"Smart Watches\";s:12:\"url_banner_1\";s:1:\"#\";s:12:\"url_banner_2\";s:0:\"\";}', 'nl'),
(300, 6, 'a:3:{s:5:\"title\";s:13:\"Smart Watches\";s:12:\"url_banner_1\";s:1:\"#\";s:12:\"url_banner_2\";s:0:\"\";}', 'ro'),
(314, 6, 'a:3:{s:5:\"title\";s:13:\"Smart Watches\";s:12:\"url_banner_1\";s:1:\"#\";s:12:\"url_banner_2\";s:0:\"\";}', 'ru'),
(328, 6, 'a:3:{s:5:\"title\";s:13:\"Smart Watches\";s:12:\"url_banner_1\";s:1:\"#\";s:12:\"url_banner_2\";s:0:\"\";}', 'no'),
(91, 7, 'a:3:{s:5:\"title\";s:12:\"Toothbrushes\";s:12:\"url_banner_1\";s:1:\"#\";s:12:\"url_banner_2\";s:0:\"\";}', 'pt'),
(189, 7, 'a:3:{s:5:\"title\";s:12:\"Toothbrushes\";s:12:\"url_banner_1\";s:1:\"#\";s:12:\"url_banner_2\";s:0:\"\";}', 'en'),
(203, 7, 'a:3:{s:5:\"title\";s:12:\"Toothbrushes\";s:12:\"url_banner_1\";s:1:\"#\";s:12:\"url_banner_2\";s:0:\"\";}', 'da'),
(217, 7, 'a:3:{s:5:\"title\";s:12:\"Toothbrushes\";s:12:\"url_banner_1\";s:1:\"#\";s:12:\"url_banner_2\";s:0:\"\";}', 'de'),
(343, 7, 'a:3:{s:5:\"title\";s:12:\"Toothbrushes\";s:12:\"url_banner_1\";s:1:\"#\";s:12:\"url_banner_2\";s:0:\"\";}', 'es'),
(245, 7, 'a:3:{s:5:\"title\";s:12:\"Toothbrushes\";s:12:\"url_banner_1\";s:1:\"#\";s:12:\"url_banner_2\";s:0:\"\";}', 'fr'),
(259, 7, 'a:3:{s:5:\"title\";s:12:\"Toothbrushes\";s:12:\"url_banner_1\";s:1:\"#\";s:12:\"url_banner_2\";s:0:\"\";}', 'el'),
(273, 7, 'a:3:{s:5:\"title\";s:12:\"Toothbrushes\";s:12:\"url_banner_1\";s:1:\"#\";s:12:\"url_banner_2\";s:0:\"\";}', 'it'),
(287, 7, 'a:3:{s:5:\"title\";s:12:\"Toothbrushes\";s:12:\"url_banner_1\";s:1:\"#\";s:12:\"url_banner_2\";s:0:\"\";}', 'nl'),
(301, 7, 'a:3:{s:5:\"title\";s:12:\"Toothbrushes\";s:12:\"url_banner_1\";s:1:\"#\";s:12:\"url_banner_2\";s:0:\"\";}', 'ro'),
(315, 7, 'a:3:{s:5:\"title\";s:12:\"Toothbrushes\";s:12:\"url_banner_1\";s:1:\"#\";s:12:\"url_banner_2\";s:0:\"\";}', 'ru'),
(329, 7, 'a:3:{s:5:\"title\";s:12:\"Toothbrushes\";s:12:\"url_banner_1\";s:1:\"#\";s:12:\"url_banner_2\";s:0:\"\";}', 'no'),
(104, 8, 'a:3:{s:5:\"title\";s:12:\"Custom Tab 1\";s:12:\"url_banner_1\";s:1:\"#\";s:12:\"url_banner_2\";s:1:\"#\";}', 'pt'),
(190, 8, 'a:3:{s:5:\"title\";s:12:\"Custom Tab 1\";s:12:\"url_banner_1\";s:1:\"#\";s:12:\"url_banner_2\";s:1:\"#\";}', 'en'),
(204, 8, 'a:3:{s:5:\"title\";s:12:\"Custom Tab 1\";s:12:\"url_banner_1\";s:1:\"#\";s:12:\"url_banner_2\";s:1:\"#\";}', 'da'),
(218, 8, 'a:3:{s:5:\"title\";s:12:\"Custom Tab 1\";s:12:\"url_banner_1\";s:1:\"#\";s:12:\"url_banner_2\";s:1:\"#\";}', 'de'),
(344, 8, 'a:3:{s:5:\"title\";s:12:\"Custom Tab 1\";s:12:\"url_banner_1\";s:1:\"#\";s:12:\"url_banner_2\";s:1:\"#\";}', 'es'),
(246, 8, 'a:3:{s:5:\"title\";s:12:\"Custom Tab 1\";s:12:\"url_banner_1\";s:1:\"#\";s:12:\"url_banner_2\";s:1:\"#\";}', 'fr'),
(260, 8, 'a:3:{s:5:\"title\";s:12:\"Custom Tab 1\";s:12:\"url_banner_1\";s:1:\"#\";s:12:\"url_banner_2\";s:1:\"#\";}', 'el'),
(274, 8, 'a:3:{s:5:\"title\";s:12:\"Custom Tab 1\";s:12:\"url_banner_1\";s:1:\"#\";s:12:\"url_banner_2\";s:1:\"#\";}', 'it'),
(288, 8, 'a:3:{s:5:\"title\";s:12:\"Custom Tab 1\";s:12:\"url_banner_1\";s:1:\"#\";s:12:\"url_banner_2\";s:1:\"#\";}', 'nl'),
(302, 8, 'a:3:{s:5:\"title\";s:12:\"Custom Tab 1\";s:12:\"url_banner_1\";s:1:\"#\";s:12:\"url_banner_2\";s:1:\"#\";}', 'ro'),
(316, 8, 'a:3:{s:5:\"title\";s:12:\"Custom Tab 1\";s:12:\"url_banner_1\";s:1:\"#\";s:12:\"url_banner_2\";s:1:\"#\";}', 'ru'),
(330, 8, 'a:3:{s:5:\"title\";s:12:\"Custom Tab 1\";s:12:\"url_banner_1\";s:1:\"#\";s:12:\"url_banner_2\";s:1:\"#\";}', 'no'),
(117, 9, 'a:3:{s:5:\"title\";s:12:\"Custom Tab 2\";s:12:\"url_banner_1\";s:1:\"#\";s:12:\"url_banner_2\";s:0:\"\";}', 'pt'),
(191, 9, 'a:3:{s:5:\"title\";s:12:\"Custom Tab 2\";s:12:\"url_banner_1\";s:1:\"#\";s:12:\"url_banner_2\";s:0:\"\";}', 'en'),
(205, 9, 'a:3:{s:5:\"title\";s:12:\"Custom Tab 2\";s:12:\"url_banner_1\";s:1:\"#\";s:12:\"url_banner_2\";s:0:\"\";}', 'da'),
(219, 9, 'a:3:{s:5:\"title\";s:12:\"Custom Tab 2\";s:12:\"url_banner_1\";s:1:\"#\";s:12:\"url_banner_2\";s:0:\"\";}', 'de'),
(345, 9, 'a:3:{s:5:\"title\";s:12:\"Custom Tab 2\";s:12:\"url_banner_1\";s:1:\"#\";s:12:\"url_banner_2\";s:0:\"\";}', 'es'),
(247, 9, 'a:3:{s:5:\"title\";s:12:\"Custom Tab 2\";s:12:\"url_banner_1\";s:1:\"#\";s:12:\"url_banner_2\";s:0:\"\";}', 'fr'),
(261, 9, 'a:3:{s:5:\"title\";s:12:\"Custom Tab 2\";s:12:\"url_banner_1\";s:1:\"#\";s:12:\"url_banner_2\";s:0:\"\";}', 'el'),
(275, 9, 'a:3:{s:5:\"title\";s:12:\"Custom Tab 2\";s:12:\"url_banner_1\";s:1:\"#\";s:12:\"url_banner_2\";s:0:\"\";}', 'it'),
(289, 9, 'a:3:{s:5:\"title\";s:12:\"Custom Tab 2\";s:12:\"url_banner_1\";s:1:\"#\";s:12:\"url_banner_2\";s:0:\"\";}', 'nl'),
(303, 9, 'a:3:{s:5:\"title\";s:12:\"Custom Tab 2\";s:12:\"url_banner_1\";s:1:\"#\";s:12:\"url_banner_2\";s:0:\"\";}', 'ro'),
(317, 9, 'a:3:{s:5:\"title\";s:12:\"Custom Tab 2\";s:12:\"url_banner_1\";s:1:\"#\";s:12:\"url_banner_2\";s:0:\"\";}', 'ru'),
(331, 9, 'a:3:{s:5:\"title\";s:12:\"Custom Tab 2\";s:12:\"url_banner_1\";s:1:\"#\";s:12:\"url_banner_2\";s:0:\"\";}', 'no'),
(130, 10, 'a:3:{s:5:\"title\";s:12:\"Custom Tab 3\";s:12:\"url_banner_1\";s:1:\"#\";s:12:\"url_banner_2\";s:0:\"\";}', 'pt'),
(192, 10, 'a:3:{s:5:\"title\";s:12:\"Custom Tab 3\";s:12:\"url_banner_1\";s:1:\"#\";s:12:\"url_banner_2\";s:0:\"\";}', 'en'),
(206, 10, 'a:3:{s:5:\"title\";s:12:\"Custom Tab 3\";s:12:\"url_banner_1\";s:1:\"#\";s:12:\"url_banner_2\";s:0:\"\";}', 'da'),
(220, 10, 'a:3:{s:5:\"title\";s:12:\"Custom Tab 3\";s:12:\"url_banner_1\";s:1:\"#\";s:12:\"url_banner_2\";s:0:\"\";}', 'de'),
(346, 10, 'a:3:{s:5:\"title\";s:12:\"Custom Tab 3\";s:12:\"url_banner_1\";s:1:\"#\";s:12:\"url_banner_2\";s:0:\"\";}', 'es'),
(248, 10, 'a:3:{s:5:\"title\";s:12:\"Custom Tab 3\";s:12:\"url_banner_1\";s:1:\"#\";s:12:\"url_banner_2\";s:0:\"\";}', 'fr'),
(262, 10, 'a:3:{s:5:\"title\";s:12:\"Custom Tab 3\";s:12:\"url_banner_1\";s:1:\"#\";s:12:\"url_banner_2\";s:0:\"\";}', 'el'),
(276, 10, 'a:3:{s:5:\"title\";s:12:\"Custom Tab 3\";s:12:\"url_banner_1\";s:1:\"#\";s:12:\"url_banner_2\";s:0:\"\";}', 'it'),
(290, 10, 'a:3:{s:5:\"title\";s:12:\"Custom Tab 3\";s:12:\"url_banner_1\";s:1:\"#\";s:12:\"url_banner_2\";s:0:\"\";}', 'nl'),
(304, 10, 'a:3:{s:5:\"title\";s:12:\"Custom Tab 3\";s:12:\"url_banner_1\";s:1:\"#\";s:12:\"url_banner_2\";s:0:\"\";}', 'ro'),
(318, 10, 'a:3:{s:5:\"title\";s:12:\"Custom Tab 3\";s:12:\"url_banner_1\";s:1:\"#\";s:12:\"url_banner_2\";s:0:\"\";}', 'ru'),
(332, 10, 'a:3:{s:5:\"title\";s:12:\"Custom Tab 3\";s:12:\"url_banner_1\";s:1:\"#\";s:12:\"url_banner_2\";s:0:\"\";}', 'no'),
(143, 11, 'a:1:{s:5:\"title\";s:11:\"Smartphones\";}', 'pt'),
(193, 11, 'a:1:{s:5:\"title\";s:11:\"Smartphones\";}', 'en'),
(207, 11, 'a:1:{s:5:\"title\";s:11:\"Smartphones\";}', 'da'),
(221, 11, 'a:1:{s:5:\"title\";s:11:\"Smartphones\";}', 'de'),
(347, 11, 'a:1:{s:5:\"title\";s:11:\"Smartphones\";}', 'es'),
(249, 11, 'a:1:{s:5:\"title\";s:11:\"Smartphones\";}', 'fr'),
(263, 11, 'a:1:{s:5:\"title\";s:11:\"Smartphones\";}', 'el'),
(277, 11, 'a:1:{s:5:\"title\";s:11:\"Smartphones\";}', 'it'),
(291, 11, 'a:1:{s:5:\"title\";s:11:\"Smartphones\";}', 'nl'),
(305, 11, 'a:1:{s:5:\"title\";s:11:\"Smartphones\";}', 'ro'),
(319, 11, 'a:1:{s:5:\"title\";s:11:\"Smartphones\";}', 'ru'),
(333, 11, 'a:1:{s:5:\"title\";s:11:\"Smartphones\";}', 'no'),
(156, 12, 'a:1:{s:5:\"title\";s:7:\"Laptops\";}', 'pt'),
(194, 12, 'a:1:{s:5:\"title\";s:7:\"Laptops\";}', 'en'),
(208, 12, 'a:1:{s:5:\"title\";s:7:\"Laptops\";}', 'da'),
(222, 12, 'a:1:{s:5:\"title\";s:7:\"Laptops\";}', 'de'),
(348, 12, 'a:1:{s:5:\"title\";s:7:\"Laptops\";}', 'es'),
(250, 12, 'a:1:{s:5:\"title\";s:7:\"Laptops\";}', 'fr'),
(264, 12, 'a:1:{s:5:\"title\";s:7:\"Laptops\";}', 'el'),
(278, 12, 'a:1:{s:5:\"title\";s:7:\"Laptops\";}', 'it'),
(292, 12, 'a:1:{s:5:\"title\";s:7:\"Laptops\";}', 'nl'),
(306, 12, 'a:1:{s:5:\"title\";s:7:\"Laptops\";}', 'ro'),
(320, 12, 'a:1:{s:5:\"title\";s:7:\"Laptops\";}', 'ru'),
(334, 12, 'a:1:{s:5:\"title\";s:7:\"Laptops\";}', 'no'),
(169, 13, 'a:1:{s:5:\"title\";s:9:\"Smart TVs\";}', 'pt'),
(195, 13, 'a:1:{s:5:\"title\";s:9:\"Smart TVs\";}', 'en'),
(209, 13, 'a:1:{s:5:\"title\";s:9:\"Smart TVs\";}', 'da'),
(223, 13, 'a:1:{s:5:\"title\";s:9:\"Smart TVs\";}', 'de'),
(349, 13, 'a:1:{s:5:\"title\";s:9:\"Smart TVs\";}', 'es'),
(251, 13, 'a:1:{s:5:\"title\";s:9:\"Smart TVs\";}', 'fr'),
(265, 13, 'a:1:{s:5:\"title\";s:9:\"Smart TVs\";}', 'el'),
(279, 13, 'a:1:{s:5:\"title\";s:9:\"Smart TVs\";}', 'it'),
(293, 13, 'a:1:{s:5:\"title\";s:9:\"Smart TVs\";}', 'nl'),
(307, 13, 'a:1:{s:5:\"title\";s:9:\"Smart TVs\";}', 'ro'),
(321, 13, 'a:1:{s:5:\"title\";s:9:\"Smart TVs\";}', 'ru'),
(335, 13, 'a:1:{s:5:\"title\";s:9:\"Smart TVs\";}', 'no'),
(182, 14, 'a:1:{s:5:\"title\";s:14:\"Any Custom Tab\";}', 'pt'),
(196, 14, 'a:1:{s:5:\"title\";s:14:\"Any Custom Tab\";}', 'en'),
(210, 14, 'a:1:{s:5:\"title\";s:14:\"Any Custom Tab\";}', 'da'),
(224, 14, 'a:1:{s:5:\"title\";s:14:\"Any Custom Tab\";}', 'de'),
(350, 14, 'a:1:{s:5:\"title\";s:14:\"Any Custom Tab\";}', 'es'),
(252, 14, 'a:1:{s:5:\"title\";s:14:\"Any Custom Tab\";}', 'fr'),
(266, 14, 'a:1:{s:5:\"title\";s:14:\"Any Custom Tab\";}', 'el'),
(280, 14, 'a:1:{s:5:\"title\";s:14:\"Any Custom Tab\";}', 'it'),
(294, 14, 'a:1:{s:5:\"title\";s:14:\"Any Custom Tab\";}', 'nl'),
(308, 14, 'a:1:{s:5:\"title\";s:14:\"Any Custom Tab\";}', 'ro'),
(322, 14, 'a:1:{s:5:\"title\";s:14:\"Any Custom Tab\";}', 'ru'),
(336, 14, 'a:1:{s:5:\"title\";s:14:\"Any Custom Tab\";}', 'no');

-- --------------------------------------------------------

--
-- Table structure for table `partiushop_et_menu`
--

CREATE TABLE `partiushop_et_menu` (
  `et_menu_id` mediumint(8) UNSIGNED NOT NULL,
  `param_id` mediumint(8) UNSIGNED NOT NULL DEFAULT 0,
  `data` text DEFAULT '',
  `lang_code` char(2) NOT NULL DEFAULT ''
) ENGINE=MyISAM DEFAULT CHARSET=utf8;

--
-- Dumping data for table `partiushop_et_menu`
--

INSERT INTO `partiushop_et_menu` (`et_menu_id`, `param_id`, `data`, `lang_code`) VALUES
(194, 430, 'a:3:{s:5:\"color\";a:4:{s:7:\"enabled\";s:1:\"Y\";s:10:\"color_type\";s:1:\"S\";s:5:\"color\";s:7:\"#ffffff\";s:3:\"bkg\";s:7:\"#ff9900\";}s:4:\"icon\";a:5:{s:7:\"enabled\";s:1:\"Y\";s:4:\"type\";s:1:\"F\";s:5:\"value\";s:28:\"    far fa-caret-square-left\";s:10:\"color_type\";s:1:\"S\";s:5:\"color\";s:7:\"#9900ff\";}s:4:\"text\";a:5:{s:7:\"enabled\";s:1:\"N\";s:5:\"value\";s:0:\"\";s:10:\"color_type\";s:1:\"S\";s:5:\"color\";s:7:\"#ffffff\";s:3:\"bkg\";s:7:\"#000000\";}}', 'en'),
(211, 430, 'a:3:{s:5:\"color\";a:4:{s:7:\"enabled\";s:1:\"Y\";s:10:\"color_type\";s:1:\"S\";s:5:\"color\";s:7:\"#ffffff\";s:3:\"bkg\";s:7:\"#ff9900\";}s:4:\"icon\";a:5:{s:7:\"enabled\";s:1:\"Y\";s:4:\"type\";s:1:\"F\";s:5:\"value\";s:28:\"    far fa-caret-square-left\";s:10:\"color_type\";s:1:\"S\";s:5:\"color\";s:7:\"#9900ff\";}s:4:\"text\";a:5:{s:7:\"enabled\";s:1:\"N\";s:5:\"value\";s:0:\"\";s:10:\"color_type\";s:1:\"S\";s:5:\"color\";s:7:\"#ffffff\";s:3:\"bkg\";s:7:\"#000000\";}}', 'da'),
(228, 430, 'a:3:{s:5:\"color\";a:4:{s:7:\"enabled\";s:1:\"Y\";s:10:\"color_type\";s:1:\"S\";s:5:\"color\";s:7:\"#ffffff\";s:3:\"bkg\";s:7:\"#ff9900\";}s:4:\"icon\";a:5:{s:7:\"enabled\";s:1:\"Y\";s:4:\"type\";s:1:\"F\";s:5:\"value\";s:28:\"    far fa-caret-square-left\";s:10:\"color_type\";s:1:\"S\";s:5:\"color\";s:7:\"#9900ff\";}s:4:\"text\";a:5:{s:7:\"enabled\";s:1:\"N\";s:5:\"value\";s:0:\"\";s:10:\"color_type\";s:1:\"S\";s:5:\"color\";s:7:\"#ffffff\";s:3:\"bkg\";s:7:\"#000000\";}}', 'de'),
(381, 430, 'a:3:{s:5:\"color\";a:4:{s:7:\"enabled\";s:1:\"Y\";s:10:\"color_type\";s:1:\"S\";s:5:\"color\";s:7:\"#ffffff\";s:3:\"bkg\";s:7:\"#ff9900\";}s:4:\"icon\";a:5:{s:7:\"enabled\";s:1:\"Y\";s:4:\"type\";s:1:\"F\";s:5:\"value\";s:28:\"    far fa-caret-square-left\";s:10:\"color_type\";s:1:\"S\";s:5:\"color\";s:7:\"#9900ff\";}s:4:\"text\";a:5:{s:7:\"enabled\";s:1:\"N\";s:5:\"value\";s:0:\"\";s:10:\"color_type\";s:1:\"S\";s:5:\"color\";s:7:\"#ffffff\";s:3:\"bkg\";s:7:\"#000000\";}}', 'es'),
(262, 430, 'a:3:{s:5:\"color\";a:4:{s:7:\"enabled\";s:1:\"Y\";s:10:\"color_type\";s:1:\"S\";s:5:\"color\";s:7:\"#ffffff\";s:3:\"bkg\";s:7:\"#ff9900\";}s:4:\"icon\";a:5:{s:7:\"enabled\";s:1:\"Y\";s:4:\"type\";s:1:\"F\";s:5:\"value\";s:28:\"    far fa-caret-square-left\";s:10:\"color_type\";s:1:\"S\";s:5:\"color\";s:7:\"#9900ff\";}s:4:\"text\";a:5:{s:7:\"enabled\";s:1:\"N\";s:5:\"value\";s:0:\"\";s:10:\"color_type\";s:1:\"S\";s:5:\"color\";s:7:\"#ffffff\";s:3:\"bkg\";s:7:\"#000000\";}}', 'fr'),
(279, 430, 'a:3:{s:5:\"color\";a:4:{s:7:\"enabled\";s:1:\"Y\";s:10:\"color_type\";s:1:\"S\";s:5:\"color\";s:7:\"#ffffff\";s:3:\"bkg\";s:7:\"#ff9900\";}s:4:\"icon\";a:5:{s:7:\"enabled\";s:1:\"Y\";s:4:\"type\";s:1:\"F\";s:5:\"value\";s:28:\"    far fa-caret-square-left\";s:10:\"color_type\";s:1:\"S\";s:5:\"color\";s:7:\"#9900ff\";}s:4:\"text\";a:5:{s:7:\"enabled\";s:1:\"N\";s:5:\"value\";s:0:\"\";s:10:\"color_type\";s:1:\"S\";s:5:\"color\";s:7:\"#ffffff\";s:3:\"bkg\";s:7:\"#000000\";}}', 'el'),
(296, 430, 'a:3:{s:5:\"color\";a:4:{s:7:\"enabled\";s:1:\"Y\";s:10:\"color_type\";s:1:\"S\";s:5:\"color\";s:7:\"#ffffff\";s:3:\"bkg\";s:7:\"#ff9900\";}s:4:\"icon\";a:5:{s:7:\"enabled\";s:1:\"Y\";s:4:\"type\";s:1:\"F\";s:5:\"value\";s:28:\"    far fa-caret-square-left\";s:10:\"color_type\";s:1:\"S\";s:5:\"color\";s:7:\"#9900ff\";}s:4:\"text\";a:5:{s:7:\"enabled\";s:1:\"N\";s:5:\"value\";s:0:\"\";s:10:\"color_type\";s:1:\"S\";s:5:\"color\";s:7:\"#ffffff\";s:3:\"bkg\";s:7:\"#000000\";}}', 'it'),
(313, 430, 'a:3:{s:5:\"color\";a:4:{s:7:\"enabled\";s:1:\"Y\";s:10:\"color_type\";s:1:\"S\";s:5:\"color\";s:7:\"#ffffff\";s:3:\"bkg\";s:7:\"#ff9900\";}s:4:\"icon\";a:5:{s:7:\"enabled\";s:1:\"Y\";s:4:\"type\";s:1:\"F\";s:5:\"value\";s:28:\"    far fa-caret-square-left\";s:10:\"color_type\";s:1:\"S\";s:5:\"color\";s:7:\"#9900ff\";}s:4:\"text\";a:5:{s:7:\"enabled\";s:1:\"N\";s:5:\"value\";s:0:\"\";s:10:\"color_type\";s:1:\"S\";s:5:\"color\";s:7:\"#ffffff\";s:3:\"bkg\";s:7:\"#000000\";}}', 'nl'),
(330, 430, 'a:3:{s:5:\"color\";a:4:{s:7:\"enabled\";s:1:\"Y\";s:10:\"color_type\";s:1:\"S\";s:5:\"color\";s:7:\"#ffffff\";s:3:\"bkg\";s:7:\"#ff9900\";}s:4:\"icon\";a:5:{s:7:\"enabled\";s:1:\"Y\";s:4:\"type\";s:1:\"F\";s:5:\"value\";s:28:\"    far fa-caret-square-left\";s:10:\"color_type\";s:1:\"S\";s:5:\"color\";s:7:\"#9900ff\";}s:4:\"text\";a:5:{s:7:\"enabled\";s:1:\"N\";s:5:\"value\";s:0:\"\";s:10:\"color_type\";s:1:\"S\";s:5:\"color\";s:7:\"#ffffff\";s:3:\"bkg\";s:7:\"#000000\";}}', 'ro'),
(347, 430, 'a:3:{s:5:\"color\";a:4:{s:7:\"enabled\";s:1:\"Y\";s:10:\"color_type\";s:1:\"S\";s:5:\"color\";s:7:\"#ffffff\";s:3:\"bkg\";s:7:\"#ff9900\";}s:4:\"icon\";a:5:{s:7:\"enabled\";s:1:\"Y\";s:4:\"type\";s:1:\"F\";s:5:\"value\";s:28:\"    far fa-caret-square-left\";s:10:\"color_type\";s:1:\"S\";s:5:\"color\";s:7:\"#9900ff\";}s:4:\"text\";a:5:{s:7:\"enabled\";s:1:\"N\";s:5:\"value\";s:0:\"\";s:10:\"color_type\";s:1:\"S\";s:5:\"color\";s:7:\"#ffffff\";s:3:\"bkg\";s:7:\"#000000\";}}', 'ru'),
(364, 430, 'a:3:{s:5:\"color\";a:4:{s:7:\"enabled\";s:1:\"Y\";s:10:\"color_type\";s:1:\"S\";s:5:\"color\";s:7:\"#ffffff\";s:3:\"bkg\";s:7:\"#ff9900\";}s:4:\"icon\";a:5:{s:7:\"enabled\";s:1:\"Y\";s:4:\"type\";s:1:\"F\";s:5:\"value\";s:28:\"    far fa-caret-square-left\";s:10:\"color_type\";s:1:\"S\";s:5:\"color\";s:7:\"#9900ff\";}s:4:\"text\";a:5:{s:7:\"enabled\";s:1:\"N\";s:5:\"value\";s:0:\"\";s:10:\"color_type\";s:1:\"S\";s:5:\"color\";s:7:\"#ffffff\";s:3:\"bkg\";s:7:\"#000000\";}}', 'no'),
(12, 430, 'a:3:{s:5:\"color\";a:4:{s:7:\"enabled\";s:1:\"Y\";s:10:\"color_type\";s:1:\"S\";s:5:\"color\";s:7:\"#ffffff\";s:3:\"bkg\";s:7:\"#ff9900\";}s:4:\"icon\";a:5:{s:7:\"enabled\";s:1:\"Y\";s:4:\"type\";s:1:\"F\";s:5:\"value\";s:28:\"    far fa-caret-square-left\";s:10:\"color_type\";s:1:\"S\";s:5:\"color\";s:7:\"#9900ff\";}s:4:\"text\";a:5:{s:7:\"enabled\";s:1:\"N\";s:5:\"value\";s:0:\"\";s:10:\"color_type\";s:1:\"S\";s:5:\"color\";s:7:\"#ffffff\";s:3:\"bkg\";s:7:\"#000000\";}}', 'pt'),
(195, 431, 'a:3:{s:5:\"color\";a:4:{s:7:\"enabled\";s:1:\"Y\";s:10:\"color_type\";s:1:\"S\";s:5:\"color\";s:7:\"#ffffff\";s:3:\"bkg\";s:7:\"#000000\";}s:4:\"icon\";a:5:{s:7:\"enabled\";s:1:\"Y\";s:4:\"type\";s:1:\"F\";s:5:\"value\";s:19:\" fas fa-fighter-jet\";s:10:\"color_type\";s:1:\"S\";s:5:\"color\";s:7:\"#666666\";}s:4:\"text\";a:5:{s:7:\"enabled\";s:1:\"N\";s:5:\"value\";s:0:\"\";s:10:\"color_type\";s:1:\"S\";s:5:\"color\";s:7:\"#ffffff\";s:3:\"bkg\";s:7:\"#000000\";}}', 'en'),
(212, 431, 'a:3:{s:5:\"color\";a:4:{s:7:\"enabled\";s:1:\"Y\";s:10:\"color_type\";s:1:\"S\";s:5:\"color\";s:7:\"#ffffff\";s:3:\"bkg\";s:7:\"#000000\";}s:4:\"icon\";a:5:{s:7:\"enabled\";s:1:\"Y\";s:4:\"type\";s:1:\"F\";s:5:\"value\";s:19:\" fas fa-fighter-jet\";s:10:\"color_type\";s:1:\"S\";s:5:\"color\";s:7:\"#666666\";}s:4:\"text\";a:5:{s:7:\"enabled\";s:1:\"N\";s:5:\"value\";s:0:\"\";s:10:\"color_type\";s:1:\"S\";s:5:\"color\";s:7:\"#ffffff\";s:3:\"bkg\";s:7:\"#000000\";}}', 'da'),
(229, 431, 'a:3:{s:5:\"color\";a:4:{s:7:\"enabled\";s:1:\"Y\";s:10:\"color_type\";s:1:\"S\";s:5:\"color\";s:7:\"#ffffff\";s:3:\"bkg\";s:7:\"#000000\";}s:4:\"icon\";a:5:{s:7:\"enabled\";s:1:\"Y\";s:4:\"type\";s:1:\"F\";s:5:\"value\";s:19:\" fas fa-fighter-jet\";s:10:\"color_type\";s:1:\"S\";s:5:\"color\";s:7:\"#666666\";}s:4:\"text\";a:5:{s:7:\"enabled\";s:1:\"N\";s:5:\"value\";s:0:\"\";s:10:\"color_type\";s:1:\"S\";s:5:\"color\";s:7:\"#ffffff\";s:3:\"bkg\";s:7:\"#000000\";}}', 'de'),
(382, 431, 'a:3:{s:5:\"color\";a:4:{s:7:\"enabled\";s:1:\"Y\";s:10:\"color_type\";s:1:\"S\";s:5:\"color\";s:7:\"#ffffff\";s:3:\"bkg\";s:7:\"#000000\";}s:4:\"icon\";a:5:{s:7:\"enabled\";s:1:\"Y\";s:4:\"type\";s:1:\"F\";s:5:\"value\";s:19:\" fas fa-fighter-jet\";s:10:\"color_type\";s:1:\"S\";s:5:\"color\";s:7:\"#666666\";}s:4:\"text\";a:5:{s:7:\"enabled\";s:1:\"N\";s:5:\"value\";s:0:\"\";s:10:\"color_type\";s:1:\"S\";s:5:\"color\";s:7:\"#ffffff\";s:3:\"bkg\";s:7:\"#000000\";}}', 'es'),
(263, 431, 'a:3:{s:5:\"color\";a:4:{s:7:\"enabled\";s:1:\"Y\";s:10:\"color_type\";s:1:\"S\";s:5:\"color\";s:7:\"#ffffff\";s:3:\"bkg\";s:7:\"#000000\";}s:4:\"icon\";a:5:{s:7:\"enabled\";s:1:\"Y\";s:4:\"type\";s:1:\"F\";s:5:\"value\";s:19:\" fas fa-fighter-jet\";s:10:\"color_type\";s:1:\"S\";s:5:\"color\";s:7:\"#666666\";}s:4:\"text\";a:5:{s:7:\"enabled\";s:1:\"N\";s:5:\"value\";s:0:\"\";s:10:\"color_type\";s:1:\"S\";s:5:\"color\";s:7:\"#ffffff\";s:3:\"bkg\";s:7:\"#000000\";}}', 'fr'),
(280, 431, 'a:3:{s:5:\"color\";a:4:{s:7:\"enabled\";s:1:\"Y\";s:10:\"color_type\";s:1:\"S\";s:5:\"color\";s:7:\"#ffffff\";s:3:\"bkg\";s:7:\"#000000\";}s:4:\"icon\";a:5:{s:7:\"enabled\";s:1:\"Y\";s:4:\"type\";s:1:\"F\";s:5:\"value\";s:19:\" fas fa-fighter-jet\";s:10:\"color_type\";s:1:\"S\";s:5:\"color\";s:7:\"#666666\";}s:4:\"text\";a:5:{s:7:\"enabled\";s:1:\"N\";s:5:\"value\";s:0:\"\";s:10:\"color_type\";s:1:\"S\";s:5:\"color\";s:7:\"#ffffff\";s:3:\"bkg\";s:7:\"#000000\";}}', 'el'),
(297, 431, 'a:3:{s:5:\"color\";a:4:{s:7:\"enabled\";s:1:\"Y\";s:10:\"color_type\";s:1:\"S\";s:5:\"color\";s:7:\"#ffffff\";s:3:\"bkg\";s:7:\"#000000\";}s:4:\"icon\";a:5:{s:7:\"enabled\";s:1:\"Y\";s:4:\"type\";s:1:\"F\";s:5:\"value\";s:19:\" fas fa-fighter-jet\";s:10:\"color_type\";s:1:\"S\";s:5:\"color\";s:7:\"#666666\";}s:4:\"text\";a:5:{s:7:\"enabled\";s:1:\"N\";s:5:\"value\";s:0:\"\";s:10:\"color_type\";s:1:\"S\";s:5:\"color\";s:7:\"#ffffff\";s:3:\"bkg\";s:7:\"#000000\";}}', 'it'),
(314, 431, 'a:3:{s:5:\"color\";a:4:{s:7:\"enabled\";s:1:\"Y\";s:10:\"color_type\";s:1:\"S\";s:5:\"color\";s:7:\"#ffffff\";s:3:\"bkg\";s:7:\"#000000\";}s:4:\"icon\";a:5:{s:7:\"enabled\";s:1:\"Y\";s:4:\"type\";s:1:\"F\";s:5:\"value\";s:19:\" fas fa-fighter-jet\";s:10:\"color_type\";s:1:\"S\";s:5:\"color\";s:7:\"#666666\";}s:4:\"text\";a:5:{s:7:\"enabled\";s:1:\"N\";s:5:\"value\";s:0:\"\";s:10:\"color_type\";s:1:\"S\";s:5:\"color\";s:7:\"#ffffff\";s:3:\"bkg\";s:7:\"#000000\";}}', 'nl'),
(331, 431, 'a:3:{s:5:\"color\";a:4:{s:7:\"enabled\";s:1:\"Y\";s:10:\"color_type\";s:1:\"S\";s:5:\"color\";s:7:\"#ffffff\";s:3:\"bkg\";s:7:\"#000000\";}s:4:\"icon\";a:5:{s:7:\"enabled\";s:1:\"Y\";s:4:\"type\";s:1:\"F\";s:5:\"value\";s:19:\" fas fa-fighter-jet\";s:10:\"color_type\";s:1:\"S\";s:5:\"color\";s:7:\"#666666\";}s:4:\"text\";a:5:{s:7:\"enabled\";s:1:\"N\";s:5:\"value\";s:0:\"\";s:10:\"color_type\";s:1:\"S\";s:5:\"color\";s:7:\"#ffffff\";s:3:\"bkg\";s:7:\"#000000\";}}', 'ro'),
(348, 431, 'a:3:{s:5:\"color\";a:4:{s:7:\"enabled\";s:1:\"Y\";s:10:\"color_type\";s:1:\"S\";s:5:\"color\";s:7:\"#ffffff\";s:3:\"bkg\";s:7:\"#000000\";}s:4:\"icon\";a:5:{s:7:\"enabled\";s:1:\"Y\";s:4:\"type\";s:1:\"F\";s:5:\"value\";s:19:\" fas fa-fighter-jet\";s:10:\"color_type\";s:1:\"S\";s:5:\"color\";s:7:\"#666666\";}s:4:\"text\";a:5:{s:7:\"enabled\";s:1:\"N\";s:5:\"value\";s:0:\"\";s:10:\"color_type\";s:1:\"S\";s:5:\"color\";s:7:\"#ffffff\";s:3:\"bkg\";s:7:\"#000000\";}}', 'ru'),
(365, 431, 'a:3:{s:5:\"color\";a:4:{s:7:\"enabled\";s:1:\"Y\";s:10:\"color_type\";s:1:\"S\";s:5:\"color\";s:7:\"#ffffff\";s:3:\"bkg\";s:7:\"#000000\";}s:4:\"icon\";a:5:{s:7:\"enabled\";s:1:\"Y\";s:4:\"type\";s:1:\"F\";s:5:\"value\";s:19:\" fas fa-fighter-jet\";s:10:\"color_type\";s:1:\"S\";s:5:\"color\";s:7:\"#666666\";}s:4:\"text\";a:5:{s:7:\"enabled\";s:1:\"N\";s:5:\"value\";s:0:\"\";s:10:\"color_type\";s:1:\"S\";s:5:\"color\";s:7:\"#ffffff\";s:3:\"bkg\";s:7:\"#000000\";}}', 'no'),
(24, 431, 'a:3:{s:5:\"color\";a:4:{s:7:\"enabled\";s:1:\"Y\";s:10:\"color_type\";s:1:\"S\";s:5:\"color\";s:7:\"#ffffff\";s:3:\"bkg\";s:7:\"#000000\";}s:4:\"icon\";a:5:{s:7:\"enabled\";s:1:\"Y\";s:4:\"type\";s:1:\"F\";s:5:\"value\";s:19:\" fas fa-fighter-jet\";s:10:\"color_type\";s:1:\"S\";s:5:\"color\";s:7:\"#666666\";}s:4:\"text\";a:5:{s:7:\"enabled\";s:1:\"N\";s:5:\"value\";s:0:\"\";s:10:\"color_type\";s:1:\"S\";s:5:\"color\";s:7:\"#ffffff\";s:3:\"bkg\";s:7:\"#000000\";}}', 'pt'),
(196, 432, 'a:3:{s:5:\"color\";a:4:{s:7:\"enabled\";s:1:\"Y\";s:10:\"color_type\";s:1:\"S\";s:5:\"color\";s:7:\"#ffffff\";s:3:\"bkg\";s:7:\"#000000\";}s:4:\"icon\";a:5:{s:7:\"enabled\";s:1:\"Y\";s:4:\"type\";s:1:\"F\";s:5:\"value\";s:12:\" fas fa-tint\";s:10:\"color_type\";s:1:\"S\";s:5:\"color\";s:7:\"#666666\";}s:4:\"text\";a:5:{s:7:\"enabled\";s:1:\"N\";s:5:\"value\";s:0:\"\";s:10:\"color_type\";s:1:\"S\";s:5:\"color\";s:7:\"#ffffff\";s:3:\"bkg\";s:7:\"#000000\";}}', 'en'),
(213, 432, 'a:3:{s:5:\"color\";a:4:{s:7:\"enabled\";s:1:\"Y\";s:10:\"color_type\";s:1:\"S\";s:5:\"color\";s:7:\"#ffffff\";s:3:\"bkg\";s:7:\"#000000\";}s:4:\"icon\";a:5:{s:7:\"enabled\";s:1:\"Y\";s:4:\"type\";s:1:\"F\";s:5:\"value\";s:12:\" fas fa-tint\";s:10:\"color_type\";s:1:\"S\";s:5:\"color\";s:7:\"#666666\";}s:4:\"text\";a:5:{s:7:\"enabled\";s:1:\"N\";s:5:\"value\";s:0:\"\";s:10:\"color_type\";s:1:\"S\";s:5:\"color\";s:7:\"#ffffff\";s:3:\"bkg\";s:7:\"#000000\";}}', 'da'),
(230, 432, 'a:3:{s:5:\"color\";a:4:{s:7:\"enabled\";s:1:\"Y\";s:10:\"color_type\";s:1:\"S\";s:5:\"color\";s:7:\"#ffffff\";s:3:\"bkg\";s:7:\"#000000\";}s:4:\"icon\";a:5:{s:7:\"enabled\";s:1:\"Y\";s:4:\"type\";s:1:\"F\";s:5:\"value\";s:12:\" fas fa-tint\";s:10:\"color_type\";s:1:\"S\";s:5:\"color\";s:7:\"#666666\";}s:4:\"text\";a:5:{s:7:\"enabled\";s:1:\"N\";s:5:\"value\";s:0:\"\";s:10:\"color_type\";s:1:\"S\";s:5:\"color\";s:7:\"#ffffff\";s:3:\"bkg\";s:7:\"#000000\";}}', 'de'),
(383, 432, 'a:3:{s:5:\"color\";a:4:{s:7:\"enabled\";s:1:\"Y\";s:10:\"color_type\";s:1:\"S\";s:5:\"color\";s:7:\"#ffffff\";s:3:\"bkg\";s:7:\"#000000\";}s:4:\"icon\";a:5:{s:7:\"enabled\";s:1:\"Y\";s:4:\"type\";s:1:\"F\";s:5:\"value\";s:12:\" fas fa-tint\";s:10:\"color_type\";s:1:\"S\";s:5:\"color\";s:7:\"#666666\";}s:4:\"text\";a:5:{s:7:\"enabled\";s:1:\"N\";s:5:\"value\";s:0:\"\";s:10:\"color_type\";s:1:\"S\";s:5:\"color\";s:7:\"#ffffff\";s:3:\"bkg\";s:7:\"#000000\";}}', 'es'),
(264, 432, 'a:3:{s:5:\"color\";a:4:{s:7:\"enabled\";s:1:\"Y\";s:10:\"color_type\";s:1:\"S\";s:5:\"color\";s:7:\"#ffffff\";s:3:\"bkg\";s:7:\"#000000\";}s:4:\"icon\";a:5:{s:7:\"enabled\";s:1:\"Y\";s:4:\"type\";s:1:\"F\";s:5:\"value\";s:12:\" fas fa-tint\";s:10:\"color_type\";s:1:\"S\";s:5:\"color\";s:7:\"#666666\";}s:4:\"text\";a:5:{s:7:\"enabled\";s:1:\"N\";s:5:\"value\";s:0:\"\";s:10:\"color_type\";s:1:\"S\";s:5:\"color\";s:7:\"#ffffff\";s:3:\"bkg\";s:7:\"#000000\";}}', 'fr'),
(281, 432, 'a:3:{s:5:\"color\";a:4:{s:7:\"enabled\";s:1:\"Y\";s:10:\"color_type\";s:1:\"S\";s:5:\"color\";s:7:\"#ffffff\";s:3:\"bkg\";s:7:\"#000000\";}s:4:\"icon\";a:5:{s:7:\"enabled\";s:1:\"Y\";s:4:\"type\";s:1:\"F\";s:5:\"value\";s:12:\" fas fa-tint\";s:10:\"color_type\";s:1:\"S\";s:5:\"color\";s:7:\"#666666\";}s:4:\"text\";a:5:{s:7:\"enabled\";s:1:\"N\";s:5:\"value\";s:0:\"\";s:10:\"color_type\";s:1:\"S\";s:5:\"color\";s:7:\"#ffffff\";s:3:\"bkg\";s:7:\"#000000\";}}', 'el'),
(298, 432, 'a:3:{s:5:\"color\";a:4:{s:7:\"enabled\";s:1:\"Y\";s:10:\"color_type\";s:1:\"S\";s:5:\"color\";s:7:\"#ffffff\";s:3:\"bkg\";s:7:\"#000000\";}s:4:\"icon\";a:5:{s:7:\"enabled\";s:1:\"Y\";s:4:\"type\";s:1:\"F\";s:5:\"value\";s:12:\" fas fa-tint\";s:10:\"color_type\";s:1:\"S\";s:5:\"color\";s:7:\"#666666\";}s:4:\"text\";a:5:{s:7:\"enabled\";s:1:\"N\";s:5:\"value\";s:0:\"\";s:10:\"color_type\";s:1:\"S\";s:5:\"color\";s:7:\"#ffffff\";s:3:\"bkg\";s:7:\"#000000\";}}', 'it'),
(315, 432, 'a:3:{s:5:\"color\";a:4:{s:7:\"enabled\";s:1:\"Y\";s:10:\"color_type\";s:1:\"S\";s:5:\"color\";s:7:\"#ffffff\";s:3:\"bkg\";s:7:\"#000000\";}s:4:\"icon\";a:5:{s:7:\"enabled\";s:1:\"Y\";s:4:\"type\";s:1:\"F\";s:5:\"value\";s:12:\" fas fa-tint\";s:10:\"color_type\";s:1:\"S\";s:5:\"color\";s:7:\"#666666\";}s:4:\"text\";a:5:{s:7:\"enabled\";s:1:\"N\";s:5:\"value\";s:0:\"\";s:10:\"color_type\";s:1:\"S\";s:5:\"color\";s:7:\"#ffffff\";s:3:\"bkg\";s:7:\"#000000\";}}', 'nl'),
(332, 432, 'a:3:{s:5:\"color\";a:4:{s:7:\"enabled\";s:1:\"Y\";s:10:\"color_type\";s:1:\"S\";s:5:\"color\";s:7:\"#ffffff\";s:3:\"bkg\";s:7:\"#000000\";}s:4:\"icon\";a:5:{s:7:\"enabled\";s:1:\"Y\";s:4:\"type\";s:1:\"F\";s:5:\"value\";s:12:\" fas fa-tint\";s:10:\"color_type\";s:1:\"S\";s:5:\"color\";s:7:\"#666666\";}s:4:\"text\";a:5:{s:7:\"enabled\";s:1:\"N\";s:5:\"value\";s:0:\"\";s:10:\"color_type\";s:1:\"S\";s:5:\"color\";s:7:\"#ffffff\";s:3:\"bkg\";s:7:\"#000000\";}}', 'ro'),
(349, 432, 'a:3:{s:5:\"color\";a:4:{s:7:\"enabled\";s:1:\"Y\";s:10:\"color_type\";s:1:\"S\";s:5:\"color\";s:7:\"#ffffff\";s:3:\"bkg\";s:7:\"#000000\";}s:4:\"icon\";a:5:{s:7:\"enabled\";s:1:\"Y\";s:4:\"type\";s:1:\"F\";s:5:\"value\";s:12:\" fas fa-tint\";s:10:\"color_type\";s:1:\"S\";s:5:\"color\";s:7:\"#666666\";}s:4:\"text\";a:5:{s:7:\"enabled\";s:1:\"N\";s:5:\"value\";s:0:\"\";s:10:\"color_type\";s:1:\"S\";s:5:\"color\";s:7:\"#ffffff\";s:3:\"bkg\";s:7:\"#000000\";}}', 'ru'),
(366, 432, 'a:3:{s:5:\"color\";a:4:{s:7:\"enabled\";s:1:\"Y\";s:10:\"color_type\";s:1:\"S\";s:5:\"color\";s:7:\"#ffffff\";s:3:\"bkg\";s:7:\"#000000\";}s:4:\"icon\";a:5:{s:7:\"enabled\";s:1:\"Y\";s:4:\"type\";s:1:\"F\";s:5:\"value\";s:12:\" fas fa-tint\";s:10:\"color_type\";s:1:\"S\";s:5:\"color\";s:7:\"#666666\";}s:4:\"text\";a:5:{s:7:\"enabled\";s:1:\"N\";s:5:\"value\";s:0:\"\";s:10:\"color_type\";s:1:\"S\";s:5:\"color\";s:7:\"#ffffff\";s:3:\"bkg\";s:7:\"#000000\";}}', 'no'),
(36, 432, 'a:3:{s:5:\"color\";a:4:{s:7:\"enabled\";s:1:\"Y\";s:10:\"color_type\";s:1:\"S\";s:5:\"color\";s:7:\"#ffffff\";s:3:\"bkg\";s:7:\"#000000\";}s:4:\"icon\";a:5:{s:7:\"enabled\";s:1:\"Y\";s:4:\"type\";s:1:\"F\";s:5:\"value\";s:12:\" fas fa-tint\";s:10:\"color_type\";s:1:\"S\";s:5:\"color\";s:7:\"#666666\";}s:4:\"text\";a:5:{s:7:\"enabled\";s:1:\"N\";s:5:\"value\";s:0:\"\";s:10:\"color_type\";s:1:\"S\";s:5:\"color\";s:7:\"#ffffff\";s:3:\"bkg\";s:7:\"#000000\";}}', 'pt'),
(197, 433, 'a:3:{s:5:\"color\";a:4:{s:7:\"enabled\";s:1:\"Y\";s:10:\"color_type\";s:1:\"S\";s:5:\"color\";s:7:\"#ffffff\";s:3:\"bkg\";s:7:\"#000000\";}s:4:\"icon\";a:5:{s:7:\"enabled\";s:1:\"Y\";s:4:\"type\";s:1:\"F\";s:5:\"value\";s:23:\" fas fa-question-circle\";s:10:\"color_type\";s:1:\"S\";s:5:\"color\";s:7:\"#666666\";}s:4:\"text\";a:5:{s:7:\"enabled\";s:1:\"N\";s:5:\"value\";s:0:\"\";s:10:\"color_type\";s:1:\"S\";s:5:\"color\";s:7:\"#ffffff\";s:3:\"bkg\";s:7:\"#000000\";}}', 'en'),
(214, 433, 'a:3:{s:5:\"color\";a:4:{s:7:\"enabled\";s:1:\"Y\";s:10:\"color_type\";s:1:\"S\";s:5:\"color\";s:7:\"#ffffff\";s:3:\"bkg\";s:7:\"#000000\";}s:4:\"icon\";a:5:{s:7:\"enabled\";s:1:\"Y\";s:4:\"type\";s:1:\"F\";s:5:\"value\";s:23:\" fas fa-question-circle\";s:10:\"color_type\";s:1:\"S\";s:5:\"color\";s:7:\"#666666\";}s:4:\"text\";a:5:{s:7:\"enabled\";s:1:\"N\";s:5:\"value\";s:0:\"\";s:10:\"color_type\";s:1:\"S\";s:5:\"color\";s:7:\"#ffffff\";s:3:\"bkg\";s:7:\"#000000\";}}', 'da'),
(231, 433, 'a:3:{s:5:\"color\";a:4:{s:7:\"enabled\";s:1:\"Y\";s:10:\"color_type\";s:1:\"S\";s:5:\"color\";s:7:\"#ffffff\";s:3:\"bkg\";s:7:\"#000000\";}s:4:\"icon\";a:5:{s:7:\"enabled\";s:1:\"Y\";s:4:\"type\";s:1:\"F\";s:5:\"value\";s:23:\" fas fa-question-circle\";s:10:\"color_type\";s:1:\"S\";s:5:\"color\";s:7:\"#666666\";}s:4:\"text\";a:5:{s:7:\"enabled\";s:1:\"N\";s:5:\"value\";s:0:\"\";s:10:\"color_type\";s:1:\"S\";s:5:\"color\";s:7:\"#ffffff\";s:3:\"bkg\";s:7:\"#000000\";}}', 'de'),
(384, 433, 'a:3:{s:5:\"color\";a:4:{s:7:\"enabled\";s:1:\"Y\";s:10:\"color_type\";s:1:\"S\";s:5:\"color\";s:7:\"#ffffff\";s:3:\"bkg\";s:7:\"#000000\";}s:4:\"icon\";a:5:{s:7:\"enabled\";s:1:\"Y\";s:4:\"type\";s:1:\"F\";s:5:\"value\";s:23:\" fas fa-question-circle\";s:10:\"color_type\";s:1:\"S\";s:5:\"color\";s:7:\"#666666\";}s:4:\"text\";a:5:{s:7:\"enabled\";s:1:\"N\";s:5:\"value\";s:0:\"\";s:10:\"color_type\";s:1:\"S\";s:5:\"color\";s:7:\"#ffffff\";s:3:\"bkg\";s:7:\"#000000\";}}', 'es'),
(265, 433, 'a:3:{s:5:\"color\";a:4:{s:7:\"enabled\";s:1:\"Y\";s:10:\"color_type\";s:1:\"S\";s:5:\"color\";s:7:\"#ffffff\";s:3:\"bkg\";s:7:\"#000000\";}s:4:\"icon\";a:5:{s:7:\"enabled\";s:1:\"Y\";s:4:\"type\";s:1:\"F\";s:5:\"value\";s:23:\" fas fa-question-circle\";s:10:\"color_type\";s:1:\"S\";s:5:\"color\";s:7:\"#666666\";}s:4:\"text\";a:5:{s:7:\"enabled\";s:1:\"N\";s:5:\"value\";s:0:\"\";s:10:\"color_type\";s:1:\"S\";s:5:\"color\";s:7:\"#ffffff\";s:3:\"bkg\";s:7:\"#000000\";}}', 'fr'),
(282, 433, 'a:3:{s:5:\"color\";a:4:{s:7:\"enabled\";s:1:\"Y\";s:10:\"color_type\";s:1:\"S\";s:5:\"color\";s:7:\"#ffffff\";s:3:\"bkg\";s:7:\"#000000\";}s:4:\"icon\";a:5:{s:7:\"enabled\";s:1:\"Y\";s:4:\"type\";s:1:\"F\";s:5:\"value\";s:23:\" fas fa-question-circle\";s:10:\"color_type\";s:1:\"S\";s:5:\"color\";s:7:\"#666666\";}s:4:\"text\";a:5:{s:7:\"enabled\";s:1:\"N\";s:5:\"value\";s:0:\"\";s:10:\"color_type\";s:1:\"S\";s:5:\"color\";s:7:\"#ffffff\";s:3:\"bkg\";s:7:\"#000000\";}}', 'el'),
(299, 433, 'a:3:{s:5:\"color\";a:4:{s:7:\"enabled\";s:1:\"Y\";s:10:\"color_type\";s:1:\"S\";s:5:\"color\";s:7:\"#ffffff\";s:3:\"bkg\";s:7:\"#000000\";}s:4:\"icon\";a:5:{s:7:\"enabled\";s:1:\"Y\";s:4:\"type\";s:1:\"F\";s:5:\"value\";s:23:\" fas fa-question-circle\";s:10:\"color_type\";s:1:\"S\";s:5:\"color\";s:7:\"#666666\";}s:4:\"text\";a:5:{s:7:\"enabled\";s:1:\"N\";s:5:\"value\";s:0:\"\";s:10:\"color_type\";s:1:\"S\";s:5:\"color\";s:7:\"#ffffff\";s:3:\"bkg\";s:7:\"#000000\";}}', 'it'),
(316, 433, 'a:3:{s:5:\"color\";a:4:{s:7:\"enabled\";s:1:\"Y\";s:10:\"color_type\";s:1:\"S\";s:5:\"color\";s:7:\"#ffffff\";s:3:\"bkg\";s:7:\"#000000\";}s:4:\"icon\";a:5:{s:7:\"enabled\";s:1:\"Y\";s:4:\"type\";s:1:\"F\";s:5:\"value\";s:23:\" fas fa-question-circle\";s:10:\"color_type\";s:1:\"S\";s:5:\"color\";s:7:\"#666666\";}s:4:\"text\";a:5:{s:7:\"enabled\";s:1:\"N\";s:5:\"value\";s:0:\"\";s:10:\"color_type\";s:1:\"S\";s:5:\"color\";s:7:\"#ffffff\";s:3:\"bkg\";s:7:\"#000000\";}}', 'nl'),
(333, 433, 'a:3:{s:5:\"color\";a:4:{s:7:\"enabled\";s:1:\"Y\";s:10:\"color_type\";s:1:\"S\";s:5:\"color\";s:7:\"#ffffff\";s:3:\"bkg\";s:7:\"#000000\";}s:4:\"icon\";a:5:{s:7:\"enabled\";s:1:\"Y\";s:4:\"type\";s:1:\"F\";s:5:\"value\";s:23:\" fas fa-question-circle\";s:10:\"color_type\";s:1:\"S\";s:5:\"color\";s:7:\"#666666\";}s:4:\"text\";a:5:{s:7:\"enabled\";s:1:\"N\";s:5:\"value\";s:0:\"\";s:10:\"color_type\";s:1:\"S\";s:5:\"color\";s:7:\"#ffffff\";s:3:\"bkg\";s:7:\"#000000\";}}', 'ro'),
(350, 433, 'a:3:{s:5:\"color\";a:4:{s:7:\"enabled\";s:1:\"Y\";s:10:\"color_type\";s:1:\"S\";s:5:\"color\";s:7:\"#ffffff\";s:3:\"bkg\";s:7:\"#000000\";}s:4:\"icon\";a:5:{s:7:\"enabled\";s:1:\"Y\";s:4:\"type\";s:1:\"F\";s:5:\"value\";s:23:\" fas fa-question-circle\";s:10:\"color_type\";s:1:\"S\";s:5:\"color\";s:7:\"#666666\";}s:4:\"text\";a:5:{s:7:\"enabled\";s:1:\"N\";s:5:\"value\";s:0:\"\";s:10:\"color_type\";s:1:\"S\";s:5:\"color\";s:7:\"#ffffff\";s:3:\"bkg\";s:7:\"#000000\";}}', 'ru'),
(367, 433, 'a:3:{s:5:\"color\";a:4:{s:7:\"enabled\";s:1:\"Y\";s:10:\"color_type\";s:1:\"S\";s:5:\"color\";s:7:\"#ffffff\";s:3:\"bkg\";s:7:\"#000000\";}s:4:\"icon\";a:5:{s:7:\"enabled\";s:1:\"Y\";s:4:\"type\";s:1:\"F\";s:5:\"value\";s:23:\" fas fa-question-circle\";s:10:\"color_type\";s:1:\"S\";s:5:\"color\";s:7:\"#666666\";}s:4:\"text\";a:5:{s:7:\"enabled\";s:1:\"N\";s:5:\"value\";s:0:\"\";s:10:\"color_type\";s:1:\"S\";s:5:\"color\";s:7:\"#ffffff\";s:3:\"bkg\";s:7:\"#000000\";}}', 'no'),
(48, 433, 'a:3:{s:5:\"color\";a:4:{s:7:\"enabled\";s:1:\"Y\";s:10:\"color_type\";s:1:\"S\";s:5:\"color\";s:7:\"#ffffff\";s:3:\"bkg\";s:7:\"#000000\";}s:4:\"icon\";a:5:{s:7:\"enabled\";s:1:\"Y\";s:4:\"type\";s:1:\"F\";s:5:\"value\";s:23:\" fas fa-question-circle\";s:10:\"color_type\";s:1:\"S\";s:5:\"color\";s:7:\"#666666\";}s:4:\"text\";a:5:{s:7:\"enabled\";s:1:\"N\";s:5:\"value\";s:0:\"\";s:10:\"color_type\";s:1:\"S\";s:5:\"color\";s:7:\"#ffffff\";s:3:\"bkg\";s:7:\"#000000\";}}', 'pt'),
(198, 434, 'a:3:{s:5:\"color\";a:4:{s:7:\"enabled\";s:1:\"Y\";s:10:\"color_type\";s:1:\"S\";s:5:\"color\";s:7:\"#ffffff\";s:3:\"bkg\";s:7:\"#000000\";}s:4:\"icon\";a:5:{s:7:\"enabled\";s:1:\"Y\";s:4:\"type\";s:1:\"F\";s:5:\"value\";s:15:\"   fas fa-phone\";s:10:\"color_type\";s:1:\"S\";s:5:\"color\";s:7:\"#666666\";}s:4:\"text\";a:5:{s:7:\"enabled\";s:1:\"N\";s:5:\"value\";s:0:\"\";s:10:\"color_type\";s:1:\"S\";s:5:\"color\";s:7:\"#ffffff\";s:3:\"bkg\";s:7:\"#000000\";}}', 'en'),
(215, 434, 'a:3:{s:5:\"color\";a:4:{s:7:\"enabled\";s:1:\"Y\";s:10:\"color_type\";s:1:\"S\";s:5:\"color\";s:7:\"#ffffff\";s:3:\"bkg\";s:7:\"#000000\";}s:4:\"icon\";a:5:{s:7:\"enabled\";s:1:\"Y\";s:4:\"type\";s:1:\"F\";s:5:\"value\";s:15:\"   fas fa-phone\";s:10:\"color_type\";s:1:\"S\";s:5:\"color\";s:7:\"#666666\";}s:4:\"text\";a:5:{s:7:\"enabled\";s:1:\"N\";s:5:\"value\";s:0:\"\";s:10:\"color_type\";s:1:\"S\";s:5:\"color\";s:7:\"#ffffff\";s:3:\"bkg\";s:7:\"#000000\";}}', 'da'),
(232, 434, 'a:3:{s:5:\"color\";a:4:{s:7:\"enabled\";s:1:\"Y\";s:10:\"color_type\";s:1:\"S\";s:5:\"color\";s:7:\"#ffffff\";s:3:\"bkg\";s:7:\"#000000\";}s:4:\"icon\";a:5:{s:7:\"enabled\";s:1:\"Y\";s:4:\"type\";s:1:\"F\";s:5:\"value\";s:15:\"   fas fa-phone\";s:10:\"color_type\";s:1:\"S\";s:5:\"color\";s:7:\"#666666\";}s:4:\"text\";a:5:{s:7:\"enabled\";s:1:\"N\";s:5:\"value\";s:0:\"\";s:10:\"color_type\";s:1:\"S\";s:5:\"color\";s:7:\"#ffffff\";s:3:\"bkg\";s:7:\"#000000\";}}', 'de'),
(385, 434, 'a:3:{s:5:\"color\";a:4:{s:7:\"enabled\";s:1:\"Y\";s:10:\"color_type\";s:1:\"S\";s:5:\"color\";s:7:\"#ffffff\";s:3:\"bkg\";s:7:\"#000000\";}s:4:\"icon\";a:5:{s:7:\"enabled\";s:1:\"Y\";s:4:\"type\";s:1:\"F\";s:5:\"value\";s:15:\"   fas fa-phone\";s:10:\"color_type\";s:1:\"S\";s:5:\"color\";s:7:\"#666666\";}s:4:\"text\";a:5:{s:7:\"enabled\";s:1:\"N\";s:5:\"value\";s:0:\"\";s:10:\"color_type\";s:1:\"S\";s:5:\"color\";s:7:\"#ffffff\";s:3:\"bkg\";s:7:\"#000000\";}}', 'es'),
(266, 434, 'a:3:{s:5:\"color\";a:4:{s:7:\"enabled\";s:1:\"Y\";s:10:\"color_type\";s:1:\"S\";s:5:\"color\";s:7:\"#ffffff\";s:3:\"bkg\";s:7:\"#000000\";}s:4:\"icon\";a:5:{s:7:\"enabled\";s:1:\"Y\";s:4:\"type\";s:1:\"F\";s:5:\"value\";s:15:\"   fas fa-phone\";s:10:\"color_type\";s:1:\"S\";s:5:\"color\";s:7:\"#666666\";}s:4:\"text\";a:5:{s:7:\"enabled\";s:1:\"N\";s:5:\"value\";s:0:\"\";s:10:\"color_type\";s:1:\"S\";s:5:\"color\";s:7:\"#ffffff\";s:3:\"bkg\";s:7:\"#000000\";}}', 'fr'),
(283, 434, 'a:3:{s:5:\"color\";a:4:{s:7:\"enabled\";s:1:\"Y\";s:10:\"color_type\";s:1:\"S\";s:5:\"color\";s:7:\"#ffffff\";s:3:\"bkg\";s:7:\"#000000\";}s:4:\"icon\";a:5:{s:7:\"enabled\";s:1:\"Y\";s:4:\"type\";s:1:\"F\";s:5:\"value\";s:15:\"   fas fa-phone\";s:10:\"color_type\";s:1:\"S\";s:5:\"color\";s:7:\"#666666\";}s:4:\"text\";a:5:{s:7:\"enabled\";s:1:\"N\";s:5:\"value\";s:0:\"\";s:10:\"color_type\";s:1:\"S\";s:5:\"color\";s:7:\"#ffffff\";s:3:\"bkg\";s:7:\"#000000\";}}', 'el'),
(300, 434, 'a:3:{s:5:\"color\";a:4:{s:7:\"enabled\";s:1:\"Y\";s:10:\"color_type\";s:1:\"S\";s:5:\"color\";s:7:\"#ffffff\";s:3:\"bkg\";s:7:\"#000000\";}s:4:\"icon\";a:5:{s:7:\"enabled\";s:1:\"Y\";s:4:\"type\";s:1:\"F\";s:5:\"value\";s:15:\"   fas fa-phone\";s:10:\"color_type\";s:1:\"S\";s:5:\"color\";s:7:\"#666666\";}s:4:\"text\";a:5:{s:7:\"enabled\";s:1:\"N\";s:5:\"value\";s:0:\"\";s:10:\"color_type\";s:1:\"S\";s:5:\"color\";s:7:\"#ffffff\";s:3:\"bkg\";s:7:\"#000000\";}}', 'it'),
(317, 434, 'a:3:{s:5:\"color\";a:4:{s:7:\"enabled\";s:1:\"Y\";s:10:\"color_type\";s:1:\"S\";s:5:\"color\";s:7:\"#ffffff\";s:3:\"bkg\";s:7:\"#000000\";}s:4:\"icon\";a:5:{s:7:\"enabled\";s:1:\"Y\";s:4:\"type\";s:1:\"F\";s:5:\"value\";s:15:\"   fas fa-phone\";s:10:\"color_type\";s:1:\"S\";s:5:\"color\";s:7:\"#666666\";}s:4:\"text\";a:5:{s:7:\"enabled\";s:1:\"N\";s:5:\"value\";s:0:\"\";s:10:\"color_type\";s:1:\"S\";s:5:\"color\";s:7:\"#ffffff\";s:3:\"bkg\";s:7:\"#000000\";}}', 'nl'),
(334, 434, 'a:3:{s:5:\"color\";a:4:{s:7:\"enabled\";s:1:\"Y\";s:10:\"color_type\";s:1:\"S\";s:5:\"color\";s:7:\"#ffffff\";s:3:\"bkg\";s:7:\"#000000\";}s:4:\"icon\";a:5:{s:7:\"enabled\";s:1:\"Y\";s:4:\"type\";s:1:\"F\";s:5:\"value\";s:15:\"   fas fa-phone\";s:10:\"color_type\";s:1:\"S\";s:5:\"color\";s:7:\"#666666\";}s:4:\"text\";a:5:{s:7:\"enabled\";s:1:\"N\";s:5:\"value\";s:0:\"\";s:10:\"color_type\";s:1:\"S\";s:5:\"color\";s:7:\"#ffffff\";s:3:\"bkg\";s:7:\"#000000\";}}', 'ro'),
(351, 434, 'a:3:{s:5:\"color\";a:4:{s:7:\"enabled\";s:1:\"Y\";s:10:\"color_type\";s:1:\"S\";s:5:\"color\";s:7:\"#ffffff\";s:3:\"bkg\";s:7:\"#000000\";}s:4:\"icon\";a:5:{s:7:\"enabled\";s:1:\"Y\";s:4:\"type\";s:1:\"F\";s:5:\"value\";s:15:\"   fas fa-phone\";s:10:\"color_type\";s:1:\"S\";s:5:\"color\";s:7:\"#666666\";}s:4:\"text\";a:5:{s:7:\"enabled\";s:1:\"N\";s:5:\"value\";s:0:\"\";s:10:\"color_type\";s:1:\"S\";s:5:\"color\";s:7:\"#ffffff\";s:3:\"bkg\";s:7:\"#000000\";}}', 'ru'),
(368, 434, 'a:3:{s:5:\"color\";a:4:{s:7:\"enabled\";s:1:\"Y\";s:10:\"color_type\";s:1:\"S\";s:5:\"color\";s:7:\"#ffffff\";s:3:\"bkg\";s:7:\"#000000\";}s:4:\"icon\";a:5:{s:7:\"enabled\";s:1:\"Y\";s:4:\"type\";s:1:\"F\";s:5:\"value\";s:15:\"   fas fa-phone\";s:10:\"color_type\";s:1:\"S\";s:5:\"color\";s:7:\"#666666\";}s:4:\"text\";a:5:{s:7:\"enabled\";s:1:\"N\";s:5:\"value\";s:0:\"\";s:10:\"color_type\";s:1:\"S\";s:5:\"color\";s:7:\"#ffffff\";s:3:\"bkg\";s:7:\"#000000\";}}', 'no'),
(60, 434, 'a:3:{s:5:\"color\";a:4:{s:7:\"enabled\";s:1:\"Y\";s:10:\"color_type\";s:1:\"S\";s:5:\"color\";s:7:\"#ffffff\";s:3:\"bkg\";s:7:\"#000000\";}s:4:\"icon\";a:5:{s:7:\"enabled\";s:1:\"Y\";s:4:\"type\";s:1:\"F\";s:5:\"value\";s:15:\"   fas fa-phone\";s:10:\"color_type\";s:1:\"S\";s:5:\"color\";s:7:\"#666666\";}s:4:\"text\";a:5:{s:7:\"enabled\";s:1:\"N\";s:5:\"value\";s:0:\"\";s:10:\"color_type\";s:1:\"S\";s:5:\"color\";s:7:\"#ffffff\";s:3:\"bkg\";s:7:\"#000000\";}}', 'pt'),
(199, 435, 'a:3:{s:5:\"color\";a:4:{s:7:\"enabled\";s:1:\"Y\";s:10:\"color_type\";s:1:\"S\";s:5:\"color\";s:7:\"#ffffff\";s:3:\"bkg\";s:7:\"#bf9000\";}s:4:\"icon\";a:5:{s:7:\"enabled\";s:1:\"Y\";s:4:\"type\";s:1:\"F\";s:5:\"value\";s:33:\"                 fas fa-briefcase\";s:10:\"color_type\";s:1:\"S\";s:5:\"color\";s:7:\"#00ff00\";}s:4:\"text\";a:5:{s:7:\"enabled\";s:1:\"Y\";s:5:\"value\";s:4:\"ddas\";s:10:\"color_type\";s:1:\"S\";s:5:\"color\";s:7:\"#ff9900\";s:3:\"bkg\";s:7:\"#000000\";}}', 'en'),
(216, 435, 'a:3:{s:5:\"color\";a:4:{s:7:\"enabled\";s:1:\"Y\";s:10:\"color_type\";s:1:\"S\";s:5:\"color\";s:7:\"#ffffff\";s:3:\"bkg\";s:7:\"#bf9000\";}s:4:\"icon\";a:5:{s:7:\"enabled\";s:1:\"Y\";s:4:\"type\";s:1:\"F\";s:5:\"value\";s:33:\"                 fas fa-briefcase\";s:10:\"color_type\";s:1:\"S\";s:5:\"color\";s:7:\"#00ff00\";}s:4:\"text\";a:5:{s:7:\"enabled\";s:1:\"Y\";s:5:\"value\";s:4:\"ddas\";s:10:\"color_type\";s:1:\"S\";s:5:\"color\";s:7:\"#ff9900\";s:3:\"bkg\";s:7:\"#000000\";}}', 'da'),
(233, 435, 'a:3:{s:5:\"color\";a:4:{s:7:\"enabled\";s:1:\"Y\";s:10:\"color_type\";s:1:\"S\";s:5:\"color\";s:7:\"#ffffff\";s:3:\"bkg\";s:7:\"#bf9000\";}s:4:\"icon\";a:5:{s:7:\"enabled\";s:1:\"Y\";s:4:\"type\";s:1:\"F\";s:5:\"value\";s:33:\"                 fas fa-briefcase\";s:10:\"color_type\";s:1:\"S\";s:5:\"color\";s:7:\"#00ff00\";}s:4:\"text\";a:5:{s:7:\"enabled\";s:1:\"Y\";s:5:\"value\";s:4:\"ddas\";s:10:\"color_type\";s:1:\"S\";s:5:\"color\";s:7:\"#ff9900\";s:3:\"bkg\";s:7:\"#000000\";}}', 'de'),
(386, 435, 'a:3:{s:5:\"color\";a:4:{s:7:\"enabled\";s:1:\"Y\";s:10:\"color_type\";s:1:\"S\";s:5:\"color\";s:7:\"#ffffff\";s:3:\"bkg\";s:7:\"#bf9000\";}s:4:\"icon\";a:5:{s:7:\"enabled\";s:1:\"Y\";s:4:\"type\";s:1:\"F\";s:5:\"value\";s:33:\"                 fas fa-briefcase\";s:10:\"color_type\";s:1:\"S\";s:5:\"color\";s:7:\"#00ff00\";}s:4:\"text\";a:5:{s:7:\"enabled\";s:1:\"Y\";s:5:\"value\";s:4:\"ddas\";s:10:\"color_type\";s:1:\"S\";s:5:\"color\";s:7:\"#ff9900\";s:3:\"bkg\";s:7:\"#000000\";}}', 'es'),
(267, 435, 'a:3:{s:5:\"color\";a:4:{s:7:\"enabled\";s:1:\"Y\";s:10:\"color_type\";s:1:\"S\";s:5:\"color\";s:7:\"#ffffff\";s:3:\"bkg\";s:7:\"#bf9000\";}s:4:\"icon\";a:5:{s:7:\"enabled\";s:1:\"Y\";s:4:\"type\";s:1:\"F\";s:5:\"value\";s:33:\"                 fas fa-briefcase\";s:10:\"color_type\";s:1:\"S\";s:5:\"color\";s:7:\"#00ff00\";}s:4:\"text\";a:5:{s:7:\"enabled\";s:1:\"Y\";s:5:\"value\";s:4:\"ddas\";s:10:\"color_type\";s:1:\"S\";s:5:\"color\";s:7:\"#ff9900\";s:3:\"bkg\";s:7:\"#000000\";}}', 'fr'),
(284, 435, 'a:3:{s:5:\"color\";a:4:{s:7:\"enabled\";s:1:\"Y\";s:10:\"color_type\";s:1:\"S\";s:5:\"color\";s:7:\"#ffffff\";s:3:\"bkg\";s:7:\"#bf9000\";}s:4:\"icon\";a:5:{s:7:\"enabled\";s:1:\"Y\";s:4:\"type\";s:1:\"F\";s:5:\"value\";s:33:\"                 fas fa-briefcase\";s:10:\"color_type\";s:1:\"S\";s:5:\"color\";s:7:\"#00ff00\";}s:4:\"text\";a:5:{s:7:\"enabled\";s:1:\"Y\";s:5:\"value\";s:4:\"ddas\";s:10:\"color_type\";s:1:\"S\";s:5:\"color\";s:7:\"#ff9900\";s:3:\"bkg\";s:7:\"#000000\";}}', 'el'),
(301, 435, 'a:3:{s:5:\"color\";a:4:{s:7:\"enabled\";s:1:\"Y\";s:10:\"color_type\";s:1:\"S\";s:5:\"color\";s:7:\"#ffffff\";s:3:\"bkg\";s:7:\"#bf9000\";}s:4:\"icon\";a:5:{s:7:\"enabled\";s:1:\"Y\";s:4:\"type\";s:1:\"F\";s:5:\"value\";s:33:\"                 fas fa-briefcase\";s:10:\"color_type\";s:1:\"S\";s:5:\"color\";s:7:\"#00ff00\";}s:4:\"text\";a:5:{s:7:\"enabled\";s:1:\"Y\";s:5:\"value\";s:4:\"ddas\";s:10:\"color_type\";s:1:\"S\";s:5:\"color\";s:7:\"#ff9900\";s:3:\"bkg\";s:7:\"#000000\";}}', 'it'),
(318, 435, 'a:3:{s:5:\"color\";a:4:{s:7:\"enabled\";s:1:\"Y\";s:10:\"color_type\";s:1:\"S\";s:5:\"color\";s:7:\"#ffffff\";s:3:\"bkg\";s:7:\"#bf9000\";}s:4:\"icon\";a:5:{s:7:\"enabled\";s:1:\"Y\";s:4:\"type\";s:1:\"F\";s:5:\"value\";s:33:\"                 fas fa-briefcase\";s:10:\"color_type\";s:1:\"S\";s:5:\"color\";s:7:\"#00ff00\";}s:4:\"text\";a:5:{s:7:\"enabled\";s:1:\"Y\";s:5:\"value\";s:4:\"ddas\";s:10:\"color_type\";s:1:\"S\";s:5:\"color\";s:7:\"#ff9900\";s:3:\"bkg\";s:7:\"#000000\";}}', 'nl'),
(335, 435, 'a:3:{s:5:\"color\";a:4:{s:7:\"enabled\";s:1:\"Y\";s:10:\"color_type\";s:1:\"S\";s:5:\"color\";s:7:\"#ffffff\";s:3:\"bkg\";s:7:\"#bf9000\";}s:4:\"icon\";a:5:{s:7:\"enabled\";s:1:\"Y\";s:4:\"type\";s:1:\"F\";s:5:\"value\";s:33:\"                 fas fa-briefcase\";s:10:\"color_type\";s:1:\"S\";s:5:\"color\";s:7:\"#00ff00\";}s:4:\"text\";a:5:{s:7:\"enabled\";s:1:\"Y\";s:5:\"value\";s:4:\"ddas\";s:10:\"color_type\";s:1:\"S\";s:5:\"color\";s:7:\"#ff9900\";s:3:\"bkg\";s:7:\"#000000\";}}', 'ro'),
(352, 435, 'a:3:{s:5:\"color\";a:4:{s:7:\"enabled\";s:1:\"Y\";s:10:\"color_type\";s:1:\"S\";s:5:\"color\";s:7:\"#ffffff\";s:3:\"bkg\";s:7:\"#bf9000\";}s:4:\"icon\";a:5:{s:7:\"enabled\";s:1:\"Y\";s:4:\"type\";s:1:\"F\";s:5:\"value\";s:33:\"                 fas fa-briefcase\";s:10:\"color_type\";s:1:\"S\";s:5:\"color\";s:7:\"#00ff00\";}s:4:\"text\";a:5:{s:7:\"enabled\";s:1:\"Y\";s:5:\"value\";s:4:\"ddas\";s:10:\"color_type\";s:1:\"S\";s:5:\"color\";s:7:\"#ff9900\";s:3:\"bkg\";s:7:\"#000000\";}}', 'ru'),
(369, 435, 'a:3:{s:5:\"color\";a:4:{s:7:\"enabled\";s:1:\"Y\";s:10:\"color_type\";s:1:\"S\";s:5:\"color\";s:7:\"#ffffff\";s:3:\"bkg\";s:7:\"#bf9000\";}s:4:\"icon\";a:5:{s:7:\"enabled\";s:1:\"Y\";s:4:\"type\";s:1:\"F\";s:5:\"value\";s:33:\"                 fas fa-briefcase\";s:10:\"color_type\";s:1:\"S\";s:5:\"color\";s:7:\"#00ff00\";}s:4:\"text\";a:5:{s:7:\"enabled\";s:1:\"Y\";s:5:\"value\";s:4:\"ddas\";s:10:\"color_type\";s:1:\"S\";s:5:\"color\";s:7:\"#ff9900\";s:3:\"bkg\";s:7:\"#000000\";}}', 'no'),
(72, 435, 'a:3:{s:5:\"color\";a:4:{s:7:\"enabled\";s:1:\"Y\";s:10:\"color_type\";s:1:\"S\";s:5:\"color\";s:7:\"#ffffff\";s:3:\"bkg\";s:7:\"#bf9000\";}s:4:\"icon\";a:5:{s:7:\"enabled\";s:1:\"Y\";s:4:\"type\";s:1:\"F\";s:5:\"value\";s:33:\"                 fas fa-briefcase\";s:10:\"color_type\";s:1:\"S\";s:5:\"color\";s:7:\"#00ff00\";}s:4:\"text\";a:5:{s:7:\"enabled\";s:1:\"Y\";s:5:\"value\";s:4:\"ddas\";s:10:\"color_type\";s:1:\"S\";s:5:\"color\";s:7:\"#ff9900\";s:3:\"bkg\";s:7:\"#000000\";}}', 'pt'),
(200, 436, 'a:3:{s:5:\"color\";a:4:{s:7:\"enabled\";s:1:\"Y\";s:10:\"color_type\";s:1:\"S\";s:5:\"color\";s:7:\"#ffffff\";s:3:\"bkg\";s:7:\"#545453\";}s:4:\"icon\";a:5:{s:7:\"enabled\";s:1:\"Y\";s:4:\"type\";s:1:\"F\";s:5:\"value\";s:33:\"               far fa-credit-card\";s:10:\"color_type\";s:1:\"S\";s:5:\"color\";s:7:\"#666666\";}s:4:\"text\";a:5:{s:7:\"enabled\";s:1:\"N\";s:5:\"value\";s:0:\"\";s:10:\"color_type\";s:1:\"S\";s:5:\"color\";s:7:\"#ffffff\";s:3:\"bkg\";s:7:\"#000000\";}}', 'en'),
(217, 436, 'a:3:{s:5:\"color\";a:4:{s:7:\"enabled\";s:1:\"Y\";s:10:\"color_type\";s:1:\"S\";s:5:\"color\";s:7:\"#ffffff\";s:3:\"bkg\";s:7:\"#545453\";}s:4:\"icon\";a:5:{s:7:\"enabled\";s:1:\"Y\";s:4:\"type\";s:1:\"F\";s:5:\"value\";s:33:\"               far fa-credit-card\";s:10:\"color_type\";s:1:\"S\";s:5:\"color\";s:7:\"#666666\";}s:4:\"text\";a:5:{s:7:\"enabled\";s:1:\"N\";s:5:\"value\";s:0:\"\";s:10:\"color_type\";s:1:\"S\";s:5:\"color\";s:7:\"#ffffff\";s:3:\"bkg\";s:7:\"#000000\";}}', 'da'),
(234, 436, 'a:3:{s:5:\"color\";a:4:{s:7:\"enabled\";s:1:\"Y\";s:10:\"color_type\";s:1:\"S\";s:5:\"color\";s:7:\"#ffffff\";s:3:\"bkg\";s:7:\"#545453\";}s:4:\"icon\";a:5:{s:7:\"enabled\";s:1:\"Y\";s:4:\"type\";s:1:\"F\";s:5:\"value\";s:33:\"               far fa-credit-card\";s:10:\"color_type\";s:1:\"S\";s:5:\"color\";s:7:\"#666666\";}s:4:\"text\";a:5:{s:7:\"enabled\";s:1:\"N\";s:5:\"value\";s:0:\"\";s:10:\"color_type\";s:1:\"S\";s:5:\"color\";s:7:\"#ffffff\";s:3:\"bkg\";s:7:\"#000000\";}}', 'de'),
(387, 436, 'a:3:{s:5:\"color\";a:4:{s:7:\"enabled\";s:1:\"Y\";s:10:\"color_type\";s:1:\"S\";s:5:\"color\";s:7:\"#ffffff\";s:3:\"bkg\";s:7:\"#545453\";}s:4:\"icon\";a:5:{s:7:\"enabled\";s:1:\"Y\";s:4:\"type\";s:1:\"F\";s:5:\"value\";s:33:\"               far fa-credit-card\";s:10:\"color_type\";s:1:\"S\";s:5:\"color\";s:7:\"#666666\";}s:4:\"text\";a:5:{s:7:\"enabled\";s:1:\"N\";s:5:\"value\";s:0:\"\";s:10:\"color_type\";s:1:\"S\";s:5:\"color\";s:7:\"#ffffff\";s:3:\"bkg\";s:7:\"#000000\";}}', 'es'),
(268, 436, 'a:3:{s:5:\"color\";a:4:{s:7:\"enabled\";s:1:\"Y\";s:10:\"color_type\";s:1:\"S\";s:5:\"color\";s:7:\"#ffffff\";s:3:\"bkg\";s:7:\"#545453\";}s:4:\"icon\";a:5:{s:7:\"enabled\";s:1:\"Y\";s:4:\"type\";s:1:\"F\";s:5:\"value\";s:33:\"               far fa-credit-card\";s:10:\"color_type\";s:1:\"S\";s:5:\"color\";s:7:\"#666666\";}s:4:\"text\";a:5:{s:7:\"enabled\";s:1:\"N\";s:5:\"value\";s:0:\"\";s:10:\"color_type\";s:1:\"S\";s:5:\"color\";s:7:\"#ffffff\";s:3:\"bkg\";s:7:\"#000000\";}}', 'fr'),
(285, 436, 'a:3:{s:5:\"color\";a:4:{s:7:\"enabled\";s:1:\"Y\";s:10:\"color_type\";s:1:\"S\";s:5:\"color\";s:7:\"#ffffff\";s:3:\"bkg\";s:7:\"#545453\";}s:4:\"icon\";a:5:{s:7:\"enabled\";s:1:\"Y\";s:4:\"type\";s:1:\"F\";s:5:\"value\";s:33:\"               far fa-credit-card\";s:10:\"color_type\";s:1:\"S\";s:5:\"color\";s:7:\"#666666\";}s:4:\"text\";a:5:{s:7:\"enabled\";s:1:\"N\";s:5:\"value\";s:0:\"\";s:10:\"color_type\";s:1:\"S\";s:5:\"color\";s:7:\"#ffffff\";s:3:\"bkg\";s:7:\"#000000\";}}', 'el'),
(302, 436, 'a:3:{s:5:\"color\";a:4:{s:7:\"enabled\";s:1:\"Y\";s:10:\"color_type\";s:1:\"S\";s:5:\"color\";s:7:\"#ffffff\";s:3:\"bkg\";s:7:\"#545453\";}s:4:\"icon\";a:5:{s:7:\"enabled\";s:1:\"Y\";s:4:\"type\";s:1:\"F\";s:5:\"value\";s:33:\"               far fa-credit-card\";s:10:\"color_type\";s:1:\"S\";s:5:\"color\";s:7:\"#666666\";}s:4:\"text\";a:5:{s:7:\"enabled\";s:1:\"N\";s:5:\"value\";s:0:\"\";s:10:\"color_type\";s:1:\"S\";s:5:\"color\";s:7:\"#ffffff\";s:3:\"bkg\";s:7:\"#000000\";}}', 'it'),
(319, 436, 'a:3:{s:5:\"color\";a:4:{s:7:\"enabled\";s:1:\"Y\";s:10:\"color_type\";s:1:\"S\";s:5:\"color\";s:7:\"#ffffff\";s:3:\"bkg\";s:7:\"#545453\";}s:4:\"icon\";a:5:{s:7:\"enabled\";s:1:\"Y\";s:4:\"type\";s:1:\"F\";s:5:\"value\";s:33:\"               far fa-credit-card\";s:10:\"color_type\";s:1:\"S\";s:5:\"color\";s:7:\"#666666\";}s:4:\"text\";a:5:{s:7:\"enabled\";s:1:\"N\";s:5:\"value\";s:0:\"\";s:10:\"color_type\";s:1:\"S\";s:5:\"color\";s:7:\"#ffffff\";s:3:\"bkg\";s:7:\"#000000\";}}', 'nl'),
(336, 436, 'a:3:{s:5:\"color\";a:4:{s:7:\"enabled\";s:1:\"Y\";s:10:\"color_type\";s:1:\"S\";s:5:\"color\";s:7:\"#ffffff\";s:3:\"bkg\";s:7:\"#545453\";}s:4:\"icon\";a:5:{s:7:\"enabled\";s:1:\"Y\";s:4:\"type\";s:1:\"F\";s:5:\"value\";s:33:\"               far fa-credit-card\";s:10:\"color_type\";s:1:\"S\";s:5:\"color\";s:7:\"#666666\";}s:4:\"text\";a:5:{s:7:\"enabled\";s:1:\"N\";s:5:\"value\";s:0:\"\";s:10:\"color_type\";s:1:\"S\";s:5:\"color\";s:7:\"#ffffff\";s:3:\"bkg\";s:7:\"#000000\";}}', 'ro'),
(353, 436, 'a:3:{s:5:\"color\";a:4:{s:7:\"enabled\";s:1:\"Y\";s:10:\"color_type\";s:1:\"S\";s:5:\"color\";s:7:\"#ffffff\";s:3:\"bkg\";s:7:\"#545453\";}s:4:\"icon\";a:5:{s:7:\"enabled\";s:1:\"Y\";s:4:\"type\";s:1:\"F\";s:5:\"value\";s:33:\"               far fa-credit-card\";s:10:\"color_type\";s:1:\"S\";s:5:\"color\";s:7:\"#666666\";}s:4:\"text\";a:5:{s:7:\"enabled\";s:1:\"N\";s:5:\"value\";s:0:\"\";s:10:\"color_type\";s:1:\"S\";s:5:\"color\";s:7:\"#ffffff\";s:3:\"bkg\";s:7:\"#000000\";}}', 'ru'),
(370, 436, 'a:3:{s:5:\"color\";a:4:{s:7:\"enabled\";s:1:\"Y\";s:10:\"color_type\";s:1:\"S\";s:5:\"color\";s:7:\"#ffffff\";s:3:\"bkg\";s:7:\"#545453\";}s:4:\"icon\";a:5:{s:7:\"enabled\";s:1:\"Y\";s:4:\"type\";s:1:\"F\";s:5:\"value\";s:33:\"               far fa-credit-card\";s:10:\"color_type\";s:1:\"S\";s:5:\"color\";s:7:\"#666666\";}s:4:\"text\";a:5:{s:7:\"enabled\";s:1:\"N\";s:5:\"value\";s:0:\"\";s:10:\"color_type\";s:1:\"S\";s:5:\"color\";s:7:\"#ffffff\";s:3:\"bkg\";s:7:\"#000000\";}}', 'no'),
(84, 436, 'a:3:{s:5:\"color\";a:4:{s:7:\"enabled\";s:1:\"Y\";s:10:\"color_type\";s:1:\"S\";s:5:\"color\";s:7:\"#ffffff\";s:3:\"bkg\";s:7:\"#545453\";}s:4:\"icon\";a:5:{s:7:\"enabled\";s:1:\"Y\";s:4:\"type\";s:1:\"F\";s:5:\"value\";s:33:\"               far fa-credit-card\";s:10:\"color_type\";s:1:\"S\";s:5:\"color\";s:7:\"#666666\";}s:4:\"text\";a:5:{s:7:\"enabled\";s:1:\"N\";s:5:\"value\";s:0:\"\";s:10:\"color_type\";s:1:\"S\";s:5:\"color\";s:7:\"#ffffff\";s:3:\"bkg\";s:7:\"#000000\";}}', 'pt'),
(201, 437, 'a:3:{s:5:\"color\";a:4:{s:7:\"enabled\";s:1:\"Y\";s:10:\"color_type\";s:1:\"S\";s:5:\"color\";s:7:\"#ffffff\";s:3:\"bkg\";s:7:\"#526c85\";}s:4:\"icon\";a:5:{s:7:\"enabled\";s:1:\"Y\";s:4:\"type\";s:1:\"F\";s:5:\"value\";s:49:\"                                       fas fa-tag\";s:10:\"color_type\";s:1:\"S\";s:5:\"color\";s:7:\"#ffffff\";}s:4:\"text\";a:5:{s:7:\"enabled\";s:1:\"Y\";s:5:\"value\";s:4:\"SALE\";s:10:\"color_type\";s:1:\"S\";s:5:\"color\";s:7:\"#ffffff\";s:3:\"bkg\";s:7:\"#df0101\";}}', 'en'),
(218, 437, 'a:3:{s:5:\"color\";a:4:{s:7:\"enabled\";s:1:\"Y\";s:10:\"color_type\";s:1:\"S\";s:5:\"color\";s:7:\"#ffffff\";s:3:\"bkg\";s:7:\"#526c85\";}s:4:\"icon\";a:5:{s:7:\"enabled\";s:1:\"Y\";s:4:\"type\";s:1:\"F\";s:5:\"value\";s:49:\"                                       fas fa-tag\";s:10:\"color_type\";s:1:\"S\";s:5:\"color\";s:7:\"#ffffff\";}s:4:\"text\";a:5:{s:7:\"enabled\";s:1:\"Y\";s:5:\"value\";s:4:\"SALE\";s:10:\"color_type\";s:1:\"S\";s:5:\"color\";s:7:\"#ffffff\";s:3:\"bkg\";s:7:\"#df0101\";}}', 'da'),
(235, 437, 'a:3:{s:5:\"color\";a:4:{s:7:\"enabled\";s:1:\"Y\";s:10:\"color_type\";s:1:\"S\";s:5:\"color\";s:7:\"#ffffff\";s:3:\"bkg\";s:7:\"#526c85\";}s:4:\"icon\";a:5:{s:7:\"enabled\";s:1:\"Y\";s:4:\"type\";s:1:\"F\";s:5:\"value\";s:49:\"                                       fas fa-tag\";s:10:\"color_type\";s:1:\"S\";s:5:\"color\";s:7:\"#ffffff\";}s:4:\"text\";a:5:{s:7:\"enabled\";s:1:\"Y\";s:5:\"value\";s:4:\"SALE\";s:10:\"color_type\";s:1:\"S\";s:5:\"color\";s:7:\"#ffffff\";s:3:\"bkg\";s:7:\"#df0101\";}}', 'de'),
(388, 437, 'a:3:{s:5:\"color\";a:4:{s:7:\"enabled\";s:1:\"Y\";s:10:\"color_type\";s:1:\"S\";s:5:\"color\";s:7:\"#ffffff\";s:3:\"bkg\";s:7:\"#526c85\";}s:4:\"icon\";a:5:{s:7:\"enabled\";s:1:\"Y\";s:4:\"type\";s:1:\"F\";s:5:\"value\";s:49:\"                                       fas fa-tag\";s:10:\"color_type\";s:1:\"S\";s:5:\"color\";s:7:\"#ffffff\";}s:4:\"text\";a:5:{s:7:\"enabled\";s:1:\"Y\";s:5:\"value\";s:4:\"SALE\";s:10:\"color_type\";s:1:\"S\";s:5:\"color\";s:7:\"#ffffff\";s:3:\"bkg\";s:7:\"#df0101\";}}', 'es'),
(269, 437, 'a:3:{s:5:\"color\";a:4:{s:7:\"enabled\";s:1:\"Y\";s:10:\"color_type\";s:1:\"S\";s:5:\"color\";s:7:\"#ffffff\";s:3:\"bkg\";s:7:\"#526c85\";}s:4:\"icon\";a:5:{s:7:\"enabled\";s:1:\"Y\";s:4:\"type\";s:1:\"F\";s:5:\"value\";s:49:\"                                       fas fa-tag\";s:10:\"color_type\";s:1:\"S\";s:5:\"color\";s:7:\"#ffffff\";}s:4:\"text\";a:5:{s:7:\"enabled\";s:1:\"Y\";s:5:\"value\";s:4:\"SALE\";s:10:\"color_type\";s:1:\"S\";s:5:\"color\";s:7:\"#ffffff\";s:3:\"bkg\";s:7:\"#df0101\";}}', 'fr'),
(286, 437, 'a:3:{s:5:\"color\";a:4:{s:7:\"enabled\";s:1:\"Y\";s:10:\"color_type\";s:1:\"S\";s:5:\"color\";s:7:\"#ffffff\";s:3:\"bkg\";s:7:\"#526c85\";}s:4:\"icon\";a:5:{s:7:\"enabled\";s:1:\"Y\";s:4:\"type\";s:1:\"F\";s:5:\"value\";s:49:\"                                       fas fa-tag\";s:10:\"color_type\";s:1:\"S\";s:5:\"color\";s:7:\"#ffffff\";}s:4:\"text\";a:5:{s:7:\"enabled\";s:1:\"Y\";s:5:\"value\";s:4:\"SALE\";s:10:\"color_type\";s:1:\"S\";s:5:\"color\";s:7:\"#ffffff\";s:3:\"bkg\";s:7:\"#df0101\";}}', 'el'),
(303, 437, 'a:3:{s:5:\"color\";a:4:{s:7:\"enabled\";s:1:\"Y\";s:10:\"color_type\";s:1:\"S\";s:5:\"color\";s:7:\"#ffffff\";s:3:\"bkg\";s:7:\"#526c85\";}s:4:\"icon\";a:5:{s:7:\"enabled\";s:1:\"Y\";s:4:\"type\";s:1:\"F\";s:5:\"value\";s:49:\"                                       fas fa-tag\";s:10:\"color_type\";s:1:\"S\";s:5:\"color\";s:7:\"#ffffff\";}s:4:\"text\";a:5:{s:7:\"enabled\";s:1:\"Y\";s:5:\"value\";s:4:\"SALE\";s:10:\"color_type\";s:1:\"S\";s:5:\"color\";s:7:\"#ffffff\";s:3:\"bkg\";s:7:\"#df0101\";}}', 'it'),
(320, 437, 'a:3:{s:5:\"color\";a:4:{s:7:\"enabled\";s:1:\"Y\";s:10:\"color_type\";s:1:\"S\";s:5:\"color\";s:7:\"#ffffff\";s:3:\"bkg\";s:7:\"#526c85\";}s:4:\"icon\";a:5:{s:7:\"enabled\";s:1:\"Y\";s:4:\"type\";s:1:\"F\";s:5:\"value\";s:49:\"                                       fas fa-tag\";s:10:\"color_type\";s:1:\"S\";s:5:\"color\";s:7:\"#ffffff\";}s:4:\"text\";a:5:{s:7:\"enabled\";s:1:\"Y\";s:5:\"value\";s:4:\"SALE\";s:10:\"color_type\";s:1:\"S\";s:5:\"color\";s:7:\"#ffffff\";s:3:\"bkg\";s:7:\"#df0101\";}}', 'nl'),
(337, 437, 'a:3:{s:5:\"color\";a:4:{s:7:\"enabled\";s:1:\"Y\";s:10:\"color_type\";s:1:\"S\";s:5:\"color\";s:7:\"#ffffff\";s:3:\"bkg\";s:7:\"#526c85\";}s:4:\"icon\";a:5:{s:7:\"enabled\";s:1:\"Y\";s:4:\"type\";s:1:\"F\";s:5:\"value\";s:49:\"                                       fas fa-tag\";s:10:\"color_type\";s:1:\"S\";s:5:\"color\";s:7:\"#ffffff\";}s:4:\"text\";a:5:{s:7:\"enabled\";s:1:\"Y\";s:5:\"value\";s:4:\"SALE\";s:10:\"color_type\";s:1:\"S\";s:5:\"color\";s:7:\"#ffffff\";s:3:\"bkg\";s:7:\"#df0101\";}}', 'ro'),
(354, 437, 'a:3:{s:5:\"color\";a:4:{s:7:\"enabled\";s:1:\"Y\";s:10:\"color_type\";s:1:\"S\";s:5:\"color\";s:7:\"#ffffff\";s:3:\"bkg\";s:7:\"#526c85\";}s:4:\"icon\";a:5:{s:7:\"enabled\";s:1:\"Y\";s:4:\"type\";s:1:\"F\";s:5:\"value\";s:49:\"                                       fas fa-tag\";s:10:\"color_type\";s:1:\"S\";s:5:\"color\";s:7:\"#ffffff\";}s:4:\"text\";a:5:{s:7:\"enabled\";s:1:\"Y\";s:5:\"value\";s:4:\"SALE\";s:10:\"color_type\";s:1:\"S\";s:5:\"color\";s:7:\"#ffffff\";s:3:\"bkg\";s:7:\"#df0101\";}}', 'ru'),
(371, 437, 'a:3:{s:5:\"color\";a:4:{s:7:\"enabled\";s:1:\"Y\";s:10:\"color_type\";s:1:\"S\";s:5:\"color\";s:7:\"#ffffff\";s:3:\"bkg\";s:7:\"#526c85\";}s:4:\"icon\";a:5:{s:7:\"enabled\";s:1:\"Y\";s:4:\"type\";s:1:\"F\";s:5:\"value\";s:49:\"                                       fas fa-tag\";s:10:\"color_type\";s:1:\"S\";s:5:\"color\";s:7:\"#ffffff\";}s:4:\"text\";a:5:{s:7:\"enabled\";s:1:\"Y\";s:5:\"value\";s:4:\"SALE\";s:10:\"color_type\";s:1:\"S\";s:5:\"color\";s:7:\"#ffffff\";s:3:\"bkg\";s:7:\"#df0101\";}}', 'no'),
(96, 437, 'a:3:{s:5:\"color\";a:4:{s:7:\"enabled\";s:1:\"Y\";s:10:\"color_type\";s:1:\"S\";s:5:\"color\";s:7:\"#ffffff\";s:3:\"bkg\";s:7:\"#526c85\";}s:4:\"icon\";a:5:{s:7:\"enabled\";s:1:\"Y\";s:4:\"type\";s:1:\"F\";s:5:\"value\";s:49:\"                                       fas fa-tag\";s:10:\"color_type\";s:1:\"S\";s:5:\"color\";s:7:\"#ffffff\";}s:4:\"text\";a:5:{s:7:\"enabled\";s:1:\"Y\";s:5:\"value\";s:4:\"SALE\";s:10:\"color_type\";s:1:\"S\";s:5:\"color\";s:7:\"#ffffff\";s:3:\"bkg\";s:7:\"#df0101\";}}', 'pt'),
(202, 438, 'a:3:{s:5:\"color\";a:4:{s:7:\"enabled\";s:1:\"Y\";s:10:\"color_type\";s:1:\"S\";s:5:\"color\";s:7:\"#ffffff\";s:3:\"bkg\";s:7:\"#617c96\";}s:4:\"icon\";a:5:{s:7:\"enabled\";s:1:\"Y\";s:4:\"type\";s:1:\"F\";s:5:\"value\";s:22:\"    fas fa-plus-square\";s:10:\"color_type\";s:1:\"S\";s:5:\"color\";s:7:\"#ffffff\";}s:4:\"text\";a:5:{s:7:\"enabled\";s:1:\"Y\";s:5:\"value\";s:3:\"NEW\";s:10:\"color_type\";s:1:\"S\";s:5:\"color\";s:7:\"#000000\";s:3:\"bkg\";s:7:\"#ffed05\";}}', 'en'),
(219, 438, 'a:3:{s:5:\"color\";a:4:{s:7:\"enabled\";s:1:\"Y\";s:10:\"color_type\";s:1:\"S\";s:5:\"color\";s:7:\"#ffffff\";s:3:\"bkg\";s:7:\"#617c96\";}s:4:\"icon\";a:5:{s:7:\"enabled\";s:1:\"Y\";s:4:\"type\";s:1:\"F\";s:5:\"value\";s:22:\"    fas fa-plus-square\";s:10:\"color_type\";s:1:\"S\";s:5:\"color\";s:7:\"#ffffff\";}s:4:\"text\";a:5:{s:7:\"enabled\";s:1:\"Y\";s:5:\"value\";s:3:\"NEW\";s:10:\"color_type\";s:1:\"S\";s:5:\"color\";s:7:\"#000000\";s:3:\"bkg\";s:7:\"#ffed05\";}}', 'da'),
(236, 438, 'a:3:{s:5:\"color\";a:4:{s:7:\"enabled\";s:1:\"Y\";s:10:\"color_type\";s:1:\"S\";s:5:\"color\";s:7:\"#ffffff\";s:3:\"bkg\";s:7:\"#617c96\";}s:4:\"icon\";a:5:{s:7:\"enabled\";s:1:\"Y\";s:4:\"type\";s:1:\"F\";s:5:\"value\";s:22:\"    fas fa-plus-square\";s:10:\"color_type\";s:1:\"S\";s:5:\"color\";s:7:\"#ffffff\";}s:4:\"text\";a:5:{s:7:\"enabled\";s:1:\"Y\";s:5:\"value\";s:3:\"NEW\";s:10:\"color_type\";s:1:\"S\";s:5:\"color\";s:7:\"#000000\";s:3:\"bkg\";s:7:\"#ffed05\";}}', 'de'),
(389, 438, 'a:3:{s:5:\"color\";a:4:{s:7:\"enabled\";s:1:\"Y\";s:10:\"color_type\";s:1:\"S\";s:5:\"color\";s:7:\"#ffffff\";s:3:\"bkg\";s:7:\"#617c96\";}s:4:\"icon\";a:5:{s:7:\"enabled\";s:1:\"Y\";s:4:\"type\";s:1:\"F\";s:5:\"value\";s:22:\"    fas fa-plus-square\";s:10:\"color_type\";s:1:\"S\";s:5:\"color\";s:7:\"#ffffff\";}s:4:\"text\";a:5:{s:7:\"enabled\";s:1:\"Y\";s:5:\"value\";s:3:\"NEW\";s:10:\"color_type\";s:1:\"S\";s:5:\"color\";s:7:\"#000000\";s:3:\"bkg\";s:7:\"#ffed05\";}}', 'es');
INSERT INTO `partiushop_et_menu` (`et_menu_id`, `param_id`, `data`, `lang_code`) VALUES
(270, 438, 'a:3:{s:5:\"color\";a:4:{s:7:\"enabled\";s:1:\"Y\";s:10:\"color_type\";s:1:\"S\";s:5:\"color\";s:7:\"#ffffff\";s:3:\"bkg\";s:7:\"#617c96\";}s:4:\"icon\";a:5:{s:7:\"enabled\";s:1:\"Y\";s:4:\"type\";s:1:\"F\";s:5:\"value\";s:22:\"    fas fa-plus-square\";s:10:\"color_type\";s:1:\"S\";s:5:\"color\";s:7:\"#ffffff\";}s:4:\"text\";a:5:{s:7:\"enabled\";s:1:\"Y\";s:5:\"value\";s:3:\"NEW\";s:10:\"color_type\";s:1:\"S\";s:5:\"color\";s:7:\"#000000\";s:3:\"bkg\";s:7:\"#ffed05\";}}', 'fr'),
(287, 438, 'a:3:{s:5:\"color\";a:4:{s:7:\"enabled\";s:1:\"Y\";s:10:\"color_type\";s:1:\"S\";s:5:\"color\";s:7:\"#ffffff\";s:3:\"bkg\";s:7:\"#617c96\";}s:4:\"icon\";a:5:{s:7:\"enabled\";s:1:\"Y\";s:4:\"type\";s:1:\"F\";s:5:\"value\";s:22:\"    fas fa-plus-square\";s:10:\"color_type\";s:1:\"S\";s:5:\"color\";s:7:\"#ffffff\";}s:4:\"text\";a:5:{s:7:\"enabled\";s:1:\"Y\";s:5:\"value\";s:3:\"NEW\";s:10:\"color_type\";s:1:\"S\";s:5:\"color\";s:7:\"#000000\";s:3:\"bkg\";s:7:\"#ffed05\";}}', 'el'),
(304, 438, 'a:3:{s:5:\"color\";a:4:{s:7:\"enabled\";s:1:\"Y\";s:10:\"color_type\";s:1:\"S\";s:5:\"color\";s:7:\"#ffffff\";s:3:\"bkg\";s:7:\"#617c96\";}s:4:\"icon\";a:5:{s:7:\"enabled\";s:1:\"Y\";s:4:\"type\";s:1:\"F\";s:5:\"value\";s:22:\"    fas fa-plus-square\";s:10:\"color_type\";s:1:\"S\";s:5:\"color\";s:7:\"#ffffff\";}s:4:\"text\";a:5:{s:7:\"enabled\";s:1:\"Y\";s:5:\"value\";s:3:\"NEW\";s:10:\"color_type\";s:1:\"S\";s:5:\"color\";s:7:\"#000000\";s:3:\"bkg\";s:7:\"#ffed05\";}}', 'it'),
(321, 438, 'a:3:{s:5:\"color\";a:4:{s:7:\"enabled\";s:1:\"Y\";s:10:\"color_type\";s:1:\"S\";s:5:\"color\";s:7:\"#ffffff\";s:3:\"bkg\";s:7:\"#617c96\";}s:4:\"icon\";a:5:{s:7:\"enabled\";s:1:\"Y\";s:4:\"type\";s:1:\"F\";s:5:\"value\";s:22:\"    fas fa-plus-square\";s:10:\"color_type\";s:1:\"S\";s:5:\"color\";s:7:\"#ffffff\";}s:4:\"text\";a:5:{s:7:\"enabled\";s:1:\"Y\";s:5:\"value\";s:3:\"NEW\";s:10:\"color_type\";s:1:\"S\";s:5:\"color\";s:7:\"#000000\";s:3:\"bkg\";s:7:\"#ffed05\";}}', 'nl'),
(338, 438, 'a:3:{s:5:\"color\";a:4:{s:7:\"enabled\";s:1:\"Y\";s:10:\"color_type\";s:1:\"S\";s:5:\"color\";s:7:\"#ffffff\";s:3:\"bkg\";s:7:\"#617c96\";}s:4:\"icon\";a:5:{s:7:\"enabled\";s:1:\"Y\";s:4:\"type\";s:1:\"F\";s:5:\"value\";s:22:\"    fas fa-plus-square\";s:10:\"color_type\";s:1:\"S\";s:5:\"color\";s:7:\"#ffffff\";}s:4:\"text\";a:5:{s:7:\"enabled\";s:1:\"Y\";s:5:\"value\";s:3:\"NEW\";s:10:\"color_type\";s:1:\"S\";s:5:\"color\";s:7:\"#000000\";s:3:\"bkg\";s:7:\"#ffed05\";}}', 'ro'),
(355, 438, 'a:3:{s:5:\"color\";a:4:{s:7:\"enabled\";s:1:\"Y\";s:10:\"color_type\";s:1:\"S\";s:5:\"color\";s:7:\"#ffffff\";s:3:\"bkg\";s:7:\"#617c96\";}s:4:\"icon\";a:5:{s:7:\"enabled\";s:1:\"Y\";s:4:\"type\";s:1:\"F\";s:5:\"value\";s:22:\"    fas fa-plus-square\";s:10:\"color_type\";s:1:\"S\";s:5:\"color\";s:7:\"#ffffff\";}s:4:\"text\";a:5:{s:7:\"enabled\";s:1:\"Y\";s:5:\"value\";s:3:\"NEW\";s:10:\"color_type\";s:1:\"S\";s:5:\"color\";s:7:\"#000000\";s:3:\"bkg\";s:7:\"#ffed05\";}}', 'ru'),
(372, 438, 'a:3:{s:5:\"color\";a:4:{s:7:\"enabled\";s:1:\"Y\";s:10:\"color_type\";s:1:\"S\";s:5:\"color\";s:7:\"#ffffff\";s:3:\"bkg\";s:7:\"#617c96\";}s:4:\"icon\";a:5:{s:7:\"enabled\";s:1:\"Y\";s:4:\"type\";s:1:\"F\";s:5:\"value\";s:22:\"    fas fa-plus-square\";s:10:\"color_type\";s:1:\"S\";s:5:\"color\";s:7:\"#ffffff\";}s:4:\"text\";a:5:{s:7:\"enabled\";s:1:\"Y\";s:5:\"value\";s:3:\"NEW\";s:10:\"color_type\";s:1:\"S\";s:5:\"color\";s:7:\"#000000\";s:3:\"bkg\";s:7:\"#ffed05\";}}', 'no'),
(108, 438, 'a:3:{s:5:\"color\";a:4:{s:7:\"enabled\";s:1:\"Y\";s:10:\"color_type\";s:1:\"S\";s:5:\"color\";s:7:\"#ffffff\";s:3:\"bkg\";s:7:\"#617c96\";}s:4:\"icon\";a:5:{s:7:\"enabled\";s:1:\"Y\";s:4:\"type\";s:1:\"F\";s:5:\"value\";s:22:\"    fas fa-plus-square\";s:10:\"color_type\";s:1:\"S\";s:5:\"color\";s:7:\"#ffffff\";}s:4:\"text\";a:5:{s:7:\"enabled\";s:1:\"Y\";s:5:\"value\";s:3:\"NEW\";s:10:\"color_type\";s:1:\"S\";s:5:\"color\";s:7:\"#000000\";s:3:\"bkg\";s:7:\"#ffed05\";}}', 'pt'),
(203, 439, 'a:3:{s:5:\"color\";a:4:{s:10:\"color_type\";s:1:\"S\";s:7:\"enabled\";s:1:\"Y\";s:5:\"color\";s:7:\"#ffffff\";s:3:\"bkg\";s:7:\"#6e8aa5\";}s:4:\"icon\";a:5:{s:7:\"enabled\";s:1:\"Y\";s:4:\"type\";s:1:\"F\";s:5:\"value\";s:21:\"   fas fa-certificate\";s:10:\"color_type\";s:1:\"S\";s:5:\"color\";s:7:\"#ffffff\";}s:4:\"text\";a:5:{s:7:\"enabled\";s:1:\"Y\";s:5:\"value\";s:3:\"TOP\";s:10:\"color_type\";s:1:\"S\";s:5:\"color\";s:7:\"#000000\";s:3:\"bkg\";s:7:\"#4bd40f\";}}', 'en'),
(220, 439, 'a:3:{s:5:\"color\";a:4:{s:10:\"color_type\";s:1:\"S\";s:7:\"enabled\";s:1:\"Y\";s:5:\"color\";s:7:\"#ffffff\";s:3:\"bkg\";s:7:\"#6e8aa5\";}s:4:\"icon\";a:5:{s:7:\"enabled\";s:1:\"Y\";s:4:\"type\";s:1:\"F\";s:5:\"value\";s:21:\"   fas fa-certificate\";s:10:\"color_type\";s:1:\"S\";s:5:\"color\";s:7:\"#ffffff\";}s:4:\"text\";a:5:{s:7:\"enabled\";s:1:\"Y\";s:5:\"value\";s:3:\"TOP\";s:10:\"color_type\";s:1:\"S\";s:5:\"color\";s:7:\"#000000\";s:3:\"bkg\";s:7:\"#4bd40f\";}}', 'da'),
(237, 439, 'a:3:{s:5:\"color\";a:4:{s:10:\"color_type\";s:1:\"S\";s:7:\"enabled\";s:1:\"Y\";s:5:\"color\";s:7:\"#ffffff\";s:3:\"bkg\";s:7:\"#6e8aa5\";}s:4:\"icon\";a:5:{s:7:\"enabled\";s:1:\"Y\";s:4:\"type\";s:1:\"F\";s:5:\"value\";s:21:\"   fas fa-certificate\";s:10:\"color_type\";s:1:\"S\";s:5:\"color\";s:7:\"#ffffff\";}s:4:\"text\";a:5:{s:7:\"enabled\";s:1:\"Y\";s:5:\"value\";s:3:\"TOP\";s:10:\"color_type\";s:1:\"S\";s:5:\"color\";s:7:\"#000000\";s:3:\"bkg\";s:7:\"#4bd40f\";}}', 'de'),
(390, 439, 'a:3:{s:5:\"color\";a:4:{s:10:\"color_type\";s:1:\"S\";s:7:\"enabled\";s:1:\"Y\";s:5:\"color\";s:7:\"#ffffff\";s:3:\"bkg\";s:7:\"#6e8aa5\";}s:4:\"icon\";a:5:{s:7:\"enabled\";s:1:\"Y\";s:4:\"type\";s:1:\"F\";s:5:\"value\";s:21:\"   fas fa-certificate\";s:10:\"color_type\";s:1:\"S\";s:5:\"color\";s:7:\"#ffffff\";}s:4:\"text\";a:5:{s:7:\"enabled\";s:1:\"Y\";s:5:\"value\";s:3:\"TOP\";s:10:\"color_type\";s:1:\"S\";s:5:\"color\";s:7:\"#000000\";s:3:\"bkg\";s:7:\"#4bd40f\";}}', 'es'),
(271, 439, 'a:3:{s:5:\"color\";a:4:{s:10:\"color_type\";s:1:\"S\";s:7:\"enabled\";s:1:\"Y\";s:5:\"color\";s:7:\"#ffffff\";s:3:\"bkg\";s:7:\"#6e8aa5\";}s:4:\"icon\";a:5:{s:7:\"enabled\";s:1:\"Y\";s:4:\"type\";s:1:\"F\";s:5:\"value\";s:21:\"   fas fa-certificate\";s:10:\"color_type\";s:1:\"S\";s:5:\"color\";s:7:\"#ffffff\";}s:4:\"text\";a:5:{s:7:\"enabled\";s:1:\"Y\";s:5:\"value\";s:3:\"TOP\";s:10:\"color_type\";s:1:\"S\";s:5:\"color\";s:7:\"#000000\";s:3:\"bkg\";s:7:\"#4bd40f\";}}', 'fr'),
(288, 439, 'a:3:{s:5:\"color\";a:4:{s:10:\"color_type\";s:1:\"S\";s:7:\"enabled\";s:1:\"Y\";s:5:\"color\";s:7:\"#ffffff\";s:3:\"bkg\";s:7:\"#6e8aa5\";}s:4:\"icon\";a:5:{s:7:\"enabled\";s:1:\"Y\";s:4:\"type\";s:1:\"F\";s:5:\"value\";s:21:\"   fas fa-certificate\";s:10:\"color_type\";s:1:\"S\";s:5:\"color\";s:7:\"#ffffff\";}s:4:\"text\";a:5:{s:7:\"enabled\";s:1:\"Y\";s:5:\"value\";s:3:\"TOP\";s:10:\"color_type\";s:1:\"S\";s:5:\"color\";s:7:\"#000000\";s:3:\"bkg\";s:7:\"#4bd40f\";}}', 'el'),
(305, 439, 'a:3:{s:5:\"color\";a:4:{s:10:\"color_type\";s:1:\"S\";s:7:\"enabled\";s:1:\"Y\";s:5:\"color\";s:7:\"#ffffff\";s:3:\"bkg\";s:7:\"#6e8aa5\";}s:4:\"icon\";a:5:{s:7:\"enabled\";s:1:\"Y\";s:4:\"type\";s:1:\"F\";s:5:\"value\";s:21:\"   fas fa-certificate\";s:10:\"color_type\";s:1:\"S\";s:5:\"color\";s:7:\"#ffffff\";}s:4:\"text\";a:5:{s:7:\"enabled\";s:1:\"Y\";s:5:\"value\";s:3:\"TOP\";s:10:\"color_type\";s:1:\"S\";s:5:\"color\";s:7:\"#000000\";s:3:\"bkg\";s:7:\"#4bd40f\";}}', 'it'),
(322, 439, 'a:3:{s:5:\"color\";a:4:{s:10:\"color_type\";s:1:\"S\";s:7:\"enabled\";s:1:\"Y\";s:5:\"color\";s:7:\"#ffffff\";s:3:\"bkg\";s:7:\"#6e8aa5\";}s:4:\"icon\";a:5:{s:7:\"enabled\";s:1:\"Y\";s:4:\"type\";s:1:\"F\";s:5:\"value\";s:21:\"   fas fa-certificate\";s:10:\"color_type\";s:1:\"S\";s:5:\"color\";s:7:\"#ffffff\";}s:4:\"text\";a:5:{s:7:\"enabled\";s:1:\"Y\";s:5:\"value\";s:3:\"TOP\";s:10:\"color_type\";s:1:\"S\";s:5:\"color\";s:7:\"#000000\";s:3:\"bkg\";s:7:\"#4bd40f\";}}', 'nl'),
(339, 439, 'a:3:{s:5:\"color\";a:4:{s:10:\"color_type\";s:1:\"S\";s:7:\"enabled\";s:1:\"Y\";s:5:\"color\";s:7:\"#ffffff\";s:3:\"bkg\";s:7:\"#6e8aa5\";}s:4:\"icon\";a:5:{s:7:\"enabled\";s:1:\"Y\";s:4:\"type\";s:1:\"F\";s:5:\"value\";s:21:\"   fas fa-certificate\";s:10:\"color_type\";s:1:\"S\";s:5:\"color\";s:7:\"#ffffff\";}s:4:\"text\";a:5:{s:7:\"enabled\";s:1:\"Y\";s:5:\"value\";s:3:\"TOP\";s:10:\"color_type\";s:1:\"S\";s:5:\"color\";s:7:\"#000000\";s:3:\"bkg\";s:7:\"#4bd40f\";}}', 'ro'),
(356, 439, 'a:3:{s:5:\"color\";a:4:{s:10:\"color_type\";s:1:\"S\";s:7:\"enabled\";s:1:\"Y\";s:5:\"color\";s:7:\"#ffffff\";s:3:\"bkg\";s:7:\"#6e8aa5\";}s:4:\"icon\";a:5:{s:7:\"enabled\";s:1:\"Y\";s:4:\"type\";s:1:\"F\";s:5:\"value\";s:21:\"   fas fa-certificate\";s:10:\"color_type\";s:1:\"S\";s:5:\"color\";s:7:\"#ffffff\";}s:4:\"text\";a:5:{s:7:\"enabled\";s:1:\"Y\";s:5:\"value\";s:3:\"TOP\";s:10:\"color_type\";s:1:\"S\";s:5:\"color\";s:7:\"#000000\";s:3:\"bkg\";s:7:\"#4bd40f\";}}', 'ru'),
(373, 439, 'a:3:{s:5:\"color\";a:4:{s:10:\"color_type\";s:1:\"S\";s:7:\"enabled\";s:1:\"Y\";s:5:\"color\";s:7:\"#ffffff\";s:3:\"bkg\";s:7:\"#6e8aa5\";}s:4:\"icon\";a:5:{s:7:\"enabled\";s:1:\"Y\";s:4:\"type\";s:1:\"F\";s:5:\"value\";s:21:\"   fas fa-certificate\";s:10:\"color_type\";s:1:\"S\";s:5:\"color\";s:7:\"#ffffff\";}s:4:\"text\";a:5:{s:7:\"enabled\";s:1:\"Y\";s:5:\"value\";s:3:\"TOP\";s:10:\"color_type\";s:1:\"S\";s:5:\"color\";s:7:\"#000000\";s:3:\"bkg\";s:7:\"#4bd40f\";}}', 'no'),
(120, 439, 'a:3:{s:5:\"color\";a:4:{s:10:\"color_type\";s:1:\"S\";s:7:\"enabled\";s:1:\"Y\";s:5:\"color\";s:7:\"#ffffff\";s:3:\"bkg\";s:7:\"#6e8aa5\";}s:4:\"icon\";a:5:{s:7:\"enabled\";s:1:\"Y\";s:4:\"type\";s:1:\"F\";s:5:\"value\";s:21:\"   fas fa-certificate\";s:10:\"color_type\";s:1:\"S\";s:5:\"color\";s:7:\"#ffffff\";}s:4:\"text\";a:5:{s:7:\"enabled\";s:1:\"Y\";s:5:\"value\";s:3:\"TOP\";s:10:\"color_type\";s:1:\"S\";s:5:\"color\";s:7:\"#000000\";s:3:\"bkg\";s:7:\"#4bd40f\";}}', 'pt'),
(204, 440, 'a:3:{s:5:\"color\";a:3:{s:7:\"enabled\";s:1:\"N\";s:5:\"color\";s:7:\"#ffffff\";s:3:\"bkg\";s:7:\"#bf9000\";}s:4:\"icon\";a:4:{s:7:\"enabled\";s:1:\"Y\";s:4:\"type\";s:1:\"F\";s:5:\"value\";s:17:\"fas fa-registered\";s:5:\"color\";s:7:\"#ffffff\";}s:4:\"text\";a:4:{s:7:\"enabled\";s:1:\"N\";s:5:\"value\";s:0:\"\";s:5:\"color\";s:7:\"#ffffff\";s:3:\"bkg\";s:7:\"#000000\";}}', 'en'),
(221, 440, 'a:3:{s:5:\"color\";a:3:{s:7:\"enabled\";s:1:\"N\";s:5:\"color\";s:7:\"#ffffff\";s:3:\"bkg\";s:7:\"#bf9000\";}s:4:\"icon\";a:4:{s:7:\"enabled\";s:1:\"Y\";s:4:\"type\";s:1:\"F\";s:5:\"value\";s:17:\"fas fa-registered\";s:5:\"color\";s:7:\"#ffffff\";}s:4:\"text\";a:4:{s:7:\"enabled\";s:1:\"N\";s:5:\"value\";s:0:\"\";s:5:\"color\";s:7:\"#ffffff\";s:3:\"bkg\";s:7:\"#000000\";}}', 'da'),
(238, 440, 'a:3:{s:5:\"color\";a:3:{s:7:\"enabled\";s:1:\"N\";s:5:\"color\";s:7:\"#ffffff\";s:3:\"bkg\";s:7:\"#bf9000\";}s:4:\"icon\";a:4:{s:7:\"enabled\";s:1:\"Y\";s:4:\"type\";s:1:\"F\";s:5:\"value\";s:17:\"fas fa-registered\";s:5:\"color\";s:7:\"#ffffff\";}s:4:\"text\";a:4:{s:7:\"enabled\";s:1:\"N\";s:5:\"value\";s:0:\"\";s:5:\"color\";s:7:\"#ffffff\";s:3:\"bkg\";s:7:\"#000000\";}}', 'de'),
(391, 440, 'a:3:{s:5:\"color\";a:3:{s:7:\"enabled\";s:1:\"N\";s:5:\"color\";s:7:\"#ffffff\";s:3:\"bkg\";s:7:\"#bf9000\";}s:4:\"icon\";a:4:{s:7:\"enabled\";s:1:\"Y\";s:4:\"type\";s:1:\"F\";s:5:\"value\";s:17:\"fas fa-registered\";s:5:\"color\";s:7:\"#ffffff\";}s:4:\"text\";a:4:{s:7:\"enabled\";s:1:\"N\";s:5:\"value\";s:0:\"\";s:5:\"color\";s:7:\"#ffffff\";s:3:\"bkg\";s:7:\"#000000\";}}', 'es'),
(272, 440, 'a:3:{s:5:\"color\";a:3:{s:7:\"enabled\";s:1:\"N\";s:5:\"color\";s:7:\"#ffffff\";s:3:\"bkg\";s:7:\"#bf9000\";}s:4:\"icon\";a:4:{s:7:\"enabled\";s:1:\"Y\";s:4:\"type\";s:1:\"F\";s:5:\"value\";s:17:\"fas fa-registered\";s:5:\"color\";s:7:\"#ffffff\";}s:4:\"text\";a:4:{s:7:\"enabled\";s:1:\"N\";s:5:\"value\";s:0:\"\";s:5:\"color\";s:7:\"#ffffff\";s:3:\"bkg\";s:7:\"#000000\";}}', 'fr'),
(289, 440, 'a:3:{s:5:\"color\";a:3:{s:7:\"enabled\";s:1:\"N\";s:5:\"color\";s:7:\"#ffffff\";s:3:\"bkg\";s:7:\"#bf9000\";}s:4:\"icon\";a:4:{s:7:\"enabled\";s:1:\"Y\";s:4:\"type\";s:1:\"F\";s:5:\"value\";s:17:\"fas fa-registered\";s:5:\"color\";s:7:\"#ffffff\";}s:4:\"text\";a:4:{s:7:\"enabled\";s:1:\"N\";s:5:\"value\";s:0:\"\";s:5:\"color\";s:7:\"#ffffff\";s:3:\"bkg\";s:7:\"#000000\";}}', 'el'),
(306, 440, 'a:3:{s:5:\"color\";a:3:{s:7:\"enabled\";s:1:\"N\";s:5:\"color\";s:7:\"#ffffff\";s:3:\"bkg\";s:7:\"#bf9000\";}s:4:\"icon\";a:4:{s:7:\"enabled\";s:1:\"Y\";s:4:\"type\";s:1:\"F\";s:5:\"value\";s:17:\"fas fa-registered\";s:5:\"color\";s:7:\"#ffffff\";}s:4:\"text\";a:4:{s:7:\"enabled\";s:1:\"N\";s:5:\"value\";s:0:\"\";s:5:\"color\";s:7:\"#ffffff\";s:3:\"bkg\";s:7:\"#000000\";}}', 'it'),
(323, 440, 'a:3:{s:5:\"color\";a:3:{s:7:\"enabled\";s:1:\"N\";s:5:\"color\";s:7:\"#ffffff\";s:3:\"bkg\";s:7:\"#bf9000\";}s:4:\"icon\";a:4:{s:7:\"enabled\";s:1:\"Y\";s:4:\"type\";s:1:\"F\";s:5:\"value\";s:17:\"fas fa-registered\";s:5:\"color\";s:7:\"#ffffff\";}s:4:\"text\";a:4:{s:7:\"enabled\";s:1:\"N\";s:5:\"value\";s:0:\"\";s:5:\"color\";s:7:\"#ffffff\";s:3:\"bkg\";s:7:\"#000000\";}}', 'nl'),
(340, 440, 'a:3:{s:5:\"color\";a:3:{s:7:\"enabled\";s:1:\"N\";s:5:\"color\";s:7:\"#ffffff\";s:3:\"bkg\";s:7:\"#bf9000\";}s:4:\"icon\";a:4:{s:7:\"enabled\";s:1:\"Y\";s:4:\"type\";s:1:\"F\";s:5:\"value\";s:17:\"fas fa-registered\";s:5:\"color\";s:7:\"#ffffff\";}s:4:\"text\";a:4:{s:7:\"enabled\";s:1:\"N\";s:5:\"value\";s:0:\"\";s:5:\"color\";s:7:\"#ffffff\";s:3:\"bkg\";s:7:\"#000000\";}}', 'ro'),
(357, 440, 'a:3:{s:5:\"color\";a:3:{s:7:\"enabled\";s:1:\"N\";s:5:\"color\";s:7:\"#ffffff\";s:3:\"bkg\";s:7:\"#bf9000\";}s:4:\"icon\";a:4:{s:7:\"enabled\";s:1:\"Y\";s:4:\"type\";s:1:\"F\";s:5:\"value\";s:17:\"fas fa-registered\";s:5:\"color\";s:7:\"#ffffff\";}s:4:\"text\";a:4:{s:7:\"enabled\";s:1:\"N\";s:5:\"value\";s:0:\"\";s:5:\"color\";s:7:\"#ffffff\";s:3:\"bkg\";s:7:\"#000000\";}}', 'ru'),
(374, 440, 'a:3:{s:5:\"color\";a:3:{s:7:\"enabled\";s:1:\"N\";s:5:\"color\";s:7:\"#ffffff\";s:3:\"bkg\";s:7:\"#bf9000\";}s:4:\"icon\";a:4:{s:7:\"enabled\";s:1:\"Y\";s:4:\"type\";s:1:\"F\";s:5:\"value\";s:17:\"fas fa-registered\";s:5:\"color\";s:7:\"#ffffff\";}s:4:\"text\";a:4:{s:7:\"enabled\";s:1:\"N\";s:5:\"value\";s:0:\"\";s:5:\"color\";s:7:\"#ffffff\";s:3:\"bkg\";s:7:\"#000000\";}}', 'no'),
(132, 440, 'a:3:{s:5:\"color\";a:3:{s:7:\"enabled\";s:1:\"N\";s:5:\"color\";s:7:\"#ffffff\";s:3:\"bkg\";s:7:\"#bf9000\";}s:4:\"icon\";a:4:{s:7:\"enabled\";s:1:\"Y\";s:4:\"type\";s:1:\"F\";s:5:\"value\";s:17:\"fas fa-registered\";s:5:\"color\";s:7:\"#ffffff\";}s:4:\"text\";a:4:{s:7:\"enabled\";s:1:\"N\";s:5:\"value\";s:0:\"\";s:5:\"color\";s:7:\"#ffffff\";s:3:\"bkg\";s:7:\"#000000\";}}', 'pt'),
(205, 441, 'a:3:{s:5:\"color\";a:3:{s:7:\"enabled\";s:1:\"N\";s:5:\"color\";s:7:\"#ffffff\";s:3:\"bkg\";s:7:\"#1bd1f7\";}s:4:\"icon\";a:4:{s:7:\"enabled\";s:1:\"Y\";s:4:\"type\";s:1:\"F\";s:5:\"value\";s:16:\"fas fa-thumbtack\";s:5:\"color\";s:7:\"#ffffff\";}s:4:\"text\";a:4:{s:7:\"enabled\";s:1:\"N\";s:5:\"value\";s:0:\"\";s:5:\"color\";s:7:\"#ffffff\";s:3:\"bkg\";s:7:\"#000000\";}}', 'en'),
(222, 441, 'a:3:{s:5:\"color\";a:3:{s:7:\"enabled\";s:1:\"N\";s:5:\"color\";s:7:\"#ffffff\";s:3:\"bkg\";s:7:\"#1bd1f7\";}s:4:\"icon\";a:4:{s:7:\"enabled\";s:1:\"Y\";s:4:\"type\";s:1:\"F\";s:5:\"value\";s:16:\"fas fa-thumbtack\";s:5:\"color\";s:7:\"#ffffff\";}s:4:\"text\";a:4:{s:7:\"enabled\";s:1:\"N\";s:5:\"value\";s:0:\"\";s:5:\"color\";s:7:\"#ffffff\";s:3:\"bkg\";s:7:\"#000000\";}}', 'da'),
(239, 441, 'a:3:{s:5:\"color\";a:3:{s:7:\"enabled\";s:1:\"N\";s:5:\"color\";s:7:\"#ffffff\";s:3:\"bkg\";s:7:\"#1bd1f7\";}s:4:\"icon\";a:4:{s:7:\"enabled\";s:1:\"Y\";s:4:\"type\";s:1:\"F\";s:5:\"value\";s:16:\"fas fa-thumbtack\";s:5:\"color\";s:7:\"#ffffff\";}s:4:\"text\";a:4:{s:7:\"enabled\";s:1:\"N\";s:5:\"value\";s:0:\"\";s:5:\"color\";s:7:\"#ffffff\";s:3:\"bkg\";s:7:\"#000000\";}}', 'de'),
(392, 441, 'a:3:{s:5:\"color\";a:3:{s:7:\"enabled\";s:1:\"N\";s:5:\"color\";s:7:\"#ffffff\";s:3:\"bkg\";s:7:\"#1bd1f7\";}s:4:\"icon\";a:4:{s:7:\"enabled\";s:1:\"Y\";s:4:\"type\";s:1:\"F\";s:5:\"value\";s:16:\"fas fa-thumbtack\";s:5:\"color\";s:7:\"#ffffff\";}s:4:\"text\";a:4:{s:7:\"enabled\";s:1:\"N\";s:5:\"value\";s:0:\"\";s:5:\"color\";s:7:\"#ffffff\";s:3:\"bkg\";s:7:\"#000000\";}}', 'es'),
(273, 441, 'a:3:{s:5:\"color\";a:3:{s:7:\"enabled\";s:1:\"N\";s:5:\"color\";s:7:\"#ffffff\";s:3:\"bkg\";s:7:\"#1bd1f7\";}s:4:\"icon\";a:4:{s:7:\"enabled\";s:1:\"Y\";s:4:\"type\";s:1:\"F\";s:5:\"value\";s:16:\"fas fa-thumbtack\";s:5:\"color\";s:7:\"#ffffff\";}s:4:\"text\";a:4:{s:7:\"enabled\";s:1:\"N\";s:5:\"value\";s:0:\"\";s:5:\"color\";s:7:\"#ffffff\";s:3:\"bkg\";s:7:\"#000000\";}}', 'fr'),
(290, 441, 'a:3:{s:5:\"color\";a:3:{s:7:\"enabled\";s:1:\"N\";s:5:\"color\";s:7:\"#ffffff\";s:3:\"bkg\";s:7:\"#1bd1f7\";}s:4:\"icon\";a:4:{s:7:\"enabled\";s:1:\"Y\";s:4:\"type\";s:1:\"F\";s:5:\"value\";s:16:\"fas fa-thumbtack\";s:5:\"color\";s:7:\"#ffffff\";}s:4:\"text\";a:4:{s:7:\"enabled\";s:1:\"N\";s:5:\"value\";s:0:\"\";s:5:\"color\";s:7:\"#ffffff\";s:3:\"bkg\";s:7:\"#000000\";}}', 'el'),
(307, 441, 'a:3:{s:5:\"color\";a:3:{s:7:\"enabled\";s:1:\"N\";s:5:\"color\";s:7:\"#ffffff\";s:3:\"bkg\";s:7:\"#1bd1f7\";}s:4:\"icon\";a:4:{s:7:\"enabled\";s:1:\"Y\";s:4:\"type\";s:1:\"F\";s:5:\"value\";s:16:\"fas fa-thumbtack\";s:5:\"color\";s:7:\"#ffffff\";}s:4:\"text\";a:4:{s:7:\"enabled\";s:1:\"N\";s:5:\"value\";s:0:\"\";s:5:\"color\";s:7:\"#ffffff\";s:3:\"bkg\";s:7:\"#000000\";}}', 'it'),
(324, 441, 'a:3:{s:5:\"color\";a:3:{s:7:\"enabled\";s:1:\"N\";s:5:\"color\";s:7:\"#ffffff\";s:3:\"bkg\";s:7:\"#1bd1f7\";}s:4:\"icon\";a:4:{s:7:\"enabled\";s:1:\"Y\";s:4:\"type\";s:1:\"F\";s:5:\"value\";s:16:\"fas fa-thumbtack\";s:5:\"color\";s:7:\"#ffffff\";}s:4:\"text\";a:4:{s:7:\"enabled\";s:1:\"N\";s:5:\"value\";s:0:\"\";s:5:\"color\";s:7:\"#ffffff\";s:3:\"bkg\";s:7:\"#000000\";}}', 'nl'),
(341, 441, 'a:3:{s:5:\"color\";a:3:{s:7:\"enabled\";s:1:\"N\";s:5:\"color\";s:7:\"#ffffff\";s:3:\"bkg\";s:7:\"#1bd1f7\";}s:4:\"icon\";a:4:{s:7:\"enabled\";s:1:\"Y\";s:4:\"type\";s:1:\"F\";s:5:\"value\";s:16:\"fas fa-thumbtack\";s:5:\"color\";s:7:\"#ffffff\";}s:4:\"text\";a:4:{s:7:\"enabled\";s:1:\"N\";s:5:\"value\";s:0:\"\";s:5:\"color\";s:7:\"#ffffff\";s:3:\"bkg\";s:7:\"#000000\";}}', 'ro'),
(358, 441, 'a:3:{s:5:\"color\";a:3:{s:7:\"enabled\";s:1:\"N\";s:5:\"color\";s:7:\"#ffffff\";s:3:\"bkg\";s:7:\"#1bd1f7\";}s:4:\"icon\";a:4:{s:7:\"enabled\";s:1:\"Y\";s:4:\"type\";s:1:\"F\";s:5:\"value\";s:16:\"fas fa-thumbtack\";s:5:\"color\";s:7:\"#ffffff\";}s:4:\"text\";a:4:{s:7:\"enabled\";s:1:\"N\";s:5:\"value\";s:0:\"\";s:5:\"color\";s:7:\"#ffffff\";s:3:\"bkg\";s:7:\"#000000\";}}', 'ru'),
(375, 441, 'a:3:{s:5:\"color\";a:3:{s:7:\"enabled\";s:1:\"N\";s:5:\"color\";s:7:\"#ffffff\";s:3:\"bkg\";s:7:\"#1bd1f7\";}s:4:\"icon\";a:4:{s:7:\"enabled\";s:1:\"Y\";s:4:\"type\";s:1:\"F\";s:5:\"value\";s:16:\"fas fa-thumbtack\";s:5:\"color\";s:7:\"#ffffff\";}s:4:\"text\";a:4:{s:7:\"enabled\";s:1:\"N\";s:5:\"value\";s:0:\"\";s:5:\"color\";s:7:\"#ffffff\";s:3:\"bkg\";s:7:\"#000000\";}}', 'no'),
(144, 441, 'a:3:{s:5:\"color\";a:3:{s:7:\"enabled\";s:1:\"N\";s:5:\"color\";s:7:\"#ffffff\";s:3:\"bkg\";s:7:\"#1bd1f7\";}s:4:\"icon\";a:4:{s:7:\"enabled\";s:1:\"Y\";s:4:\"type\";s:1:\"F\";s:5:\"value\";s:16:\"fas fa-thumbtack\";s:5:\"color\";s:7:\"#ffffff\";}s:4:\"text\";a:4:{s:7:\"enabled\";s:1:\"N\";s:5:\"value\";s:0:\"\";s:5:\"color\";s:7:\"#ffffff\";s:3:\"bkg\";s:7:\"#000000\";}}', 'pt'),
(206, 442, 'a:3:{s:5:\"color\";a:3:{s:7:\"enabled\";s:1:\"N\";s:5:\"color\";s:7:\"#ffffff\";s:3:\"bkg\";s:7:\"#967bdf\";}s:4:\"icon\";a:4:{s:7:\"enabled\";s:1:\"Y\";s:4:\"type\";s:1:\"F\";s:5:\"value\";s:11:\"fas fa-gift\";s:5:\"color\";s:7:\"#ffffff\";}s:4:\"text\";a:4:{s:7:\"enabled\";s:1:\"N\";s:5:\"value\";s:0:\"\";s:5:\"color\";s:7:\"#ffffff\";s:3:\"bkg\";s:7:\"#000000\";}}', 'en'),
(223, 442, 'a:3:{s:5:\"color\";a:3:{s:7:\"enabled\";s:1:\"N\";s:5:\"color\";s:7:\"#ffffff\";s:3:\"bkg\";s:7:\"#967bdf\";}s:4:\"icon\";a:4:{s:7:\"enabled\";s:1:\"Y\";s:4:\"type\";s:1:\"F\";s:5:\"value\";s:11:\"fas fa-gift\";s:5:\"color\";s:7:\"#ffffff\";}s:4:\"text\";a:4:{s:7:\"enabled\";s:1:\"N\";s:5:\"value\";s:0:\"\";s:5:\"color\";s:7:\"#ffffff\";s:3:\"bkg\";s:7:\"#000000\";}}', 'da'),
(240, 442, 'a:3:{s:5:\"color\";a:3:{s:7:\"enabled\";s:1:\"N\";s:5:\"color\";s:7:\"#ffffff\";s:3:\"bkg\";s:7:\"#967bdf\";}s:4:\"icon\";a:4:{s:7:\"enabled\";s:1:\"Y\";s:4:\"type\";s:1:\"F\";s:5:\"value\";s:11:\"fas fa-gift\";s:5:\"color\";s:7:\"#ffffff\";}s:4:\"text\";a:4:{s:7:\"enabled\";s:1:\"N\";s:5:\"value\";s:0:\"\";s:5:\"color\";s:7:\"#ffffff\";s:3:\"bkg\";s:7:\"#000000\";}}', 'de'),
(393, 442, 'a:3:{s:5:\"color\";a:3:{s:7:\"enabled\";s:1:\"N\";s:5:\"color\";s:7:\"#ffffff\";s:3:\"bkg\";s:7:\"#967bdf\";}s:4:\"icon\";a:4:{s:7:\"enabled\";s:1:\"Y\";s:4:\"type\";s:1:\"F\";s:5:\"value\";s:11:\"fas fa-gift\";s:5:\"color\";s:7:\"#ffffff\";}s:4:\"text\";a:4:{s:7:\"enabled\";s:1:\"N\";s:5:\"value\";s:0:\"\";s:5:\"color\";s:7:\"#ffffff\";s:3:\"bkg\";s:7:\"#000000\";}}', 'es'),
(274, 442, 'a:3:{s:5:\"color\";a:3:{s:7:\"enabled\";s:1:\"N\";s:5:\"color\";s:7:\"#ffffff\";s:3:\"bkg\";s:7:\"#967bdf\";}s:4:\"icon\";a:4:{s:7:\"enabled\";s:1:\"Y\";s:4:\"type\";s:1:\"F\";s:5:\"value\";s:11:\"fas fa-gift\";s:5:\"color\";s:7:\"#ffffff\";}s:4:\"text\";a:4:{s:7:\"enabled\";s:1:\"N\";s:5:\"value\";s:0:\"\";s:5:\"color\";s:7:\"#ffffff\";s:3:\"bkg\";s:7:\"#000000\";}}', 'fr'),
(291, 442, 'a:3:{s:5:\"color\";a:3:{s:7:\"enabled\";s:1:\"N\";s:5:\"color\";s:7:\"#ffffff\";s:3:\"bkg\";s:7:\"#967bdf\";}s:4:\"icon\";a:4:{s:7:\"enabled\";s:1:\"Y\";s:4:\"type\";s:1:\"F\";s:5:\"value\";s:11:\"fas fa-gift\";s:5:\"color\";s:7:\"#ffffff\";}s:4:\"text\";a:4:{s:7:\"enabled\";s:1:\"N\";s:5:\"value\";s:0:\"\";s:5:\"color\";s:7:\"#ffffff\";s:3:\"bkg\";s:7:\"#000000\";}}', 'el'),
(308, 442, 'a:3:{s:5:\"color\";a:3:{s:7:\"enabled\";s:1:\"N\";s:5:\"color\";s:7:\"#ffffff\";s:3:\"bkg\";s:7:\"#967bdf\";}s:4:\"icon\";a:4:{s:7:\"enabled\";s:1:\"Y\";s:4:\"type\";s:1:\"F\";s:5:\"value\";s:11:\"fas fa-gift\";s:5:\"color\";s:7:\"#ffffff\";}s:4:\"text\";a:4:{s:7:\"enabled\";s:1:\"N\";s:5:\"value\";s:0:\"\";s:5:\"color\";s:7:\"#ffffff\";s:3:\"bkg\";s:7:\"#000000\";}}', 'it'),
(325, 442, 'a:3:{s:5:\"color\";a:3:{s:7:\"enabled\";s:1:\"N\";s:5:\"color\";s:7:\"#ffffff\";s:3:\"bkg\";s:7:\"#967bdf\";}s:4:\"icon\";a:4:{s:7:\"enabled\";s:1:\"Y\";s:4:\"type\";s:1:\"F\";s:5:\"value\";s:11:\"fas fa-gift\";s:5:\"color\";s:7:\"#ffffff\";}s:4:\"text\";a:4:{s:7:\"enabled\";s:1:\"N\";s:5:\"value\";s:0:\"\";s:5:\"color\";s:7:\"#ffffff\";s:3:\"bkg\";s:7:\"#000000\";}}', 'nl'),
(342, 442, 'a:3:{s:5:\"color\";a:3:{s:7:\"enabled\";s:1:\"N\";s:5:\"color\";s:7:\"#ffffff\";s:3:\"bkg\";s:7:\"#967bdf\";}s:4:\"icon\";a:4:{s:7:\"enabled\";s:1:\"Y\";s:4:\"type\";s:1:\"F\";s:5:\"value\";s:11:\"fas fa-gift\";s:5:\"color\";s:7:\"#ffffff\";}s:4:\"text\";a:4:{s:7:\"enabled\";s:1:\"N\";s:5:\"value\";s:0:\"\";s:5:\"color\";s:7:\"#ffffff\";s:3:\"bkg\";s:7:\"#000000\";}}', 'ro'),
(359, 442, 'a:3:{s:5:\"color\";a:3:{s:7:\"enabled\";s:1:\"N\";s:5:\"color\";s:7:\"#ffffff\";s:3:\"bkg\";s:7:\"#967bdf\";}s:4:\"icon\";a:4:{s:7:\"enabled\";s:1:\"Y\";s:4:\"type\";s:1:\"F\";s:5:\"value\";s:11:\"fas fa-gift\";s:5:\"color\";s:7:\"#ffffff\";}s:4:\"text\";a:4:{s:7:\"enabled\";s:1:\"N\";s:5:\"value\";s:0:\"\";s:5:\"color\";s:7:\"#ffffff\";s:3:\"bkg\";s:7:\"#000000\";}}', 'ru'),
(376, 442, 'a:3:{s:5:\"color\";a:3:{s:7:\"enabled\";s:1:\"N\";s:5:\"color\";s:7:\"#ffffff\";s:3:\"bkg\";s:7:\"#967bdf\";}s:4:\"icon\";a:4:{s:7:\"enabled\";s:1:\"Y\";s:4:\"type\";s:1:\"F\";s:5:\"value\";s:11:\"fas fa-gift\";s:5:\"color\";s:7:\"#ffffff\";}s:4:\"text\";a:4:{s:7:\"enabled\";s:1:\"N\";s:5:\"value\";s:0:\"\";s:5:\"color\";s:7:\"#ffffff\";s:3:\"bkg\";s:7:\"#000000\";}}', 'no'),
(156, 442, 'a:3:{s:5:\"color\";a:3:{s:7:\"enabled\";s:1:\"N\";s:5:\"color\";s:7:\"#ffffff\";s:3:\"bkg\";s:7:\"#967bdf\";}s:4:\"icon\";a:4:{s:7:\"enabled\";s:1:\"Y\";s:4:\"type\";s:1:\"F\";s:5:\"value\";s:11:\"fas fa-gift\";s:5:\"color\";s:7:\"#ffffff\";}s:4:\"text\";a:4:{s:7:\"enabled\";s:1:\"N\";s:5:\"value\";s:0:\"\";s:5:\"color\";s:7:\"#ffffff\";s:3:\"bkg\";s:7:\"#000000\";}}', 'pt'),
(207, 443, 'a:3:{s:5:\"color\";a:3:{s:7:\"enabled\";s:1:\"N\";s:5:\"color\";s:7:\"#ffffff\";s:3:\"bkg\";s:7:\"#34495e\";}s:4:\"icon\";a:5:{s:7:\"enabled\";s:1:\"Y\";s:4:\"type\";s:1:\"F\";s:5:\"value\";s:11:\" fas fa-rss\";s:10:\"color_type\";s:1:\"S\";s:5:\"color\";s:7:\"#ffffff\";}s:4:\"text\";a:4:{s:7:\"enabled\";s:1:\"N\";s:5:\"value\";s:3:\"HOT\";s:5:\"color\";s:7:\"#ffffff\";s:3:\"bkg\";s:7:\"#f43007\";}}', 'en'),
(224, 443, 'a:3:{s:5:\"color\";a:3:{s:7:\"enabled\";s:1:\"N\";s:5:\"color\";s:7:\"#ffffff\";s:3:\"bkg\";s:7:\"#34495e\";}s:4:\"icon\";a:5:{s:7:\"enabled\";s:1:\"Y\";s:4:\"type\";s:1:\"F\";s:5:\"value\";s:11:\" fas fa-rss\";s:10:\"color_type\";s:1:\"S\";s:5:\"color\";s:7:\"#ffffff\";}s:4:\"text\";a:4:{s:7:\"enabled\";s:1:\"N\";s:5:\"value\";s:3:\"HOT\";s:5:\"color\";s:7:\"#ffffff\";s:3:\"bkg\";s:7:\"#f43007\";}}', 'da'),
(241, 443, 'a:3:{s:5:\"color\";a:3:{s:7:\"enabled\";s:1:\"N\";s:5:\"color\";s:7:\"#ffffff\";s:3:\"bkg\";s:7:\"#34495e\";}s:4:\"icon\";a:5:{s:7:\"enabled\";s:1:\"Y\";s:4:\"type\";s:1:\"F\";s:5:\"value\";s:11:\" fas fa-rss\";s:10:\"color_type\";s:1:\"S\";s:5:\"color\";s:7:\"#ffffff\";}s:4:\"text\";a:4:{s:7:\"enabled\";s:1:\"N\";s:5:\"value\";s:3:\"HOT\";s:5:\"color\";s:7:\"#ffffff\";s:3:\"bkg\";s:7:\"#f43007\";}}', 'de'),
(394, 443, 'a:3:{s:5:\"color\";a:3:{s:7:\"enabled\";s:1:\"N\";s:5:\"color\";s:7:\"#ffffff\";s:3:\"bkg\";s:7:\"#34495e\";}s:4:\"icon\";a:5:{s:7:\"enabled\";s:1:\"Y\";s:4:\"type\";s:1:\"F\";s:5:\"value\";s:11:\" fas fa-rss\";s:10:\"color_type\";s:1:\"S\";s:5:\"color\";s:7:\"#ffffff\";}s:4:\"text\";a:4:{s:7:\"enabled\";s:1:\"N\";s:5:\"value\";s:3:\"HOT\";s:5:\"color\";s:7:\"#ffffff\";s:3:\"bkg\";s:7:\"#f43007\";}}', 'es'),
(275, 443, 'a:3:{s:5:\"color\";a:3:{s:7:\"enabled\";s:1:\"N\";s:5:\"color\";s:7:\"#ffffff\";s:3:\"bkg\";s:7:\"#34495e\";}s:4:\"icon\";a:5:{s:7:\"enabled\";s:1:\"Y\";s:4:\"type\";s:1:\"F\";s:5:\"value\";s:11:\" fas fa-rss\";s:10:\"color_type\";s:1:\"S\";s:5:\"color\";s:7:\"#ffffff\";}s:4:\"text\";a:4:{s:7:\"enabled\";s:1:\"N\";s:5:\"value\";s:3:\"HOT\";s:5:\"color\";s:7:\"#ffffff\";s:3:\"bkg\";s:7:\"#f43007\";}}', 'fr'),
(292, 443, 'a:3:{s:5:\"color\";a:3:{s:7:\"enabled\";s:1:\"N\";s:5:\"color\";s:7:\"#ffffff\";s:3:\"bkg\";s:7:\"#34495e\";}s:4:\"icon\";a:5:{s:7:\"enabled\";s:1:\"Y\";s:4:\"type\";s:1:\"F\";s:5:\"value\";s:11:\" fas fa-rss\";s:10:\"color_type\";s:1:\"S\";s:5:\"color\";s:7:\"#ffffff\";}s:4:\"text\";a:4:{s:7:\"enabled\";s:1:\"N\";s:5:\"value\";s:3:\"HOT\";s:5:\"color\";s:7:\"#ffffff\";s:3:\"bkg\";s:7:\"#f43007\";}}', 'el'),
(309, 443, 'a:3:{s:5:\"color\";a:3:{s:7:\"enabled\";s:1:\"N\";s:5:\"color\";s:7:\"#ffffff\";s:3:\"bkg\";s:7:\"#34495e\";}s:4:\"icon\";a:5:{s:7:\"enabled\";s:1:\"Y\";s:4:\"type\";s:1:\"F\";s:5:\"value\";s:11:\" fas fa-rss\";s:10:\"color_type\";s:1:\"S\";s:5:\"color\";s:7:\"#ffffff\";}s:4:\"text\";a:4:{s:7:\"enabled\";s:1:\"N\";s:5:\"value\";s:3:\"HOT\";s:5:\"color\";s:7:\"#ffffff\";s:3:\"bkg\";s:7:\"#f43007\";}}', 'it'),
(326, 443, 'a:3:{s:5:\"color\";a:3:{s:7:\"enabled\";s:1:\"N\";s:5:\"color\";s:7:\"#ffffff\";s:3:\"bkg\";s:7:\"#34495e\";}s:4:\"icon\";a:5:{s:7:\"enabled\";s:1:\"Y\";s:4:\"type\";s:1:\"F\";s:5:\"value\";s:11:\" fas fa-rss\";s:10:\"color_type\";s:1:\"S\";s:5:\"color\";s:7:\"#ffffff\";}s:4:\"text\";a:4:{s:7:\"enabled\";s:1:\"N\";s:5:\"value\";s:3:\"HOT\";s:5:\"color\";s:7:\"#ffffff\";s:3:\"bkg\";s:7:\"#f43007\";}}', 'nl'),
(343, 443, 'a:3:{s:5:\"color\";a:3:{s:7:\"enabled\";s:1:\"N\";s:5:\"color\";s:7:\"#ffffff\";s:3:\"bkg\";s:7:\"#34495e\";}s:4:\"icon\";a:5:{s:7:\"enabled\";s:1:\"Y\";s:4:\"type\";s:1:\"F\";s:5:\"value\";s:11:\" fas fa-rss\";s:10:\"color_type\";s:1:\"S\";s:5:\"color\";s:7:\"#ffffff\";}s:4:\"text\";a:4:{s:7:\"enabled\";s:1:\"N\";s:5:\"value\";s:3:\"HOT\";s:5:\"color\";s:7:\"#ffffff\";s:3:\"bkg\";s:7:\"#f43007\";}}', 'ro'),
(360, 443, 'a:3:{s:5:\"color\";a:3:{s:7:\"enabled\";s:1:\"N\";s:5:\"color\";s:7:\"#ffffff\";s:3:\"bkg\";s:7:\"#34495e\";}s:4:\"icon\";a:5:{s:7:\"enabled\";s:1:\"Y\";s:4:\"type\";s:1:\"F\";s:5:\"value\";s:11:\" fas fa-rss\";s:10:\"color_type\";s:1:\"S\";s:5:\"color\";s:7:\"#ffffff\";}s:4:\"text\";a:4:{s:7:\"enabled\";s:1:\"N\";s:5:\"value\";s:3:\"HOT\";s:5:\"color\";s:7:\"#ffffff\";s:3:\"bkg\";s:7:\"#f43007\";}}', 'ru'),
(377, 443, 'a:3:{s:5:\"color\";a:3:{s:7:\"enabled\";s:1:\"N\";s:5:\"color\";s:7:\"#ffffff\";s:3:\"bkg\";s:7:\"#34495e\";}s:4:\"icon\";a:5:{s:7:\"enabled\";s:1:\"Y\";s:4:\"type\";s:1:\"F\";s:5:\"value\";s:11:\" fas fa-rss\";s:10:\"color_type\";s:1:\"S\";s:5:\"color\";s:7:\"#ffffff\";}s:4:\"text\";a:4:{s:7:\"enabled\";s:1:\"N\";s:5:\"value\";s:3:\"HOT\";s:5:\"color\";s:7:\"#ffffff\";s:3:\"bkg\";s:7:\"#f43007\";}}', 'no'),
(168, 443, 'a:3:{s:5:\"color\";a:3:{s:7:\"enabled\";s:1:\"N\";s:5:\"color\";s:7:\"#ffffff\";s:3:\"bkg\";s:7:\"#34495e\";}s:4:\"icon\";a:5:{s:7:\"enabled\";s:1:\"Y\";s:4:\"type\";s:1:\"F\";s:5:\"value\";s:11:\" fas fa-rss\";s:10:\"color_type\";s:1:\"S\";s:5:\"color\";s:7:\"#ffffff\";}s:4:\"text\";a:4:{s:7:\"enabled\";s:1:\"N\";s:5:\"value\";s:3:\"HOT\";s:5:\"color\";s:7:\"#ffffff\";s:3:\"bkg\";s:7:\"#f43007\";}}', 'pt'),
(208, 444, 'a:3:{s:5:\"color\";a:3:{s:7:\"enabled\";s:1:\"N\";s:5:\"color\";s:7:\"#ffffff\";s:3:\"bkg\";s:7:\"#c27ba0\";}s:4:\"icon\";a:4:{s:7:\"enabled\";s:1:\"Y\";s:4:\"type\";s:1:\"F\";s:5:\"value\";s:15:\"fas fa-bullhorn\";s:5:\"color\";s:7:\"#ffffff\";}s:4:\"text\";a:4:{s:7:\"enabled\";s:1:\"N\";s:5:\"value\";s:0:\"\";s:5:\"color\";s:7:\"#ffffff\";s:3:\"bkg\";s:7:\"#000000\";}}', 'en'),
(225, 444, 'a:3:{s:5:\"color\";a:3:{s:7:\"enabled\";s:1:\"N\";s:5:\"color\";s:7:\"#ffffff\";s:3:\"bkg\";s:7:\"#c27ba0\";}s:4:\"icon\";a:4:{s:7:\"enabled\";s:1:\"Y\";s:4:\"type\";s:1:\"F\";s:5:\"value\";s:15:\"fas fa-bullhorn\";s:5:\"color\";s:7:\"#ffffff\";}s:4:\"text\";a:4:{s:7:\"enabled\";s:1:\"N\";s:5:\"value\";s:0:\"\";s:5:\"color\";s:7:\"#ffffff\";s:3:\"bkg\";s:7:\"#000000\";}}', 'da'),
(242, 444, 'a:3:{s:5:\"color\";a:3:{s:7:\"enabled\";s:1:\"N\";s:5:\"color\";s:7:\"#ffffff\";s:3:\"bkg\";s:7:\"#c27ba0\";}s:4:\"icon\";a:4:{s:7:\"enabled\";s:1:\"Y\";s:4:\"type\";s:1:\"F\";s:5:\"value\";s:15:\"fas fa-bullhorn\";s:5:\"color\";s:7:\"#ffffff\";}s:4:\"text\";a:4:{s:7:\"enabled\";s:1:\"N\";s:5:\"value\";s:0:\"\";s:5:\"color\";s:7:\"#ffffff\";s:3:\"bkg\";s:7:\"#000000\";}}', 'de'),
(395, 444, 'a:3:{s:5:\"color\";a:3:{s:7:\"enabled\";s:1:\"N\";s:5:\"color\";s:7:\"#ffffff\";s:3:\"bkg\";s:7:\"#c27ba0\";}s:4:\"icon\";a:4:{s:7:\"enabled\";s:1:\"Y\";s:4:\"type\";s:1:\"F\";s:5:\"value\";s:15:\"fas fa-bullhorn\";s:5:\"color\";s:7:\"#ffffff\";}s:4:\"text\";a:4:{s:7:\"enabled\";s:1:\"N\";s:5:\"value\";s:0:\"\";s:5:\"color\";s:7:\"#ffffff\";s:3:\"bkg\";s:7:\"#000000\";}}', 'es'),
(276, 444, 'a:3:{s:5:\"color\";a:3:{s:7:\"enabled\";s:1:\"N\";s:5:\"color\";s:7:\"#ffffff\";s:3:\"bkg\";s:7:\"#c27ba0\";}s:4:\"icon\";a:4:{s:7:\"enabled\";s:1:\"Y\";s:4:\"type\";s:1:\"F\";s:5:\"value\";s:15:\"fas fa-bullhorn\";s:5:\"color\";s:7:\"#ffffff\";}s:4:\"text\";a:4:{s:7:\"enabled\";s:1:\"N\";s:5:\"value\";s:0:\"\";s:5:\"color\";s:7:\"#ffffff\";s:3:\"bkg\";s:7:\"#000000\";}}', 'fr'),
(293, 444, 'a:3:{s:5:\"color\";a:3:{s:7:\"enabled\";s:1:\"N\";s:5:\"color\";s:7:\"#ffffff\";s:3:\"bkg\";s:7:\"#c27ba0\";}s:4:\"icon\";a:4:{s:7:\"enabled\";s:1:\"Y\";s:4:\"type\";s:1:\"F\";s:5:\"value\";s:15:\"fas fa-bullhorn\";s:5:\"color\";s:7:\"#ffffff\";}s:4:\"text\";a:4:{s:7:\"enabled\";s:1:\"N\";s:5:\"value\";s:0:\"\";s:5:\"color\";s:7:\"#ffffff\";s:3:\"bkg\";s:7:\"#000000\";}}', 'el'),
(310, 444, 'a:3:{s:5:\"color\";a:3:{s:7:\"enabled\";s:1:\"N\";s:5:\"color\";s:7:\"#ffffff\";s:3:\"bkg\";s:7:\"#c27ba0\";}s:4:\"icon\";a:4:{s:7:\"enabled\";s:1:\"Y\";s:4:\"type\";s:1:\"F\";s:5:\"value\";s:15:\"fas fa-bullhorn\";s:5:\"color\";s:7:\"#ffffff\";}s:4:\"text\";a:4:{s:7:\"enabled\";s:1:\"N\";s:5:\"value\";s:0:\"\";s:5:\"color\";s:7:\"#ffffff\";s:3:\"bkg\";s:7:\"#000000\";}}', 'it'),
(327, 444, 'a:3:{s:5:\"color\";a:3:{s:7:\"enabled\";s:1:\"N\";s:5:\"color\";s:7:\"#ffffff\";s:3:\"bkg\";s:7:\"#c27ba0\";}s:4:\"icon\";a:4:{s:7:\"enabled\";s:1:\"Y\";s:4:\"type\";s:1:\"F\";s:5:\"value\";s:15:\"fas fa-bullhorn\";s:5:\"color\";s:7:\"#ffffff\";}s:4:\"text\";a:4:{s:7:\"enabled\";s:1:\"N\";s:5:\"value\";s:0:\"\";s:5:\"color\";s:7:\"#ffffff\";s:3:\"bkg\";s:7:\"#000000\";}}', 'nl'),
(344, 444, 'a:3:{s:5:\"color\";a:3:{s:7:\"enabled\";s:1:\"N\";s:5:\"color\";s:7:\"#ffffff\";s:3:\"bkg\";s:7:\"#c27ba0\";}s:4:\"icon\";a:4:{s:7:\"enabled\";s:1:\"Y\";s:4:\"type\";s:1:\"F\";s:5:\"value\";s:15:\"fas fa-bullhorn\";s:5:\"color\";s:7:\"#ffffff\";}s:4:\"text\";a:4:{s:7:\"enabled\";s:1:\"N\";s:5:\"value\";s:0:\"\";s:5:\"color\";s:7:\"#ffffff\";s:3:\"bkg\";s:7:\"#000000\";}}', 'ro'),
(361, 444, 'a:3:{s:5:\"color\";a:3:{s:7:\"enabled\";s:1:\"N\";s:5:\"color\";s:7:\"#ffffff\";s:3:\"bkg\";s:7:\"#c27ba0\";}s:4:\"icon\";a:4:{s:7:\"enabled\";s:1:\"Y\";s:4:\"type\";s:1:\"F\";s:5:\"value\";s:15:\"fas fa-bullhorn\";s:5:\"color\";s:7:\"#ffffff\";}s:4:\"text\";a:4:{s:7:\"enabled\";s:1:\"N\";s:5:\"value\";s:0:\"\";s:5:\"color\";s:7:\"#ffffff\";s:3:\"bkg\";s:7:\"#000000\";}}', 'ru'),
(378, 444, 'a:3:{s:5:\"color\";a:3:{s:7:\"enabled\";s:1:\"N\";s:5:\"color\";s:7:\"#ffffff\";s:3:\"bkg\";s:7:\"#c27ba0\";}s:4:\"icon\";a:4:{s:7:\"enabled\";s:1:\"Y\";s:4:\"type\";s:1:\"F\";s:5:\"value\";s:15:\"fas fa-bullhorn\";s:5:\"color\";s:7:\"#ffffff\";}s:4:\"text\";a:4:{s:7:\"enabled\";s:1:\"N\";s:5:\"value\";s:0:\"\";s:5:\"color\";s:7:\"#ffffff\";s:3:\"bkg\";s:7:\"#000000\";}}', 'no'),
(180, 444, 'a:3:{s:5:\"color\";a:3:{s:7:\"enabled\";s:1:\"N\";s:5:\"color\";s:7:\"#ffffff\";s:3:\"bkg\";s:7:\"#c27ba0\";}s:4:\"icon\";a:4:{s:7:\"enabled\";s:1:\"Y\";s:4:\"type\";s:1:\"F\";s:5:\"value\";s:15:\"fas fa-bullhorn\";s:5:\"color\";s:7:\"#ffffff\";}s:4:\"text\";a:4:{s:7:\"enabled\";s:1:\"N\";s:5:\"value\";s:0:\"\";s:5:\"color\";s:7:\"#ffffff\";s:3:\"bkg\";s:7:\"#000000\";}}', 'pt'),
(209, 453, 'a:3:{s:5:\"color\";a:4:{s:7:\"enabled\";s:1:\"Y\";s:10:\"color_type\";s:1:\"S\";s:5:\"color\";s:7:\"#0bdddd\";s:3:\"bkg\";s:7:\"#34495e\";}s:4:\"icon\";a:5:{s:7:\"enabled\";s:1:\"Y\";s:4:\"type\";s:1:\"F\";s:5:\"value\";s:25:\"            fab fa-sellsy\";s:10:\"color_type\";s:1:\"S\";s:5:\"color\";s:7:\"#ffd966\";}s:4:\"text\";a:5:{s:7:\"enabled\";s:1:\"Y\";s:5:\"value\";s:9:\"Apply now\";s:10:\"color_type\";s:1:\"S\";s:5:\"color\";s:7:\"#ffffff\";s:3:\"bkg\";s:7:\"#c27ba0\";}}', 'en'),
(226, 453, 'a:3:{s:5:\"color\";a:4:{s:7:\"enabled\";s:1:\"Y\";s:10:\"color_type\";s:1:\"S\";s:5:\"color\";s:7:\"#0bdddd\";s:3:\"bkg\";s:7:\"#34495e\";}s:4:\"icon\";a:5:{s:7:\"enabled\";s:1:\"Y\";s:4:\"type\";s:1:\"F\";s:5:\"value\";s:25:\"            fab fa-sellsy\";s:10:\"color_type\";s:1:\"S\";s:5:\"color\";s:7:\"#ffd966\";}s:4:\"text\";a:5:{s:7:\"enabled\";s:1:\"Y\";s:5:\"value\";s:9:\"Apply now\";s:10:\"color_type\";s:1:\"S\";s:5:\"color\";s:7:\"#ffffff\";s:3:\"bkg\";s:7:\"#c27ba0\";}}', 'da'),
(243, 453, 'a:3:{s:5:\"color\";a:4:{s:7:\"enabled\";s:1:\"Y\";s:10:\"color_type\";s:1:\"S\";s:5:\"color\";s:7:\"#0bdddd\";s:3:\"bkg\";s:7:\"#34495e\";}s:4:\"icon\";a:5:{s:7:\"enabled\";s:1:\"Y\";s:4:\"type\";s:1:\"F\";s:5:\"value\";s:25:\"            fab fa-sellsy\";s:10:\"color_type\";s:1:\"S\";s:5:\"color\";s:7:\"#ffd966\";}s:4:\"text\";a:5:{s:7:\"enabled\";s:1:\"Y\";s:5:\"value\";s:9:\"Apply now\";s:10:\"color_type\";s:1:\"S\";s:5:\"color\";s:7:\"#ffffff\";s:3:\"bkg\";s:7:\"#c27ba0\";}}', 'de'),
(396, 453, 'a:3:{s:5:\"color\";a:4:{s:7:\"enabled\";s:1:\"Y\";s:10:\"color_type\";s:1:\"S\";s:5:\"color\";s:7:\"#0bdddd\";s:3:\"bkg\";s:7:\"#34495e\";}s:4:\"icon\";a:5:{s:7:\"enabled\";s:1:\"Y\";s:4:\"type\";s:1:\"F\";s:5:\"value\";s:25:\"            fab fa-sellsy\";s:10:\"color_type\";s:1:\"S\";s:5:\"color\";s:7:\"#ffd966\";}s:4:\"text\";a:5:{s:7:\"enabled\";s:1:\"Y\";s:5:\"value\";s:9:\"Apply now\";s:10:\"color_type\";s:1:\"S\";s:5:\"color\";s:7:\"#ffffff\";s:3:\"bkg\";s:7:\"#c27ba0\";}}', 'es'),
(277, 453, 'a:3:{s:5:\"color\";a:4:{s:7:\"enabled\";s:1:\"Y\";s:10:\"color_type\";s:1:\"S\";s:5:\"color\";s:7:\"#0bdddd\";s:3:\"bkg\";s:7:\"#34495e\";}s:4:\"icon\";a:5:{s:7:\"enabled\";s:1:\"Y\";s:4:\"type\";s:1:\"F\";s:5:\"value\";s:25:\"            fab fa-sellsy\";s:10:\"color_type\";s:1:\"S\";s:5:\"color\";s:7:\"#ffd966\";}s:4:\"text\";a:5:{s:7:\"enabled\";s:1:\"Y\";s:5:\"value\";s:9:\"Apply now\";s:10:\"color_type\";s:1:\"S\";s:5:\"color\";s:7:\"#ffffff\";s:3:\"bkg\";s:7:\"#c27ba0\";}}', 'fr'),
(294, 453, 'a:3:{s:5:\"color\";a:4:{s:7:\"enabled\";s:1:\"Y\";s:10:\"color_type\";s:1:\"S\";s:5:\"color\";s:7:\"#0bdddd\";s:3:\"bkg\";s:7:\"#34495e\";}s:4:\"icon\";a:5:{s:7:\"enabled\";s:1:\"Y\";s:4:\"type\";s:1:\"F\";s:5:\"value\";s:25:\"            fab fa-sellsy\";s:10:\"color_type\";s:1:\"S\";s:5:\"color\";s:7:\"#ffd966\";}s:4:\"text\";a:5:{s:7:\"enabled\";s:1:\"Y\";s:5:\"value\";s:9:\"Apply now\";s:10:\"color_type\";s:1:\"S\";s:5:\"color\";s:7:\"#ffffff\";s:3:\"bkg\";s:7:\"#c27ba0\";}}', 'el'),
(311, 453, 'a:3:{s:5:\"color\";a:4:{s:7:\"enabled\";s:1:\"Y\";s:10:\"color_type\";s:1:\"S\";s:5:\"color\";s:7:\"#0bdddd\";s:3:\"bkg\";s:7:\"#34495e\";}s:4:\"icon\";a:5:{s:7:\"enabled\";s:1:\"Y\";s:4:\"type\";s:1:\"F\";s:5:\"value\";s:25:\"            fab fa-sellsy\";s:10:\"color_type\";s:1:\"S\";s:5:\"color\";s:7:\"#ffd966\";}s:4:\"text\";a:5:{s:7:\"enabled\";s:1:\"Y\";s:5:\"value\";s:9:\"Apply now\";s:10:\"color_type\";s:1:\"S\";s:5:\"color\";s:7:\"#ffffff\";s:3:\"bkg\";s:7:\"#c27ba0\";}}', 'it'),
(328, 453, 'a:3:{s:5:\"color\";a:4:{s:7:\"enabled\";s:1:\"Y\";s:10:\"color_type\";s:1:\"S\";s:5:\"color\";s:7:\"#0bdddd\";s:3:\"bkg\";s:7:\"#34495e\";}s:4:\"icon\";a:5:{s:7:\"enabled\";s:1:\"Y\";s:4:\"type\";s:1:\"F\";s:5:\"value\";s:25:\"            fab fa-sellsy\";s:10:\"color_type\";s:1:\"S\";s:5:\"color\";s:7:\"#ffd966\";}s:4:\"text\";a:5:{s:7:\"enabled\";s:1:\"Y\";s:5:\"value\";s:9:\"Apply now\";s:10:\"color_type\";s:1:\"S\";s:5:\"color\";s:7:\"#ffffff\";s:3:\"bkg\";s:7:\"#c27ba0\";}}', 'nl'),
(345, 453, 'a:3:{s:5:\"color\";a:4:{s:7:\"enabled\";s:1:\"Y\";s:10:\"color_type\";s:1:\"S\";s:5:\"color\";s:7:\"#0bdddd\";s:3:\"bkg\";s:7:\"#34495e\";}s:4:\"icon\";a:5:{s:7:\"enabled\";s:1:\"Y\";s:4:\"type\";s:1:\"F\";s:5:\"value\";s:25:\"            fab fa-sellsy\";s:10:\"color_type\";s:1:\"S\";s:5:\"color\";s:7:\"#ffd966\";}s:4:\"text\";a:5:{s:7:\"enabled\";s:1:\"Y\";s:5:\"value\";s:9:\"Apply now\";s:10:\"color_type\";s:1:\"S\";s:5:\"color\";s:7:\"#ffffff\";s:3:\"bkg\";s:7:\"#c27ba0\";}}', 'ro'),
(362, 453, 'a:3:{s:5:\"color\";a:4:{s:7:\"enabled\";s:1:\"Y\";s:10:\"color_type\";s:1:\"S\";s:5:\"color\";s:7:\"#0bdddd\";s:3:\"bkg\";s:7:\"#34495e\";}s:4:\"icon\";a:5:{s:7:\"enabled\";s:1:\"Y\";s:4:\"type\";s:1:\"F\";s:5:\"value\";s:25:\"            fab fa-sellsy\";s:10:\"color_type\";s:1:\"S\";s:5:\"color\";s:7:\"#ffd966\";}s:4:\"text\";a:5:{s:7:\"enabled\";s:1:\"Y\";s:5:\"value\";s:9:\"Apply now\";s:10:\"color_type\";s:1:\"S\";s:5:\"color\";s:7:\"#ffffff\";s:3:\"bkg\";s:7:\"#c27ba0\";}}', 'ru'),
(379, 453, 'a:3:{s:5:\"color\";a:4:{s:7:\"enabled\";s:1:\"Y\";s:10:\"color_type\";s:1:\"S\";s:5:\"color\";s:7:\"#0bdddd\";s:3:\"bkg\";s:7:\"#34495e\";}s:4:\"icon\";a:5:{s:7:\"enabled\";s:1:\"Y\";s:4:\"type\";s:1:\"F\";s:5:\"value\";s:25:\"            fab fa-sellsy\";s:10:\"color_type\";s:1:\"S\";s:5:\"color\";s:7:\"#ffd966\";}s:4:\"text\";a:5:{s:7:\"enabled\";s:1:\"Y\";s:5:\"value\";s:9:\"Apply now\";s:10:\"color_type\";s:1:\"S\";s:5:\"color\";s:7:\"#ffffff\";s:3:\"bkg\";s:7:\"#c27ba0\";}}', 'no'),
(192, 453, 'a:3:{s:5:\"color\";a:4:{s:7:\"enabled\";s:1:\"Y\";s:10:\"color_type\";s:1:\"S\";s:5:\"color\";s:7:\"#0bdddd\";s:3:\"bkg\";s:7:\"#34495e\";}s:4:\"icon\";a:5:{s:7:\"enabled\";s:1:\"Y\";s:4:\"type\";s:1:\"F\";s:5:\"value\";s:25:\"            fab fa-sellsy\";s:10:\"color_type\";s:1:\"S\";s:5:\"color\";s:7:\"#ffd966\";}s:4:\"text\";a:5:{s:7:\"enabled\";s:1:\"Y\";s:5:\"value\";s:9:\"Apply now\";s:10:\"color_type\";s:1:\"S\";s:5:\"color\";s:7:\"#ffffff\";s:3:\"bkg\";s:7:\"#c27ba0\";}}', 'pt'),
(193, 454, 'a:3:{s:5:\"color\";a:4:{s:7:\"enabled\";s:1:\"Y\";s:10:\"color_type\";s:1:\"S\";s:5:\"color\";s:7:\"#ffffff\";s:3:\"bkg\";s:7:\"#000000\";}s:4:\"icon\";a:5:{s:7:\"enabled\";s:1:\"Y\";s:4:\"type\";s:1:\"F\";s:5:\"value\";s:13:\"fab fa-sellsy\";s:10:\"color_type\";s:1:\"S\";s:5:\"color\";s:7:\"#000000\";}s:4:\"text\";a:5:{s:7:\"enabled\";s:1:\"Y\";s:5:\"value\";s:17:\"Registre-se agora\";s:10:\"color_type\";s:1:\"S\";s:5:\"color\";s:7:\"#ffffff\";s:3:\"bkg\";s:7:\"#000000\";}}', 'pt'),
(210, 454, 'a:3:{s:5:\"color\";a:4:{s:7:\"enabled\";s:1:\"Y\";s:10:\"color_type\";s:1:\"S\";s:5:\"color\";s:7:\"#ffffff\";s:3:\"bkg\";s:7:\"#000000\";}s:4:\"icon\";a:5:{s:7:\"enabled\";s:1:\"Y\";s:4:\"type\";s:1:\"F\";s:5:\"value\";s:13:\"fab fa-sellsy\";s:10:\"color_type\";s:1:\"S\";s:5:\"color\";s:7:\"#000000\";}s:4:\"text\";a:5:{s:7:\"enabled\";s:1:\"Y\";s:5:\"value\";s:17:\"Registre-se agora\";s:10:\"color_type\";s:1:\"S\";s:5:\"color\";s:7:\"#ffffff\";s:3:\"bkg\";s:7:\"#000000\";}}', 'en'),
(227, 454, 'a:3:{s:5:\"color\";a:4:{s:7:\"enabled\";s:1:\"Y\";s:10:\"color_type\";s:1:\"S\";s:5:\"color\";s:7:\"#ffffff\";s:3:\"bkg\";s:7:\"#000000\";}s:4:\"icon\";a:5:{s:7:\"enabled\";s:1:\"Y\";s:4:\"type\";s:1:\"F\";s:5:\"value\";s:13:\"fab fa-sellsy\";s:10:\"color_type\";s:1:\"S\";s:5:\"color\";s:7:\"#000000\";}s:4:\"text\";a:5:{s:7:\"enabled\";s:1:\"Y\";s:5:\"value\";s:17:\"Registre-se agora\";s:10:\"color_type\";s:1:\"S\";s:5:\"color\";s:7:\"#ffffff\";s:3:\"bkg\";s:7:\"#000000\";}}', 'da'),
(244, 454, 'a:3:{s:5:\"color\";a:4:{s:7:\"enabled\";s:1:\"Y\";s:10:\"color_type\";s:1:\"S\";s:5:\"color\";s:7:\"#ffffff\";s:3:\"bkg\";s:7:\"#000000\";}s:4:\"icon\";a:5:{s:7:\"enabled\";s:1:\"Y\";s:4:\"type\";s:1:\"F\";s:5:\"value\";s:13:\"fab fa-sellsy\";s:10:\"color_type\";s:1:\"S\";s:5:\"color\";s:7:\"#000000\";}s:4:\"text\";a:5:{s:7:\"enabled\";s:1:\"Y\";s:5:\"value\";s:17:\"Registre-se agora\";s:10:\"color_type\";s:1:\"S\";s:5:\"color\";s:7:\"#ffffff\";s:3:\"bkg\";s:7:\"#000000\";}}', 'de'),
(397, 454, 'a:3:{s:5:\"color\";a:4:{s:7:\"enabled\";s:1:\"Y\";s:10:\"color_type\";s:1:\"S\";s:5:\"color\";s:7:\"#ffffff\";s:3:\"bkg\";s:7:\"#000000\";}s:4:\"icon\";a:5:{s:7:\"enabled\";s:1:\"Y\";s:4:\"type\";s:1:\"F\";s:5:\"value\";s:13:\"fab fa-sellsy\";s:10:\"color_type\";s:1:\"S\";s:5:\"color\";s:7:\"#000000\";}s:4:\"text\";a:5:{s:7:\"enabled\";s:1:\"Y\";s:5:\"value\";s:17:\"Registre-se agora\";s:10:\"color_type\";s:1:\"S\";s:5:\"color\";s:7:\"#ffffff\";s:3:\"bkg\";s:7:\"#000000\";}}', 'es'),
(278, 454, 'a:3:{s:5:\"color\";a:4:{s:7:\"enabled\";s:1:\"Y\";s:10:\"color_type\";s:1:\"S\";s:5:\"color\";s:7:\"#ffffff\";s:3:\"bkg\";s:7:\"#000000\";}s:4:\"icon\";a:5:{s:7:\"enabled\";s:1:\"Y\";s:4:\"type\";s:1:\"F\";s:5:\"value\";s:13:\"fab fa-sellsy\";s:10:\"color_type\";s:1:\"S\";s:5:\"color\";s:7:\"#000000\";}s:4:\"text\";a:5:{s:7:\"enabled\";s:1:\"Y\";s:5:\"value\";s:17:\"Registre-se agora\";s:10:\"color_type\";s:1:\"S\";s:5:\"color\";s:7:\"#ffffff\";s:3:\"bkg\";s:7:\"#000000\";}}', 'fr'),
(295, 454, 'a:3:{s:5:\"color\";a:4:{s:7:\"enabled\";s:1:\"Y\";s:10:\"color_type\";s:1:\"S\";s:5:\"color\";s:7:\"#ffffff\";s:3:\"bkg\";s:7:\"#000000\";}s:4:\"icon\";a:5:{s:7:\"enabled\";s:1:\"Y\";s:4:\"type\";s:1:\"F\";s:5:\"value\";s:13:\"fab fa-sellsy\";s:10:\"color_type\";s:1:\"S\";s:5:\"color\";s:7:\"#000000\";}s:4:\"text\";a:5:{s:7:\"enabled\";s:1:\"Y\";s:5:\"value\";s:17:\"Registre-se agora\";s:10:\"color_type\";s:1:\"S\";s:5:\"color\";s:7:\"#ffffff\";s:3:\"bkg\";s:7:\"#000000\";}}', 'el'),
(312, 454, 'a:3:{s:5:\"color\";a:4:{s:7:\"enabled\";s:1:\"Y\";s:10:\"color_type\";s:1:\"S\";s:5:\"color\";s:7:\"#ffffff\";s:3:\"bkg\";s:7:\"#000000\";}s:4:\"icon\";a:5:{s:7:\"enabled\";s:1:\"Y\";s:4:\"type\";s:1:\"F\";s:5:\"value\";s:13:\"fab fa-sellsy\";s:10:\"color_type\";s:1:\"S\";s:5:\"color\";s:7:\"#000000\";}s:4:\"text\";a:5:{s:7:\"enabled\";s:1:\"Y\";s:5:\"value\";s:17:\"Registre-se agora\";s:10:\"color_type\";s:1:\"S\";s:5:\"color\";s:7:\"#ffffff\";s:3:\"bkg\";s:7:\"#000000\";}}', 'it'),
(329, 454, 'a:3:{s:5:\"color\";a:4:{s:7:\"enabled\";s:1:\"Y\";s:10:\"color_type\";s:1:\"S\";s:5:\"color\";s:7:\"#ffffff\";s:3:\"bkg\";s:7:\"#000000\";}s:4:\"icon\";a:5:{s:7:\"enabled\";s:1:\"Y\";s:4:\"type\";s:1:\"F\";s:5:\"value\";s:13:\"fab fa-sellsy\";s:10:\"color_type\";s:1:\"S\";s:5:\"color\";s:7:\"#000000\";}s:4:\"text\";a:5:{s:7:\"enabled\";s:1:\"Y\";s:5:\"value\";s:17:\"Registre-se agora\";s:10:\"color_type\";s:1:\"S\";s:5:\"color\";s:7:\"#ffffff\";s:3:\"bkg\";s:7:\"#000000\";}}', 'nl'),
(346, 454, 'a:3:{s:5:\"color\";a:4:{s:7:\"enabled\";s:1:\"Y\";s:10:\"color_type\";s:1:\"S\";s:5:\"color\";s:7:\"#ffffff\";s:3:\"bkg\";s:7:\"#000000\";}s:4:\"icon\";a:5:{s:7:\"enabled\";s:1:\"Y\";s:4:\"type\";s:1:\"F\";s:5:\"value\";s:13:\"fab fa-sellsy\";s:10:\"color_type\";s:1:\"S\";s:5:\"color\";s:7:\"#000000\";}s:4:\"text\";a:5:{s:7:\"enabled\";s:1:\"Y\";s:5:\"value\";s:17:\"Registre-se agora\";s:10:\"color_type\";s:1:\"S\";s:5:\"color\";s:7:\"#ffffff\";s:3:\"bkg\";s:7:\"#000000\";}}', 'ro'),
(363, 454, 'a:3:{s:5:\"color\";a:4:{s:7:\"enabled\";s:1:\"Y\";s:10:\"color_type\";s:1:\"S\";s:5:\"color\";s:7:\"#ffffff\";s:3:\"bkg\";s:7:\"#000000\";}s:4:\"icon\";a:5:{s:7:\"enabled\";s:1:\"Y\";s:4:\"type\";s:1:\"F\";s:5:\"value\";s:13:\"fab fa-sellsy\";s:10:\"color_type\";s:1:\"S\";s:5:\"color\";s:7:\"#000000\";}s:4:\"text\";a:5:{s:7:\"enabled\";s:1:\"Y\";s:5:\"value\";s:17:\"Registre-se agora\";s:10:\"color_type\";s:1:\"S\";s:5:\"color\";s:7:\"#ffffff\";s:3:\"bkg\";s:7:\"#000000\";}}', 'ru'),
(380, 454, 'a:3:{s:5:\"color\";a:4:{s:7:\"enabled\";s:1:\"Y\";s:10:\"color_type\";s:1:\"S\";s:5:\"color\";s:7:\"#ffffff\";s:3:\"bkg\";s:7:\"#000000\";}s:4:\"icon\";a:5:{s:7:\"enabled\";s:1:\"Y\";s:4:\"type\";s:1:\"F\";s:5:\"value\";s:13:\"fab fa-sellsy\";s:10:\"color_type\";s:1:\"S\";s:5:\"color\";s:7:\"#000000\";}s:4:\"text\";a:5:{s:7:\"enabled\";s:1:\"Y\";s:5:\"value\";s:17:\"Registre-se agora\";s:10:\"color_type\";s:1:\"S\";s:5:\"color\";s:7:\"#ffffff\";s:3:\"bkg\";s:7:\"#000000\";}}', 'no');

-- --------------------------------------------------------

--
