INSERT INTO `partiushop_page_descriptions` (`page_id`, `lang_code`, `page`, `description`, `meta_keywords`, `meta_description`, `page_title`, `link`) VALUES
(65, 'ro', 'Merchiun Marketplace Opens for Partners', '<p>Hi!</p>\n<p>The Merchium Marketplace is where merchants will buy themes and apps for their stores. Today, we have great news for developers and designers who want to sell their work via the Marketplace and to benefit from Merchium’s growth.</p>\n<p><strong>The Merchium Marketplace is now open for partners.</strong> If you want to sell apps and themes on the Marketplace, email us at <a href=\"mailto:partners@merchium.com?subject=Become%20a%20Merchium%20Partner\" title=\"Become a Merchium Partner\">partners@merchium.com</a> and we’ll send you a personal invitation to join a secret registration page.</p>\n<div style=\"text-align:center;margin:15px auto;\"><a class=\"button ty-btn ty-btn__primary\" href=\"mailto:partners@merchium.com?subject=Become%20a%20Merchium%20Partner\" title=\"Become a Merchium Partner\">Become a Partner</a></div>\n<p>The Marketplace is currently running behind a curtain; only our team and the partners have access to the site. Once the Marketplace has enough apps and themes, we’ll open it to the public.</p>\n<p><!--CUT--><br /></p>\n<h2>Why Become a Partner</h2>\n<p>As our partner, you will get <strong>80% of the profits from every app and 70% of the profits from every theme</strong> you create and sell through the Marketplace. To withdraw funds, you’ll need only a PayPal account.</p>\n<p>By entering the Marketplace now, you are putting your apps and themes in a privileged position: when the Marketplace opens to merchants, your work will be the first thing they see. You’ll benefit from a market with a low concurrency that is under growing demand.</p>\n<h2>What a Partner Does</h2>\n<p>There are two roles that a partner can fulfill: <strong>theme designer</strong> or <strong>app developer</strong>.</p>\n<p><strong>Theme designers</strong> use Merchium’s built-in editors to create themes for Merchium storefronts. Being a theme designer requires CSS knowledge and visual design skills. No programming or template code editing is involved. Learn more about creating themes for Merchium in the <a href=\"http://docs.merchium.com/themes\" title=\"Merchium Theme Designer Guide\" target=\"_blank\" rel=\"noreferrer noopener\">docs</a>.</p>\n<p><strong>App developers</strong> contribute to Merchium by adding payment, shipping, and helpdesk services, marketing tools, and other useful things. You can develop apps for Merchium using any programming language. Please refer to the Merchium <a href=\"http://docs.merchium.com/apps/api\" title=\"Merchium API Documentation\" target=\"_blank\" rel=\"noreferrer noopener\">API docs</a> and the official <a href=\"http://docs.merchium.com/apps\" title=\"Merchium App Developer Guide\" target=\"_blank\" rel=\"noreferrer noopener\">app developer guide</a> to learn more.</p>\n<h2>How to Join</h2>\n<p>Email us at <a href=\"mailto:partners@merchium.com?subject=Become%20a%20Merchium%20Partner\" title=\"Become a Merchium Partner\">partners@merchium.com</a> to gain access to the Marketplace.</p>\n<div style=\"text-align:center;margin:15px auto;\"><a class=\"button ty-btn ty-btn__primary\" href=\"mailto:partners@merchium.com?subject=Become%20a%20Merchium%20Partner\" title=\"Become a Merchium Partner\">Become a Partner</a></div>\n<p><a href=\"http://docs.merchium.com\" title=\"Merchium Developer Documentation\" target=\"_blank\" rel=\"noreferrer noopener\">Read the docs</a> to learn how to create apps and themes for Merchium.</p>\n<p>If you have any questions during development, feel free to ask our team via the <a href=\"http://help.merchium.com/support/discussions/forums/1000155049\" title=\"Merchium Developer Forum\" target=\"_blank\" rel=\"noreferrer noopener\">developer forum</a> (to log in, <a href=\"http://www.merchium.com/?signup\" title=\"Merchium Free Signup\" target=\"_blank\" rel=\"noreferrer noopener\">create a free Merchium account</a>).</p>\n<hr />\n<p>We’re happy to answer any questions about the partnership in the comments section.</p>\n<p>Follow Merchium on Facebook and Twitter to get the latest news!</p>\n<p>Thanks!</p>', '', '', '', ''),
(65, 'ru', 'Merchiun Marketplace Opens for Partners', '<p>Hi!</p>\n<p>The Merchium Marketplace is where merchants will buy themes and apps for their stores. Today, we have great news for developers and designers who want to sell their work via the Marketplace and to benefit from Merchium’s growth.</p>\n<p><strong>The Merchium Marketplace is now open for partners.</strong> If you want to sell apps and themes on the Marketplace, email us at <a href=\"mailto:partners@merchium.com?subject=Become%20a%20Merchium%20Partner\" title=\"Become a Merchium Partner\">partners@merchium.com</a> and we’ll send you a personal invitation to join a secret registration page.</p>\n<div style=\"text-align:center;margin:15px auto;\"><a class=\"button ty-btn ty-btn__primary\" href=\"mailto:partners@merchium.com?subject=Become%20a%20Merchium%20Partner\" title=\"Become a Merchium Partner\">Become a Partner</a></div>\n<p>The Marketplace is currently running behind a curtain; only our team and the partners have access to the site. Once the Marketplace has enough apps and themes, we’ll open it to the public.</p>\n<p><!--CUT--><br /></p>\n<h2>Why Become a Partner</h2>\n<p>As our partner, you will get <strong>80% of the profits from every app and 70% of the profits from every theme</strong> you create and sell through the Marketplace. To withdraw funds, you’ll need only a PayPal account.</p>\n<p>By entering the Marketplace now, you are putting your apps and themes in a privileged position: when the Marketplace opens to merchants, your work will be the first thing they see. You’ll benefit from a market with a low concurrency that is under growing demand.</p>\n<h2>What a Partner Does</h2>\n<p>There are two roles that a partner can fulfill: <strong>theme designer</strong> or <strong>app developer</strong>.</p>\n<p><strong>Theme designers</strong> use Merchium’s built-in editors to create themes for Merchium storefronts. Being a theme designer requires CSS knowledge and visual design skills. No programming or template code editing is involved. Learn more about creating themes for Merchium in the <a href=\"http://docs.merchium.com/themes\" title=\"Merchium Theme Designer Guide\" target=\"_blank\" rel=\"noreferrer noopener\">docs</a>.</p>\n<p><strong>App developers</strong> contribute to Merchium by adding payment, shipping, and helpdesk services, marketing tools, and other useful things. You can develop apps for Merchium using any programming language. Please refer to the Merchium <a href=\"http://docs.merchium.com/apps/api\" title=\"Merchium API Documentation\" target=\"_blank\" rel=\"noreferrer noopener\">API docs</a> and the official <a href=\"http://docs.merchium.com/apps\" title=\"Merchium App Developer Guide\" target=\"_blank\" rel=\"noreferrer noopener\">app developer guide</a> to learn more.</p>\n<h2>How to Join</h2>\n<p>Email us at <a href=\"mailto:partners@merchium.com?subject=Become%20a%20Merchium%20Partner\" title=\"Become a Merchium Partner\">partners@merchium.com</a> to gain access to the Marketplace.</p>\n<div style=\"text-align:center;margin:15px auto;\"><a class=\"button ty-btn ty-btn__primary\" href=\"mailto:partners@merchium.com?subject=Become%20a%20Merchium%20Partner\" title=\"Become a Merchium Partner\">Become a Partner</a></div>\n<p><a href=\"http://docs.merchium.com\" title=\"Merchium Developer Documentation\" target=\"_blank\" rel=\"noreferrer noopener\">Read the docs</a> to learn how to create apps and themes for Merchium.</p>\n<p>If you have any questions during development, feel free to ask our team via the <a href=\"http://help.merchium.com/support/discussions/forums/1000155049\" title=\"Merchium Developer Forum\" target=\"_blank\" rel=\"noreferrer noopener\">developer forum</a> (to log in, <a href=\"http://www.merchium.com/?signup\" title=\"Merchium Free Signup\" target=\"_blank\" rel=\"noreferrer noopener\">create a free Merchium account</a>).</p>\n<hr />\n<p>We’re happy to answer any questions about the partnership in the comments section.</p>\n<p>Follow Merchium on Facebook and Twitter to get the latest news!</p>\n<p>Thanks!</p>', '', '', '', ''),
(66, 'da', 'Embed Merchiun into a custom website', '<p><strong>Note:</strong> Make sure your site allows you to embed external JavaScript code. If you are using a site generator service, this may not be allowed.</p>\n<ol><li><div>Log in to your <a href=\"http://merchium.com/?login\" target=\"_blank\" rel=\"noreferrer noopener\">Merchium admin panel</a> and go to <strong>Design → Layouts</strong>.</div></li></ol>\n<p><!--CUT--><br /></p>\n<ol><li><div>Switch Layout to <strong>Widget</strong>.</div></li><li><div>Select and copy the content of the <strong>Widget code</strong> box.</div></li><li><div>Paste the code into your page’s source code and save the changes. Here is how your page may look like with your store code.<br /><br />And you are done! Here’s how your store will look on your page.</div></li></ol>', '', '', '', ''),
(66, 'de', 'Embed Merchiun into a custom website', '<p><strong>Note:</strong> Make sure your site allows you to embed external JavaScript code. If you are using a site generator service, this may not be allowed.</p>\n<ol><li><div>Log in to your <a href=\"http://merchium.com/?login\" target=\"_blank\" rel=\"noreferrer noopener\">Merchium admin panel</a> and go to <strong>Design → Layouts</strong>.</div></li></ol>\n<p><!--CUT--><br /></p>\n<ol><li><div>Switch Layout to <strong>Widget</strong>.</div></li><li><div>Select and copy the content of the <strong>Widget code</strong> box.</div></li><li><div>Paste the code into your page’s source code and save the changes. Here is how your page may look like with your store code.<br /><br />And you are done! Here’s how your store will look on your page.</div></li></ol>', '', '', '', ''),
(66, 'el', 'Embed Merchiun into a custom website', '<p><strong>Note:</strong> Make sure your site allows you to embed external JavaScript code. If you are using a site generator service, this may not be allowed.</p>\n<ol><li><div>Log in to your <a href=\"http://merchium.com/?login\" target=\"_blank\" rel=\"noreferrer noopener\">Merchium admin panel</a> and go to <strong>Design → Layouts</strong>.</div></li></ol>\n<p><!--CUT--><br /></p>\n<ol><li><div>Switch Layout to <strong>Widget</strong>.</div></li><li><div>Select and copy the content of the <strong>Widget code</strong> box.</div></li><li><div>Paste the code into your page’s source code and save the changes. Here is how your page may look like with your store code.<br /><br />And you are done! Here’s how your store will look on your page.</div></li></ol>', '', '', '', ''),
(66, 'en', 'Embed Merchiun into a custom website', '<p><strong>Note:</strong> Make sure your site allows you to embed external JavaScript code. If you are using a site generator service, this may not be allowed.</p>\n<ol><li><div>Log in to your <a href=\"http://merchium.com/?login\" target=\"_blank\" rel=\"noreferrer noopener\">Merchium admin panel</a> and go to <strong>Design → Layouts</strong>.</div></li></ol>\n<p><!--CUT--><br /></p>\n<ol><li><div>Switch Layout to <strong>Widget</strong>.</div></li><li><div>Select and copy the content of the <strong>Widget code</strong> box.</div></li><li><div>Paste the code into your page’s source code and save the changes. Here is how your page may look like with your store code.<br /><br />And you are done! Here’s how your store will look on your page.</div></li></ol>', '', '', '', ''),
(66, 'es', 'Embed Merchiun into a custom website', '<p><strong>Note:</strong> Make sure your site allows you to embed external JavaScript code. If you are using a site generator service, this may not be allowed.</p>\n<ol><li><div>Log in to your <a href=\"http://merchium.com/?login\" target=\"_blank\" rel=\"noreferrer noopener\">Merchium admin panel</a> and go to <strong>Design → Layouts</strong>.</div></li></ol>\n<p><!--CUT--><br /></p>\n<ol><li><div>Switch Layout to <strong>Widget</strong>.</div></li><li><div>Select and copy the content of the <strong>Widget code</strong> box.</div></li><li><div>Paste the code into your page’s source code and save the changes. Here is how your page may look like with your store code.<br /><br />And you are done! Here’s how your store will look on your page.</div></li></ol>', '', '', '', ''),
(66, 'fr', 'Embed Merchiun into a custom website', '<p><strong>Note:</strong> Make sure your site allows you to embed external JavaScript code. If you are using a site generator service, this may not be allowed.</p>\n<ol><li><div>Log in to your <a href=\"http://merchium.com/?login\" target=\"_blank\" rel=\"noreferrer noopener\">Merchium admin panel</a> and go to <strong>Design → Layouts</strong>.</div></li></ol>\n<p><!--CUT--><br /></p>\n<ol><li><div>Switch Layout to <strong>Widget</strong>.</div></li><li><div>Select and copy the content of the <strong>Widget code</strong> box.</div></li><li><div>Paste the code into your page’s source code and save the changes. Here is how your page may look like with your store code.<br /><br />And you are done! Here’s how your store will look on your page.</div></li></ol>', '', '', '', ''),
(66, 'it', 'Embed Merchiun into a custom website', '<p><strong>Note:</strong> Make sure your site allows you to embed external JavaScript code. If you are using a site generator service, this may not be allowed.</p>\n<ol><li><div>Log in to your <a href=\"http://merchium.com/?login\" target=\"_blank\" rel=\"noreferrer noopener\">Merchium admin panel</a> and go to <strong>Design → Layouts</strong>.</div></li></ol>\n<p><!--CUT--><br /></p>\n<ol><li><div>Switch Layout to <strong>Widget</strong>.</div></li><li><div>Select and copy the content of the <strong>Widget code</strong> box.</div></li><li><div>Paste the code into your page’s source code and save the changes. Here is how your page may look like with your store code.<br /><br />And you are done! Here’s how your store will look on your page.</div></li></ol>', '', '', '', ''),
(66, 'nl', 'Embed Merchiun into a custom website', '<p><strong>Note:</strong> Make sure your site allows you to embed external JavaScript code. If you are using a site generator service, this may not be allowed.</p>\n<ol><li><div>Log in to your <a href=\"http://merchium.com/?login\" target=\"_blank\" rel=\"noreferrer noopener\">Merchium admin panel</a> and go to <strong>Design → Layouts</strong>.</div></li></ol>\n<p><!--CUT--><br /></p>\n<ol><li><div>Switch Layout to <strong>Widget</strong>.</div></li><li><div>Select and copy the content of the <strong>Widget code</strong> box.</div></li><li><div>Paste the code into your page’s source code and save the changes. Here is how your page may look like with your store code.<br /><br />And you are done! Here’s how your store will look on your page.</div></li></ol>', '', '', '', ''),
(66, 'no', 'Embed Merchiun into a custom website', '<p><strong>Note:</strong> Make sure your site allows you to embed external JavaScript code. If you are using a site generator service, this may not be allowed.</p>\n<ol><li><div>Log in to your <a href=\"http://merchium.com/?login\" target=\"_blank\" rel=\"noreferrer noopener\">Merchium admin panel</a> and go to <strong>Design → Layouts</strong>.</div></li></ol>\n<p><!--CUT--><br /></p>\n<ol><li><div>Switch Layout to <strong>Widget</strong>.</div></li><li><div>Select and copy the content of the <strong>Widget code</strong> box.</div></li><li><div>Paste the code into your page’s source code and save the changes. Here is how your page may look like with your store code.<br /><br />And you are done! Here’s how your store will look on your page.</div></li></ol>', '', '', '', ''),
(66, 'pt', 'Embed Merchiun into a custom website', '<p><strong>Note:</strong> Make sure your site allows you to embed external JavaScript code. If you are using a site generator service, this may not be allowed.</p>\n<ol><li><div>Log in to your <a href=\"http://merchium.com/?login\" target=\"_blank\" rel=\"noreferrer noopener\">Merchium admin panel</a> and go to <strong>Design → Layouts</strong>.</div></li></ol>\n<p><!--CUT--><br /></p>\n<ol><li><div>Switch Layout to <strong>Widget</strong>.</div></li><li><div>Select and copy the content of the <strong>Widget code</strong> box.</div></li><li><div>Paste the code into your page’s source code and save the changes. Here is how your page may look like with your store code.<br /><br />And you are done! Here’s how your store will look on your page.</div></li></ol>', '', '', '', ''),
(66, 'ro', 'Embed Merchiun into a custom website', '<p><strong>Note:</strong> Make sure your site allows you to embed external JavaScript code. If you are using a site generator service, this may not be allowed.</p>\n<ol><li><div>Log in to your <a href=\"http://merchium.com/?login\" target=\"_blank\" rel=\"noreferrer noopener\">Merchium admin panel</a> and go to <strong>Design → Layouts</strong>.</div></li></ol>\n<p><!--CUT--><br /></p>\n<ol><li><div>Switch Layout to <strong>Widget</strong>.</div></li><li><div>Select and copy the content of the <strong>Widget code</strong> box.</div></li><li><div>Paste the code into your page’s source code and save the changes. Here is how your page may look like with your store code.<br /><br />And you are done! Here’s how your store will look on your page.</div></li></ol>', '', '', '', ''),
(66, 'ru', 'Embed Merchiun into a custom website', '<p><strong>Note:</strong> Make sure your site allows you to embed external JavaScript code. If you are using a site generator service, this may not be allowed.</p>\n<ol><li><div>Log in to your <a href=\"http://merchium.com/?login\" target=\"_blank\" rel=\"noreferrer noopener\">Merchium admin panel</a> and go to <strong>Design → Layouts</strong>.</div></li></ol>\n<p><!--CUT--><br /></p>\n<ol><li><div>Switch Layout to <strong>Widget</strong>.</div></li><li><div>Select and copy the content of the <strong>Widget code</strong> box.</div></li><li><div>Paste the code into your page’s source code and save the changes. Here is how your page may look like with your store code.<br /><br />And you are done! Here’s how your store will look on your page.</div></li></ol>', '', '', '', ''),
(67, 'da', 'PayPal payment', '<h5>To set PayPal Website Payments Standard account in Merchium:</h5>\n<ol><li>In the administration panel, go to <b>Administration &gt; Payment methods</b>.</li><li>Click the <b>+</b> button on the left.</li><li>In the opened window, enter <i>PayPal</i> into the <b>Name</b> text input field, select <b>PayPal</b> in the <b>Processor</b>drop-down select box, enter the necessary description and surcharge values into the corresponding input fields, upload an image if necessary.</li></ol>\n<p><!--CUT--><br /></p>\n<ol><li>In the same window, go to the <b>Configure</b> tab. This will open a section with PayPal settings. </li><li>Complete the following fields:<ul><li><b>Account</b> - your PayPal account login (namely, your email address).</li><li><b>Name of the item</b> - the value of the <b>Pay for</b> field, displayed on PayPal web page during the payment (for instance, <i>My shop</i>).</li><li><b>Currency</b> - the currency in your PayPal account. If it does not match the base currency in your Merchium settings, please contact Merchium support team.</li><li><b>Test/Live mode</b> - select <b>Live</b>. In order to use the <b>Test</b> mode you need to get additional accounts at <a href=\"https://developer.paypal.com\" target=\"_blank\" rel=\"noreferrer noopener\">PayPal Sandbox</a>.</li><li><b>Order prefix</b> - any prefix you want invoice IDs to have on PayPal site (optional field) (for instance, <i>mycart</i>).Using the prefix allows to prevent duplicate invoice IDs in case you use the same PayPal account for accepting payment from several websites.</li></ul></li><li>Click the <b>Create</b> button to apply the changes.</li></ol>\n<h5>Your PayPal account should have the following settings:</h5>\n<ul><li><b>Instant Payment Notification</b> - <i>off</i></li><li><b>Payment Data Transfer</b> - <i>off</i></li><li><b>Auto Return for Website Payments</b> - <i>off</i> </li><li><b>Return URL</b> - <i>blank</i></li></ul>', '', '', '', ''),
(67, 'de', 'PayPal payment', '<h5>To set PayPal Website Payments Standard account in Merchium:</h5>\n<ol><li>In the administration panel, go to <b>Administration &gt; Payment methods</b>.</li><li>Click the <b>+</b> button on the left.</li><li>In the opened window, enter <i>PayPal</i> into the <b>Name</b> text input field, select <b>PayPal</b> in the <b>Processor</b>drop-down select box, enter the necessary description and surcharge values into the corresponding input fields, upload an image if necessary.</li></ol>\n<p><!--CUT--><br /></p>\n<ol><li>In the same window, go to the <b>Configure</b> tab. This will open a section with PayPal settings. </li><li>Complete the following fields:<ul><li><b>Account</b> - your PayPal account login (namely, your email address).</li><li><b>Name of the item</b> - the value of the <b>Pay for</b> field, displayed on PayPal web page during the payment (for instance, <i>My shop</i>).</li><li><b>Currency</b> - the currency in your PayPal account. If it does not match the base currency in your Merchium settings, please contact Merchium support team.</li><li><b>Test/Live mode</b> - select <b>Live</b>. In order to use the <b>Test</b> mode you need to get additional accounts at <a href=\"https://developer.paypal.com\" target=\"_blank\" rel=\"noreferrer noopener\">PayPal Sandbox</a>.</li><li><b>Order prefix</b> - any prefix you want invoice IDs to have on PayPal site (optional field) (for instance, <i>mycart</i>).Using the prefix allows to prevent duplicate invoice IDs in case you use the same PayPal account for accepting payment from several websites.</li></ul></li><li>Click the <b>Create</b> button to apply the changes.</li></ol>\n<h5>Your PayPal account should have the following settings:</h5>\n<ul><li><b>Instant Payment Notification</b> - <i>off</i></li><li><b>Payment Data Transfer</b> - <i>off</i></li><li><b>Auto Return for Website Payments</b> - <i>off</i> </li><li><b>Return URL</b> - <i>blank</i></li></ul>', '', '', '', ''),
(67, 'el', 'PayPal payment', '<h5>To set PayPal Website Payments Standard account in Merchium:</h5>\n<ol><li>In the administration panel, go to <b>Administration &gt; Payment methods</b>.</li><li>Click the <b>+</b> button on the left.</li><li>In the opened window, enter <i>PayPal</i> into the <b>Name</b> text input field, select <b>PayPal</b> in the <b>Processor</b>drop-down select box, enter the necessary description and surcharge values into the corresponding input fields, upload an image if necessary.</li></ol>\n<p><!--CUT--><br /></p>\n<ol><li>In the same window, go to the <b>Configure</b> tab. This will open a section with PayPal settings. </li><li>Complete the following fields:<ul><li><b>Account</b> - your PayPal account login (namely, your email address).</li><li><b>Name of the item</b> - the value of the <b>Pay for</b> field, displayed on PayPal web page during the payment (for instance, <i>My shop</i>).</li><li><b>Currency</b> - the currency in your PayPal account. If it does not match the base currency in your Merchium settings, please contact Merchium support team.</li><li><b>Test/Live mode</b> - select <b>Live</b>. In order to use the <b>Test</b> mode you need to get additional accounts at <a href=\"https://developer.paypal.com\" target=\"_blank\" rel=\"noreferrer noopener\">PayPal Sandbox</a>.</li><li><b>Order prefix</b> - any prefix you want invoice IDs to have on PayPal site (optional field) (for instance, <i>mycart</i>).Using the prefix allows to prevent duplicate invoice IDs in case you use the same PayPal account for accepting payment from several websites.</li></ul></li><li>Click the <b>Create</b> button to apply the changes.</li></ol>\n<h5>Your PayPal account should have the following settings:</h5>\n<ul><li><b>Instant Payment Notification</b> - <i>off</i></li><li><b>Payment Data Transfer</b> - <i>off</i></li><li><b>Auto Return for Website Payments</b> - <i>off</i> </li><li><b>Return URL</b> - <i>blank</i></li></ul>', '', '', '', ''),
(67, 'en', 'PayPal payment', '<h5>To set PayPal Website Payments Standard account in Merchium:</h5>\n<ol><li>In the administration panel, go to <b>Administration &gt; Payment methods</b>.</li><li>Click the <b>+</b> button on the left.</li><li>In the opened window, enter <i>PayPal</i> into the <b>Name</b> text input field, select <b>PayPal</b> in the <b>Processor</b>drop-down select box, enter the necessary description and surcharge values into the corresponding input fields, upload an image if necessary.</li></ol>\n<p><!--CUT--><br /></p>\n<ol><li>In the same window, go to the <b>Configure</b> tab. This will open a section with PayPal settings. </li><li>Complete the following fields:<ul><li><b>Account</b> - your PayPal account login (namely, your email address).</li><li><b>Name of the item</b> - the value of the <b>Pay for</b> field, displayed on PayPal web page during the payment (for instance, <i>My shop</i>).</li><li><b>Currency</b> - the currency in your PayPal account. If it does not match the base currency in your Merchium settings, please contact Merchium support team.</li><li><b>Test/Live mode</b> - select <b>Live</b>. In order to use the <b>Test</b> mode you need to get additional accounts at <a href=\"https://developer.paypal.com\" target=\"_blank\" rel=\"noreferrer noopener\">PayPal Sandbox</a>.</li><li><b>Order prefix</b> - any prefix you want invoice IDs to have on PayPal site (optional field) (for instance, <i>mycart</i>).Using the prefix allows to prevent duplicate invoice IDs in case you use the same PayPal account for accepting payment from several websites.</li></ul></li><li>Click the <b>Create</b> button to apply the changes.</li></ol>\n<h5>Your PayPal account should have the following settings:</h5>\n<ul><li><b>Instant Payment Notification</b> - <i>off</i></li><li><b>Payment Data Transfer</b> - <i>off</i></li><li><b>Auto Return for Website Payments</b> - <i>off</i> </li><li><b>Return URL</b> - <i>blank</i></li></ul>', '', '', '', ''),
(67, 'es', 'PayPal payment', '<h5>To set PayPal Website Payments Standard account in Merchium:</h5>\n<ol><li>In the administration panel, go to <b>Administration &gt; Payment methods</b>.</li><li>Click the <b>+</b> button on the left.</li><li>In the opened window, enter <i>PayPal</i> into the <b>Name</b> text input field, select <b>PayPal</b> in the <b>Processor</b>drop-down select box, enter the necessary description and surcharge values into the corresponding input fields, upload an image if necessary.</li></ol>\n<p><!--CUT--><br /></p>\n<ol><li>In the same window, go to the <b>Configure</b> tab. This will open a section with PayPal settings. </li><li>Complete the following fields:<ul><li><b>Account</b> - your PayPal account login (namely, your email address).</li><li><b>Name of the item</b> - the value of the <b>Pay for</b> field, displayed on PayPal web page during the payment (for instance, <i>My shop</i>).</li><li><b>Currency</b> - the currency in your PayPal account. If it does not match the base currency in your Merchium settings, please contact Merchium support team.</li><li><b>Test/Live mode</b> - select <b>Live</b>. In order to use the <b>Test</b> mode you need to get additional accounts at <a href=\"https://developer.paypal.com\" target=\"_blank\" rel=\"noreferrer noopener\">PayPal Sandbox</a>.</li><li><b>Order prefix</b> - any prefix you want invoice IDs to have on PayPal site (optional field) (for instance, <i>mycart</i>).Using the prefix allows to prevent duplicate invoice IDs in case you use the same PayPal account for accepting payment from several websites.</li></ul></li><li>Click the <b>Create</b> button to apply the changes.</li></ol>\n<h5>Your PayPal account should have the following settings:</h5>\n<ul><li><b>Instant Payment Notification</b> - <i>off</i></li><li><b>Payment Data Transfer</b> - <i>off</i></li><li><b>Auto Return for Website Payments</b> - <i>off</i> </li><li><b>Return URL</b> - <i>blank</i></li></ul>', '', '', '', ''),
(67, 'fr', 'PayPal payment', '<h5>To set PayPal Website Payments Standard account in Merchium:</h5>\n<ol><li>In the administration panel, go to <b>Administration &gt; Payment methods</b>.</li><li>Click the <b>+</b> button on the left.</li><li>In the opened window, enter <i>PayPal</i> into the <b>Name</b> text input field, select <b>PayPal</b> in the <b>Processor</b>drop-down select box, enter the necessary description and surcharge values into the corresponding input fields, upload an image if necessary.</li></ol>\n<p><!--CUT--><br /></p>\n<ol><li>In the same window, go to the <b>Configure</b> tab. This will open a section with PayPal settings. </li><li>Complete the following fields:<ul><li><b>Account</b> - your PayPal account login (namely, your email address).</li><li><b>Name of the item</b> - the value of the <b>Pay for</b> field, displayed on PayPal web page during the payment (for instance, <i>My shop</i>).</li><li><b>Currency</b> - the currency in your PayPal account. If it does not match the base currency in your Merchium settings, please contact Merchium support team.</li><li><b>Test/Live mode</b> - select <b>Live</b>. In order to use the <b>Test</b> mode you need to get additional accounts at <a href=\"https://developer.paypal.com\" target=\"_blank\" rel=\"noreferrer noopener\">PayPal Sandbox</a>.</li><li><b>Order prefix</b> - any prefix you want invoice IDs to have on PayPal site (optional field) (for instance, <i>mycart</i>).Using the prefix allows to prevent duplicate invoice IDs in case you use the same PayPal account for accepting payment from several websites.</li></ul></li><li>Click the <b>Create</b> button to apply the changes.</li></ol>\n<h5>Your PayPal account should have the following settings:</h5>\n<ul><li><b>Instant Payment Notification</b> - <i>off</i></li><li><b>Payment Data Transfer</b> - <i>off</i></li><li><b>Auto Return for Website Payments</b> - <i>off</i> </li><li><b>Return URL</b> - <i>blank</i></li></ul>', '', '', '', ''),
(67, 'it', 'PayPal payment', '<h5>To set PayPal Website Payments Standard account in Merchium:</h5>\n<ol><li>In the administration panel, go to <b>Administration &gt; Payment methods</b>.</li><li>Click the <b>+</b> button on the left.</li><li>In the opened window, enter <i>PayPal</i> into the <b>Name</b> text input field, select <b>PayPal</b> in the <b>Processor</b>drop-down select box, enter the necessary description and surcharge values into the corresponding input fields, upload an image if necessary.</li></ol>\n<p><!--CUT--><br /></p>\n<ol><li>In the same window, go to the <b>Configure</b> tab. This will open a section with PayPal settings. </li><li>Complete the following fields:<ul><li><b>Account</b> - your PayPal account login (namely, your email address).</li><li><b>Name of the item</b> - the value of the <b>Pay for</b> field, displayed on PayPal web page during the payment (for instance, <i>My shop</i>).</li><li><b>Currency</b> - the currency in your PayPal account. If it does not match the base currency in your Merchium settings, please contact Merchium support team.</li><li><b>Test/Live mode</b> - select <b>Live</b>. In order to use the <b>Test</b> mode you need to get additional accounts at <a href=\"https://developer.paypal.com\" target=\"_blank\" rel=\"noreferrer noopener\">PayPal Sandbox</a>.</li><li><b>Order prefix</b> - any prefix you want invoice IDs to have on PayPal site (optional field) (for instance, <i>mycart</i>).Using the prefix allows to prevent duplicate invoice IDs in case you use the same PayPal account for accepting payment from several websites.</li></ul></li><li>Click the <b>Create</b> button to apply the changes.</li></ol>\n<h5>Your PayPal account should have the following settings:</h5>\n<ul><li><b>Instant Payment Notification</b> - <i>off</i></li><li><b>Payment Data Transfer</b> - <i>off</i></li><li><b>Auto Return for Website Payments</b> - <i>off</i> </li><li><b>Return URL</b> - <i>blank</i></li></ul>', '', '', '', ''),
(67, 'nl', 'PayPal payment', '<h5>To set PayPal Website Payments Standard account in Merchium:</h5>\n<ol><li>In the administration panel, go to <b>Administration &gt; Payment methods</b>.</li><li>Click the <b>+</b> button on the left.</li><li>In the opened window, enter <i>PayPal</i> into the <b>Name</b> text input field, select <b>PayPal</b> in the <b>Processor</b>drop-down select box, enter the necessary description and surcharge values into the corresponding input fields, upload an image if necessary.</li></ol>\n<p><!--CUT--><br /></p>\n<ol><li>In the same window, go to the <b>Configure</b> tab. This will open a section with PayPal settings. </li><li>Complete the following fields:<ul><li><b>Account</b> - your PayPal account login (namely, your email address).</li><li><b>Name of the item</b> - the value of the <b>Pay for</b> field, displayed on PayPal web page during the payment (for instance, <i>My shop</i>).</li><li><b>Currency</b> - the currency in your PayPal account. If it does not match the base currency in your Merchium settings, please contact Merchium support team.</li><li><b>Test/Live mode</b> - select <b>Live</b>. In order to use the <b>Test</b> mode you need to get additional accounts at <a href=\"https://developer.paypal.com\" target=\"_blank\" rel=\"noreferrer noopener\">PayPal Sandbox</a>.</li><li><b>Order prefix</b> - any prefix you want invoice IDs to have on PayPal site (optional field) (for instance, <i>mycart</i>).Using the prefix allows to prevent duplicate invoice IDs in case you use the same PayPal account for accepting payment from several websites.</li></ul></li><li>Click the <b>Create</b> button to apply the changes.</li></ol>\n<h5>Your PayPal account should have the following settings:</h5>\n<ul><li><b>Instant Payment Notification</b> - <i>off</i></li><li><b>Payment Data Transfer</b> - <i>off</i></li><li><b>Auto Return for Website Payments</b> - <i>off</i> </li><li><b>Return URL</b> - <i>blank</i></li></ul>', '', '', '', ''),
(67, 'no', 'PayPal payment', '<h5>To set PayPal Website Payments Standard account in Merchium:</h5>\n<ol><li>In the administration panel, go to <b>Administration &gt; Payment methods</b>.</li><li>Click the <b>+</b> button on the left.</li><li>In the opened window, enter <i>PayPal</i> into the <b>Name</b> text input field, select <b>PayPal</b> in the <b>Processor</b>drop-down select box, enter the necessary description and surcharge values into the corresponding input fields, upload an image if necessary.</li></ol>\n<p><!--CUT--><br /></p>\n<ol><li>In the same window, go to the <b>Configure</b> tab. This will open a section with PayPal settings. </li><li>Complete the following fields:<ul><li><b>Account</b> - your PayPal account login (namely, your email address).</li><li><b>Name of the item</b> - the value of the <b>Pay for</b> field, displayed on PayPal web page during the payment (for instance, <i>My shop</i>).</li><li><b>Currency</b> - the currency in your PayPal account. If it does not match the base currency in your Merchium settings, please contact Merchium support team.</li><li><b>Test/Live mode</b> - select <b>Live</b>. In order to use the <b>Test</b> mode you need to get additional accounts at <a href=\"https://developer.paypal.com\" target=\"_blank\" rel=\"noreferrer noopener\">PayPal Sandbox</a>.</li><li><b>Order prefix</b> - any prefix you want invoice IDs to have on PayPal site (optional field) (for instance, <i>mycart</i>).Using the prefix allows to prevent duplicate invoice IDs in case you use the same PayPal account for accepting payment from several websites.</li></ul></li><li>Click the <b>Create</b> button to apply the changes.</li></ol>\n<h5>Your PayPal account should have the following settings:</h5>\n<ul><li><b>Instant Payment Notification</b> - <i>off</i></li><li><b>Payment Data Transfer</b> - <i>off</i></li><li><b>Auto Return for Website Payments</b> - <i>off</i> </li><li><b>Return URL</b> - <i>blank</i></li></ul>', '', '', '', ''),
(67, 'pt', 'PayPal payment', '<h5>To set PayPal Website Payments Standard account in Merchium:</h5>\n<ol><li>In the administration panel, go to <b>Administration &gt; Payment methods</b>.</li><li>Click the <b>+</b> button on the left.</li><li>In the opened window, enter <i>PayPal</i> into the <b>Name</b> text input field, select <b>PayPal</b> in the <b>Processor</b>drop-down select box, enter the necessary description and surcharge values into the corresponding input fields, upload an image if necessary.</li></ol>\n<p><!--CUT--><br /></p>\n<ol><li>In the same window, go to the <b>Configure</b> tab. This will open a section with PayPal settings. </li><li>Complete the following fields:<ul><li><b>Account</b> - your PayPal account login (namely, your email address).</li><li><b>Name of the item</b> - the value of the <b>Pay for</b> field, displayed on PayPal web page during the payment (for instance, <i>My shop</i>).</li><li><b>Currency</b> - the currency in your PayPal account. If it does not match the base currency in your Merchium settings, please contact Merchium support team.</li><li><b>Test/Live mode</b> - select <b>Live</b>. In order to use the <b>Test</b> mode you need to get additional accounts at <a href=\"https://developer.paypal.com\" target=\"_blank\" rel=\"noreferrer noopener\">PayPal Sandbox</a>.</li><li><b>Order prefix</b> - any prefix you want invoice IDs to have on PayPal site (optional field) (for instance, <i>mycart</i>).Using the prefix allows to prevent duplicate invoice IDs in case you use the same PayPal account for accepting payment from several websites.</li></ul></li><li>Click the <b>Create</b> button to apply the changes.</li></ol>\n<h5>Your PayPal account should have the following settings:</h5>\n<ul><li><b>Instant Payment Notification</b> - <i>off</i></li><li><b>Payment Data Transfer</b> - <i>off</i></li><li><b>Auto Return for Website Payments</b> - <i>off</i> </li><li><b>Return URL</b> - <i>blank</i></li></ul>', '', '', '', ''),
(67, 'ro', 'PayPal payment', '<h5>To set PayPal Website Payments Standard account in Merchium:</h5>\n<ol><li>In the administration panel, go to <b>Administration &gt; Payment methods</b>.</li><li>Click the <b>+</b> button on the left.</li><li>In the opened window, enter <i>PayPal</i> into the <b>Name</b> text input field, select <b>PayPal</b> in the <b>Processor</b>drop-down select box, enter the necessary description and surcharge values into the corresponding input fields, upload an image if necessary.</li></ol>\n<p><!--CUT--><br /></p>\n<ol><li>In the same window, go to the <b>Configure</b> tab. This will open a section with PayPal settings. </li><li>Complete the following fields:<ul><li><b>Account</b> - your PayPal account login (namely, your email address).</li><li><b>Name of the item</b> - the value of the <b>Pay for</b> field, displayed on PayPal web page during the payment (for instance, <i>My shop</i>).</li><li><b>Currency</b> - the currency in your PayPal account. If it does not match the base currency in your Merchium settings, please contact Merchium support team.</li><li><b>Test/Live mode</b> - select <b>Live</b>. In order to use the <b>Test</b> mode you need to get additional accounts at <a href=\"https://developer.paypal.com\" target=\"_blank\" rel=\"noreferrer noopener\">PayPal Sandbox</a>.</li><li><b>Order prefix</b> - any prefix you want invoice IDs to have on PayPal site (optional field) (for instance, <i>mycart</i>).Using the prefix allows to prevent duplicate invoice IDs in case you use the same PayPal account for accepting payment from several websites.</li></ul></li><li>Click the <b>Create</b> button to apply the changes.</li></ol>\n<h5>Your PayPal account should have the following settings:</h5>\n<ul><li><b>Instant Payment Notification</b> - <i>off</i></li><li><b>Payment Data Transfer</b> - <i>off</i></li><li><b>Auto Return for Website Payments</b> - <i>off</i> </li><li><b>Return URL</b> - <i>blank</i></li></ul>', '', '', '', ''),
(67, 'ru', 'PayPal payment', '<h5>To set PayPal Website Payments Standard account in Merchium:</h5>\n<ol><li>In the administration panel, go to <b>Administration &gt; Payment methods</b>.</li><li>Click the <b>+</b> button on the left.</li><li>In the opened window, enter <i>PayPal</i> into the <b>Name</b> text input field, select <b>PayPal</b> in the <b>Processor</b>drop-down select box, enter the necessary description and surcharge values into the corresponding input fields, upload an image if necessary.</li></ol>\n<p><!--CUT--><br /></p>\n<ol><li>In the same window, go to the <b>Configure</b> tab. This will open a section with PayPal settings. </li><li>Complete the following fields:<ul><li><b>Account</b> - your PayPal account login (namely, your email address).</li><li><b>Name of the item</b> - the value of the <b>Pay for</b> field, displayed on PayPal web page during the payment (for instance, <i>My shop</i>).</li><li><b>Currency</b> - the currency in your PayPal account. If it does not match the base currency in your Merchium settings, please contact Merchium support team.</li><li><b>Test/Live mode</b> - select <b>Live</b>. In order to use the <b>Test</b> mode you need to get additional accounts at <a href=\"https://developer.paypal.com\" target=\"_blank\" rel=\"noreferrer noopener\">PayPal Sandbox</a>.</li><li><b>Order prefix</b> - any prefix you want invoice IDs to have on PayPal site (optional field) (for instance, <i>mycart</i>).Using the prefix allows to prevent duplicate invoice IDs in case you use the same PayPal account for accepting payment from several websites.</li></ul></li><li>Click the <b>Create</b> button to apply the changes.</li></ol>\n<h5>Your PayPal account should have the following settings:</h5>\n<ul><li><b>Instant Payment Notification</b> - <i>off</i></li><li><b>Payment Data Transfer</b> - <i>off</i></li><li><b>Auto Return for Website Payments</b> - <i>off</i> </li><li><b>Return URL</b> - <i>blank</i></li></ul>', '', '', '', '');
INSERT INTO `partiushop_page_descriptions` (`page_id`, `lang_code`, `page`, `description`, `meta_keywords`, `meta_description`, `page_title`, `link`) VALUES
(68, 'da', 'Build your own fashion store in a few steps', '<h5>Build your own fashion store in a few steps</h5>\n<ol>\n	<li>Lorem ipsum dolor sit amet, consectetur adipiscing elit. Aliquam iaculis egestas laoreet. Etiam faucibus massa sed risus lacinia in vulputate dolor imperdiet. Curabitur pharetra, purus a commodo dignissim, sapien nulla tempus nisi, et varius nulla urna at arcu. Lorem ipsum dolor sit amet, consectetur adipiscing elit. Aliquam iaculis egestas laoreet. Etiam faucibus massa sed risus lacinia in vulputate dolor imperdiet. Curabitur pharetra, purus a commodo dignissim, sapien nulla tempus nisi, et varius nulla urna at arcu.Lorem ipsum dolor sit amet, consectetur adipiscing elit. Aliquam iaculis egestas laoreet.<br />\n	<br />\n	</li>\n	<li>Etiam faucibus massa sed risus lacinia in vulputate dolor imperdiet. Curabitur pharetra, purus a commodo dignissim, sapien nulla tempus nisi, et varius nulla urna at arcu. Lorem ipsum dolor sit amet, consectetur adipiscing elit. Aliquam iaculis egestas laoreet. Etiam faucibus massa sed risus lacinia in vulputate dolor imperdiet. Curabitur pharetra, purus a commodo dignissim, sapien nulla tempus nisi, et varius nulla urna at arcu.Lorem ipsum dolor sit amet, consectetur adipiscing elit. Aliquam iaculis egestas laoreet. Etiam faucibus massa sed risus lacinia in vulputate dolor imperdiet. Curabitur pharetra, purus a commodo dignissim, sapien nulla tempus nisi, et varius nulla urna at arcu. Lorem ipsum dolor sit amet, consectetur adipiscing elit. Aliquam iaculis egestas laoreet. Etiam faucibus massa sed risus lacinia in vulputate dolor imperdie.<br /></li>\n	\n	<li>Etiam faucibus massa sed risus lacinia in vulputate dolor imperdiet. Curabitur pharetra, purus a commodo dignissim, sapien nulla tempus nisi, et varius nulla urna at arcu. Lorem ipsum dolor sit amet, consectetur adipiscing elit. Aliquam iaculis egestas laoreet. Etiam faucibus massa sed risus lacinia in vulputate dolor imperdiet. Curabitur pharetra, purus a commodo dignissim, sapien nulla tempus nisi, et varius nulla urna at arcu.Lorem ipsum dolor sit amet, consectetur adipiscing elit. Aliquam iaculis egestas laoreet. Etiam faucibus massa sed risus lacinia in vulputate dolor imperdiet. Curabitur pharetra, purus a commodo dignissim, sapien nulla tempus nisi, et varius nulla urna at arcu. Lorem ipsum dolor sit amet, consectetur adipiscing elit. Aliquam iaculis egestas laoreet. Etiam faucibus massa sed risus lacinia in vulputate dolor imperdie.<br /></li>\n	\n	<li>Etiam faucibus massa sed risus lacinia in vulputate dolor imperdiet. Curabitur pharetra, purus a commodo dignissim, sapien nulla tempus nisi, et varius nulla urna at arcu. Lorem ipsum dolor sit amet, consectetur adipiscing elit. Aliquam iaculis egestas laoreet. Etiam faucibus massa sed risus lacinia in vulputate dolor imperdiet. Curabitur pharetra, purus a commodo dignissim, sapien nulla tempus nisi, et varius nulla urna at arcu.Lorem ipsum dolor sit amet, consectetur adipiscing elit. Aliquam iaculis egestas laoreet. Etiam faucibus massa sed risus lacinia in vulputate dolor imperdiet. Curabitur pharetra, purus a commodo dignissim, sapien nulla tempus nisi, et varius nulla urna at arcu. Lorem ipsum dolor sit amet, consectetur adipiscing elit. Aliquam iaculis egestas laoreet. Etiam faucibus massa sed risus lacinia in vulputate dolor imperdie.<br /></li>\n	\n	<li>Etiam faucibus massa sed risus lacinia in vulputate dolor imperdiet. Curabitur pharetra, purus a commodo dignissim, sapien nulla tempus nisi, et varius nulla urna at arcu. Lorem ipsum dolor sit amet, consectetur adipiscing elit. Aliquam iaculis egestas laoreet. Etiam faucibus massa sed risus lacinia in vulputate dolor imperdiet. Curabitur pharetra, purus a commodo dignissim, sapien nulla tempus nisi, et varius nulla urna at arcu.Lorem ipsum dolor sit amet, consectetur adipiscing elit. Aliquam iaculis egestas laoreet. Etiam faucibus massa sed risus lacinia in vulputate dolor imperdiet. Curabitur pharetra, purus a commodo dignissim, sapien nulla tempus nisi, et varius nulla urna at arcu. Lorem ipsum dolor sit amet, consectetur adipiscing elit. Aliquam iaculis egestas laoreet. Etiam faucibus massa sed risus lacinia in vulputate dolor imperdie.<br /></li>\n	\n	<li>Etiam faucibus massa sed risus lacinia in vulputate dolor imperdiet. Curabitur pharetra, purus a commodo dignissim, sapien nulla tempus nisi, et varius nulla urna at arcu. Lorem ipsum dolor sit amet, consectetur adipiscing elit. Aliquam iaculis egestas laoreet. Etiam faucibus massa sed risus lacinia in vulputate dolor imperdiet. Curabitur pharetra, purus a commodo dignissim, sapien nulla tempus nisi, et varius nulla urna at arcu.Lorem ipsum dolor sit amet, consectetur adipiscing elit. Aliquam iaculis egestas laoreet. Etiam faucibus massa sed risus lacinia in vulputate dolor imperdiet. Curabitur pharetra, purus a commodo dignissim, sapien nulla tempus nisi, et varius nulla urna at arcu. Lorem ipsum dolor sit amet, consectetur adipiscing elit. Aliquam iaculis egestas laoreet. Etiam faucibus massa sed risus lacinia in vulputate dolor imperdie.<br /></li>\n	\n	<li>Etiam faucibus massa sed risus lacinia in vulputate dolor imperdiet. Curabitur pharetra, purus a commodo dignissim, sapien nulla tempus nisi, et varius nulla urna at arcu. Lorem ipsum dolor sit amet, consectetur adipiscing elit. Aliquam iaculis egestas laoreet. Etiam faucibus massa sed risus lacinia in vulputate dolor imperdiet. Curabitur pharetra, purus a commodo dignissim, sapien nulla tempus nisi, et varius nulla urna at arcu.Lorem ipsum dolor sit amet, consectetur adipiscing elit. Aliquam iaculis egestas laoreet. Etiam faucibus massa sed risus lacinia in vulputate dolor imperdiet. Curabitur pharetra, purus a commodo dignissim, sapien nulla tempus nisi, et varius nulla urna at arcu. Lorem ipsum dolor sit amet, consectetur adipiscing elit. Aliquam iaculis egestas laoreet. Etiam faucibus massa sed risus lacinia in vulputate dolor imperdie.<br /></li>\n	\n	<li>Etiam faucibus massa sed risus lacinia in vulputate dolor imperdiet. Curabitur pharetra, purus a commodo dignissim, sapien nulla tempus nisi, et varius nulla urna at arcu. Lorem ipsum dolor sit amet, consectetur adipiscing elit. Aliquam iaculis egestas laoreet. Etiam faucibus massa sed risus lacinia in vulputate dolor imperdiet. Curabitur pharetra, purus a commodo dignissim, sapien nulla tempus nisi, et varius nulla urna at arcu.Lorem ipsum dolor sit amet, consectetur adipiscing elit. Aliquam iaculis egestas laoreet. Etiam faucibus massa sed risus lacinia in vulputate dolor imperdiet. Curabitur pharetra, purus a commodo dignissim, sapien nulla tempus nisi, et varius nulla urna at arcu. Lorem ipsum dolor sit amet, consectetur adipiscing elit. Aliquam iaculis egestas laoreet. Etiam faucibus massa sed risus lacinia in vulputate dolor imperdie.<br /></li>\n	\n	<li>Etiam faucibus massa sed risus lacinia in vulputate dolor imperdiet. Curabitur pharetra, purus a commodo dignissim, sapien nulla tempus nisi, et varius nulla urna at arcu. Lorem ipsum dolor sit amet, consectetur adipiscing elit. Aliquam iaculis egestas laoreet. Etiam faucibus massa sed risus lacinia in vulputate dolor imperdiet. Curabitur pharetra, purus a commodo dignissim, sapien nulla tempus nisi, et varius nulla urna at arcu.Lorem ipsum dolor sit amet, consectetur adipiscing elit. Aliquam iaculis egestas laoreet. Etiam faucibus massa sed risus lacinia in vulputate dolor imperdiet. Curabitur pharetra, purus a commodo dignissim, sapien nulla tempus nisi, et varius nulla urna at arcu. Lorem ipsum dolor sit amet, consectetur adipiscing elit. Aliquam iaculis egestas laoreet. Etiam faucibus massa sed risus lacinia in vulputate dolor imperdie.<br /></li>\n\n	\n	<li>Etiam faucibus massa sed risus lacinia in vulputate dolor imperdiet. Curabitur pharetra, purus a commodo dignissim, sapien nulla tempus nisi, et varius nulla urna at arcu. Lorem ipsum dolor sit amet, consectetur adipiscing elit. Aliquam iaculis egestas laoreet. Etiam faucibus massa sed risus lacinia in vulputate dolor imperdiet. Curabitur pharetra, purus a commodo dignissim, sapien nulla tempus nisi, et varius nulla urna at arcu.Lorem ipsum dolor sit amet, consectetur adipiscing elit. Aliquam iaculis egestas laoreet. Etiam faucibus massa sed risus lacinia in vulputate dolor imperdiet. Curabitur pharetra, purus a commodo dignissim, sapien nulla tempus nisi, et varius nulla urna at arcu. Lorem ipsum dolor sit amet, consectetur adipiscing elit. Aliquam iaculis egestas laoreet. Etiam faucibus massa sed risus lacinia in vulputate dolor imperdie.</li>\n</ol>', '', '', '', ''),
(68, 'de', 'Build your own fashion store in a few steps', '<h5>Build your own fashion store in a few steps</h5>\n<ol>\n	<li>Lorem ipsum dolor sit amet, consectetur adipiscing elit. Aliquam iaculis egestas laoreet. Etiam faucibus massa sed risus lacinia in vulputate dolor imperdiet. Curabitur pharetra, purus a commodo dignissim, sapien nulla tempus nisi, et varius nulla urna at arcu. Lorem ipsum dolor sit amet, consectetur adipiscing elit. Aliquam iaculis egestas laoreet. Etiam faucibus massa sed risus lacinia in vulputate dolor imperdiet. Curabitur pharetra, purus a commodo dignissim, sapien nulla tempus nisi, et varius nulla urna at arcu.Lorem ipsum dolor sit amet, consectetur adipiscing elit. Aliquam iaculis egestas laoreet.<br />\n	<br />\n	</li>\n	<li>Etiam faucibus massa sed risus lacinia in vulputate dolor imperdiet. Curabitur pharetra, purus a commodo dignissim, sapien nulla tempus nisi, et varius nulla urna at arcu. Lorem ipsum dolor sit amet, consectetur adipiscing elit. Aliquam iaculis egestas laoreet. Etiam faucibus massa sed risus lacinia in vulputate dolor imperdiet. Curabitur pharetra, purus a commodo dignissim, sapien nulla tempus nisi, et varius nulla urna at arcu.Lorem ipsum dolor sit amet, consectetur adipiscing elit. Aliquam iaculis egestas laoreet. Etiam faucibus massa sed risus lacinia in vulputate dolor imperdiet. Curabitur pharetra, purus a commodo dignissim, sapien nulla tempus nisi, et varius nulla urna at arcu. Lorem ipsum dolor sit amet, consectetur adipiscing elit. Aliquam iaculis egestas laoreet. Etiam faucibus massa sed risus lacinia in vulputate dolor imperdie.<br /></li>\n	\n	<li>Etiam faucibus massa sed risus lacinia in vulputate dolor imperdiet. Curabitur pharetra, purus a commodo dignissim, sapien nulla tempus nisi, et varius nulla urna at arcu. Lorem ipsum dolor sit amet, consectetur adipiscing elit. Aliquam iaculis egestas laoreet. Etiam faucibus massa sed risus lacinia in vulputate dolor imperdiet. Curabitur pharetra, purus a commodo dignissim, sapien nulla tempus nisi, et varius nulla urna at arcu.Lorem ipsum dolor sit amet, consectetur adipiscing elit. Aliquam iaculis egestas laoreet. Etiam faucibus massa sed risus lacinia in vulputate dolor imperdiet. Curabitur pharetra, purus a commodo dignissim, sapien nulla tempus nisi, et varius nulla urna at arcu. Lorem ipsum dolor sit amet, consectetur adipiscing elit. Aliquam iaculis egestas laoreet. Etiam faucibus massa sed risus lacinia in vulputate dolor imperdie.<br /></li>\n	\n	<li>Etiam faucibus massa sed risus lacinia in vulputate dolor imperdiet. Curabitur pharetra, purus a commodo dignissim, sapien nulla tempus nisi, et varius nulla urna at arcu. Lorem ipsum dolor sit amet, consectetur adipiscing elit. Aliquam iaculis egestas laoreet. Etiam faucibus massa sed risus lacinia in vulputate dolor imperdiet. Curabitur pharetra, purus a commodo dignissim, sapien nulla tempus nisi, et varius nulla urna at arcu.Lorem ipsum dolor sit amet, consectetur adipiscing elit. Aliquam iaculis egestas laoreet. Etiam faucibus massa sed risus lacinia in vulputate dolor imperdiet. Curabitur pharetra, purus a commodo dignissim, sapien nulla tempus nisi, et varius nulla urna at arcu. Lorem ipsum dolor sit amet, consectetur adipiscing elit. Aliquam iaculis egestas laoreet. Etiam faucibus massa sed risus lacinia in vulputate dolor imperdie.<br /></li>\n	\n	<li>Etiam faucibus massa sed risus lacinia in vulputate dolor imperdiet. Curabitur pharetra, purus a commodo dignissim, sapien nulla tempus nisi, et varius nulla urna at arcu. Lorem ipsum dolor sit amet, consectetur adipiscing elit. Aliquam iaculis egestas laoreet. Etiam faucibus massa sed risus lacinia in vulputate dolor imperdiet. Curabitur pharetra, purus a commodo dignissim, sapien nulla tempus nisi, et varius nulla urna at arcu.Lorem ipsum dolor sit amet, consectetur adipiscing elit. Aliquam iaculis egestas laoreet. Etiam faucibus massa sed risus lacinia in vulputate dolor imperdiet. Curabitur pharetra, purus a commodo dignissim, sapien nulla tempus nisi, et varius nulla urna at arcu. Lorem ipsum dolor sit amet, consectetur adipiscing elit. Aliquam iaculis egestas laoreet. Etiam faucibus massa sed risus lacinia in vulputate dolor imperdie.<br /></li>\n	\n	<li>Etiam faucibus massa sed risus lacinia in vulputate dolor imperdiet. Curabitur pharetra, purus a commodo dignissim, sapien nulla tempus nisi, et varius nulla urna at arcu. Lorem ipsum dolor sit amet, consectetur adipiscing elit. Aliquam iaculis egestas laoreet. Etiam faucibus massa sed risus lacinia in vulputate dolor imperdiet. Curabitur pharetra, purus a commodo dignissim, sapien nulla tempus nisi, et varius nulla urna at arcu.Lorem ipsum dolor sit amet, consectetur adipiscing elit. Aliquam iaculis egestas laoreet. Etiam faucibus massa sed risus lacinia in vulputate dolor imperdiet. Curabitur pharetra, purus a commodo dignissim, sapien nulla tempus nisi, et varius nulla urna at arcu. Lorem ipsum dolor sit amet, consectetur adipiscing elit. Aliquam iaculis egestas laoreet. Etiam faucibus massa sed risus lacinia in vulputate dolor imperdie.<br /></li>\n	\n	<li>Etiam faucibus massa sed risus lacinia in vulputate dolor imperdiet. Curabitur pharetra, purus a commodo dignissim, sapien nulla tempus nisi, et varius nulla urna at arcu. Lorem ipsum dolor sit amet, consectetur adipiscing elit. Aliquam iaculis egestas laoreet. Etiam faucibus massa sed risus lacinia in vulputate dolor imperdiet. Curabitur pharetra, purus a commodo dignissim, sapien nulla tempus nisi, et varius nulla urna at arcu.Lorem ipsum dolor sit amet, consectetur adipiscing elit. Aliquam iaculis egestas laoreet. Etiam faucibus massa sed risus lacinia in vulputate dolor imperdiet. Curabitur pharetra, purus a commodo dignissim, sapien nulla tempus nisi, et varius nulla urna at arcu. Lorem ipsum dolor sit amet, consectetur adipiscing elit. Aliquam iaculis egestas laoreet. Etiam faucibus massa sed risus lacinia in vulputate dolor imperdie.<br /></li>\n	\n	<li>Etiam faucibus massa sed risus lacinia in vulputate dolor imperdiet. Curabitur pharetra, purus a commodo dignissim, sapien nulla tempus nisi, et varius nulla urna at arcu. Lorem ipsum dolor sit amet, consectetur adipiscing elit. Aliquam iaculis egestas laoreet. Etiam faucibus massa sed risus lacinia in vulputate dolor imperdiet. Curabitur pharetra, purus a commodo dignissim, sapien nulla tempus nisi, et varius nulla urna at arcu.Lorem ipsum dolor sit amet, consectetur adipiscing elit. Aliquam iaculis egestas laoreet. Etiam faucibus massa sed risus lacinia in vulputate dolor imperdiet. Curabitur pharetra, purus a commodo dignissim, sapien nulla tempus nisi, et varius nulla urna at arcu. Lorem ipsum dolor sit amet, consectetur adipiscing elit. Aliquam iaculis egestas laoreet. Etiam faucibus massa sed risus lacinia in vulputate dolor imperdie.<br /></li>\n	\n	<li>Etiam faucibus massa sed risus lacinia in vulputate dolor imperdiet. Curabitur pharetra, purus a commodo dignissim, sapien nulla tempus nisi, et varius nulla urna at arcu. Lorem ipsum dolor sit amet, consectetur adipiscing elit. Aliquam iaculis egestas laoreet. Etiam faucibus massa sed risus lacinia in vulputate dolor imperdiet. Curabitur pharetra, purus a commodo dignissim, sapien nulla tempus nisi, et varius nulla urna at arcu.Lorem ipsum dolor sit amet, consectetur adipiscing elit. Aliquam iaculis egestas laoreet. Etiam faucibus massa sed risus lacinia in vulputate dolor imperdiet. Curabitur pharetra, purus a commodo dignissim, sapien nulla tempus nisi, et varius nulla urna at arcu. Lorem ipsum dolor sit amet, consectetur adipiscing elit. Aliquam iaculis egestas laoreet. Etiam faucibus massa sed risus lacinia in vulputate dolor imperdie.<br /></li>\n\n	\n	<li>Etiam faucibus massa sed risus lacinia in vulputate dolor imperdiet. Curabitur pharetra, purus a commodo dignissim, sapien nulla tempus nisi, et varius nulla urna at arcu. Lorem ipsum dolor sit amet, consectetur adipiscing elit. Aliquam iaculis egestas laoreet. Etiam faucibus massa sed risus lacinia in vulputate dolor imperdiet. Curabitur pharetra, purus a commodo dignissim, sapien nulla tempus nisi, et varius nulla urna at arcu.Lorem ipsum dolor sit amet, consectetur adipiscing elit. Aliquam iaculis egestas laoreet. Etiam faucibus massa sed risus lacinia in vulputate dolor imperdiet. Curabitur pharetra, purus a commodo dignissim, sapien nulla tempus nisi, et varius nulla urna at arcu. Lorem ipsum dolor sit amet, consectetur adipiscing elit. Aliquam iaculis egestas laoreet. Etiam faucibus massa sed risus lacinia in vulputate dolor imperdie.</li>\n</ol>', '', '', '', ''),
(68, 'el', 'Build your own fashion store in a few steps', '<h5>Build your own fashion store in a few steps</h5>\n<ol>\n	<li>Lorem ipsum dolor sit amet, consectetur adipiscing elit. Aliquam iaculis egestas laoreet. Etiam faucibus massa sed risus lacinia in vulputate dolor imperdiet. Curabitur pharetra, purus a commodo dignissim, sapien nulla tempus nisi, et varius nulla urna at arcu. Lorem ipsum dolor sit amet, consectetur adipiscing elit. Aliquam iaculis egestas laoreet. Etiam faucibus massa sed risus lacinia in vulputate dolor imperdiet. Curabitur pharetra, purus a commodo dignissim, sapien nulla tempus nisi, et varius nulla urna at arcu.Lorem ipsum dolor sit amet, consectetur adipiscing elit. Aliquam iaculis egestas laoreet.<br />\n	<br />\n	</li>\n	<li>Etiam faucibus massa sed risus lacinia in vulputate dolor imperdiet. Curabitur pharetra, purus a commodo dignissim, sapien nulla tempus nisi, et varius nulla urna at arcu. Lorem ipsum dolor sit amet, consectetur adipiscing elit. Aliquam iaculis egestas laoreet. Etiam faucibus massa sed risus lacinia in vulputate dolor imperdiet. Curabitur pharetra, purus a commodo dignissim, sapien nulla tempus nisi, et varius nulla urna at arcu.Lorem ipsum dolor sit amet, consectetur adipiscing elit. Aliquam iaculis egestas laoreet. Etiam faucibus massa sed risus lacinia in vulputate dolor imperdiet. Curabitur pharetra, purus a commodo dignissim, sapien nulla tempus nisi, et varius nulla urna at arcu. Lorem ipsum dolor sit amet, consectetur adipiscing elit. Aliquam iaculis egestas laoreet. Etiam faucibus massa sed risus lacinia in vulputate dolor imperdie.<br /></li>\n	\n	<li>Etiam faucibus massa sed risus lacinia in vulputate dolor imperdiet. Curabitur pharetra, purus a commodo dignissim, sapien nulla tempus nisi, et varius nulla urna at arcu. Lorem ipsum dolor sit amet, consectetur adipiscing elit. Aliquam iaculis egestas laoreet. Etiam faucibus massa sed risus lacinia in vulputate dolor imperdiet. Curabitur pharetra, purus a commodo dignissim, sapien nulla tempus nisi, et varius nulla urna at arcu.Lorem ipsum dolor sit amet, consectetur adipiscing elit. Aliquam iaculis egestas laoreet. Etiam faucibus massa sed risus lacinia in vulputate dolor imperdiet. Curabitur pharetra, purus a commodo dignissim, sapien nulla tempus nisi, et varius nulla urna at arcu. Lorem ipsum dolor sit amet, consectetur adipiscing elit. Aliquam iaculis egestas laoreet. Etiam faucibus massa sed risus lacinia in vulputate dolor imperdie.<br /></li>\n	\n	<li>Etiam faucibus massa sed risus lacinia in vulputate dolor imperdiet. Curabitur pharetra, purus a commodo dignissim, sapien nulla tempus nisi, et varius nulla urna at arcu. Lorem ipsum dolor sit amet, consectetur adipiscing elit. Aliquam iaculis egestas laoreet. Etiam faucibus massa sed risus lacinia in vulputate dolor imperdiet. Curabitur pharetra, purus a commodo dignissim, sapien nulla tempus nisi, et varius nulla urna at arcu.Lorem ipsum dolor sit amet, consectetur adipiscing elit. Aliquam iaculis egestas laoreet. Etiam faucibus massa sed risus lacinia in vulputate dolor imperdiet. Curabitur pharetra, purus a commodo dignissim, sapien nulla tempus nisi, et varius nulla urna at arcu. Lorem ipsum dolor sit amet, consectetur adipiscing elit. Aliquam iaculis egestas laoreet. Etiam faucibus massa sed risus lacinia in vulputate dolor imperdie.<br /></li>\n	\n	<li>Etiam faucibus massa sed risus lacinia in vulputate dolor imperdiet. Curabitur pharetra, purus a commodo dignissim, sapien nulla tempus nisi, et varius nulla urna at arcu. Lorem ipsum dolor sit amet, consectetur adipiscing elit. Aliquam iaculis egestas laoreet. Etiam faucibus massa sed risus lacinia in vulputate dolor imperdiet. Curabitur pharetra, purus a commodo dignissim, sapien nulla tempus nisi, et varius nulla urna at arcu.Lorem ipsum dolor sit amet, consectetur adipiscing elit. Aliquam iaculis egestas laoreet. Etiam faucibus massa sed risus lacinia in vulputate dolor imperdiet. Curabitur pharetra, purus a commodo dignissim, sapien nulla tempus nisi, et varius nulla urna at arcu. Lorem ipsum dolor sit amet, consectetur adipiscing elit. Aliquam iaculis egestas laoreet. Etiam faucibus massa sed risus lacinia in vulputate dolor imperdie.<br /></li>\n	\n	<li>Etiam faucibus massa sed risus lacinia in vulputate dolor imperdiet. Curabitur pharetra, purus a commodo dignissim, sapien nulla tempus nisi, et varius nulla urna at arcu. Lorem ipsum dolor sit amet, consectetur adipiscing elit. Aliquam iaculis egestas laoreet. Etiam faucibus massa sed risus lacinia in vulputate dolor imperdiet. Curabitur pharetra, purus a commodo dignissim, sapien nulla tempus nisi, et varius nulla urna at arcu.Lorem ipsum dolor sit amet, consectetur adipiscing elit. Aliquam iaculis egestas laoreet. Etiam faucibus massa sed risus lacinia in vulputate dolor imperdiet. Curabitur pharetra, purus a commodo dignissim, sapien nulla tempus nisi, et varius nulla urna at arcu. Lorem ipsum dolor sit amet, consectetur adipiscing elit. Aliquam iaculis egestas laoreet. Etiam faucibus massa sed risus lacinia in vulputate dolor imperdie.<br /></li>\n	\n	<li>Etiam faucibus massa sed risus lacinia in vulputate dolor imperdiet. Curabitur pharetra, purus a commodo dignissim, sapien nulla tempus nisi, et varius nulla urna at arcu. Lorem ipsum dolor sit amet, consectetur adipiscing elit. Aliquam iaculis egestas laoreet. Etiam faucibus massa sed risus lacinia in vulputate dolor imperdiet. Curabitur pharetra, purus a commodo dignissim, sapien nulla tempus nisi, et varius nulla urna at arcu.Lorem ipsum dolor sit amet, consectetur adipiscing elit. Aliquam iaculis egestas laoreet. Etiam faucibus massa sed risus lacinia in vulputate dolor imperdiet. Curabitur pharetra, purus a commodo dignissim, sapien nulla tempus nisi, et varius nulla urna at arcu. Lorem ipsum dolor sit amet, consectetur adipiscing elit. Aliquam iaculis egestas laoreet. Etiam faucibus massa sed risus lacinia in vulputate dolor imperdie.<br /></li>\n	\n	<li>Etiam faucibus massa sed risus lacinia in vulputate dolor imperdiet. Curabitur pharetra, purus a commodo dignissim, sapien nulla tempus nisi, et varius nulla urna at arcu. Lorem ipsum dolor sit amet, consectetur adipiscing elit. Aliquam iaculis egestas laoreet. Etiam faucibus massa sed risus lacinia in vulputate dolor imperdiet. Curabitur pharetra, purus a commodo dignissim, sapien nulla tempus nisi, et varius nulla urna at arcu.Lorem ipsum dolor sit amet, consectetur adipiscing elit. Aliquam iaculis egestas laoreet. Etiam faucibus massa sed risus lacinia in vulputate dolor imperdiet. Curabitur pharetra, purus a commodo dignissim, sapien nulla tempus nisi, et varius nulla urna at arcu. Lorem ipsum dolor sit amet, consectetur adipiscing elit. Aliquam iaculis egestas laoreet. Etiam faucibus massa sed risus lacinia in vulputate dolor imperdie.<br /></li>\n	\n	<li>Etiam faucibus massa sed risus lacinia in vulputate dolor imperdiet. Curabitur pharetra, purus a commodo dignissim, sapien nulla tempus nisi, et varius nulla urna at arcu. Lorem ipsum dolor sit amet, consectetur adipiscing elit. Aliquam iaculis egestas laoreet. Etiam faucibus massa sed risus lacinia in vulputate dolor imperdiet. Curabitur pharetra, purus a commodo dignissim, sapien nulla tempus nisi, et varius nulla urna at arcu.Lorem ipsum dolor sit amet, consectetur adipiscing elit. Aliquam iaculis egestas laoreet. Etiam faucibus massa sed risus lacinia in vulputate dolor imperdiet. Curabitur pharetra, purus a commodo dignissim, sapien nulla tempus nisi, et varius nulla urna at arcu. Lorem ipsum dolor sit amet, consectetur adipiscing elit. Aliquam iaculis egestas laoreet. Etiam faucibus massa sed risus lacinia in vulputate dolor imperdie.<br /></li>\n\n	\n	<li>Etiam faucibus massa sed risus lacinia in vulputate dolor imperdiet. Curabitur pharetra, purus a commodo dignissim, sapien nulla tempus nisi, et varius nulla urna at arcu. Lorem ipsum dolor sit amet, consectetur adipiscing elit. Aliquam iaculis egestas laoreet. Etiam faucibus massa sed risus lacinia in vulputate dolor imperdiet. Curabitur pharetra, purus a commodo dignissim, sapien nulla tempus nisi, et varius nulla urna at arcu.Lorem ipsum dolor sit amet, consectetur adipiscing elit. Aliquam iaculis egestas laoreet. Etiam faucibus massa sed risus lacinia in vulputate dolor imperdiet. Curabitur pharetra, purus a commodo dignissim, sapien nulla tempus nisi, et varius nulla urna at arcu. Lorem ipsum dolor sit amet, consectetur adipiscing elit. Aliquam iaculis egestas laoreet. Etiam faucibus massa sed risus lacinia in vulputate dolor imperdie.</li>\n</ol>', '', '', '', ''),
(68, 'en', 'Build your own fashion store in a few steps', '<h5>Build your own fashion store in a few steps</h5>\n<ol>\n	<li>Lorem ipsum dolor sit amet, consectetur adipiscing elit. Aliquam iaculis egestas laoreet. Etiam faucibus massa sed risus lacinia in vulputate dolor imperdiet. Curabitur pharetra, purus a commodo dignissim, sapien nulla tempus nisi, et varius nulla urna at arcu. Lorem ipsum dolor sit amet, consectetur adipiscing elit. Aliquam iaculis egestas laoreet. Etiam faucibus massa sed risus lacinia in vulputate dolor imperdiet. Curabitur pharetra, purus a commodo dignissim, sapien nulla tempus nisi, et varius nulla urna at arcu.Lorem ipsum dolor sit amet, consectetur adipiscing elit. Aliquam iaculis egestas laoreet.<br />\n	<br />\n	</li>\n	<li>Etiam faucibus massa sed risus lacinia in vulputate dolor imperdiet. Curabitur pharetra, purus a commodo dignissim, sapien nulla tempus nisi, et varius nulla urna at arcu. Lorem ipsum dolor sit amet, consectetur adipiscing elit. Aliquam iaculis egestas laoreet. Etiam faucibus massa sed risus lacinia in vulputate dolor imperdiet. Curabitur pharetra, purus a commodo dignissim, sapien nulla tempus nisi, et varius nulla urna at arcu.Lorem ipsum dolor sit amet, consectetur adipiscing elit. Aliquam iaculis egestas laoreet. Etiam faucibus massa sed risus lacinia in vulputate dolor imperdiet. Curabitur pharetra, purus a commodo dignissim, sapien nulla tempus nisi, et varius nulla urna at arcu. Lorem ipsum dolor sit amet, consectetur adipiscing elit. Aliquam iaculis egestas laoreet. Etiam faucibus massa sed risus lacinia in vulputate dolor imperdie.<br /></li>\n	\n	<li>Etiam faucibus massa sed risus lacinia in vulputate dolor imperdiet. Curabitur pharetra, purus a commodo dignissim, sapien nulla tempus nisi, et varius nulla urna at arcu. Lorem ipsum dolor sit amet, consectetur adipiscing elit. Aliquam iaculis egestas laoreet. Etiam faucibus massa sed risus lacinia in vulputate dolor imperdiet. Curabitur pharetra, purus a commodo dignissim, sapien nulla tempus nisi, et varius nulla urna at arcu.Lorem ipsum dolor sit amet, consectetur adipiscing elit. Aliquam iaculis egestas laoreet. Etiam faucibus massa sed risus lacinia in vulputate dolor imperdiet. Curabitur pharetra, purus a commodo dignissim, sapien nulla tempus nisi, et varius nulla urna at arcu. Lorem ipsum dolor sit amet, consectetur adipiscing elit. Aliquam iaculis egestas laoreet. Etiam faucibus massa sed risus lacinia in vulputate dolor imperdie.<br /></li>\n	\n	<li>Etiam faucibus massa sed risus lacinia in vulputate dolor imperdiet. Curabitur pharetra, purus a commodo dignissim, sapien nulla tempus nisi, et varius nulla urna at arcu. Lorem ipsum dolor sit amet, consectetur adipiscing elit. Aliquam iaculis egestas laoreet. Etiam faucibus massa sed risus lacinia in vulputate dolor imperdiet. Curabitur pharetra, purus a commodo dignissim, sapien nulla tempus nisi, et varius nulla urna at arcu.Lorem ipsum dolor sit amet, consectetur adipiscing elit. Aliquam iaculis egestas laoreet. Etiam faucibus massa sed risus lacinia in vulputate dolor imperdiet. Curabitur pharetra, purus a commodo dignissim, sapien nulla tempus nisi, et varius nulla urna at arcu. Lorem ipsum dolor sit amet, consectetur adipiscing elit. Aliquam iaculis egestas laoreet. Etiam faucibus massa sed risus lacinia in vulputate dolor imperdie.<br /></li>\n	\n	<li>Etiam faucibus massa sed risus lacinia in vulputate dolor imperdiet. Curabitur pharetra, purus a commodo dignissim, sapien nulla tempus nisi, et varius nulla urna at arcu. Lorem ipsum dolor sit amet, consectetur adipiscing elit. Aliquam iaculis egestas laoreet. Etiam faucibus massa sed risus lacinia in vulputate dolor imperdiet. Curabitur pharetra, purus a commodo dignissim, sapien nulla tempus nisi, et varius nulla urna at arcu.Lorem ipsum dolor sit amet, consectetur adipiscing elit. Aliquam iaculis egestas laoreet. Etiam faucibus massa sed risus lacinia in vulputate dolor imperdiet. Curabitur pharetra, purus a commodo dignissim, sapien nulla tempus nisi, et varius nulla urna at arcu. Lorem ipsum dolor sit amet, consectetur adipiscing elit. Aliquam iaculis egestas laoreet. Etiam faucibus massa sed risus lacinia in vulputate dolor imperdie.<br /></li>\n	\n	<li>Etiam faucibus massa sed risus lacinia in vulputate dolor imperdiet. Curabitur pharetra, purus a commodo dignissim, sapien nulla tempus nisi, et varius nulla urna at arcu. Lorem ipsum dolor sit amet, consectetur adipiscing elit. Aliquam iaculis egestas laoreet. Etiam faucibus massa sed risus lacinia in vulputate dolor imperdiet. Curabitur pharetra, purus a commodo dignissim, sapien nulla tempus nisi, et varius nulla urna at arcu.Lorem ipsum dolor sit amet, consectetur adipiscing elit. Aliquam iaculis egestas laoreet. Etiam faucibus massa sed risus lacinia in vulputate dolor imperdiet. Curabitur pharetra, purus a commodo dignissim, sapien nulla tempus nisi, et varius nulla urna at arcu. Lorem ipsum dolor sit amet, consectetur adipiscing elit. Aliquam iaculis egestas laoreet. Etiam faucibus massa sed risus lacinia in vulputate dolor imperdie.<br /></li>\n	\n	<li>Etiam faucibus massa sed risus lacinia in vulputate dolor imperdiet. Curabitur pharetra, purus a commodo dignissim, sapien nulla tempus nisi, et varius nulla urna at arcu. Lorem ipsum dolor sit amet, consectetur adipiscing elit. Aliquam iaculis egestas laoreet. Etiam faucibus massa sed risus lacinia in vulputate dolor imperdiet. Curabitur pharetra, purus a commodo dignissim, sapien nulla tempus nisi, et varius nulla urna at arcu.Lorem ipsum dolor sit amet, consectetur adipiscing elit. Aliquam iaculis egestas laoreet. Etiam faucibus massa sed risus lacinia in vulputate dolor imperdiet. Curabitur pharetra, purus a commodo dignissim, sapien nulla tempus nisi, et varius nulla urna at arcu. Lorem ipsum dolor sit amet, consectetur adipiscing elit. Aliquam iaculis egestas laoreet. Etiam faucibus massa sed risus lacinia in vulputate dolor imperdie.<br /></li>\n	\n	<li>Etiam faucibus massa sed risus lacinia in vulputate dolor imperdiet. Curabitur pharetra, purus a commodo dignissim, sapien nulla tempus nisi, et varius nulla urna at arcu. Lorem ipsum dolor sit amet, consectetur adipiscing elit. Aliquam iaculis egestas laoreet. Etiam faucibus massa sed risus lacinia in vulputate dolor imperdiet. Curabitur pharetra, purus a commodo dignissim, sapien nulla tempus nisi, et varius nulla urna at arcu.Lorem ipsum dolor sit amet, consectetur adipiscing elit. Aliquam iaculis egestas laoreet. Etiam faucibus massa sed risus lacinia in vulputate dolor imperdiet. Curabitur pharetra, purus a commodo dignissim, sapien nulla tempus nisi, et varius nulla urna at arcu. Lorem ipsum dolor sit amet, consectetur adipiscing elit. Aliquam iaculis egestas laoreet. Etiam faucibus massa sed risus lacinia in vulputate dolor imperdie.<br /></li>\n	\n	<li>Etiam faucibus massa sed risus lacinia in vulputate dolor imperdiet. Curabitur pharetra, purus a commodo dignissim, sapien nulla tempus nisi, et varius nulla urna at arcu. Lorem ipsum dolor sit amet, consectetur adipiscing elit. Aliquam iaculis egestas laoreet. Etiam faucibus massa sed risus lacinia in vulputate dolor imperdiet. Curabitur pharetra, purus a commodo dignissim, sapien nulla tempus nisi, et varius nulla urna at arcu.Lorem ipsum dolor sit amet, consectetur adipiscing elit. Aliquam iaculis egestas laoreet. Etiam faucibus massa sed risus lacinia in vulputate dolor imperdiet. Curabitur pharetra, purus a commodo dignissim, sapien nulla tempus nisi, et varius nulla urna at arcu. Lorem ipsum dolor sit amet, consectetur adipiscing elit. Aliquam iaculis egestas laoreet. Etiam faucibus massa sed risus lacinia in vulputate dolor imperdie.<br /></li>\n\n	\n	<li>Etiam faucibus massa sed risus lacinia in vulputate dolor imperdiet. Curabitur pharetra, purus a commodo dignissim, sapien nulla tempus nisi, et varius nulla urna at arcu. Lorem ipsum dolor sit amet, consectetur adipiscing elit. Aliquam iaculis egestas laoreet. Etiam faucibus massa sed risus lacinia in vulputate dolor imperdiet. Curabitur pharetra, purus a commodo dignissim, sapien nulla tempus nisi, et varius nulla urna at arcu.Lorem ipsum dolor sit amet, consectetur adipiscing elit. Aliquam iaculis egestas laoreet. Etiam faucibus massa sed risus lacinia in vulputate dolor imperdiet. Curabitur pharetra, purus a commodo dignissim, sapien nulla tempus nisi, et varius nulla urna at arcu. Lorem ipsum dolor sit amet, consectetur adipiscing elit. Aliquam iaculis egestas laoreet. Etiam faucibus massa sed risus lacinia in vulputate dolor imperdie.</li>\n</ol>', '', '', '', ''),
(68, 'es', 'Build your own fashion store in a few steps', '<h5>Build your own fashion store in a few steps</h5>\n<ol>\n	<li>Lorem ipsum dolor sit amet, consectetur adipiscing elit. Aliquam iaculis egestas laoreet. Etiam faucibus massa sed risus lacinia in vulputate dolor imperdiet. Curabitur pharetra, purus a commodo dignissim, sapien nulla tempus nisi, et varius nulla urna at arcu. Lorem ipsum dolor sit amet, consectetur adipiscing elit. Aliquam iaculis egestas laoreet. Etiam faucibus massa sed risus lacinia in vulputate dolor imperdiet. Curabitur pharetra, purus a commodo dignissim, sapien nulla tempus nisi, et varius nulla urna at arcu.Lorem ipsum dolor sit amet, consectetur adipiscing elit. Aliquam iaculis egestas laoreet.<br />\n	<br />\n	</li>\n	<li>Etiam faucibus massa sed risus lacinia in vulputate dolor imperdiet. Curabitur pharetra, purus a commodo dignissim, sapien nulla tempus nisi, et varius nulla urna at arcu. Lorem ipsum dolor sit amet, consectetur adipiscing elit. Aliquam iaculis egestas laoreet. Etiam faucibus massa sed risus lacinia in vulputate dolor imperdiet. Curabitur pharetra, purus a commodo dignissim, sapien nulla tempus nisi, et varius nulla urna at arcu.Lorem ipsum dolor sit amet, consectetur adipiscing elit. Aliquam iaculis egestas laoreet. Etiam faucibus massa sed risus lacinia in vulputate dolor imperdiet. Curabitur pharetra, purus a commodo dignissim, sapien nulla tempus nisi, et varius nulla urna at arcu. Lorem ipsum dolor sit amet, consectetur adipiscing elit. Aliquam iaculis egestas laoreet. Etiam faucibus massa sed risus lacinia in vulputate dolor imperdie.<br /></li>\n	\n	<li>Etiam faucibus massa sed risus lacinia in vulputate dolor imperdiet. Curabitur pharetra, purus a commodo dignissim, sapien nulla tempus nisi, et varius nulla urna at arcu. Lorem ipsum dolor sit amet, consectetur adipiscing elit. Aliquam iaculis egestas laoreet. Etiam faucibus massa sed risus lacinia in vulputate dolor imperdiet. Curabitur pharetra, purus a commodo dignissim, sapien nulla tempus nisi, et varius nulla urna at arcu.Lorem ipsum dolor sit amet, consectetur adipiscing elit. Aliquam iaculis egestas laoreet. Etiam faucibus massa sed risus lacinia in vulputate dolor imperdiet. Curabitur pharetra, purus a commodo dignissim, sapien nulla tempus nisi, et varius nulla urna at arcu. Lorem ipsum dolor sit amet, consectetur adipiscing elit. Aliquam iaculis egestas laoreet. Etiam faucibus massa sed risus lacinia in vulputate dolor imperdie.<br /></li>\n	\n	<li>Etiam faucibus massa sed risus lacinia in vulputate dolor imperdiet. Curabitur pharetra, purus a commodo dignissim, sapien nulla tempus nisi, et varius nulla urna at arcu. Lorem ipsum dolor sit amet, consectetur adipiscing elit. Aliquam iaculis egestas laoreet. Etiam faucibus massa sed risus lacinia in vulputate dolor imperdiet. Curabitur pharetra, purus a commodo dignissim, sapien nulla tempus nisi, et varius nulla urna at arcu.Lorem ipsum dolor sit amet, consectetur adipiscing elit. Aliquam iaculis egestas laoreet. Etiam faucibus massa sed risus lacinia in vulputate dolor imperdiet. Curabitur pharetra, purus a commodo dignissim, sapien nulla tempus nisi, et varius nulla urna at arcu. Lorem ipsum dolor sit amet, consectetur adipiscing elit. Aliquam iaculis egestas laoreet. Etiam faucibus massa sed risus lacinia in vulputate dolor imperdie.<br /></li>\n	\n	<li>Etiam faucibus massa sed risus lacinia in vulputate dolor imperdiet. Curabitur pharetra, purus a commodo dignissim, sapien nulla tempus nisi, et varius nulla urna at arcu. Lorem ipsum dolor sit amet, consectetur adipiscing elit. Aliquam iaculis egestas laoreet. Etiam faucibus massa sed risus lacinia in vulputate dolor imperdiet. Curabitur pharetra, purus a commodo dignissim, sapien nulla tempus nisi, et varius nulla urna at arcu.Lorem ipsum dolor sit amet, consectetur adipiscing elit. Aliquam iaculis egestas laoreet. Etiam faucibus massa sed risus lacinia in vulputate dolor imperdiet. Curabitur pharetra, purus a commodo dignissim, sapien nulla tempus nisi, et varius nulla urna at arcu. Lorem ipsum dolor sit amet, consectetur adipiscing elit. Aliquam iaculis egestas laoreet. Etiam faucibus massa sed risus lacinia in vulputate dolor imperdie.<br /></li>\n	\n	<li>Etiam faucibus massa sed risus lacinia in vulputate dolor imperdiet. Curabitur pharetra, purus a commodo dignissim, sapien nulla tempus nisi, et varius nulla urna at arcu. Lorem ipsum dolor sit amet, consectetur adipiscing elit. Aliquam iaculis egestas laoreet. Etiam faucibus massa sed risus lacinia in vulputate dolor imperdiet. Curabitur pharetra, purus a commodo dignissim, sapien nulla tempus nisi, et varius nulla urna at arcu.Lorem ipsum dolor sit amet, consectetur adipiscing elit. Aliquam iaculis egestas laoreet. Etiam faucibus massa sed risus lacinia in vulputate dolor imperdiet. Curabitur pharetra, purus a commodo dignissim, sapien nulla tempus nisi, et varius nulla urna at arcu. Lorem ipsum dolor sit amet, consectetur adipiscing elit. Aliquam iaculis egestas laoreet. Etiam faucibus massa sed risus lacinia in vulputate dolor imperdie.<br /></li>\n	\n	<li>Etiam faucibus massa sed risus lacinia in vulputate dolor imperdiet. Curabitur pharetra, purus a commodo dignissim, sapien nulla tempus nisi, et varius nulla urna at arcu. Lorem ipsum dolor sit amet, consectetur adipiscing elit. Aliquam iaculis egestas laoreet. Etiam faucibus massa sed risus lacinia in vulputate dolor imperdiet. Curabitur pharetra, purus a commodo dignissim, sapien nulla tempus nisi, et varius nulla urna at arcu.Lorem ipsum dolor sit amet, consectetur adipiscing elit. Aliquam iaculis egestas laoreet. Etiam faucibus massa sed risus lacinia in vulputate dolor imperdiet. Curabitur pharetra, purus a commodo dignissim, sapien nulla tempus nisi, et varius nulla urna at arcu. Lorem ipsum dolor sit amet, consectetur adipiscing elit. Aliquam iaculis egestas laoreet. Etiam faucibus massa sed risus lacinia in vulputate dolor imperdie.<br /></li>\n	\n	<li>Etiam faucibus massa sed risus lacinia in vulputate dolor imperdiet. Curabitur pharetra, purus a commodo dignissim, sapien nulla tempus nisi, et varius nulla urna at arcu. Lorem ipsum dolor sit amet, consectetur adipiscing elit. Aliquam iaculis egestas laoreet. Etiam faucibus massa sed risus lacinia in vulputate dolor imperdiet. Curabitur pharetra, purus a commodo dignissim, sapien nulla tempus nisi, et varius nulla urna at arcu.Lorem ipsum dolor sit amet, consectetur adipiscing elit. Aliquam iaculis egestas laoreet. Etiam faucibus massa sed risus lacinia in vulputate dolor imperdiet. Curabitur pharetra, purus a commodo dignissim, sapien nulla tempus nisi, et varius nulla urna at arcu. Lorem ipsum dolor sit amet, consectetur adipiscing elit. Aliquam iaculis egestas laoreet. Etiam faucibus massa sed risus lacinia in vulputate dolor imperdie.<br /></li>\n	\n	<li>Etiam faucibus massa sed risus lacinia in vulputate dolor imperdiet. Curabitur pharetra, purus a commodo dignissim, sapien nulla tempus nisi, et varius nulla urna at arcu. Lorem ipsum dolor sit amet, consectetur adipiscing elit. Aliquam iaculis egestas laoreet. Etiam faucibus massa sed risus lacinia in vulputate dolor imperdiet. Curabitur pharetra, purus a commodo dignissim, sapien nulla tempus nisi, et varius nulla urna at arcu.Lorem ipsum dolor sit amet, consectetur adipiscing elit. Aliquam iaculis egestas laoreet. Etiam faucibus massa sed risus lacinia in vulputate dolor imperdiet. Curabitur pharetra, purus a commodo dignissim, sapien nulla tempus nisi, et varius nulla urna at arcu. Lorem ipsum dolor sit amet, consectetur adipiscing elit. Aliquam iaculis egestas laoreet. Etiam faucibus massa sed risus lacinia in vulputate dolor imperdie.<br /></li>\n\n	\n	<li>Etiam faucibus massa sed risus lacinia in vulputate dolor imperdiet. Curabitur pharetra, purus a commodo dignissim, sapien nulla tempus nisi, et varius nulla urna at arcu. Lorem ipsum dolor sit amet, consectetur adipiscing elit. Aliquam iaculis egestas laoreet. Etiam faucibus massa sed risus lacinia in vulputate dolor imperdiet. Curabitur pharetra, purus a commodo dignissim, sapien nulla tempus nisi, et varius nulla urna at arcu.Lorem ipsum dolor sit amet, consectetur adipiscing elit. Aliquam iaculis egestas laoreet. Etiam faucibus massa sed risus lacinia in vulputate dolor imperdiet. Curabitur pharetra, purus a commodo dignissim, sapien nulla tempus nisi, et varius nulla urna at arcu. Lorem ipsum dolor sit amet, consectetur adipiscing elit. Aliquam iaculis egestas laoreet. Etiam faucibus massa sed risus lacinia in vulputate dolor imperdie.</li>\n</ol>', '', '', '', '');
INSERT INTO `partiushop_page_descriptions` (`page_id`, `lang_code`, `page`, `description`, `meta_keywords`, `meta_description`, `page_title`, `link`) VALUES
(68, 'fr', 'Build your own fashion store in a few steps', '<h5>Build your own fashion store in a few steps</h5>\n<ol>\n	<li>Lorem ipsum dolor sit amet, consectetur adipiscing elit. Aliquam iaculis egestas laoreet. Etiam faucibus massa sed risus lacinia in vulputate dolor imperdiet. Curabitur pharetra, purus a commodo dignissim, sapien nulla tempus nisi, et varius nulla urna at arcu. Lorem ipsum dolor sit amet, consectetur adipiscing elit. Aliquam iaculis egestas laoreet. Etiam faucibus massa sed risus lacinia in vulputate dolor imperdiet. Curabitur pharetra, purus a commodo dignissim, sapien nulla tempus nisi, et varius nulla urna at arcu.Lorem ipsum dolor sit amet, consectetur adipiscing elit. Aliquam iaculis egestas laoreet.<br />\n	<br />\n	</li>\n	<li>Etiam faucibus massa sed risus lacinia in vulputate dolor imperdiet. Curabitur pharetra, purus a commodo dignissim, sapien nulla tempus nisi, et varius nulla urna at arcu. Lorem ipsum dolor sit amet, consectetur adipiscing elit. Aliquam iaculis egestas laoreet. Etiam faucibus massa sed risus lacinia in vulputate dolor imperdiet. Curabitur pharetra, purus a commodo dignissim, sapien nulla tempus nisi, et varius nulla urna at arcu.Lorem ipsum dolor sit amet, consectetur adipiscing elit. Aliquam iaculis egestas laoreet. Etiam faucibus massa sed risus lacinia in vulputate dolor imperdiet. Curabitur pharetra, purus a commodo dignissim, sapien nulla tempus nisi, et varius nulla urna at arcu. Lorem ipsum dolor sit amet, consectetur adipiscing elit. Aliquam iaculis egestas laoreet. Etiam faucibus massa sed risus lacinia in vulputate dolor imperdie.<br /></li>\n	\n	<li>Etiam faucibus massa sed risus lacinia in vulputate dolor imperdiet. Curabitur pharetra, purus a commodo dignissim, sapien nulla tempus nisi, et varius nulla urna at arcu. Lorem ipsum dolor sit amet, consectetur adipiscing elit. Aliquam iaculis egestas laoreet. Etiam faucibus massa sed risus lacinia in vulputate dolor imperdiet. Curabitur pharetra, purus a commodo dignissim, sapien nulla tempus nisi, et varius nulla urna at arcu.Lorem ipsum dolor sit amet, consectetur adipiscing elit. Aliquam iaculis egestas laoreet. Etiam faucibus massa sed risus lacinia in vulputate dolor imperdiet. Curabitur pharetra, purus a commodo dignissim, sapien nulla tempus nisi, et varius nulla urna at arcu. Lorem ipsum dolor sit amet, consectetur adipiscing elit. Aliquam iaculis egestas laoreet. Etiam faucibus massa sed risus lacinia in vulputate dolor imperdie.<br /></li>\n	\n	<li>Etiam faucibus massa sed risus lacinia in vulputate dolor imperdiet. Curabitur pharetra, purus a commodo dignissim, sapien nulla tempus nisi, et varius nulla urna at arcu. Lorem ipsum dolor sit amet, consectetur adipiscing elit. Aliquam iaculis egestas laoreet. Etiam faucibus massa sed risus lacinia in vulputate dolor imperdiet. Curabitur pharetra, purus a commodo dignissim, sapien nulla tempus nisi, et varius nulla urna at arcu.Lorem ipsum dolor sit amet, consectetur adipiscing elit. Aliquam iaculis egestas laoreet. Etiam faucibus massa sed risus lacinia in vulputate dolor imperdiet. Curabitur pharetra, purus a commodo dignissim, sapien nulla tempus nisi, et varius nulla urna at arcu. Lorem ipsum dolor sit amet, consectetur adipiscing elit. Aliquam iaculis egestas laoreet. Etiam faucibus massa sed risus lacinia in vulputate dolor imperdie.<br /></li>\n	\n	<li>Etiam faucibus massa sed risus lacinia in vulputate dolor imperdiet. Curabitur pharetra, purus a commodo dignissim, sapien nulla tempus nisi, et varius nulla urna at arcu. Lorem ipsum dolor sit amet, consectetur adipiscing elit. Aliquam iaculis egestas laoreet. Etiam faucibus massa sed risus lacinia in vulputate dolor imperdiet. Curabitur pharetra, purus a commodo dignissim, sapien nulla tempus nisi, et varius nulla urna at arcu.Lorem ipsum dolor sit amet, consectetur adipiscing elit. Aliquam iaculis egestas laoreet. Etiam faucibus massa sed risus lacinia in vulputate dolor imperdiet. Curabitur pharetra, purus a commodo dignissim, sapien nulla tempus nisi, et varius nulla urna at arcu. Lorem ipsum dolor sit amet, consectetur adipiscing elit. Aliquam iaculis egestas laoreet. Etiam faucibus massa sed risus lacinia in vulputate dolor imperdie.<br /></li>\n	\n	<li>Etiam faucibus massa sed risus lacinia in vulputate dolor imperdiet. Curabitur pharetra, purus a commodo dignissim, sapien nulla tempus nisi, et varius nulla urna at arcu. Lorem ipsum dolor sit amet, consectetur adipiscing elit. Aliquam iaculis egestas laoreet. Etiam faucibus massa sed risus lacinia in vulputate dolor imperdiet. Curabitur pharetra, purus a commodo dignissim, sapien nulla tempus nisi, et varius nulla urna at arcu.Lorem ipsum dolor sit amet, consectetur adipiscing elit. Aliquam iaculis egestas laoreet. Etiam faucibus massa sed risus lacinia in vulputate dolor imperdiet. Curabitur pharetra, purus a commodo dignissim, sapien nulla tempus nisi, et varius nulla urna at arcu. Lorem ipsum dolor sit amet, consectetur adipiscing elit. Aliquam iaculis egestas laoreet. Etiam faucibus massa sed risus lacinia in vulputate dolor imperdie.<br /></li>\n	\n	<li>Etiam faucibus massa sed risus lacinia in vulputate dolor imperdiet. Curabitur pharetra, purus a commodo dignissim, sapien nulla tempus nisi, et varius nulla urna at arcu. Lorem ipsum dolor sit amet, consectetur adipiscing elit. Aliquam iaculis egestas laoreet. Etiam faucibus massa sed risus lacinia in vulputate dolor imperdiet. Curabitur pharetra, purus a commodo dignissim, sapien nulla tempus nisi, et varius nulla urna at arcu.Lorem ipsum dolor sit amet, consectetur adipiscing elit. Aliquam iaculis egestas laoreet. Etiam faucibus massa sed risus lacinia in vulputate dolor imperdiet. Curabitur pharetra, purus a commodo dignissim, sapien nulla tempus nisi, et varius nulla urna at arcu. Lorem ipsum dolor sit amet, consectetur adipiscing elit. Aliquam iaculis egestas laoreet. Etiam faucibus massa sed risus lacinia in vulputate dolor imperdie.<br /></li>\n	\n	<li>Etiam faucibus massa sed risus lacinia in vulputate dolor imperdiet. Curabitur pharetra, purus a commodo dignissim, sapien nulla tempus nisi, et varius nulla urna at arcu. Lorem ipsum dolor sit amet, consectetur adipiscing elit. Aliquam iaculis egestas laoreet. Etiam faucibus massa sed risus lacinia in vulputate dolor imperdiet. Curabitur pharetra, purus a commodo dignissim, sapien nulla tempus nisi, et varius nulla urna at arcu.Lorem ipsum dolor sit amet, consectetur adipiscing elit. Aliquam iaculis egestas laoreet. Etiam faucibus massa sed risus lacinia in vulputate dolor imperdiet. Curabitur pharetra, purus a commodo dignissim, sapien nulla tempus nisi, et varius nulla urna at arcu. Lorem ipsum dolor sit amet, consectetur adipiscing elit. Aliquam iaculis egestas laoreet. Etiam faucibus massa sed risus lacinia in vulputate dolor imperdie.<br /></li>\n	\n	<li>Etiam faucibus massa sed risus lacinia in vulputate dolor imperdiet. Curabitur pharetra, purus a commodo dignissim, sapien nulla tempus nisi, et varius nulla urna at arcu. Lorem ipsum dolor sit amet, consectetur adipiscing elit. Aliquam iaculis egestas laoreet. Etiam faucibus massa sed risus lacinia in vulputate dolor imperdiet. Curabitur pharetra, purus a commodo dignissim, sapien nulla tempus nisi, et varius nulla urna at arcu.Lorem ipsum dolor sit amet, consectetur adipiscing elit. Aliquam iaculis egestas laoreet. Etiam faucibus massa sed risus lacinia in vulputate dolor imperdiet. Curabitur pharetra, purus a commodo dignissim, sapien nulla tempus nisi, et varius nulla urna at arcu. Lorem ipsum dolor sit amet, consectetur adipiscing elit. Aliquam iaculis egestas laoreet. Etiam faucibus massa sed risus lacinia in vulputate dolor imperdie.<br /></li>\n\n	\n	<li>Etiam faucibus massa sed risus lacinia in vulputate dolor imperdiet. Curabitur pharetra, purus a commodo dignissim, sapien nulla tempus nisi, et varius nulla urna at arcu. Lorem ipsum dolor sit amet, consectetur adipiscing elit. Aliquam iaculis egestas laoreet. Etiam faucibus massa sed risus lacinia in vulputate dolor imperdiet. Curabitur pharetra, purus a commodo dignissim, sapien nulla tempus nisi, et varius nulla urna at arcu.Lorem ipsum dolor sit amet, consectetur adipiscing elit. Aliquam iaculis egestas laoreet. Etiam faucibus massa sed risus lacinia in vulputate dolor imperdiet. Curabitur pharetra, purus a commodo dignissim, sapien nulla tempus nisi, et varius nulla urna at arcu. Lorem ipsum dolor sit amet, consectetur adipiscing elit. Aliquam iaculis egestas laoreet. Etiam faucibus massa sed risus lacinia in vulputate dolor imperdie.</li>\n</ol>', '', '', '', ''),
(68, 'it', 'Build your own fashion store in a few steps', '<h5>Build your own fashion store in a few steps</h5>\n<ol>\n	<li>Lorem ipsum dolor sit amet, consectetur adipiscing elit. Aliquam iaculis egestas laoreet. Etiam faucibus massa sed risus lacinia in vulputate dolor imperdiet. Curabitur pharetra, purus a commodo dignissim, sapien nulla tempus nisi, et varius nulla urna at arcu. Lorem ipsum dolor sit amet, consectetur adipiscing elit. Aliquam iaculis egestas laoreet. Etiam faucibus massa sed risus lacinia in vulputate dolor imperdiet. Curabitur pharetra, purus a commodo dignissim, sapien nulla tempus nisi, et varius nulla urna at arcu.Lorem ipsum dolor sit amet, consectetur adipiscing elit. Aliquam iaculis egestas laoreet.<br />\n	<br />\n	</li>\n	<li>Etiam faucibus massa sed risus lacinia in vulputate dolor imperdiet. Curabitur pharetra, purus a commodo dignissim, sapien nulla tempus nisi, et varius nulla urna at arcu. Lorem ipsum dolor sit amet, consectetur adipiscing elit. Aliquam iaculis egestas laoreet. Etiam faucibus massa sed risus lacinia in vulputate dolor imperdiet. Curabitur pharetra, purus a commodo dignissim, sapien nulla tempus nisi, et varius nulla urna at arcu.Lorem ipsum dolor sit amet, consectetur adipiscing elit. Aliquam iaculis egestas laoreet. Etiam faucibus massa sed risus lacinia in vulputate dolor imperdiet. Curabitur pharetra, purus a commodo dignissim, sapien nulla tempus nisi, et varius nulla urna at arcu. Lorem ipsum dolor sit amet, consectetur adipiscing elit. Aliquam iaculis egestas laoreet. Etiam faucibus massa sed risus lacinia in vulputate dolor imperdie.<br /></li>\n	\n	<li>Etiam faucibus massa sed risus lacinia in vulputate dolor imperdiet. Curabitur pharetra, purus a commodo dignissim, sapien nulla tempus nisi, et varius nulla urna at arcu. Lorem ipsum dolor sit amet, consectetur adipiscing elit. Aliquam iaculis egestas laoreet. Etiam faucibus massa sed risus lacinia in vulputate dolor imperdiet. Curabitur pharetra, purus a commodo dignissim, sapien nulla tempus nisi, et varius nulla urna at arcu.Lorem ipsum dolor sit amet, consectetur adipiscing elit. Aliquam iaculis egestas laoreet. Etiam faucibus massa sed risus lacinia in vulputate dolor imperdiet. Curabitur pharetra, purus a commodo dignissim, sapien nulla tempus nisi, et varius nulla urna at arcu. Lorem ipsum dolor sit amet, consectetur adipiscing elit. Aliquam iaculis egestas laoreet. Etiam faucibus massa sed risus lacinia in vulputate dolor imperdie.<br /></li>\n	\n	<li>Etiam faucibus massa sed risus lacinia in vulputate dolor imperdiet. Curabitur pharetra, purus a commodo dignissim, sapien nulla tempus nisi, et varius nulla urna at arcu. Lorem ipsum dolor sit amet, consectetur adipiscing elit. Aliquam iaculis egestas laoreet. Etiam faucibus massa sed risus lacinia in vulputate dolor imperdiet. Curabitur pharetra, purus a commodo dignissim, sapien nulla tempus nisi, et varius nulla urna at arcu.Lorem ipsum dolor sit amet, consectetur adipiscing elit. Aliquam iaculis egestas laoreet. Etiam faucibus massa sed risus lacinia in vulputate dolor imperdiet. Curabitur pharetra, purus a commodo dignissim, sapien nulla tempus nisi, et varius nulla urna at arcu. Lorem ipsum dolor sit amet, consectetur adipiscing elit. Aliquam iaculis egestas laoreet. Etiam faucibus massa sed risus lacinia in vulputate dolor imperdie.<br /></li>\n	\n	<li>Etiam faucibus massa sed risus lacinia in vulputate dolor imperdiet. Curabitur pharetra, purus a commodo dignissim, sapien nulla tempus nisi, et varius nulla urna at arcu. Lorem ipsum dolor sit amet, consectetur adipiscing elit. Aliquam iaculis egestas laoreet. Etiam faucibus massa sed risus lacinia in vulputate dolor imperdiet. Curabitur pharetra, purus a commodo dignissim, sapien nulla tempus nisi, et varius nulla urna at arcu.Lorem ipsum dolor sit amet, consectetur adipiscing elit. Aliquam iaculis egestas laoreet. Etiam faucibus massa sed risus lacinia in vulputate dolor imperdiet. Curabitur pharetra, purus a commodo dignissim, sapien nulla tempus nisi, et varius nulla urna at arcu. Lorem ipsum dolor sit amet, consectetur adipiscing elit. Aliquam iaculis egestas laoreet. Etiam faucibus massa sed risus lacinia in vulputate dolor imperdie.<br /></li>\n	\n	<li>Etiam faucibus massa sed risus lacinia in vulputate dolor imperdiet. Curabitur pharetra, purus a commodo dignissim, sapien nulla tempus nisi, et varius nulla urna at arcu. Lorem ipsum dolor sit amet, consectetur adipiscing elit. Aliquam iaculis egestas laoreet. Etiam faucibus massa sed risus lacinia in vulputate dolor imperdiet. Curabitur pharetra, purus a commodo dignissim, sapien nulla tempus nisi, et varius nulla urna at arcu.Lorem ipsum dolor sit amet, consectetur adipiscing elit. Aliquam iaculis egestas laoreet. Etiam faucibus massa sed risus lacinia in vulputate dolor imperdiet. Curabitur pharetra, purus a commodo dignissim, sapien nulla tempus nisi, et varius nulla urna at arcu. Lorem ipsum dolor sit amet, consectetur adipiscing elit. Aliquam iaculis egestas laoreet. Etiam faucibus massa sed risus lacinia in vulputate dolor imperdie.<br /></li>\n	\n	<li>Etiam faucibus massa sed risus lacinia in vulputate dolor imperdiet. Curabitur pharetra, purus a commodo dignissim, sapien nulla tempus nisi, et varius nulla urna at arcu. Lorem ipsum dolor sit amet, consectetur adipiscing elit. Aliquam iaculis egestas laoreet. Etiam faucibus massa sed risus lacinia in vulputate dolor imperdiet. Curabitur pharetra, purus a commodo dignissim, sapien nulla tempus nisi, et varius nulla urna at arcu.Lorem ipsum dolor sit amet, consectetur adipiscing elit. Aliquam iaculis egestas laoreet. Etiam faucibus massa sed risus lacinia in vulputate dolor imperdiet. Curabitur pharetra, purus a commodo dignissim, sapien nulla tempus nisi, et varius nulla urna at arcu. Lorem ipsum dolor sit amet, consectetur adipiscing elit. Aliquam iaculis egestas laoreet. Etiam faucibus massa sed risus lacinia in vulputate dolor imperdie.<br /></li>\n	\n	<li>Etiam faucibus massa sed risus lacinia in vulputate dolor imperdiet. Curabitur pharetra, purus a commodo dignissim, sapien nulla tempus nisi, et varius nulla urna at arcu. Lorem ipsum dolor sit amet, consectetur adipiscing elit. Aliquam iaculis egestas laoreet. Etiam faucibus massa sed risus lacinia in vulputate dolor imperdiet. Curabitur pharetra, purus a commodo dignissim, sapien nulla tempus nisi, et varius nulla urna at arcu.Lorem ipsum dolor sit amet, consectetur adipiscing elit. Aliquam iaculis egestas laoreet. Etiam faucibus massa sed risus lacinia in vulputate dolor imperdiet. Curabitur pharetra, purus a commodo dignissim, sapien nulla tempus nisi, et varius nulla urna at arcu. Lorem ipsum dolor sit amet, consectetur adipiscing elit. Aliquam iaculis egestas laoreet. Etiam faucibus massa sed risus lacinia in vulputate dolor imperdie.<br /></li>\n	\n	<li>Etiam faucibus massa sed risus lacinia in vulputate dolor imperdiet. Curabitur pharetra, purus a commodo dignissim, sapien nulla tempus nisi, et varius nulla urna at arcu. Lorem ipsum dolor sit amet, consectetur adipiscing elit. Aliquam iaculis egestas laoreet. Etiam faucibus massa sed risus lacinia in vulputate dolor imperdiet. Curabitur pharetra, purus a commodo dignissim, sapien nulla tempus nisi, et varius nulla urna at arcu.Lorem ipsum dolor sit amet, consectetur adipiscing elit. Aliquam iaculis egestas laoreet. Etiam faucibus massa sed risus lacinia in vulputate dolor imperdiet. Curabitur pharetra, purus a commodo dignissim, sapien nulla tempus nisi, et varius nulla urna at arcu. Lorem ipsum dolor sit amet, consectetur adipiscing elit. Aliquam iaculis egestas laoreet. Etiam faucibus massa sed risus lacinia in vulputate dolor imperdie.<br /></li>\n\n	\n	<li>Etiam faucibus massa sed risus lacinia in vulputate dolor imperdiet. Curabitur pharetra, purus a commodo dignissim, sapien nulla tempus nisi, et varius nulla urna at arcu. Lorem ipsum dolor sit amet, consectetur adipiscing elit. Aliquam iaculis egestas laoreet. Etiam faucibus massa sed risus lacinia in vulputate dolor imperdiet. Curabitur pharetra, purus a commodo dignissim, sapien nulla tempus nisi, et varius nulla urna at arcu.Lorem ipsum dolor sit amet, consectetur adipiscing elit. Aliquam iaculis egestas laoreet. Etiam faucibus massa sed risus lacinia in vulputate dolor imperdiet. Curabitur pharetra, purus a commodo dignissim, sapien nulla tempus nisi, et varius nulla urna at arcu. Lorem ipsum dolor sit amet, consectetur adipiscing elit. Aliquam iaculis egestas laoreet. Etiam faucibus massa sed risus lacinia in vulputate dolor imperdie.</li>\n</ol>', '', '', '', ''),
(68, 'nl', 'Build your own fashion store in a few steps', '<h5>Build your own fashion store in a few steps</h5>\n<ol>\n	<li>Lorem ipsum dolor sit amet, consectetur adipiscing elit. Aliquam iaculis egestas laoreet. Etiam faucibus massa sed risus lacinia in vulputate dolor imperdiet. Curabitur pharetra, purus a commodo dignissim, sapien nulla tempus nisi, et varius nulla urna at arcu. Lorem ipsum dolor sit amet, consectetur adipiscing elit. Aliquam iaculis egestas laoreet. Etiam faucibus massa sed risus lacinia in vulputate dolor imperdiet. Curabitur pharetra, purus a commodo dignissim, sapien nulla tempus nisi, et varius nulla urna at arcu.Lorem ipsum dolor sit amet, consectetur adipiscing elit. Aliquam iaculis egestas laoreet.<br />\n	<br />\n	</li>\n	<li>Etiam faucibus massa sed risus lacinia in vulputate dolor imperdiet. Curabitur pharetra, purus a commodo dignissim, sapien nulla tempus nisi, et varius nulla urna at arcu. Lorem ipsum dolor sit amet, consectetur adipiscing elit. Aliquam iaculis egestas laoreet. Etiam faucibus massa sed risus lacinia in vulputate dolor imperdiet. Curabitur pharetra, purus a commodo dignissim, sapien nulla tempus nisi, et varius nulla urna at arcu.Lorem ipsum dolor sit amet, consectetur adipiscing elit. Aliquam iaculis egestas laoreet. Etiam faucibus massa sed risus lacinia in vulputate dolor imperdiet. Curabitur pharetra, purus a commodo dignissim, sapien nulla tempus nisi, et varius nulla urna at arcu. Lorem ipsum dolor sit amet, consectetur adipiscing elit. Aliquam iaculis egestas laoreet. Etiam faucibus massa sed risus lacinia in vulputate dolor imperdie.<br /></li>\n	\n	<li>Etiam faucibus massa sed risus lacinia in vulputate dolor imperdiet. Curabitur pharetra, purus a commodo dignissim, sapien nulla tempus nisi, et varius nulla urna at arcu. Lorem ipsum dolor sit amet, consectetur adipiscing elit. Aliquam iaculis egestas laoreet. Etiam faucibus massa sed risus lacinia in vulputate dolor imperdiet. Curabitur pharetra, purus a commodo dignissim, sapien nulla tempus nisi, et varius nulla urna at arcu.Lorem ipsum dolor sit amet, consectetur adipiscing elit. Aliquam iaculis egestas laoreet. Etiam faucibus massa sed risus lacinia in vulputate dolor imperdiet. Curabitur pharetra, purus a commodo dignissim, sapien nulla tempus nisi, et varius nulla urna at arcu. Lorem ipsum dolor sit amet, consectetur adipiscing elit. Aliquam iaculis egestas laoreet. Etiam faucibus massa sed risus lacinia in vulputate dolor imperdie.<br /></li>\n	\n	<li>Etiam faucibus massa sed risus lacinia in vulputate dolor imperdiet. Curabitur pharetra, purus a commodo dignissim, sapien nulla tempus nisi, et varius nulla urna at arcu. Lorem ipsum dolor sit amet, consectetur adipiscing elit. Aliquam iaculis egestas laoreet. Etiam faucibus massa sed risus lacinia in vulputate dolor imperdiet. Curabitur pharetra, purus a commodo dignissim, sapien nulla tempus nisi, et varius nulla urna at arcu.Lorem ipsum dolor sit amet, consectetur adipiscing elit. Aliquam iaculis egestas laoreet. Etiam faucibus massa sed risus lacinia in vulputate dolor imperdiet. Curabitur pharetra, purus a commodo dignissim, sapien nulla tempus nisi, et varius nulla urna at arcu. Lorem ipsum dolor sit amet, consectetur adipiscing elit. Aliquam iaculis egestas laoreet. Etiam faucibus massa sed risus lacinia in vulputate dolor imperdie.<br /></li>\n	\n	<li>Etiam faucibus massa sed risus lacinia in vulputate dolor imperdiet. Curabitur pharetra, purus a commodo dignissim, sapien nulla tempus nisi, et varius nulla urna at arcu. Lorem ipsum dolor sit amet, consectetur adipiscing elit. Aliquam iaculis egestas laoreet. Etiam faucibus massa sed risus lacinia in vulputate dolor imperdiet. Curabitur pharetra, purus a commodo dignissim, sapien nulla tempus nisi, et varius nulla urna at arcu.Lorem ipsum dolor sit amet, consectetur adipiscing elit. Aliquam iaculis egestas laoreet. Etiam faucibus massa sed risus lacinia in vulputate dolor imperdiet. Curabitur pharetra, purus a commodo dignissim, sapien nulla tempus nisi, et varius nulla urna at arcu. Lorem ipsum dolor sit amet, consectetur adipiscing elit. Aliquam iaculis egestas laoreet. Etiam faucibus massa sed risus lacinia in vulputate dolor imperdie.<br /></li>\n	\n	<li>Etiam faucibus massa sed risus lacinia in vulputate dolor imperdiet. Curabitur pharetra, purus a commodo dignissim, sapien nulla tempus nisi, et varius nulla urna at arcu. Lorem ipsum dolor sit amet, consectetur adipiscing elit. Aliquam iaculis egestas laoreet. Etiam faucibus massa sed risus lacinia in vulputate dolor imperdiet. Curabitur pharetra, purus a commodo dignissim, sapien nulla tempus nisi, et varius nulla urna at arcu.Lorem ipsum dolor sit amet, consectetur adipiscing elit. Aliquam iaculis egestas laoreet. Etiam faucibus massa sed risus lacinia in vulputate dolor imperdiet. Curabitur pharetra, purus a commodo dignissim, sapien nulla tempus nisi, et varius nulla urna at arcu. Lorem ipsum dolor sit amet, consectetur adipiscing elit. Aliquam iaculis egestas laoreet. Etiam faucibus massa sed risus lacinia in vulputate dolor imperdie.<br /></li>\n	\n	<li>Etiam faucibus massa sed risus lacinia in vulputate dolor imperdiet. Curabitur pharetra, purus a commodo dignissim, sapien nulla tempus nisi, et varius nulla urna at arcu. Lorem ipsum dolor sit amet, consectetur adipiscing elit. Aliquam iaculis egestas laoreet. Etiam faucibus massa sed risus lacinia in vulputate dolor imperdiet. Curabitur pharetra, purus a commodo dignissim, sapien nulla tempus nisi, et varius nulla urna at arcu.Lorem ipsum dolor sit amet, consectetur adipiscing elit. Aliquam iaculis egestas laoreet. Etiam faucibus massa sed risus lacinia in vulputate dolor imperdiet. Curabitur pharetra, purus a commodo dignissim, sapien nulla tempus nisi, et varius nulla urna at arcu. Lorem ipsum dolor sit amet, consectetur adipiscing elit. Aliquam iaculis egestas laoreet. Etiam faucibus massa sed risus lacinia in vulputate dolor imperdie.<br /></li>\n	\n	<li>Etiam faucibus massa sed risus lacinia in vulputate dolor imperdiet. Curabitur pharetra, purus a commodo dignissim, sapien nulla tempus nisi, et varius nulla urna at arcu. Lorem ipsum dolor sit amet, consectetur adipiscing elit. Aliquam iaculis egestas laoreet. Etiam faucibus massa sed risus lacinia in vulputate dolor imperdiet. Curabitur pharetra, purus a commodo dignissim, sapien nulla tempus nisi, et varius nulla urna at arcu.Lorem ipsum dolor sit amet, consectetur adipiscing elit. Aliquam iaculis egestas laoreet. Etiam faucibus massa sed risus lacinia in vulputate dolor imperdiet. Curabitur pharetra, purus a commodo dignissim, sapien nulla tempus nisi, et varius nulla urna at arcu. Lorem ipsum dolor sit amet, consectetur adipiscing elit. Aliquam iaculis egestas laoreet. Etiam faucibus massa sed risus lacinia in vulputate dolor imperdie.<br /></li>\n	\n	<li>Etiam faucibus massa sed risus lacinia in vulputate dolor imperdiet. Curabitur pharetra, purus a commodo dignissim, sapien nulla tempus nisi, et varius nulla urna at arcu. Lorem ipsum dolor sit amet, consectetur adipiscing elit. Aliquam iaculis egestas laoreet. Etiam faucibus massa sed risus lacinia in vulputate dolor imperdiet. Curabitur pharetra, purus a commodo dignissim, sapien nulla tempus nisi, et varius nulla urna at arcu.Lorem ipsum dolor sit amet, consectetur adipiscing elit. Aliquam iaculis egestas laoreet. Etiam faucibus massa sed risus lacinia in vulputate dolor imperdiet. Curabitur pharetra, purus a commodo dignissim, sapien nulla tempus nisi, et varius nulla urna at arcu. Lorem ipsum dolor sit amet, consectetur adipiscing elit. Aliquam iaculis egestas laoreet. Etiam faucibus massa sed risus lacinia in vulputate dolor imperdie.<br /></li>\n\n	\n	<li>Etiam faucibus massa sed risus lacinia in vulputate dolor imperdiet. Curabitur pharetra, purus a commodo dignissim, sapien nulla tempus nisi, et varius nulla urna at arcu. Lorem ipsum dolor sit amet, consectetur adipiscing elit. Aliquam iaculis egestas laoreet. Etiam faucibus massa sed risus lacinia in vulputate dolor imperdiet. Curabitur pharetra, purus a commodo dignissim, sapien nulla tempus nisi, et varius nulla urna at arcu.Lorem ipsum dolor sit amet, consectetur adipiscing elit. Aliquam iaculis egestas laoreet. Etiam faucibus massa sed risus lacinia in vulputate dolor imperdiet. Curabitur pharetra, purus a commodo dignissim, sapien nulla tempus nisi, et varius nulla urna at arcu. Lorem ipsum dolor sit amet, consectetur adipiscing elit. Aliquam iaculis egestas laoreet. Etiam faucibus massa sed risus lacinia in vulputate dolor imperdie.</li>\n</ol>', '', '', '', ''),
(68, 'no', 'Build your own fashion store in a few steps', '<h5>Build your own fashion store in a few steps</h5>\n<ol>\n	<li>Lorem ipsum dolor sit amet, consectetur adipiscing elit. Aliquam iaculis egestas laoreet. Etiam faucibus massa sed risus lacinia in vulputate dolor imperdiet. Curabitur pharetra, purus a commodo dignissim, sapien nulla tempus nisi, et varius nulla urna at arcu. Lorem ipsum dolor sit amet, consectetur adipiscing elit. Aliquam iaculis egestas laoreet. Etiam faucibus massa sed risus lacinia in vulputate dolor imperdiet. Curabitur pharetra, purus a commodo dignissim, sapien nulla tempus nisi, et varius nulla urna at arcu.Lorem ipsum dolor sit amet, consectetur adipiscing elit. Aliquam iaculis egestas laoreet.<br />\n	<br />\n	</li>\n	<li>Etiam faucibus massa sed risus lacinia in vulputate dolor imperdiet. Curabitur pharetra, purus a commodo dignissim, sapien nulla tempus nisi, et varius nulla urna at arcu. Lorem ipsum dolor sit amet, consectetur adipiscing elit. Aliquam iaculis egestas laoreet. Etiam faucibus massa sed risus lacinia in vulputate dolor imperdiet. Curabitur pharetra, purus a commodo dignissim, sapien nulla tempus nisi, et varius nulla urna at arcu.Lorem ipsum dolor sit amet, consectetur adipiscing elit. Aliquam iaculis egestas laoreet. Etiam faucibus massa sed risus lacinia in vulputate dolor imperdiet. Curabitur pharetra, purus a commodo dignissim, sapien nulla tempus nisi, et varius nulla urna at arcu. Lorem ipsum dolor sit amet, consectetur adipiscing elit. Aliquam iaculis egestas laoreet. Etiam faucibus massa sed risus lacinia in vulputate dolor imperdie.<br /></li>\n	\n	<li>Etiam faucibus massa sed risus lacinia in vulputate dolor imperdiet. Curabitur pharetra, purus a commodo dignissim, sapien nulla tempus nisi, et varius nulla urna at arcu. Lorem ipsum dolor sit amet, consectetur adipiscing elit. Aliquam iaculis egestas laoreet. Etiam faucibus massa sed risus lacinia in vulputate dolor imperdiet. Curabitur pharetra, purus a commodo dignissim, sapien nulla tempus nisi, et varius nulla urna at arcu.Lorem ipsum dolor sit amet, consectetur adipiscing elit. Aliquam iaculis egestas laoreet. Etiam faucibus massa sed risus lacinia in vulputate dolor imperdiet. Curabitur pharetra, purus a commodo dignissim, sapien nulla tempus nisi, et varius nulla urna at arcu. Lorem ipsum dolor sit amet, consectetur adipiscing elit. Aliquam iaculis egestas laoreet. Etiam faucibus massa sed risus lacinia in vulputate dolor imperdie.<br /></li>\n	\n	<li>Etiam faucibus massa sed risus lacinia in vulputate dolor imperdiet. Curabitur pharetra, purus a commodo dignissim, sapien nulla tempus nisi, et varius nulla urna at arcu. Lorem ipsum dolor sit amet, consectetur adipiscing elit. Aliquam iaculis egestas laoreet. Etiam faucibus massa sed risus lacinia in vulputate dolor imperdiet. Curabitur pharetra, purus a commodo dignissim, sapien nulla tempus nisi, et varius nulla urna at arcu.Lorem ipsum dolor sit amet, consectetur adipiscing elit. Aliquam iaculis egestas laoreet. Etiam faucibus massa sed risus lacinia in vulputate dolor imperdiet. Curabitur pharetra, purus a commodo dignissim, sapien nulla tempus nisi, et varius nulla urna at arcu. Lorem ipsum dolor sit amet, consectetur adipiscing elit. Aliquam iaculis egestas laoreet. Etiam faucibus massa sed risus lacinia in vulputate dolor imperdie.<br /></li>\n	\n	<li>Etiam faucibus massa sed risus lacinia in vulputate dolor imperdiet. Curabitur pharetra, purus a commodo dignissim, sapien nulla tempus nisi, et varius nulla urna at arcu. Lorem ipsum dolor sit amet, consectetur adipiscing elit. Aliquam iaculis egestas laoreet. Etiam faucibus massa sed risus lacinia in vulputate dolor imperdiet. Curabitur pharetra, purus a commodo dignissim, sapien nulla tempus nisi, et varius nulla urna at arcu.Lorem ipsum dolor sit amet, consectetur adipiscing elit. Aliquam iaculis egestas laoreet. Etiam faucibus massa sed risus lacinia in vulputate dolor imperdiet. Curabitur pharetra, purus a commodo dignissim, sapien nulla tempus nisi, et varius nulla urna at arcu. Lorem ipsum dolor sit amet, consectetur adipiscing elit. Aliquam iaculis egestas laoreet. Etiam faucibus massa sed risus lacinia in vulputate dolor imperdie.<br /></li>\n	\n	<li>Etiam faucibus massa sed risus lacinia in vulputate dolor imperdiet. Curabitur pharetra, purus a commodo dignissim, sapien nulla tempus nisi, et varius nulla urna at arcu. Lorem ipsum dolor sit amet, consectetur adipiscing elit. Aliquam iaculis egestas laoreet. Etiam faucibus massa sed risus lacinia in vulputate dolor imperdiet. Curabitur pharetra, purus a commodo dignissim, sapien nulla tempus nisi, et varius nulla urna at arcu.Lorem ipsum dolor sit amet, consectetur adipiscing elit. Aliquam iaculis egestas laoreet. Etiam faucibus massa sed risus lacinia in vulputate dolor imperdiet. Curabitur pharetra, purus a commodo dignissim, sapien nulla tempus nisi, et varius nulla urna at arcu. Lorem ipsum dolor sit amet, consectetur adipiscing elit. Aliquam iaculis egestas laoreet. Etiam faucibus massa sed risus lacinia in vulputate dolor imperdie.<br /></li>\n	\n	<li>Etiam faucibus massa sed risus lacinia in vulputate dolor imperdiet. Curabitur pharetra, purus a commodo dignissim, sapien nulla tempus nisi, et varius nulla urna at arcu. Lorem ipsum dolor sit amet, consectetur adipiscing elit. Aliquam iaculis egestas laoreet. Etiam faucibus massa sed risus lacinia in vulputate dolor imperdiet. Curabitur pharetra, purus a commodo dignissim, sapien nulla tempus nisi, et varius nulla urna at arcu.Lorem ipsum dolor sit amet, consectetur adipiscing elit. Aliquam iaculis egestas laoreet. Etiam faucibus massa sed risus lacinia in vulputate dolor imperdiet. Curabitur pharetra, purus a commodo dignissim, sapien nulla tempus nisi, et varius nulla urna at arcu. Lorem ipsum dolor sit amet, consectetur adipiscing elit. Aliquam iaculis egestas laoreet. Etiam faucibus massa sed risus lacinia in vulputate dolor imperdie.<br /></li>\n	\n	<li>Etiam faucibus massa sed risus lacinia in vulputate dolor imperdiet. Curabitur pharetra, purus a commodo dignissim, sapien nulla tempus nisi, et varius nulla urna at arcu. Lorem ipsum dolor sit amet, consectetur adipiscing elit. Aliquam iaculis egestas laoreet. Etiam faucibus massa sed risus lacinia in vulputate dolor imperdiet. Curabitur pharetra, purus a commodo dignissim, sapien nulla tempus nisi, et varius nulla urna at arcu.Lorem ipsum dolor sit amet, consectetur adipiscing elit. Aliquam iaculis egestas laoreet. Etiam faucibus massa sed risus lacinia in vulputate dolor imperdiet. Curabitur pharetra, purus a commodo dignissim, sapien nulla tempus nisi, et varius nulla urna at arcu. Lorem ipsum dolor sit amet, consectetur adipiscing elit. Aliquam iaculis egestas laoreet. Etiam faucibus massa sed risus lacinia in vulputate dolor imperdie.<br /></li>\n	\n	<li>Etiam faucibus massa sed risus lacinia in vulputate dolor imperdiet. Curabitur pharetra, purus a commodo dignissim, sapien nulla tempus nisi, et varius nulla urna at arcu. Lorem ipsum dolor sit amet, consectetur adipiscing elit. Aliquam iaculis egestas laoreet. Etiam faucibus massa sed risus lacinia in vulputate dolor imperdiet. Curabitur pharetra, purus a commodo dignissim, sapien nulla tempus nisi, et varius nulla urna at arcu.Lorem ipsum dolor sit amet, consectetur adipiscing elit. Aliquam iaculis egestas laoreet. Etiam faucibus massa sed risus lacinia in vulputate dolor imperdiet. Curabitur pharetra, purus a commodo dignissim, sapien nulla tempus nisi, et varius nulla urna at arcu. Lorem ipsum dolor sit amet, consectetur adipiscing elit. Aliquam iaculis egestas laoreet. Etiam faucibus massa sed risus lacinia in vulputate dolor imperdie.<br /></li>\n\n	\n	<li>Etiam faucibus massa sed risus lacinia in vulputate dolor imperdiet. Curabitur pharetra, purus a commodo dignissim, sapien nulla tempus nisi, et varius nulla urna at arcu. Lorem ipsum dolor sit amet, consectetur adipiscing elit. Aliquam iaculis egestas laoreet. Etiam faucibus massa sed risus lacinia in vulputate dolor imperdiet. Curabitur pharetra, purus a commodo dignissim, sapien nulla tempus nisi, et varius nulla urna at arcu.Lorem ipsum dolor sit amet, consectetur adipiscing elit. Aliquam iaculis egestas laoreet. Etiam faucibus massa sed risus lacinia in vulputate dolor imperdiet. Curabitur pharetra, purus a commodo dignissim, sapien nulla tempus nisi, et varius nulla urna at arcu. Lorem ipsum dolor sit amet, consectetur adipiscing elit. Aliquam iaculis egestas laoreet. Etiam faucibus massa sed risus lacinia in vulputate dolor imperdie.</li>\n</ol>', '', '', '', ''),
(68, 'pt', 'Build your own fashion store in a few steps', '<h5>Build your own fashion store in a few steps</h5>\n<ol>\n	<li>Lorem ipsum dolor sit amet, consectetur adipiscing elit. Aliquam iaculis egestas laoreet. Etiam faucibus massa sed risus lacinia in vulputate dolor imperdiet. Curabitur pharetra, purus a commodo dignissim, sapien nulla tempus nisi, et varius nulla urna at arcu. Lorem ipsum dolor sit amet, consectetur adipiscing elit. Aliquam iaculis egestas laoreet. Etiam faucibus massa sed risus lacinia in vulputate dolor imperdiet. Curabitur pharetra, purus a commodo dignissim, sapien nulla tempus nisi, et varius nulla urna at arcu.Lorem ipsum dolor sit amet, consectetur adipiscing elit. Aliquam iaculis egestas laoreet.<br />\n	<br />\n	</li>\n	<li>Etiam faucibus massa sed risus lacinia in vulputate dolor imperdiet. Curabitur pharetra, purus a commodo dignissim, sapien nulla tempus nisi, et varius nulla urna at arcu. Lorem ipsum dolor sit amet, consectetur adipiscing elit. Aliquam iaculis egestas laoreet. Etiam faucibus massa sed risus lacinia in vulputate dolor imperdiet. Curabitur pharetra, purus a commodo dignissim, sapien nulla tempus nisi, et varius nulla urna at arcu.Lorem ipsum dolor sit amet, consectetur adipiscing elit. Aliquam iaculis egestas laoreet. Etiam faucibus massa sed risus lacinia in vulputate dolor imperdiet. Curabitur pharetra, purus a commodo dignissim, sapien nulla tempus nisi, et varius nulla urna at arcu. Lorem ipsum dolor sit amet, consectetur adipiscing elit. Aliquam iaculis egestas laoreet. Etiam faucibus massa sed risus lacinia in vulputate dolor imperdie.<br /></li>\n	\n	<li>Etiam faucibus massa sed risus lacinia in vulputate dolor imperdiet. Curabitur pharetra, purus a commodo dignissim, sapien nulla tempus nisi, et varius nulla urna at arcu. Lorem ipsum dolor sit amet, consectetur adipiscing elit. Aliquam iaculis egestas laoreet. Etiam faucibus massa sed risus lacinia in vulputate dolor imperdiet. Curabitur pharetra, purus a commodo dignissim, sapien nulla tempus nisi, et varius nulla urna at arcu.Lorem ipsum dolor sit amet, consectetur adipiscing elit. Aliquam iaculis egestas laoreet. Etiam faucibus massa sed risus lacinia in vulputate dolor imperdiet. Curabitur pharetra, purus a commodo dignissim, sapien nulla tempus nisi, et varius nulla urna at arcu. Lorem ipsum dolor sit amet, consectetur adipiscing elit. Aliquam iaculis egestas laoreet. Etiam faucibus massa sed risus lacinia in vulputate dolor imperdie.<br /></li>\n	\n	<li>Etiam faucibus massa sed risus lacinia in vulputate dolor imperdiet. Curabitur pharetra, purus a commodo dignissim, sapien nulla tempus nisi, et varius nulla urna at arcu. Lorem ipsum dolor sit amet, consectetur adipiscing elit. Aliquam iaculis egestas laoreet. Etiam faucibus massa sed risus lacinia in vulputate dolor imperdiet. Curabitur pharetra, purus a commodo dignissim, sapien nulla tempus nisi, et varius nulla urna at arcu.Lorem ipsum dolor sit amet, consectetur adipiscing elit. Aliquam iaculis egestas laoreet. Etiam faucibus massa sed risus lacinia in vulputate dolor imperdiet. Curabitur pharetra, purus a commodo dignissim, sapien nulla tempus nisi, et varius nulla urna at arcu. Lorem ipsum dolor sit amet, consectetur adipiscing elit. Aliquam iaculis egestas laoreet. Etiam faucibus massa sed risus lacinia in vulputate dolor imperdie.<br /></li>\n	\n	<li>Etiam faucibus massa sed risus lacinia in vulputate dolor imperdiet. Curabitur pharetra, purus a commodo dignissim, sapien nulla tempus nisi, et varius nulla urna at arcu. Lorem ipsum dolor sit amet, consectetur adipiscing elit. Aliquam iaculis egestas laoreet. Etiam faucibus massa sed risus lacinia in vulputate dolor imperdiet. Curabitur pharetra, purus a commodo dignissim, sapien nulla tempus nisi, et varius nulla urna at arcu.Lorem ipsum dolor sit amet, consectetur adipiscing elit. Aliquam iaculis egestas laoreet. Etiam faucibus massa sed risus lacinia in vulputate dolor imperdiet. Curabitur pharetra, purus a commodo dignissim, sapien nulla tempus nisi, et varius nulla urna at arcu. Lorem ipsum dolor sit amet, consectetur adipiscing elit. Aliquam iaculis egestas laoreet. Etiam faucibus massa sed risus lacinia in vulputate dolor imperdie.<br /></li>\n	\n	<li>Etiam faucibus massa sed risus lacinia in vulputate dolor imperdiet. Curabitur pharetra, purus a commodo dignissim, sapien nulla tempus nisi, et varius nulla urna at arcu. Lorem ipsum dolor sit amet, consectetur adipiscing elit. Aliquam iaculis egestas laoreet. Etiam faucibus massa sed risus lacinia in vulputate dolor imperdiet. Curabitur pharetra, purus a commodo dignissim, sapien nulla tempus nisi, et varius nulla urna at arcu.Lorem ipsum dolor sit amet, consectetur adipiscing elit. Aliquam iaculis egestas laoreet. Etiam faucibus massa sed risus lacinia in vulputate dolor imperdiet. Curabitur pharetra, purus a commodo dignissim, sapien nulla tempus nisi, et varius nulla urna at arcu. Lorem ipsum dolor sit amet, consectetur adipiscing elit. Aliquam iaculis egestas laoreet. Etiam faucibus massa sed risus lacinia in vulputate dolor imperdie.<br /></li>\n	\n	<li>Etiam faucibus massa sed risus lacinia in vulputate dolor imperdiet. Curabitur pharetra, purus a commodo dignissim, sapien nulla tempus nisi, et varius nulla urna at arcu. Lorem ipsum dolor sit amet, consectetur adipiscing elit. Aliquam iaculis egestas laoreet. Etiam faucibus massa sed risus lacinia in vulputate dolor imperdiet. Curabitur pharetra, purus a commodo dignissim, sapien nulla tempus nisi, et varius nulla urna at arcu.Lorem ipsum dolor sit amet, consectetur adipiscing elit. Aliquam iaculis egestas laoreet. Etiam faucibus massa sed risus lacinia in vulputate dolor imperdiet. Curabitur pharetra, purus a commodo dignissim, sapien nulla tempus nisi, et varius nulla urna at arcu. Lorem ipsum dolor sit amet, consectetur adipiscing elit. Aliquam iaculis egestas laoreet. Etiam faucibus massa sed risus lacinia in vulputate dolor imperdie.<br /></li>\n	\n	<li>Etiam faucibus massa sed risus lacinia in vulputate dolor imperdiet. Curabitur pharetra, purus a commodo dignissim, sapien nulla tempus nisi, et varius nulla urna at arcu. Lorem ipsum dolor sit amet, consectetur adipiscing elit. Aliquam iaculis egestas laoreet. Etiam faucibus massa sed risus lacinia in vulputate dolor imperdiet. Curabitur pharetra, purus a commodo dignissim, sapien nulla tempus nisi, et varius nulla urna at arcu.Lorem ipsum dolor sit amet, consectetur adipiscing elit. Aliquam iaculis egestas laoreet. Etiam faucibus massa sed risus lacinia in vulputate dolor imperdiet. Curabitur pharetra, purus a commodo dignissim, sapien nulla tempus nisi, et varius nulla urna at arcu. Lorem ipsum dolor sit amet, consectetur adipiscing elit. Aliquam iaculis egestas laoreet. Etiam faucibus massa sed risus lacinia in vulputate dolor imperdie.<br /></li>\n	\n	<li>Etiam faucibus massa sed risus lacinia in vulputate dolor imperdiet. Curabitur pharetra, purus a commodo dignissim, sapien nulla tempus nisi, et varius nulla urna at arcu. Lorem ipsum dolor sit amet, consectetur adipiscing elit. Aliquam iaculis egestas laoreet. Etiam faucibus massa sed risus lacinia in vulputate dolor imperdiet. Curabitur pharetra, purus a commodo dignissim, sapien nulla tempus nisi, et varius nulla urna at arcu.Lorem ipsum dolor sit amet, consectetur adipiscing elit. Aliquam iaculis egestas laoreet. Etiam faucibus massa sed risus lacinia in vulputate dolor imperdiet. Curabitur pharetra, purus a commodo dignissim, sapien nulla tempus nisi, et varius nulla urna at arcu. Lorem ipsum dolor sit amet, consectetur adipiscing elit. Aliquam iaculis egestas laoreet. Etiam faucibus massa sed risus lacinia in vulputate dolor imperdie.<br /></li>\n\n	\n	<li>Etiam faucibus massa sed risus lacinia in vulputate dolor imperdiet. Curabitur pharetra, purus a commodo dignissim, sapien nulla tempus nisi, et varius nulla urna at arcu. Lorem ipsum dolor sit amet, consectetur adipiscing elit. Aliquam iaculis egestas laoreet. Etiam faucibus massa sed risus lacinia in vulputate dolor imperdiet. Curabitur pharetra, purus a commodo dignissim, sapien nulla tempus nisi, et varius nulla urna at arcu.Lorem ipsum dolor sit amet, consectetur adipiscing elit. Aliquam iaculis egestas laoreet. Etiam faucibus massa sed risus lacinia in vulputate dolor imperdiet. Curabitur pharetra, purus a commodo dignissim, sapien nulla tempus nisi, et varius nulla urna at arcu. Lorem ipsum dolor sit amet, consectetur adipiscing elit. Aliquam iaculis egestas laoreet. Etiam faucibus massa sed risus lacinia in vulputate dolor imperdie.</li>\n</ol>', '', '', '', '');
INSERT INTO `partiushop_page_descriptions` (`page_id`, `lang_code`, `page`, `description`, `meta_keywords`, `meta_description`, `page_title`, `link`) VALUES
(68, 'ro', 'Build your own fashion store in a few steps', '<h5>Build your own fashion store in a few steps</h5>\n<ol>\n	<li>Lorem ipsum dolor sit amet, consectetur adipiscing elit. Aliquam iaculis egestas laoreet. Etiam faucibus massa sed risus lacinia in vulputate dolor imperdiet. Curabitur pharetra, purus a commodo dignissim, sapien nulla tempus nisi, et varius nulla urna at arcu. Lorem ipsum dolor sit amet, consectetur adipiscing elit. Aliquam iaculis egestas laoreet. Etiam faucibus massa sed risus lacinia in vulputate dolor imperdiet. Curabitur pharetra, purus a commodo dignissim, sapien nulla tempus nisi, et varius nulla urna at arcu.Lorem ipsum dolor sit amet, consectetur adipiscing elit. Aliquam iaculis egestas laoreet.<br />\n	<br />\n	</li>\n	<li>Etiam faucibus massa sed risus lacinia in vulputate dolor imperdiet. Curabitur pharetra, purus a commodo dignissim, sapien nulla tempus nisi, et varius nulla urna at arcu. Lorem ipsum dolor sit amet, consectetur adipiscing elit. Aliquam iaculis egestas laoreet. Etiam faucibus massa sed risus lacinia in vulputate dolor imperdiet. Curabitur pharetra, purus a commodo dignissim, sapien nulla tempus nisi, et varius nulla urna at arcu.Lorem ipsum dolor sit amet, consectetur adipiscing elit. Aliquam iaculis egestas laoreet. Etiam faucibus massa sed risus lacinia in vulputate dolor imperdiet. Curabitur pharetra, purus a commodo dignissim, sapien nulla tempus nisi, et varius nulla urna at arcu. Lorem ipsum dolor sit amet, consectetur adipiscing elit. Aliquam iaculis egestas laoreet. Etiam faucibus massa sed risus lacinia in vulputate dolor imperdie.<br /></li>\n	\n	<li>Etiam faucibus massa sed risus lacinia in vulputate dolor imperdiet. Curabitur pharetra, purus a commodo dignissim, sapien nulla tempus nisi, et varius nulla urna at arcu. Lorem ipsum dolor sit amet, consectetur adipiscing elit. Aliquam iaculis egestas laoreet. Etiam faucibus massa sed risus lacinia in vulputate dolor imperdiet. Curabitur pharetra, purus a commodo dignissim, sapien nulla tempus nisi, et varius nulla urna at arcu.Lorem ipsum dolor sit amet, consectetur adipiscing elit. Aliquam iaculis egestas laoreet. Etiam faucibus massa sed risus lacinia in vulputate dolor imperdiet. Curabitur pharetra, purus a commodo dignissim, sapien nulla tempus nisi, et varius nulla urna at arcu. Lorem ipsum dolor sit amet, consectetur adipiscing elit. Aliquam iaculis egestas laoreet. Etiam faucibus massa sed risus lacinia in vulputate dolor imperdie.<br /></li>\n	\n	<li>Etiam faucibus massa sed risus lacinia in vulputate dolor imperdiet. Curabitur pharetra, purus a commodo dignissim, sapien nulla tempus nisi, et varius nulla urna at arcu. Lorem ipsum dolor sit amet, consectetur adipiscing elit. Aliquam iaculis egestas laoreet. Etiam faucibus massa sed risus lacinia in vulputate dolor imperdiet. Curabitur pharetra, purus a commodo dignissim, sapien nulla tempus nisi, et varius nulla urna at arcu.Lorem ipsum dolor sit amet, consectetur adipiscing elit. Aliquam iaculis egestas laoreet. Etiam faucibus massa sed risus lacinia in vulputate dolor imperdiet. Curabitur pharetra, purus a commodo dignissim, sapien nulla tempus nisi, et varius nulla urna at arcu. Lorem ipsum dolor sit amet, consectetur adipiscing elit. Aliquam iaculis egestas laoreet. Etiam faucibus massa sed risus lacinia in vulputate dolor imperdie.<br /></li>\n	\n	<li>Etiam faucibus massa sed risus lacinia in vulputate dolor imperdiet. Curabitur pharetra, purus a commodo dignissim, sapien nulla tempus nisi, et varius nulla urna at arcu. Lorem ipsum dolor sit amet, consectetur adipiscing elit. Aliquam iaculis egestas laoreet. Etiam faucibus massa sed risus lacinia in vulputate dolor imperdiet. Curabitur pharetra, purus a commodo dignissim, sapien nulla tempus nisi, et varius nulla urna at arcu.Lorem ipsum dolor sit amet, consectetur adipiscing elit. Aliquam iaculis egestas laoreet. Etiam faucibus massa sed risus lacinia in vulputate dolor imperdiet. Curabitur pharetra, purus a commodo dignissim, sapien nulla tempus nisi, et varius nulla urna at arcu. Lorem ipsum dolor sit amet, consectetur adipiscing elit. Aliquam iaculis egestas laoreet. Etiam faucibus massa sed risus lacinia in vulputate dolor imperdie.<br /></li>\n	\n	<li>Etiam faucibus massa sed risus lacinia in vulputate dolor imperdiet. Curabitur pharetra, purus a commodo dignissim, sapien nulla tempus nisi, et varius nulla urna at arcu. Lorem ipsum dolor sit amet, consectetur adipiscing elit. Aliquam iaculis egestas laoreet. Etiam faucibus massa sed risus lacinia in vulputate dolor imperdiet. Curabitur pharetra, purus a commodo dignissim, sapien nulla tempus nisi, et varius nulla urna at arcu.Lorem ipsum dolor sit amet, consectetur adipiscing elit. Aliquam iaculis egestas laoreet. Etiam faucibus massa sed risus lacinia in vulputate dolor imperdiet. Curabitur pharetra, purus a commodo dignissim, sapien nulla tempus nisi, et varius nulla urna at arcu. Lorem ipsum dolor sit amet, consectetur adipiscing elit. Aliquam iaculis egestas laoreet. Etiam faucibus massa sed risus lacinia in vulputate dolor imperdie.<br /></li>\n	\n	<li>Etiam faucibus massa sed risus lacinia in vulputate dolor imperdiet. Curabitur pharetra, purus a commodo dignissim, sapien nulla tempus nisi, et varius nulla urna at arcu. Lorem ipsum dolor sit amet, consectetur adipiscing elit. Aliquam iaculis egestas laoreet. Etiam faucibus massa sed risus lacinia in vulputate dolor imperdiet. Curabitur pharetra, purus a commodo dignissim, sapien nulla tempus nisi, et varius nulla urna at arcu.Lorem ipsum dolor sit amet, consectetur adipiscing elit. Aliquam iaculis egestas laoreet. Etiam faucibus massa sed risus lacinia in vulputate dolor imperdiet. Curabitur pharetra, purus a commodo dignissim, sapien nulla tempus nisi, et varius nulla urna at arcu. Lorem ipsum dolor sit amet, consectetur adipiscing elit. Aliquam iaculis egestas laoreet. Etiam faucibus massa sed risus lacinia in vulputate dolor imperdie.<br /></li>\n	\n	<li>Etiam faucibus massa sed risus lacinia in vulputate dolor imperdiet. Curabitur pharetra, purus a commodo dignissim, sapien nulla tempus nisi, et varius nulla urna at arcu. Lorem ipsum dolor sit amet, consectetur adipiscing elit. Aliquam iaculis egestas laoreet. Etiam faucibus massa sed risus lacinia in vulputate dolor imperdiet. Curabitur pharetra, purus a commodo dignissim, sapien nulla tempus nisi, et varius nulla urna at arcu.Lorem ipsum dolor sit amet, consectetur adipiscing elit. Aliquam iaculis egestas laoreet. Etiam faucibus massa sed risus lacinia in vulputate dolor imperdiet. Curabitur pharetra, purus a commodo dignissim, sapien nulla tempus nisi, et varius nulla urna at arcu. Lorem ipsum dolor sit amet, consectetur adipiscing elit. Aliquam iaculis egestas laoreet. Etiam faucibus massa sed risus lacinia in vulputate dolor imperdie.<br /></li>\n	\n	<li>Etiam faucibus massa sed risus lacinia in vulputate dolor imperdiet. Curabitur pharetra, purus a commodo dignissim, sapien nulla tempus nisi, et varius nulla urna at arcu. Lorem ipsum dolor sit amet, consectetur adipiscing elit. Aliquam iaculis egestas laoreet. Etiam faucibus massa sed risus lacinia in vulputate dolor imperdiet. Curabitur pharetra, purus a commodo dignissim, sapien nulla tempus nisi, et varius nulla urna at arcu.Lorem ipsum dolor sit amet, consectetur adipiscing elit. Aliquam iaculis egestas laoreet. Etiam faucibus massa sed risus lacinia in vulputate dolor imperdiet. Curabitur pharetra, purus a commodo dignissim, sapien nulla tempus nisi, et varius nulla urna at arcu. Lorem ipsum dolor sit amet, consectetur adipiscing elit. Aliquam iaculis egestas laoreet. Etiam faucibus massa sed risus lacinia in vulputate dolor imperdie.<br /></li>\n\n	\n	<li>Etiam faucibus massa sed risus lacinia in vulputate dolor imperdiet. Curabitur pharetra, purus a commodo dignissim, sapien nulla tempus nisi, et varius nulla urna at arcu. Lorem ipsum dolor sit amet, consectetur adipiscing elit. Aliquam iaculis egestas laoreet. Etiam faucibus massa sed risus lacinia in vulputate dolor imperdiet. Curabitur pharetra, purus a commodo dignissim, sapien nulla tempus nisi, et varius nulla urna at arcu.Lorem ipsum dolor sit amet, consectetur adipiscing elit. Aliquam iaculis egestas laoreet. Etiam faucibus massa sed risus lacinia in vulputate dolor imperdiet. Curabitur pharetra, purus a commodo dignissim, sapien nulla tempus nisi, et varius nulla urna at arcu. Lorem ipsum dolor sit amet, consectetur adipiscing elit. Aliquam iaculis egestas laoreet. Etiam faucibus massa sed risus lacinia in vulputate dolor imperdie.</li>\n</ol>', '', '', '', ''),
(68, 'ru', 'Build your own fashion store in a few steps', '<h5>Build your own fashion store in a few steps</h5>\n<ol>\n	<li>Lorem ipsum dolor sit amet, consectetur adipiscing elit. Aliquam iaculis egestas laoreet. Etiam faucibus massa sed risus lacinia in vulputate dolor imperdiet. Curabitur pharetra, purus a commodo dignissim, sapien nulla tempus nisi, et varius nulla urna at arcu. Lorem ipsum dolor sit amet, consectetur adipiscing elit. Aliquam iaculis egestas laoreet. Etiam faucibus massa sed risus lacinia in vulputate dolor imperdiet. Curabitur pharetra, purus a commodo dignissim, sapien nulla tempus nisi, et varius nulla urna at arcu.Lorem ipsum dolor sit amet, consectetur adipiscing elit. Aliquam iaculis egestas laoreet.<br />\n	<br />\n	</li>\n	<li>Etiam faucibus massa sed risus lacinia in vulputate dolor imperdiet. Curabitur pharetra, purus a commodo dignissim, sapien nulla tempus nisi, et varius nulla urna at arcu. Lorem ipsum dolor sit amet, consectetur adipiscing elit. Aliquam iaculis egestas laoreet. Etiam faucibus massa sed risus lacinia in vulputate dolor imperdiet. Curabitur pharetra, purus a commodo dignissim, sapien nulla tempus nisi, et varius nulla urna at arcu.Lorem ipsum dolor sit amet, consectetur adipiscing elit. Aliquam iaculis egestas laoreet. Etiam faucibus massa sed risus lacinia in vulputate dolor imperdiet. Curabitur pharetra, purus a commodo dignissim, sapien nulla tempus nisi, et varius nulla urna at arcu. Lorem ipsum dolor sit amet, consectetur adipiscing elit. Aliquam iaculis egestas laoreet. Etiam faucibus massa sed risus lacinia in vulputate dolor imperdie.<br /></li>\n	\n	<li>Etiam faucibus massa sed risus lacinia in vulputate dolor imperdiet. Curabitur pharetra, purus a commodo dignissim, sapien nulla tempus nisi, et varius nulla urna at arcu. Lorem ipsum dolor sit amet, consectetur adipiscing elit. Aliquam iaculis egestas laoreet. Etiam faucibus massa sed risus lacinia in vulputate dolor imperdiet. Curabitur pharetra, purus a commodo dignissim, sapien nulla tempus nisi, et varius nulla urna at arcu.Lorem ipsum dolor sit amet, consectetur adipiscing elit. Aliquam iaculis egestas laoreet. Etiam faucibus massa sed risus lacinia in vulputate dolor imperdiet. Curabitur pharetra, purus a commodo dignissim, sapien nulla tempus nisi, et varius nulla urna at arcu. Lorem ipsum dolor sit amet, consectetur adipiscing elit. Aliquam iaculis egestas laoreet. Etiam faucibus massa sed risus lacinia in vulputate dolor imperdie.<br /></li>\n	\n	<li>Etiam faucibus massa sed risus lacinia in vulputate dolor imperdiet. Curabitur pharetra, purus a commodo dignissim, sapien nulla tempus nisi, et varius nulla urna at arcu. Lorem ipsum dolor sit amet, consectetur adipiscing elit. Aliquam iaculis egestas laoreet. Etiam faucibus massa sed risus lacinia in vulputate dolor imperdiet. Curabitur pharetra, purus a commodo dignissim, sapien nulla tempus nisi, et varius nulla urna at arcu.Lorem ipsum dolor sit amet, consectetur adipiscing elit. Aliquam iaculis egestas laoreet. Etiam faucibus massa sed risus lacinia in vulputate dolor imperdiet. Curabitur pharetra, purus a commodo dignissim, sapien nulla tempus nisi, et varius nulla urna at arcu. Lorem ipsum dolor sit amet, consectetur adipiscing elit. Aliquam iaculis egestas laoreet. Etiam faucibus massa sed risus lacinia in vulputate dolor imperdie.<br /></li>\n	\n	<li>Etiam faucibus massa sed risus lacinia in vulputate dolor imperdiet. Curabitur pharetra, purus a commodo dignissim, sapien nulla tempus nisi, et varius nulla urna at arcu. Lorem ipsum dolor sit amet, consectetur adipiscing elit. Aliquam iaculis egestas laoreet. Etiam faucibus massa sed risus lacinia in vulputate dolor imperdiet. Curabitur pharetra, purus a commodo dignissim, sapien nulla tempus nisi, et varius nulla urna at arcu.Lorem ipsum dolor sit amet, consectetur adipiscing elit. Aliquam iaculis egestas laoreet. Etiam faucibus massa sed risus lacinia in vulputate dolor imperdiet. Curabitur pharetra, purus a commodo dignissim, sapien nulla tempus nisi, et varius nulla urna at arcu. Lorem ipsum dolor sit amet, consectetur adipiscing elit. Aliquam iaculis egestas laoreet. Etiam faucibus massa sed risus lacinia in vulputate dolor imperdie.<br /></li>\n	\n	<li>Etiam faucibus massa sed risus lacinia in vulputate dolor imperdiet. Curabitur pharetra, purus a commodo dignissim, sapien nulla tempus nisi, et varius nulla urna at arcu. Lorem ipsum dolor sit amet, consectetur adipiscing elit. Aliquam iaculis egestas laoreet. Etiam faucibus massa sed risus lacinia in vulputate dolor imperdiet. Curabitur pharetra, purus a commodo dignissim, sapien nulla tempus nisi, et varius nulla urna at arcu.Lorem ipsum dolor sit amet, consectetur adipiscing elit. Aliquam iaculis egestas laoreet. Etiam faucibus massa sed risus lacinia in vulputate dolor imperdiet. Curabitur pharetra, purus a commodo dignissim, sapien nulla tempus nisi, et varius nulla urna at arcu. Lorem ipsum dolor sit amet, consectetur adipiscing elit. Aliquam iaculis egestas laoreet. Etiam faucibus massa sed risus lacinia in vulputate dolor imperdie.<br /></li>\n	\n	<li>Etiam faucibus massa sed risus lacinia in vulputate dolor imperdiet. Curabitur pharetra, purus a commodo dignissim, sapien nulla tempus nisi, et varius nulla urna at arcu. Lorem ipsum dolor sit amet, consectetur adipiscing elit. Aliquam iaculis egestas laoreet. Etiam faucibus massa sed risus lacinia in vulputate dolor imperdiet. Curabitur pharetra, purus a commodo dignissim, sapien nulla tempus nisi, et varius nulla urna at arcu.Lorem ipsum dolor sit amet, consectetur adipiscing elit. Aliquam iaculis egestas laoreet. Etiam faucibus massa sed risus lacinia in vulputate dolor imperdiet. Curabitur pharetra, purus a commodo dignissim, sapien nulla tempus nisi, et varius nulla urna at arcu. Lorem ipsum dolor sit amet, consectetur adipiscing elit. Aliquam iaculis egestas laoreet. Etiam faucibus massa sed risus lacinia in vulputate dolor imperdie.<br /></li>\n	\n	<li>Etiam faucibus massa sed risus lacinia in vulputate dolor imperdiet. Curabitur pharetra, purus a commodo dignissim, sapien nulla tempus nisi, et varius nulla urna at arcu. Lorem ipsum dolor sit amet, consectetur adipiscing elit. Aliquam iaculis egestas laoreet. Etiam faucibus massa sed risus lacinia in vulputate dolor imperdiet. Curabitur pharetra, purus a commodo dignissim, sapien nulla tempus nisi, et varius nulla urna at arcu.Lorem ipsum dolor sit amet, consectetur adipiscing elit. Aliquam iaculis egestas laoreet. Etiam faucibus massa sed risus lacinia in vulputate dolor imperdiet. Curabitur pharetra, purus a commodo dignissim, sapien nulla tempus nisi, et varius nulla urna at arcu. Lorem ipsum dolor sit amet, consectetur adipiscing elit. Aliquam iaculis egestas laoreet. Etiam faucibus massa sed risus lacinia in vulputate dolor imperdie.<br /></li>\n	\n	<li>Etiam faucibus massa sed risus lacinia in vulputate dolor imperdiet. Curabitur pharetra, purus a commodo dignissim, sapien nulla tempus nisi, et varius nulla urna at arcu. Lorem ipsum dolor sit amet, consectetur adipiscing elit. Aliquam iaculis egestas laoreet. Etiam faucibus massa sed risus lacinia in vulputate dolor imperdiet. Curabitur pharetra, purus a commodo dignissim, sapien nulla tempus nisi, et varius nulla urna at arcu.Lorem ipsum dolor sit amet, consectetur adipiscing elit. Aliquam iaculis egestas laoreet. Etiam faucibus massa sed risus lacinia in vulputate dolor imperdiet. Curabitur pharetra, purus a commodo dignissim, sapien nulla tempus nisi, et varius nulla urna at arcu. Lorem ipsum dolor sit amet, consectetur adipiscing elit. Aliquam iaculis egestas laoreet. Etiam faucibus massa sed risus lacinia in vulputate dolor imperdie.<br /></li>\n\n	\n	<li>Etiam faucibus massa sed risus lacinia in vulputate dolor imperdiet. Curabitur pharetra, purus a commodo dignissim, sapien nulla tempus nisi, et varius nulla urna at arcu. Lorem ipsum dolor sit amet, consectetur adipiscing elit. Aliquam iaculis egestas laoreet. Etiam faucibus massa sed risus lacinia in vulputate dolor imperdiet. Curabitur pharetra, purus a commodo dignissim, sapien nulla tempus nisi, et varius nulla urna at arcu.Lorem ipsum dolor sit amet, consectetur adipiscing elit. Aliquam iaculis egestas laoreet. Etiam faucibus massa sed risus lacinia in vulputate dolor imperdiet. Curabitur pharetra, purus a commodo dignissim, sapien nulla tempus nisi, et varius nulla urna at arcu. Lorem ipsum dolor sit amet, consectetur adipiscing elit. Aliquam iaculis egestas laoreet. Etiam faucibus massa sed risus lacinia in vulputate dolor imperdie.</li>\n</ol>', '', '', '', '');

-- --------------------------------------------------------

--
-- Table structure for table `partiushop_payments`
--

CREATE TABLE `partiushop_payments` (
  `payment_id` mediumint(8) UNSIGNED NOT NULL,
  `company_id` int(11) UNSIGNED NOT NULL DEFAULT 0,
  `usergroup_ids` varchar(255) NOT NULL DEFAULT '0',
  `position` smallint(5) UNSIGNED NOT NULL DEFAULT 0,
  `status` char(1) NOT NULL DEFAULT 'A',
  `template` varchar(128) NOT NULL DEFAULT '',
  `processor_id` mediumint(8) UNSIGNED NOT NULL DEFAULT 0,
  `processor_params` text DEFAULT NULL,
  `a_surcharge` decimal(13,3) NOT NULL DEFAULT 0.000,
  `p_surcharge` decimal(13,3) NOT NULL DEFAULT 0.000,
  `tax_ids` varchar(255) NOT NULL DEFAULT '',
  `localization` varchar(255) NOT NULL DEFAULT '',
  `payment_category` varchar(20) NOT NULL DEFAULT 'tab1'
) ENGINE=InnoDB DEFAULT CHARSET=utf8;

--
-- Dumping data for table `partiushop_payments`
--

INSERT INTO `partiushop_payments` (`payment_id`, `company_id`, `usergroup_ids`, `position`, `status`, `template`, `processor_id`, `processor_params`, `a_surcharge`, `p_surcharge`, `tax_ids`, `localization`, `payment_category`) VALUES
(1, 0, '0', 10, 'A', 'views/orders/components/payments/cc.tpl', 106, 'a:5:{s:11:\"merchant_id\";s:15:\"012005994135001\";s:11:\"secret_word\";s:20:\"qwertyasdf0123456789\";s:8:\"currency\";s:3:\"986\";s:9:\"3d_secure\";s:1:\"1\";s:15:\"installment_qty\";s:1:\"5\";}', '0.000', '0.000', '', '', 'tab1'),
(2, 0, '0', 40, 'A', 'views/orders/components/payments/phone.tpl', 0, '', '0.000', '0.000', '', '', 'tab3'),
(5, 0, '0', 50, 'D', 'views/orders/components/payments/money.tpl', 0, '', '0.000', '0.000', '', '', 'tab3'),
(6, 0, '0', 60, 'D', 'views/orders/components/payments/cod.tpl', 0, '', '0.000', '0.000', '', '', 'tab3'),
(7, 0, '0', 70, 'D', 'views/orders/components/payments/po.tpl', 0, '', '0.000', '0.000', '', '', 'tab3'),
(8, 0, '0', 80, 'D', 'views/orders/components/payments/personal_check.tpl', 0, '', '0.000', '0.000', '', '', 'tab3'),
(10, 0, '0', 100, 'D', 'views/orders/components/payments/government_check.tpl', 0, '', '0.000', '0.000', '', '', 'tab3'),
(11, 0, '0', 110, 'D', 'views/orders/components/payments/travellers_check.tpl', 0, '', '0.000', '0.000', '', '', 'tab3'),
(12, 0, '0', 0, 'A', 'views/orders/components/payments/cc_one_click.tpl', 107, 'a:5:{s:11:\"merchant_id\";s:15:\"012005994135001\";s:11:\"secret_word\";s:20:\"qwertyasdf0123456789\";s:8:\"currency\";s:3:\"986\";s:9:\"3d_secure\";s:1:\"1\";s:15:\"installment_qty\";s:2:\"10\";}', '0.000', '0.000', '', '', 'tab1');

-- --------------------------------------------------------

--
-- Table structure for table `partiushop_payment_descriptions`
--

CREATE TABLE `partiushop_payment_descriptions` (
  `payment_id` mediumint(8) UNSIGNED NOT NULL DEFAULT 0,
  `payment` varchar(128) NOT NULL DEFAULT '',
  `description` varchar(255) NOT NULL DEFAULT '',
  `instructions` mediumtext DEFAULT NULL,
  `surcharge_title` varchar(255) NOT NULL DEFAULT '',
  `lang_code` char(2) NOT NULL DEFAULT ''
) ENGINE=InnoDB DEFAULT CHARSET=utf8;

--
-- Dumping data for table `partiushop_payment_descriptions`
--

INSERT INTO `partiushop_payment_descriptions` (`payment_id`, `payment`, `description`, `instructions`, `surcharge_title`, `lang_code`) VALUES
(1, 'Credit card', 'Visa, Mastercard, etc...', '', '', 'da'),
(1, 'Credit card', 'Visa, Mastercard, etc...', '', '', 'de'),
(1, 'Πιστωτική Κάρτα', 'Visa, Mastercard, κτλπ...', 'Συμπληρώστε εδώ τις οδηγίες πληρωμής που εμφανίζοντε στο κατάστημα λιανικής σας.', '', 'el'),
(1, 'Credit card', 'Visa, Mastercard, etc...', '', '', 'en'),
(1, 'Tarjeta de crédito', 'Visa y Mastercard', '', '', 'es'),
(1, 'Credit card', 'Visa, Mastercard, etc...', '', '', 'fr'),
(1, 'Credit card', 'Visa, Mastercard, etc...', '', '', 'it'),
(1, 'Credit card', 'Visa, Mastercard, etc...', '', '', 'nl'),
(1, 'Credit card', 'Visa, Mastercard, etc...', '', '', 'no'),
(1, 'Cartão de crédito', 'Visa, Mastercard, etc...', '', 'Juros', 'pt'),
(1, 'Card de credit', 'Visa, Mastercard, etc...', '', '', 'ro'),
(1, 'Кредитная карта', 'Visa, Mastercard, etc...', '', '', 'ru'),
(2, 'Phone ordering', 'Call 555-0123', '<h2>When I should use phone ordering?</h2><p>Order by phone is useful when regular payment methods like credit card are unavailable or considered insecure.</p><p>Our operators are happy to take your order per phone every business day from 9 a.m. to 5 p.m. UTC.</p>', '', 'da'),
(2, 'Phone ordering', 'Call 555-0123', '<h2>When I should use phone ordering?</h2><p>Order by phone is useful when regular payment methods like credit card are unavailable or considered insecure.</p><p>Our operators are happy to take your order per phone every business day from 9 a.m. to 5 p.m. UTC.</p>', '', 'de'),
(2, 'Παραγγελίες μέσο τηλεφώνου', 'Καλέστε στο 555-0123', 'Συμπληρώστε εδώ τις οδηγίες πληρωμής που εμφανίζοντε στο κατάστημα λιανικής σας.', '', 'el'),
(2, 'Phone ordering', 'Call 555-0123', '<h2>When I should use phone ordering?</h2><p>Order by phone is useful when regular payment methods like credit card are unavailable or considered insecure.</p><p>Our operators are happy to take your order per phone every business day from 9 a.m. to 5 p.m. UTC.</p>', '', 'en'),
(2, 'Phone ordering', 'Call 555-0123', '<h2>When I should use phone ordering?</h2><p>Order by phone is useful when regular payment methods like credit card are unavailable or considered insecure.</p><p>Our operators are happy to take your order per phone every business day from 9 a.m. to 5 p.m. UTC.</p>', '', 'es'),
(2, 'Phone ordering', 'Call 555-0123', '<h2>When I should use phone ordering?</h2><p>Order by phone is useful when regular payment methods like credit card are unavailable or considered insecure.</p><p>Our operators are happy to take your order per phone every business day from 9 a.m. to 5 p.m. UTC.</p>', '', 'fr'),
(2, 'Phone ordering', 'Call 555-0123', '<h2>When I should use phone ordering?</h2><p>Order by phone is useful when regular payment methods like credit card are unavailable or considered insecure.</p><p>Our operators are happy to take your order per phone every business day from 9 a.m. to 5 p.m. UTC.</p>', '', 'it'),
(2, 'Phone ordering', 'Call 555-0123', '<h2>When I should use phone ordering?</h2><p>Order by phone is useful when regular payment methods like credit card are unavailable or considered insecure.</p><p>Our operators are happy to take your order per phone every business day from 9 a.m. to 5 p.m. UTC.</p>', '', 'nl'),
(2, 'Phone ordering', 'Call 555-0123', '<h2>When I should use phone ordering?</h2><p>Order by phone is useful when regular payment methods like credit card are unavailable or considered insecure.</p><p>Our operators are happy to take your order per phone every business day from 9 a.m. to 5 p.m. UTC.</p>', '', 'no'),
(2, 'Phone ordering', 'Call 555-0123', '<h2>When I should use phone ordering?</h2><p>Order by phone is useful when regular payment methods like credit card are unavailable or considered insecure.</p><p>Our operators are happy to take your order per phone every business day from 9 a.m. to 5 p.m. UTC.</p>', '', 'pt'),
(2, 'Comandă telefonică', 'Sunați la 555-0123', 'Tastați instrucțiunile de plată vizitând magazinul dvs. aici.', '', 'ro'),
(2, 'Заказ по телефону', 'Call 555-0123', '', '', 'ru'),
(5, 'Money Order', 'US Banks Only', 'Type instructions to pay by visiting your retail store in here.', '', 'da'),
(5, 'Money Order', 'US Banks Only', 'Type instructions to pay by visiting your retail store in here.', '', 'de'),
(5, 'Money Order', 'Μόνο για US Banks', 'Συμπληρώστε εδώ τις οδηγίες πληρωμής που εμφανίζοντε στο κατάστημα λιανικής σας.', '', 'el'),
(5, 'Money Order', 'US Banks Only', 'Type instructions to pay by visiting your retail store in here.', '', 'en'),
(5, 'Transferencia bancaria', '', '', '', 'es'),
(5, 'Money Order', 'US Banks Only', 'Type instructions to pay by visiting your retail store in here.', '', 'fr'),
(5, 'Money Order', 'US Banks Only', 'Type instructions to pay by visiting your retail store in here.', '', 'it'),
(5, 'Money Order', 'US Banks Only', 'Type instructions to pay by visiting your retail store in here.', '', 'nl'),
(5, 'Money Order', 'US Banks Only', 'Type instructions to pay by visiting your retail store in here.', '', 'no'),
(5, 'Money Order', 'US Banks Only', '<p>Type instructions to pay by visiting your retail store in here.</p>', '', 'pt'),
(5, 'Mandat poștal', 'Doar băncile din SUA', 'Tastați instrucțiunile de plată vizitând magazinul dvs. aici.', '', 'ro'),
(5, 'Money Order', 'US Banks Only', '', '', 'ru'),
(6, 'C.O.D', 'Cashiers Check or Cash Only', 'Type instructions to pay by visiting your retail store in here.', '', 'da'),
(6, 'C.O.D', 'Cashiers Check or Cash Only', 'Type instructions to pay by visiting your retail store in here.', '', 'de'),
(6, 'C.O.D', 'Τραπεζική επιταγή η Μετρητά', 'Συμπληρώστε εδώ τις οδηγίες πληρωμής που εμφανίζοντε στο κατάστημα λιανικής σας.', '', 'el'),
(6, 'C.O.D', 'Cashiers Check or Cash Only', 'Type instructions to pay by visiting your retail store in here.', '', 'en'),
(6, 'C.O.D', 'Cashiers Check or Cash Only', 'Type instructions to pay by visiting your retail store in here.', '', 'es'),
(6, 'C.O.D', 'Cashiers Check or Cash Only', 'Type instructions to pay by visiting your retail store in here.', '', 'fr'),
(6, 'C.O.D', 'Cashiers Check or Cash Only', 'Type instructions to pay by visiting your retail store in here.', '', 'it'),
(6, 'C.O.D', 'Cashiers Check or Cash Only', 'Type instructions to pay by visiting your retail store in here.', '', 'nl'),
(6, 'C.O.D', 'Cashiers Check or Cash Only', 'Type instructions to pay by visiting your retail store in here.', '', 'no'),
(6, 'C.O.D', 'Cashiers Check or Cash Only', 'Type instructions to pay by visiting your retail store in here.', '', 'pt'),
(6, 'C.O.D', 'CEC sau cu bani gheață', 'Tastați instrucțiunile de plată vizitând magazinul dvs. aici.', '', 'ro'),
(6, 'C.O.D', 'Cashiers Check or Cash Only', '', '', 'ru'),
(7, 'Purchase Order', '', 'Type instructions to pay by visiting your retail store in here.', '', 'da'),
(7, 'Purchase Order', '', 'Type instructions to pay by visiting your retail store in here.', '', 'de'),
(7, 'Εντολή Αγοράς', '', 'Συμπληρώστε εδώ τις οδηγίες πληρωμής που εμφανίζοντε στο κατάστημα λιανικής σας.', '', 'el'),
(7, 'Purchase Order', '', 'Type instructions to pay by visiting your retail store in here.', '', 'en'),
(7, 'Purchase Order', '', 'Type instructions to pay by visiting your retail store in here.', '', 'es'),
(7, 'Purchase Order', '', 'Type instructions to pay by visiting your retail store in here.', '', 'fr'),
(7, 'Purchase Order', '', 'Type instructions to pay by visiting your retail store in here.', '', 'it'),
(7, 'Purchase Order', '', 'Type instructions to pay by visiting your retail store in here.', '', 'nl'),
(7, 'Purchase Order', '', 'Type instructions to pay by visiting your retail store in here.', '', 'no'),
(7, 'Purchase Order', '', 'Type instructions to pay by visiting your retail store in here.', '', 'pt'),
(7, 'Ordin de plată', '', 'Tastați instrucțiunile de plată vizitând magazinul dvs. aici.', '', 'ro'),
(7, 'Purchase Order', '', '', '', 'ru'),
(8, 'Personal Check', 'US Funds Only', 'Type instructions to pay by visiting your retail store in here.', '', 'da'),
(8, 'Personal Check', 'US Funds Only', 'Type instructions to pay by visiting your retail store in here.', '', 'de'),
(8, 'Προσωπική Επιταγή', 'Μόνο για Ταμεία των ΗΠΑ', 'Συμπληρώστε εδώ τις οδηγίες πληρωμής που εμφανίζοντε στο κατάστημα λιανικής σας.', '', 'el'),
(8, 'Personal Check', 'US Funds Only', 'Type instructions to pay by visiting your retail store in here.', '', 'en'),
(8, 'Personal Check', 'US Funds Only', 'Type instructions to pay by visiting your retail store in here.', '', 'es'),
(8, 'Personal Check', 'US Funds Only', 'Type instructions to pay by visiting your retail store in here.', '', 'fr'),
(8, 'Personal Check', 'US Funds Only', 'Type instructions to pay by visiting your retail store in here.', '', 'it'),
(8, 'Personal Check', 'US Funds Only', 'Type instructions to pay by visiting your retail store in here.', '', 'nl'),
(8, 'Personal Check', 'US Funds Only', 'Type instructions to pay by visiting your retail store in here.', '', 'no'),
(8, 'Personal Check', 'US Funds Only', 'Type instructions to pay by visiting your retail store in here.', '', 'pt'),
(8, 'CEC personal', 'Doar fonduri din SUA', 'Tastați instrucțiunile de plată vizitând magazinul dvs. aici.', '', 'ro'),
(8, 'Personal Check', 'US Funds Only', '', '', 'ru'),
(10, 'Government Check', 'US Funds Only', 'Type instructions to pay by visiting your retail store in here.', '', 'da'),
(10, 'Government Check', 'US Funds Only', 'Type instructions to pay by visiting your retail store in here.', '', 'de'),
(10, 'Κυβερνητική Επιταγή', 'Μόνο για Ταμεία των ΗΠΑ', 'Συμπληρώστε εδώ τις οδηγίες πληρωμής που εμφανίζοντε στο κατάστημα λιανικής σας.', '', 'el'),
(10, 'Government Check', 'US Funds Only', 'Type instructions to pay by visiting your retail store in here.', '', 'en'),
(10, 'Government Check', 'US Funds Only', 'Type instructions to pay by visiting your retail store in here.', '', 'es'),
(10, 'Government Check', 'US Funds Only', 'Type instructions to pay by visiting your retail store in here.', '', 'fr'),
(10, 'Government Check', 'US Funds Only', 'Type instructions to pay by visiting your retail store in here.', '', 'it'),
(10, 'Government Check', 'US Funds Only', 'Type instructions to pay by visiting your retail store in here.', '', 'nl'),
(10, 'Government Check', 'US Funds Only', 'Type instructions to pay by visiting your retail store in here.', '', 'no'),
(10, 'Government Check', 'US Funds Only', 'Type instructions to pay by visiting your retail store in here.', '', 'pt'),
(10, 'CEC guvernamental', 'Doar fonduri din SUA', 'Tastați instrucțiunile de plată vizitând magazinul dvs. aici.', '', 'ro'),
(10, 'Government Check', 'US Funds Only', '', '', 'ru'),
(11, ' Traveller s Check', 'US Funds Only', '', '', 'da'),
(11, 'Traveller\'s Check', 'US Funds Only', 'Type instructions to pay by visiting your retail store in here.', '', 'de'),
(11, 'Ταξιδιωτικές Επιταγές', 'Μόνο για Ταμεία των ΗΠΑ', 'Συμπληρώστε εδώ τις οδηγίες πληρωμής που εμφανίζοντε στο κατάστημα λιανικής σας.', '', 'el'),
(11, 'Traveller\'s Check', 'US Funds Only', 'Type instructions to pay by visiting your retail store in here.', '', 'en'),
(11, 'Traveller\'s Check', 'US Funds Only', 'Type instructions to pay by visiting your retail store in here.', '', 'es'),
(11, 'Traveller\'s Check', 'US Funds Only', 'Type instructions to pay by visiting your retail store in here.', '', 'fr'),
(11, 'Traveller\'s Check', 'US Funds Only', 'Type instructions to pay by visiting your retail store in here.', '', 'it'),
(11, 'Traveller\'s Check', 'US Funds Only', 'Type instructions to pay by visiting your retail store in here.', '', 'nl'),
(11, 'Traveller\'s Check', 'US Funds Only', 'Type instructions to pay by visiting your retail store in here.', '', 'no'),
(11, 'Traveller\'s Check', 'US Funds Only', 'Type instructions to pay by visiting your retail store in here.', '', 'pt'),
(11, 'CEC de călătorie', 'Doar fonduri din SUA', 'Tastați instrucțiunile de plată vizitând magazinul dvs. aici.', '', 'ro'),
(11, 'Traveller\'s Check', 'US Funds Only', '', '', 'ru'),
(12, 'One Click', 'Pagamento com cartões salvos', '', '', 'da'),
(12, 'One Click', 'Pagamento com cartões salvos', '', '', 'de'),
(12, 'One Click', 'Pagamento com cartões salvos', '', '', 'el'),
(12, 'One Click', 'Pagamento com cartões salvos', '', '', 'en'),
(12, 'One Click', 'Pagamento com cartões salvos', '', '', 'es'),
(12, 'One Click', 'Pagamento com cartões salvos', '', '', 'fr'),
(12, 'One Click', 'Pagamento com cartões salvos', '', '', 'it'),
(12, 'One Click', 'Pagamento com cartões salvos', '', '', 'nl'),
(12, 'One Click', 'Pagamento com cartões salvos', '', '', 'no'),
(12, 'One Click', 'Pagamento com cartões salvos', '', '', 'pt'),
(12, 'One Click', 'Pagamento com cartões salvos', '', '', 'ro'),
(12, 'One Click', 'Pagamento com cartões salvos', '', '', 'ru');

-- --------------------------------------------------------

--
-- Table structure for table `partiushop_payment_processors`
--

CREATE TABLE `partiushop_payment_processors` (
  `processor_id` mediumint(8) UNSIGNED NOT NULL,
  `processor` varchar(255) NOT NULL DEFAULT '',
  `processor_script` varchar(255) NOT NULL DEFAULT '',
  `processor_template` varchar(255) NOT NULL DEFAULT '',
  `admin_template` varchar(255) NOT NULL DEFAULT '',
  `callback` char(1) NOT NULL DEFAULT 'N',
  `type` char(1) NOT NULL DEFAULT 'P',
  `addon` varchar(32) NOT NULL DEFAULT ''
) ENGINE=InnoDB DEFAULT CHARSET=utf8;

--
-- Dumping data for table `partiushop_payment_processors`
--

INSERT INTO `partiushop_payment_processors` (`processor_id`, `processor`, `processor_script`, `processor_template`, `admin_template`, `callback`, `type`, `addon`) VALUES
(2, 'Authorize.Net AIM', 'authorizenet_aim.php', 'views/orders/components/payments/cc.tpl', 'authorizenet_aim.tpl', 'Y', 'P', ''),
(5, 'Virtual Merchant', 'virtual_merchant.php', 'views/orders/components/payments/cc.tpl', 'virtual_merchant.tpl', 'N', 'P', ''),
(6, '2Checkout', '2checkout.php', 'views/orders/components/payments/cc_outside.tpl', '2checkout.tpl', 'N', 'P', ''),
(7, 'ThaiePay', 'thaiepay.php', 'views/orders/components/payments/cc_outside.tpl', 'thaiepay.tpl', 'N', 'P', ''),
(10, 'FirstData Connect', 'firstdata_connect.php', 'views/orders/components/payments/cc_outside.tpl', 'firstdata_connect.tpl', 'N', 'P', ''),
(13, 'HSBC', 'hsbc.php', 'views/orders/components/payments/cc_outside.tpl', 'hsbc.tpl', 'N', 'P', ''),
(14, 'Sage Pay direct', 'sagepay_direct.php', 'views/orders/components/payments/cc_sagepay_direct.tpl', 'sagepay_direct.tpl', 'Y', 'P', ''),
(15, 'Sage Pay form', 'sagepay_form.php', 'views/orders/components/payments/cc_outside.tpl', 'sagepay_form.tpl', 'N', 'P', ''),
(19, 'Deprecated eWAY Direct Payment', 'eway_direct.php', 'views/orders/components/payments/cc.tpl', 'eway_direct.tpl', 'Y', 'P', ''),
(20, 'Nochex', 'nochex.php', 'views/orders/components/payments/cc_outside.tpl', 'nochex.tpl', 'Y', 'P', ''),
(21, 'Deprecated eWAY', 'eway_form.php', 'views/orders/components/payments/cc_outside.tpl', 'eway_form.tpl', 'N', 'P', ''),
(24, 'iDEAL Buckaroo', 'ideal_xml.php', 'views/orders/components/payments/cc_outside.tpl', 'ideal_xml.tpl', 'N', 'P', ''),
(26, 'Redsys', 'servired.php', 'views/orders/components/payments/cc_outside.tpl', 'servired.tpl', 'N', 'P', ''),
(27, 'Innovative', 'innovative.php', 'views/orders/components/payments/cc.tpl', 'innovative.tpl', 'Y', 'P', ''),
(28, 'DPS PX Post', 'dps_post.php', 'views/orders/components/payments/cc.tpl', 'dps_post.tpl', 'Y', 'P', ''),
(29, 'DPS PX Access', 'dps_access.php', 'views/orders/components/payments/cc_outside.tpl', 'dps_access.tpl', 'N', 'P', ''),
(30, 'Sage Payment Solutions', 'sage_payment.php', 'views/orders/components/payments/cc.tpl', 'sage_payment.tpl', 'Y', 'P', ''),
(31, 'Worldpay', 'worldpay.php', 'views/orders/components/payments/cc_outside.tpl', 'worldpay.tpl', 'N', 'P', ''),
(32, 'Payer', 'pay_read.php', 'views/orders/components/payments/cc_outside.tpl', 'pay_read.tpl', 'N', 'P', ''),
(33, 'ChronoPay', 'chronopay_form.php', 'views/orders/components/payments/cc_outside.tpl', 'chronopay_form.tpl', 'N', 'P', ''),
(34, 'First Data PayPoint', 'paypoint.php', 'views/orders/components/payments/cc_outside.tpl', 'paypoint.tpl', 'N', 'P', ''),
(35, 'PayPoint (Gateway Freedom)', 'paypoint_xml.php', 'views/orders/components/payments/cc.tpl', 'paypoint_xml.tpl', 'N', 'P', ''),
(37, 'Barclaycard ePDQ', 'epdq.php', 'views/orders/components/payments/cc_outside.tpl', 'epdq.tpl', 'Y', 'P', ''),
(39, 'ECHO (Intuit Payment Solutions)', 'echo.php', 'views/orders/components/payments/cc.tpl', 'echo.tpl', 'Y', 'P', ''),
(40, 'SCB', 'scb.php', 'views/orders/components/payments/cc_outside.tpl', 'scb.tpl', 'N', 'P', ''),
(42, 'Atos', 'atos.php', 'views/orders/components/payments/cc_outside.tpl', 'atos.tpl', 'N', 'P', ''),
(43, 'PayBox', 'paybox.php', 'views/orders/components/payments/cc_outside.tpl', 'paybox.tpl', 'N', 'P', ''),
(44, 'Ingenico (ex Ogone Direct)', 'ogone_direct.php', 'views/orders/components/payments/cc.tpl', 'ogone_direct.tpl', 'Y', 'P', ''),
(45, 'Ingenico (ex Ogone Web)', 'ogone_web.php', 'views/orders/components/payments/cc_outside.tpl', 'ogone_web.tpl', 'N', 'P', ''),
(48, 'SP Plus', 'spplus.php', 'views/orders/components/payments/cc_outside.tpl', 'spplus.tpl', 'N', 'P', ''),
(49, 'Intuit Merchant Services (QuickBooks Payments)', 'qbms.php', 'views/orders/components/payments/cc.tpl', 'qbms.tpl', 'Y', 'P', ''),
(50, 'CM-CIC', 'cmcic.php', 'views/orders/components/payments/cc_outside.tpl', 'cmcic.tpl', 'N', 'P', ''),
(52, 'Westpac', 'westpac.php', 'views/orders/components/payments/cc_outside.tpl', 'westpac.tpl', 'N', 'P', ''),
(53, 'FRIbetaling', 'fribetaling.php', 'views/orders/components/payments/cc.tpl', 'fribetaling.tpl', 'N', 'P', ''),
(54, 'Alpha e-Pay', 'deltapay.php', 'views/orders/components/payments/cc_outside.tpl', 'deltapay.tpl', 'N', 'P', ''),
(55, 'PayJunction', 'payjunction.php', 'views/orders/components/payments/cc.tpl', 'payjunction.tpl', 'Y', 'P', ''),
(56, 'iDEAL', 'ideal_basic.php', 'views/orders/components/payments/cc_outside.tpl', 'ideal_basic.tpl', 'N', 'P', ''),
(58, 'Datatrans', 'datatrans.php', 'views/orders/components/payments/cc_outside.tpl', 'datatrans.tpl', 'N', 'P', ''),
(59, 'Total Web Solutions Pay Page', 'totalwebpp.php', 'views/orders/components/payments/cc_outside.tpl', 'totalwebpp.tpl', 'N', 'P', ''),
(62, 'DIBS', 'dibs.php', 'views/orders/components/payments/cc_outside.tpl', 'dibs.tpl', 'N', 'P', ''),
(63, 'iTransact Standard Form', 'itransact_standard_form.php', 'views/orders/components/payments/cc.tpl', 'itransact.tpl', 'N', 'P', ''),
(64, 'iTransact Split Form', 'itransact_split_form.php', 'views/orders/components/payments/cc_outside.tpl', 'itransact.tpl', 'N', 'P', ''),
(65, 'Gate2Shop', 'gate2shop.php', 'views/orders/components/payments/cc_outside.tpl', 'gate2shop.tpl', 'N', 'P', ''),
(68, 'WorldNet TPS XML Gateway', 'worldnettpsxml.php', 'views/orders/components/payments/cc.tpl', 'worldnettpsxml.tpl', 'Y', 'P', ''),
(69, 'CRE Secure', 'cresecure.php', 'views/orders/components/payments/cc_outside.tpl', 'cresecure.tpl', 'N', 'P', ''),
(70, 'Winbank (Piraeus) Redirection', 'piraeus.php', 'views/orders/components/payments/cc_outside.tpl', 'piraeus.tpl', 'Y', 'P', ''),
(71, 'Sofort Banking', 'directebanking.php', 'views/orders/components/payments/cc_outside.tpl', 'directebanking.tpl', 'Y', 'P', ''),
(73, 'Payment 21 Simple API', 'p21_simple_api.php', 'views/orders/components/payments/p21_simple_api.tpl', 'p21_simple_api.tpl', 'N', 'P', ''),
(74, 'PayTrace', 'paytrace.php', 'views/orders/components/payments/cc.tpl', 'paytrace.tpl', 'Y', 'P', ''),
(75, 'Skrill QuickCheckout (ex Moneybookers)', 'skrill_qc.php', 'views/orders/components/payments/cc_outside.tpl', 'skrill_qc.tpl', 'Y', 'P', ''),
(76, 'Skrill eWallet (ex Moneybookers)', 'skrill_ewallet.php', 'views/orders/components/payments/cc_outside.tpl', 'skrill_ew.tpl', 'Y', 'P', ''),
(77, 'Worldpay Cardsave', 'cardsave_hosted.php', 'views/orders/components/payments/cc_outside.tpl', 'cardsave_hosted.tpl', 'N', 'P', ''),
(79, 'Merchant Warrior', 'merchant_warrior.php', 'views/orders/components/payments/cc.tpl', 'merchant_warrior.tpl', 'N', 'P', ''),
(80, 'Deprecated eWAY Shared Payment', 'eway_shared.php', 'views/orders/components/payments/cc_outside.tpl', 'eway_shared.tpl', 'Y', 'P', ''),
(81, 'PayLeap', 'payleap.php', 'views/orders/components/payments/cc.tpl', 'payleap.tpl', 'N', 'P', ''),
(82, 'DirectOne', 'direct_one.php', 'views/orders/components/payments/cc_outside.tpl', 'direct_one.tpl', 'N', 'P', ''),
(83, 'eMerchantPay (Secure Payment Form)', 'emerchantpay.php', 'views/orders/components/payments/cc_outside.tpl', 'emerchantpay.tpl', 'N', 'P', ''),
(84, 'Paysite-cash', 'paysitecash.php', 'views/orders/components/payments/cc_outside.tpl', 'paysitecash.tpl', 'N', 'P', ''),
(90, 'Deko', 'pay4later.php', 'views/orders/components/payments/cc_outside.tpl', 'pay4later.tpl', 'N', 'P', ''),
(92, 'eWAY Direct Payment (Rapid API)', 'eway_rapidapi_direct.php', 'views/orders/components/payments/cc_eway.tpl', 'eway_rapidapi.tpl', 'N', 'P', ''),
(95, 'eWAY Responsive Shared (Rapid API)', 'eway_rapidapi_rsp.php', 'views/orders/components/payments/cc_outside.tpl', 'eway_rapidapi_rsp.tpl', 'N', 'P', ''),
(97, 'Alpha Bank', 'alpha_bank.php', 'views/orders/components/payments/cc_outside.tpl', 'alpha_bank.tpl', 'N', 'P', ''),
(98, 'Global Payments Remote', 'realex_remote.php', 'views/orders/components/payments/cc.tpl', 'realex_remote.tpl', 'N', 'P', ''),
(99, 'Global Payments Redirect', 'realex_redirect.php', 'views/orders/components/payments/cc_outside.tpl', 'realex_redirect.tpl', 'N', 'P', ''),
(100, 'RocketGate Native', 'rocketgate-native.php', 'views/orders/components/payments/cc.tpl', 'rocketgate-native.tpl', 'N', 'P', ''),
(101, 'PayPal Website Payments Pro', 'paypal_pro.php', 'views/orders/components/payments/cc.tpl', 'paypal_pro.tpl', 'Y', 'P', 'paypal'),
(102, 'PayPal', 'paypal.php', 'views/orders/components/payments/cc_outside.tpl', 'paypal.tpl', 'Y', 'P', 'paypal'),
(103, 'PayPal Payflow Pro', 'payflow_pro.php', 'views/orders/components/payments/cc.tpl', 'payflow_pro.tpl', 'Y', 'P', 'paypal'),
(104, 'PayPal Express Checkout', 'paypal_express.php', 'addons/paypal/views/orders/components/payments/paypal_express.tpl', 'paypal_express.tpl', 'Y', 'B', 'paypal'),
(105, 'PayPal Payments Advanced', 'paypal_advanced.php', 'views/orders/components/payments/cc_outside.tpl', 'paypal_advanced.tpl', 'N', 'P', 'paypal'),
(106, 'Partiuhub Global Payments', 'global_payments.php', 'views/orders/components/payments/cc.tpl', 'global_payments.tpl', 'N', 'P', 'partihub_global_payments'),
(107, 'Partiuhub Global Payments One Click', 'global_payments_one_click.php', 'views/orders/components/payments/cc_one_click.tpl', 'global_payments.tpl', 'N', 'P', 'partihub_global_payments');

-- --------------------------------------------------------

--
-- Table structure for table `partiushop_polls`
--

CREATE TABLE `partiushop_polls` (
  `page_id` mediumint(8) UNSIGNED NOT NULL DEFAULT 0,
  `start_date` int(11) UNSIGNED NOT NULL DEFAULT 0,
  `end_date` int(11) UNSIGNED NOT NULL DEFAULT 0,
  `show_results` char(1) NOT NULL DEFAULT 'V'
) ENGINE=InnoDB DEFAULT CHARSET=utf8;

--
-- Dumping data for table `partiushop_polls`
--

INSERT INTO `partiushop_polls` (`page_id`, `start_date`, `end_date`, `show_results`) VALUES
(40, 0, 0, 'V');

-- --------------------------------------------------------

--
-- Table structure for table `partiushop_polls_answers`
--

CREATE TABLE `partiushop_polls_answers` (
  `answer_id` mediumint(8) UNSIGNED NOT NULL DEFAULT 0,
  `vote_id` mediumint(8) UNSIGNED NOT NULL DEFAULT 0,
  `item_id` mediumint(8) UNSIGNED NOT NULL DEFAULT 0,
  `comment` varchar(255) NOT NULL DEFAULT ''
) ENGINE=InnoDB DEFAULT CHARSET=utf8;

-- --------------------------------------------------------

--
-- Table structure for table `partiushop_polls_votes`
--

CREATE TABLE `partiushop_polls_votes` (
  `vote_id` mediumint(8) UNSIGNED NOT NULL,
  `page_id` mediumint(8) UNSIGNED NOT NULL DEFAULT 0,
  `ip_address` varbinary(40) NOT NULL DEFAULT '',
  `user_id` mediumint(8) UNSIGNED NOT NULL DEFAULT 0,
  `time` int(11) NOT NULL DEFAULT 0,
  `type` char(1) NOT NULL DEFAULT ''
) ENGINE=InnoDB DEFAULT CHARSET=utf8;

-- --------------------------------------------------------

--
-- Table structure for table `partiushop_poll_descriptions`
--

CREATE TABLE `partiushop_poll_descriptions` (
  `object_id` mediumint(8) UNSIGNED NOT NULL DEFAULT 0,
  `page_id` mediumint(8) UNSIGNED NOT NULL DEFAULT 0,
  `lang_code` char(2) NOT NULL DEFAULT '',
  `type` char(1) NOT NULL DEFAULT 'P',
  `description` mediumtext DEFAULT NULL
) ENGINE=InnoDB DEFAULT CHARSET=utf8;

--
-- Dumping data for table `partiushop_poll_descriptions`
--

INSERT INTO `partiushop_poll_descriptions` (`object_id`, `page_id`, `lang_code`, `type`, `description`) VALUES
(1, 40, 'da', 'I', 'How often do you buy DVDs?'),
(1, 40, 'de', 'I', 'How often do you buy DVDs?'),
(1, 40, 'el', 'I', 'How often do you buy DVDs?'),
(1, 40, 'en', 'I', 'How often do you buy DVDs?'),
(1, 40, 'es', 'I', 'How often do you buy DVDs?'),
(1, 40, 'fr', 'I', 'How often do you buy DVDs?'),
(1, 40, 'it', 'I', 'How often do you buy DVDs?'),
(1, 40, 'nl', 'I', 'How often do you buy DVDs?'),
(1, 40, 'no', 'I', 'How often do you buy DVDs?'),
(1, 40, 'pt', 'I', 'How often do you buy DVDs?'),
(1, 40, 'ro', 'I', 'How often do you buy DVDs?'),
(1, 40, 'ru', 'I', 'Как часто вы покупаете DVD?'),
(2, 40, 'da', 'I', 'Once per week.'),
(2, 40, 'de', 'I', 'Once per week.'),
(2, 40, 'el', 'I', 'Once per week.'),
(2, 40, 'en', 'I', 'Once per week.'),
(2, 40, 'es', 'I', 'Once per week.'),
(2, 40, 'fr', 'I', 'Once per week.'),
(2, 40, 'it', 'I', 'Once per week.'),
(2, 40, 'nl', 'I', 'Once per week.'),
(2, 40, 'no', 'I', 'Once per week.'),
(2, 40, 'pt', 'I', 'Once per week.'),
(2, 40, 'ro', 'I', 'Once per week.'),
(2, 40, 'ru', 'I', 'Раз в неделю.'),
(3, 40, 'da', 'I', 'Every day.'),
(3, 40, 'de', 'I', 'Every day.'),
(3, 40, 'el', 'I', 'Every day.'),
(3, 40, 'en', 'I', 'Every day.'),
(3, 40, 'es', 'I', 'Every day.'),
(3, 40, 'fr', 'I', 'Every day.'),
(3, 40, 'it', 'I', 'Every day.'),
(3, 40, 'nl', 'I', 'Every day.'),
(3, 40, 'no', 'I', 'Every day.'),
(3, 40, 'pt', 'I', 'Every day.'),
(3, 40, 'ro', 'I', 'Every day.'),
(3, 40, 'ru', 'I', 'Каждый день.'),
(4, 40, 'da', 'I', 'Will buy my first right now!'),
(4, 40, 'de', 'I', 'Will buy my first right now!'),
(4, 40, 'el', 'I', 'Will buy my first right now!'),
(4, 40, 'en', 'I', 'Will buy my first right now!'),
(4, 40, 'es', 'I', 'Will buy my first right now!'),
(4, 40, 'fr', 'I', 'Will buy my first right now!'),
(4, 40, 'it', 'I', 'Will buy my first right now!'),
(4, 40, 'nl', 'I', 'Will buy my first right now!'),
(4, 40, 'no', 'I', 'Will buy my first right now!'),
(4, 40, 'pt', 'I', 'Will buy my first right now!'),
(4, 40, 'ro', 'I', 'Will buy my first right now!'),
(4, 40, 'ru', 'I', 'Сейчас куплю первый диск!'),
(5, 40, 'da', 'I', 'Never, I prefer cinema.'),
(5, 40, 'de', 'I', 'Never, I prefer cinema.'),
(5, 40, 'el', 'I', 'Never, I prefer cinema.'),
(5, 40, 'en', 'I', 'Never, I prefer cinema.'),
(5, 40, 'es', 'I', 'Never, I prefer cinema.'),
(5, 40, 'fr', 'I', 'Never, I prefer cinema.'),
(5, 40, 'it', 'I', 'Never, I prefer cinema.'),
(5, 40, 'nl', 'I', 'Never, I prefer cinema.'),
(5, 40, 'no', 'I', 'Never, I prefer cinema.'),
(5, 40, 'pt', 'I', 'Never, I prefer cinema.'),
(5, 40, 'ro', 'I', 'Never, I prefer cinema.'),
(5, 40, 'ru', 'I', 'Не покупаю, предпочитаю кинотеатр.'),
(6, 40, 'da', 'I', 'Suggest your answer:'),
(6, 40, 'de', 'I', 'Suggest your answer:'),
(6, 40, 'el', 'I', 'Suggest your answer:'),
(6, 40, 'en', 'I', 'Suggest your answer:'),
(6, 40, 'es', 'I', 'Suggest your answer:'),
(6, 40, 'fr', 'I', 'Suggest your answer:'),
(6, 40, 'it', 'I', 'Suggest your answer:'),
(6, 40, 'nl', 'I', 'Suggest your answer:'),
(6, 40, 'no', 'I', 'Suggest your answer:'),
(6, 40, 'pt', 'I', 'Suggest your answer:'),
(6, 40, 'ro', 'I', 'Suggest your answer:'),
(6, 40, 'ru', 'I', 'Предложите свой ответ:'),
(40, 40, 'da', 'F', ''),
(40, 40, 'da', 'H', ''),
(40, 40, 'da', 'R', ''),
(40, 40, 'de', 'F', ''),
(40, 40, 'de', 'H', ''),
(40, 40, 'de', 'R', ''),
(40, 40, 'el', 'F', ''),
(40, 40, 'el', 'H', ''),
(40, 40, 'el', 'R', ''),
(40, 40, 'en', 'F', ''),
(40, 40, 'en', 'H', ''),
(40, 40, 'en', 'R', ''),
(40, 40, 'es', 'F', ''),
(40, 40, 'es', 'H', ''),
(40, 40, 'es', 'R', ''),
(40, 40, 'fr', 'F', ''),
(40, 40, 'fr', 'H', ''),
(40, 40, 'fr', 'R', ''),
(40, 40, 'it', 'F', ''),
(40, 40, 'it', 'H', ''),
(40, 40, 'it', 'R', ''),
(40, 40, 'nl', 'F', ''),
(40, 40, 'nl', 'H', ''),
(40, 40, 'nl', 'R', ''),
(40, 40, 'no', 'F', ''),
(40, 40, 'no', 'H', ''),
(40, 40, 'no', 'R', ''),
(40, 40, 'pt', 'F', ''),
(40, 40, 'pt', 'H', ''),
(40, 40, 'pt', 'R', ''),
(40, 40, 'ro', 'F', ''),
(40, 40, 'ro', 'H', ''),
(40, 40, 'ro', 'R', ''),
(40, 40, 'ru', 'F', ''),
(40, 40, 'ru', 'H', ''),
(40, 40, 'ru', 'R', '');

-- --------------------------------------------------------

--
-- Table structure for table `partiushop_poll_items`
--

CREATE TABLE `partiushop_poll_items` (
  `item_id` mediumint(8) UNSIGNED NOT NULL,
  `parent_id` mediumint(8) UNSIGNED NOT NULL DEFAULT 0,
  `type` char(1) NOT NULL DEFAULT 'Q',
  `position` smallint(5) NOT NULL DEFAULT 0,
  `required` char(1) NOT NULL DEFAULT '',
  `page_id` mediumint(8) UNSIGNED NOT NULL DEFAULT 0
) ENGINE=InnoDB DEFAULT CHARSET=utf8;

--
-- Dumping data for table `partiushop_poll_items`
--

INSERT INTO `partiushop_poll_items` (`item_id`, `parent_id`, `type`, `position`, `required`, `page_id`) VALUES
(1, 40, 'Q', 1, 'Y', 40),
(2, 1, 'A', 1, '', 40),
(3, 1, 'A', 2, '', 40),
(4, 1, 'A', 3, '', 40),
(5, 1, 'A', 4, '', 40),
(6, 1, 'O', 5, '', 40);

-- --------------------------------------------------------

--
-- Table structure for table `partiushop_premoderation_products`
--

CREATE TABLE `partiushop_premoderation_products` (
  `product_id` mediumint(8) UNSIGNED NOT NULL COMMENT 'Moderated product ID',
  `original_status` char(1) NOT NULL DEFAULT 'A' COMMENT 'Status of the product before it was sent to moderation',
  `updated_timestamp` int(11) UNSIGNED NOT NULL DEFAULT 0 COMMENT 'Last moderation action timestamp',
  `reason` text NOT NULL COMMENT 'Last moderation reason'
) ENGINE=InnoDB DEFAULT CHARSET=utf8;

--
-- Dumping data for table `partiushop_premoderation_products`
--

INSERT INTO `partiushop_premoderation_products` (`product_id`, `original_status`, `updated_timestamp`, `reason`) VALUES
(308, 'A', 1635426246, '');

-- --------------------------------------------------------

--
-- Table structure for table `partiushop_printslip_request`
--

CREATE TABLE `partiushop_printslip_request` (
  `id` int(11) NOT NULL,
  `order_id` varchar(255) DEFAULT NULL
) ENGINE=MyISAM DEFAULT CHARSET=utf8;

-- --------------------------------------------------------

--
-- Table structure for table `partiushop_privileges`
--

CREATE TABLE `partiushop_privileges` (
  `privilege` varchar(32) NOT NULL DEFAULT '',
  `is_default` char(1) NOT NULL DEFAULT 'N',
  `section_id` varchar(32) NOT NULL DEFAULT '',
  `group_id` varchar(32) NOT NULL DEFAULT '',
  `is_view` char(1) NOT NULL DEFAULT 'N'
) ENGINE=InnoDB DEFAULT CHARSET=utf8;

--
-- Dumping data for table `partiushop_privileges`
--

INSERT INTO `partiushop_privileges` (`privilege`, `is_default`, `section_id`, `group_id`, `is_view`) VALUES
('abt__ut2.buy_together.manage', 'Y', 'ab__addons', 'abt__unitheme2', 'N'),
('abt__ut2.settings.manage', 'Y', 'ab__addons', 'abt__unitheme2', 'N'),
('abt__ut2.settings.view', 'Y', 'ab__addons', 'abt__unitheme2', 'N'),
('ab__addons_manager.data.manage', 'Y', 'ab__addons', 'ab__addons_manager', 'N'),
('ab__cb.data.manage', 'Y', 'ab__addons', 'ab__category_banners', 'N'),
('ab__cb.data.view', 'Y', 'ab__addons', 'ab__category_banners', 'Y'),
('ab__dotd_manage_seodata', 'Y', 'ab__addons', 'ab__deal_of_the_day', 'N'),
('ab__dotd_view_seodata', 'Y', 'ab__addons', 'ab__deal_of_the_day', 'Y'),
('ab__fn.data.manage', 'Y', 'ab__addons', 'ab__fast_navigation', 'N'),
('ab__fn.data.view', 'Y', 'ab__addons', 'ab__fast_navigation', 'Y'),
('ab__hpd.data.manage', 'Y', 'ab__addons', 'ab__hide_product_description', 'N'),
('ab__hpd.data.view', 'Y', 'ab__addons', 'ab__hide_product_description', 'Y'),
('ab__lc.data.manage', 'Y', 'ab__addons', 'ab__landing_categories', 'N'),
('ab__lc.data.view', 'Y', 'ab__addons', 'ab__landing_categories', 'Y'),
('ab__mb.data.manage', 'Y', 'ab__addons', 'ab__motivation_block', 'N'),
('ab__mb.data.view', 'Y', 'ab__addons', 'ab__motivation_block', 'Y'),
('ab__sm_manage_data', 'Y', 'ab__addons', 'ab__search_motivation', 'N'),
('ab__sm_view_data', 'Y', 'ab__addons', 'ab__search_motivation', 'Y'),
('ab__stt.data.manage', 'Y', 'ab__addons', 'ab__scroll_to_top', 'N'),
('ab__stt.data.view', 'Y', 'ab__addons', 'ab__scroll_to_top', 'Y'),
('ab__vg_manage_videos', 'Y', 'ab__addons', 'ab__video_gallery', 'N'),
('ab__vg_view_videos', 'Y', 'ab__addons', 'ab__video_gallery', 'Y'),
('backup_restore', 'Y', 'administration', 'backup_restore', 'N'),
('change_order_status', 'Y', 'orders', 'orders', 'N'),
('create_order', 'Y', 'orders', 'orders', 'N'),
('delete_logs', 'Y', 'administration', 'logs', 'N'),
('delete_orders', 'Y', 'orders', 'orders', 'N'),
('edit_blocks', 'Y', 'design', 'blocks', 'N'),
('edit_files', 'Y', 'administration', 'files', 'N'),
('edit_order', 'Y', 'orders', 'orders', 'N'),
('exim_access', 'Y', 'administration', 'exim', 'N'),
('manage_access_restrictions', 'Y', 'addons', 'access_restrictions', 'N'),
('manage_admin_communication', 'Y', 'administration', 'admin_communication', 'N'),
('manage_banners', 'Y', 'marketing', 'banners', 'N'),
('manage_call_requests', 'Y', 'orders', 'call_requests', 'N'),
('manage_catalog', 'Y', 'products', 'products', 'N'),
('manage_cscart_uvdesk', 'Y', 'addons', '', 'N'),
('manage_currencies', 'Y', 'administration', 'currencies', 'N'),
('manage_design', 'Y', 'design', 'design', 'N'),
('manage_discussions', 'Y', 'website', 'discussions', 'N'),
('manage_document_templates', 'Y', 'design', 'documents', 'N'),
('manage_email_marketing', 'Y', 'marketing', 'email_marketing', 'N'),
('manage_email_templates', 'Y', 'design', 'email_templates', 'N'),
('manage_gift_certificates', 'Y', 'marketing', 'gift_certificates', 'N'),
('manage_internal_templates', 'Y', 'design', 'internal_templates', 'N'),
('manage_languages', 'Y', 'administration', 'languages', 'N'),
('manage_locations', 'Y', 'administration', 'locations', 'N'),
('manage_newsletters', 'Y', 'marketing', 'newsletters', 'N'),
('manage_notification_settings', 'Y', 'administration', 'notification_settings', 'N'),
('manage_order_communication', 'Y', 'orders', 'order_communication', 'N'),
('manage_order_statuses', 'Y', 'administration', 'order_statuses', 'N'),
('manage_pages', 'Y', 'website', 'blog_and_pages', 'N'),
('manage_payments', 'Y', 'administration', 'payments', 'N'),
('manage_payouts', 'Y', 'vendors', 'vendor_payouts', 'N'),
('manage_product_premoderation', 'Y', 'vendors', 'product_premoderation', 'N'),
('manage_product_reviews', 'Y', 'products', 'product_reviews', 'N'),
('manage_promotions', 'Y', 'marketing', 'promotions', 'N'),
('manage_providers', 'Y', 'website', 'social_login', 'N'),
('manage_reports', 'Y', 'orders', 'sales_reports', 'N'),
('manage_reward_points', 'Y', 'marketing', 'reward_points', 'N'),
('manage_rma', 'Y', 'orders', 'rma', 'N'),
('manage_seo_rules', 'Y', 'website', 'seo', 'N'),
('manage_shipping', 'Y', 'administration', 'shipping', 'N'),
('manage_sitemap', 'Y', 'website', 'sitemap', 'N'),
('manage_static_data', 'Y', 'design', 'static_data', 'N'),
('manage_storage', 'Y', 'administration', 'storage', 'N'),
('manage_stores', 'Y', 'administration', 'stores', 'N'),
('manage_store_locator', 'Y', 'administration', 'store_locator', 'N'),
('manage_suppliers', 'Y', 'users', 'suppliers', 'N'),
('manage_taxes', 'Y', 'administration', 'taxes', 'N'),
('manage_themes', 'Y', 'design', 'themes', 'N'),
('manage_translation', 'Y', 'design', 'edit_on_site', 'N'),
('manage_usergroups', 'Y', 'users', 'user_groups', 'N'),
('manage_users', 'Y', 'users', 'users', 'N'),
('manage_vendors', 'Y', 'vendors', 'vendors', 'N'),
('manage_vendor_communication', 'Y', 'users', 'vendor_communication', 'N'),
('manage_vendor_plans', 'Y', 'vendors', 'vendor_plans', 'N'),
('update_order_details', 'Y', 'orders', 'orders', 'N'),
('update_settings', 'Y', 'settings', 'settings', 'N'),
('upgrade_store', 'Y', 'administration', 'upgrade_center', 'N'),
('view_admin_communication', 'Y', 'administration', 'admin_communication', 'Y'),
('view_banners', 'Y', 'marketing', 'banners', 'Y'),
('view_call_requests', 'Y', 'orders', 'call_requests', 'Y'),
('view_catalog', 'Y', 'products', 'products', 'Y'),
('view_cscart_uvdesk', 'Y', 'addons', '', 'N'),
('view_currencies', 'Y', 'administration', 'currencies', 'Y'),
('view_discussions', 'Y', 'website', 'discussions', 'Y'),
('view_email_marketing', 'Y', 'marketing', 'email_marketing', 'Y'),
('view_file_changes', 'Y', 'administration', 'file_changes', 'Y'),
('view_languages', 'Y', 'administration', 'languages', 'Y'),
('view_locations', 'Y', 'administration', 'locations', 'Y'),
('view_logs', 'Y', 'administration', 'logs', 'Y'),
('view_newsletters', 'Y', 'marketing', 'newsletters', 'Y'),
('view_orders', 'Y', 'orders', 'orders', 'Y'),
('view_order_communication', 'Y', 'orders', 'order_communication', 'Y'),
('view_pages', 'Y', 'website', 'blog_and_pages', 'Y'),
('view_payments', 'Y', 'administration', 'payments', 'Y'),
('view_payouts', 'Y', 'vendors', 'vendor_payouts', 'Y'),
('view_product_reviews', 'Y', 'products', 'product_reviews', 'Y'),
('view_providers', 'Y', 'website', 'social_login', 'Y'),
('view_reports', 'Y', 'orders', 'sales_reports', 'Y'),
('view_rma', 'Y', 'orders', 'rma', 'Y'),
('view_seo_rules', 'Y', 'website', 'seo', 'Y'),
('view_settings', 'Y', 'settings', 'settings', 'Y'),
('view_shipping', 'Y', 'administration', 'shipping', 'Y'),
('view_static_data', 'Y', 'design', 'static_data', 'Y'),
('view_stores', 'Y', 'administration', 'stores', 'Y'),
('view_store_locator', 'Y', 'administration', 'store_locator', 'Y'),
('view_taxes', 'Y', 'administration', 'taxes', 'Y'),
('view_usergroups', 'Y', 'users', 'user_groups', 'Y'),
('view_users', 'Y', 'users', 'users', 'Y'),
('view_vendors', 'Y', 'vendors', 'vendors', 'Y'),
('view_vendor_communication', 'Y', 'users', 'vendor_communication', 'Y'),
('view_vendor_plans', 'Y', 'vendors', 'vendor_plans', 'Y');

-- --------------------------------------------------------

--
-- Table structure for table `partiushop_products`
--

CREATE TABLE `partiushop_products` (
  `product_id` mediumint(8) UNSIGNED NOT NULL,
  `product_code` varchar(64) NOT NULL DEFAULT '',
  `product_type` char(1) NOT NULL DEFAULT 'P',
  `status` char(1) NOT NULL DEFAULT 'A',
  `company_id` int(11) UNSIGNED NOT NULL DEFAULT 0,
  `list_price` decimal(12,2) NOT NULL DEFAULT 0.00,
  `amount` mediumint(8) NOT NULL DEFAULT 0,
  `weight` decimal(13,3) NOT NULL DEFAULT 0.000,
  `length` mediumint(8) UNSIGNED NOT NULL DEFAULT 0,
  `width` mediumint(8) UNSIGNED NOT NULL DEFAULT 0,
  `height` mediumint(8) UNSIGNED NOT NULL DEFAULT 0,
  `shipping_freight` decimal(12,2) NOT NULL DEFAULT 0.00,
  `low_avail_limit` mediumint(8) UNSIGNED NOT NULL DEFAULT 0,
  `timestamp` int(11) UNSIGNED NOT NULL DEFAULT 0,
  `updated_timestamp` int(11) UNSIGNED NOT NULL DEFAULT 0,
  `usergroup_ids` varchar(255) NOT NULL DEFAULT '0',
  `is_edp` char(1) NOT NULL DEFAULT 'N',
  `edp_shipping` char(1) NOT NULL DEFAULT 'N',
  `unlimited_download` char(1) NOT NULL DEFAULT 'N',
  `tracking` char(1) DEFAULT NULL,
  `free_shipping` char(1) NOT NULL DEFAULT 'N',
  `zero_price_action` char(1) DEFAULT NULL,
  `is_pbp` char(1) NOT NULL DEFAULT 'N',
  `is_op` char(1) NOT NULL DEFAULT 'N',
  `is_oper` char(1) NOT NULL DEFAULT 'N',
  `is_returnable` char(1) NOT NULL DEFAULT 'Y',
  `return_period` int(11) UNSIGNED NOT NULL DEFAULT 10,
  `avail_since` int(11) UNSIGNED NOT NULL DEFAULT 0,
  `out_of_stock_actions` char(1) NOT NULL DEFAULT 'N',
  `localization` varchar(255) NOT NULL DEFAULT '',
  `min_qty` smallint(5) UNSIGNED DEFAULT NULL,
  `max_qty` smallint(5) UNSIGNED DEFAULT NULL,
  `qty_step` smallint(5) UNSIGNED DEFAULT NULL,
  `list_qty_count` smallint(5) UNSIGNED DEFAULT NULL,
  `tax_ids` varchar(255) NOT NULL DEFAULT '',
  `age_verification` char(1) NOT NULL DEFAULT 'N',
  `age_limit` tinyint(4) NOT NULL DEFAULT 0,
  `options_type` char(1) DEFAULT NULL,
  `exceptions_type` char(1) DEFAULT NULL,
  `details_layout` varchar(50) NOT NULL DEFAULT '',
  `shipping_params` varchar(255) NOT NULL DEFAULT '',
  `facebook_obj_type` varchar(64) NOT NULL,
  `parent_product_id` int(11) UNSIGNED NOT NULL DEFAULT 0,
  `buy_now_url` varchar(255) NOT NULL,
  `master_product_id` int(11) UNSIGNED NOT NULL DEFAULT 0,
  `master_product_status` char(1) NOT NULL DEFAULT 'A',
  `master_product_offers_count` int(11) UNSIGNED NOT NULL DEFAULT 0,
  `gtin_ean_tributario` varchar(255) DEFAULT NULL,
  `data_validade` int(11) DEFAULT NULL,
  `bling_id` varchar(255) DEFAULT NULL,
  `user_integration_id` int(11) DEFAULT NULL,
  `ncm` varchar(255) DEFAULT NULL,
  `plan_id` int(11) DEFAULT NULL,
  `is_stock_split_by_warehouses` char(1) DEFAULT 'N'
) ENGINE=InnoDB DEFAULT CHARSET=utf8;

--
-- Dumping data for table `partiushop_products`
--

INSERT INTO `partiushop_products` (`product_id`, `product_code`, `product_type`, `status`, `company_id`, `list_price`, `amount`, `weight`, `length`, `width`, `height`, `shipping_freight`, `low_avail_limit`, `timestamp`, `updated_timestamp`, `usergroup_ids`, `is_edp`, `edp_shipping`, `unlimited_download`, `tracking`, `free_shipping`, `zero_price_action`, `is_pbp`, `is_op`, `is_oper`, `is_returnable`, `return_period`, `avail_since`, `out_of_stock_actions`, `localization`, `min_qty`, `max_qty`, `qty_step`, `list_qty_count`, `tax_ids`, `age_verification`, `age_limit`, `options_type`, `exceptions_type`, `details_layout`, `shipping_params`, `facebook_obj_type`, `parent_product_id`, `buy_now_url`, `master_product_id`, `master_product_status`, `master_product_offers_count`, `gtin_ean_tributario`, `data_validade`, `bling_id`, `user_integration_id`, `ncm`, `plan_id`, `is_stock_split_by_warehouses`) VALUES
(285, '', 'D', 'H', 0, '0.00', 1, '0.000', 0, 0, 0, '0.00', 0, 1586347369, 1586347369, '0', 'Y', 'N', 'N', 'D', 'Y', 'R', 'N', 'N', 'N', 'Y', 10, 0, 'N', '', 0, 0, 0, 0, '', 'N', 0, 'P', 'F', 'default', 'a:5:{s:16:\"min_items_in_box\";i:0;s:16:\"max_items_in_box\";i:0;s:10:\"box_length\";i:0;s:9:\"box_width\";i:0;s:10:\"box_height\";i:0;}', '', 0, '', 0, 'A', 0, NULL, NULL, NULL, NULL, NULL, NULL, 'N'),
(296, 'iphone_12', 'P', 'A', 4, '5000.00', 998, '1.000', 0, 0, 0, '0.00', 0, 1629148158, 1629148236, '0', 'N', 'N', 'N', 'B', 'N', 'P', 'Y', 'N', 'N', 'Y', 10, 0, 'N', '', 0, 0, 0, 0, '', 'N', 0, 'P', 'F', 'default', 'a:5:{s:16:\"min_items_in_box\";i:0;s:16:\"max_items_in_box\";i:1;s:10:\"box_length\";i:15;s:9:\"box_width\";i:10;s:10:\"box_height\";i:1;}', 'activity', 0, '', 0, 'A', 0, NULL, NULL, NULL, NULL, NULL, NULL, 'N'),
(297, 'galaxy_s21', 'P', 'A', 4, '1100.00', 998, '1.000', 0, 0, 0, '0.00', 0, 1629148470, 1651180878, '0', 'N', 'N', 'N', 'B', 'N', 'R', 'Y', 'N', 'N', 'Y', 10, 0, 'N', '', 0, 0, 0, 0, '', 'N', 0, 'P', 'F', 'default', 'a:5:{s:16:\"min_items_in_box\";i:0;s:16:\"max_items_in_box\";i:1;s:10:\"box_length\";i:15;s:9:\"box_width\";i:10;s:10:\"box_height\";i:1;}', 'activity', 0, '', 0, 'A', 0, NULL, NULL, NULL, NULL, NULL, NULL, 'N'),
(298, 'galaxy_s21', 'P', 'A', 4, '3900.00', 1000, '1.000', 0, 0, 0, '0.00', 0, 1629153405, 1629153521, '0', 'N', 'N', 'N', 'B', 'N', 'R', 'Y', 'N', 'N', 'Y', 10, 0, 'N', '', 0, 0, 0, 0, '', 'N', 0, 'P', 'F', 'default', 'a:5:{s:16:\"min_items_in_box\";i:0;s:16:\"max_items_in_box\";i:1;s:10:\"box_length\";i:15;s:9:\"box_width\";i:10;s:10:\"box_height\";i:1;}', 'activity', 0, '', 0, 'A', 0, NULL, NULL, NULL, NULL, NULL, NULL, 'N'),
(299, 'galaxy_s21', 'P', 'A', 4, '3900.00', 1000, '1.000', 0, 0, 0, '0.00', 0, 1629153418, 1629153522, '0', 'N', 'N', 'N', 'B', 'N', 'R', 'Y', 'N', 'N', 'Y', 10, 0, 'N', '', 0, 0, 0, 0, '', 'N', 0, 'P', 'F', 'default', 'a:5:{s:16:\"min_items_in_box\";i:0;s:16:\"max_items_in_box\";i:1;s:10:\"box_length\";i:15;s:9:\"box_width\";i:10;s:10:\"box_height\";i:1;}', 'activity', 0, '', 0, 'A', 0, NULL, NULL, NULL, NULL, NULL, NULL, 'N'),
(300, 'galaxy_s21', 'P', 'A', 4, '3900.00', 995, '1.000', 0, 0, 0, '0.00', 0, 1629153435, 1629153515, '0', 'N', 'N', 'N', 'B', 'N', 'R', 'Y', 'N', 'N', 'Y', 10, 0, 'N', '', 0, 0, 0, 0, '', 'N', 0, 'P', 'F', 'default', 'a:5:{s:16:\"min_items_in_box\";i:0;s:16:\"max_items_in_box\";i:1;s:10:\"box_length\";i:15;s:9:\"box_width\";i:10;s:10:\"box_height\";i:1;}', 'activity', 0, '', 0, 'A', 0, NULL, NULL, NULL, NULL, NULL, NULL, 'N'),
(301, 'galaxy_s21', 'P', 'A', 4, '3900.00', 1000, '1.000', 0, 0, 0, '0.00', 0, 1629153453, 1629153517, '0', 'N', 'N', 'N', 'B', 'N', 'R', 'Y', 'N', 'N', 'Y', 10, 0, 'N', '', 0, 0, 0, 0, '', 'N', 0, 'P', 'F', 'default', 'a:5:{s:16:\"min_items_in_box\";i:0;s:16:\"max_items_in_box\";i:1;s:10:\"box_length\";i:15;s:9:\"box_width\";i:10;s:10:\"box_height\";i:1;}', 'activity', 0, '', 0, 'A', 0, NULL, NULL, NULL, NULL, NULL, NULL, 'N'),
(302, 'galaxy_s21', 'P', 'A', 4, '3900.00', 992, '1.000', 0, 0, 0, '0.00', 0, 1629153467, 1629153519, '0', 'N', 'N', 'N', 'B', 'N', 'R', 'Y', 'N', 'N', 'Y', 10, 0, 'N', '', 0, 0, 0, 0, '', 'N', 0, 'P', 'F', 'default', 'a:5:{s:16:\"min_items_in_box\";i:0;s:16:\"max_items_in_box\";i:1;s:10:\"box_length\";i:15;s:9:\"box_width\";i:10;s:10:\"box_height\";i:1;}', 'activity', 0, '', 0, 'A', 0, NULL, NULL, NULL, NULL, NULL, NULL, 'N'),
(303, 'iphone_12', 'P', 'A', 4, '5000.00', 993, '1.000', 0, 0, 0, '0.00', 0, 1629153550, 1629153896, '0', 'N', 'N', 'N', 'B', 'N', 'P', 'Y', 'N', 'N', 'Y', 10, 0, 'N', '', 0, 0, 0, 0, '', 'N', 0, 'P', 'F', 'default', 'a:5:{s:16:\"min_items_in_box\";i:0;s:16:\"max_items_in_box\";i:1;s:10:\"box_length\";i:15;s:9:\"box_width\";i:10;s:10:\"box_height\";i:1;}', 'activity', 0, '', 0, 'A', 0, NULL, NULL, NULL, NULL, NULL, NULL, 'N'),
(304, 'iphone_12', 'P', 'A', 4, '5000.00', 988, '1.000', 0, 0, 0, '0.00', 0, 1629153566, 1629153897, '0', 'N', 'N', 'N', 'B', 'N', 'P', 'Y', 'N', 'N', 'Y', 10, 0, 'N', '', 0, 0, 0, 0, '', 'N', 0, 'P', 'F', 'default', 'a:5:{s:16:\"min_items_in_box\";i:0;s:16:\"max_items_in_box\";i:1;s:10:\"box_length\";i:15;s:9:\"box_width\";i:10;s:10:\"box_height\";i:1;}', 'activity', 0, '', 0, 'A', 0, NULL, NULL, NULL, NULL, NULL, NULL, 'N'),
(305, 'iphone_12', 'P', 'A', 4, '5000.00', 993, '1.000', 0, 0, 0, '0.00', 0, 1629153585, 1629153900, '0', 'N', 'N', 'N', 'B', 'N', 'P', 'Y', 'N', 'N', 'Y', 10, 0, 'N', '', 0, 0, 0, 0, '', 'N', 0, 'P', 'F', 'default', 'a:5:{s:16:\"min_items_in_box\";i:0;s:16:\"max_items_in_box\";i:1;s:10:\"box_length\";i:15;s:9:\"box_width\";i:10;s:10:\"box_height\";i:1;}', 'activity', 0, '', 0, 'A', 0, NULL, NULL, NULL, NULL, NULL, NULL, 'N'),
(306, 'iphone_12', 'P', 'A', 4, '5000.00', 986, '1.000', 0, 0, 0, '0.00', 0, 1629153704, 1629153903, '0', 'N', 'N', 'N', 'B', 'N', 'P', 'Y', 'N', 'N', 'Y', 10, 0, 'N', '', 0, 0, 0, 0, '', 'N', 0, 'P', 'F', 'default', 'a:5:{s:16:\"min_items_in_box\";i:0;s:16:\"max_items_in_box\";i:1;s:10:\"box_length\";i:15;s:9:\"box_width\";i:10;s:10:\"box_height\";i:1;}', 'activity', 0, '', 0, 'A', 0, NULL, NULL, NULL, NULL, NULL, NULL, 'N'),
(307, '', 'P', 'A', 0, '0.00', 1, '0.000', 0, 0, 0, '0.00', 0, 1635426172, 1635426172, '0', 'N', 'N', 'N', 'B', 'N', 'R', 'Y', 'N', 'N', 'Y', 10, 0, 'N', '', 0, 0, 0, 0, '', 'N', 0, 'P', 'F', 'default', 'a:5:{s:16:\"min_items_in_box\";i:0;s:16:\"max_items_in_box\";i:0;s:10:\"box_length\";i:0;s:9:\"box_width\";i:0;s:10:\"box_height\";i:0;}', 'activity', 0, '', 0, 'A', 1, NULL, NULL, NULL, NULL, NULL, NULL, 'N'),
(308, '', 'P', 'A', 4, '0.00', 1, '0.000', 0, 0, 0, '0.00', 0, 1635426189, 1635426247, '0', 'N', 'N', 'N', 'B', 'N', 'R', 'Y', 'N', 'N', 'Y', 10, 0, 'N', '', 0, 0, 0, 0, '', 'N', 0, 'P', 'F', 'default', 'a:5:{s:16:\"min_items_in_box\";i:0;s:16:\"max_items_in_box\";i:0;s:10:\"box_length\";i:0;s:9:\"box_width\";i:0;s:10:\"box_height\";i:0;}', 'activity', 0, '', 307, 'A', 0, NULL, NULL, NULL, NULL, NULL, NULL, 'N');

-- --------------------------------------------------------

--
-- Table structure for table `partiushop_products_categories`
--

CREATE TABLE `partiushop_products_categories` (
  `product_id` mediumint(8) UNSIGNED NOT NULL DEFAULT 0,
  `category_id` mediumint(8) UNSIGNED NOT NULL DEFAULT 0,
  `link_type` char(1) NOT NULL DEFAULT 'M',
  `position` smallint(5) UNSIGNED NOT NULL DEFAULT 0,
  `category_position` smallint(5) UNSIGNED NOT NULL DEFAULT 0
) ENGINE=InnoDB DEFAULT CHARSET=utf8;

--
-- Dumping data for table `partiushop_products_categories`
--

INSERT INTO `partiushop_products_categories` (`product_id`, `category_id`, `link_type`, `position`, `category_position`) VALUES
(285, 264, 'M', 0, 0),
(296, 283, 'M', 0, 0),
(297, 283, 'M', 0, 0),
(298, 283, 'M', 0, 0),
(299, 283, 'M', 0, 0),
(300, 283, 'M', 0, 0),
(301, 283, 'M', 0, 0),
(302, 283, 'M', 0, 0),
(303, 283, 'M', 0, 0),
(304, 283, 'M', 0, 0),
(305, 283, 'M', 0, 0),
(306, 283, 'M', 0, 0),
(307, 283, 'M', 0, 0),
(308, 283, 'M', 0, 0);

-- --------------------------------------------------------

--
-- Table structure for table `partiushop_product_descriptions`
--

CREATE TABLE `partiushop_product_descriptions` (
  `product_id` mediumint(8) UNSIGNED NOT NULL DEFAULT 0,
  `lang_code` char(2) NOT NULL DEFAULT '',
  `product` varchar(255) NOT NULL DEFAULT '',
  `shortname` varchar(255) NOT NULL DEFAULT '',
  `short_description` mediumtext DEFAULT NULL,
  `full_description` mediumtext DEFAULT NULL,
  `meta_keywords` varchar(255) NOT NULL DEFAULT '',
  `meta_description` varchar(255) NOT NULL DEFAULT '',
  `search_words` text DEFAULT NULL,
  `page_title` varchar(255) NOT NULL DEFAULT '',
  `age_warning_message` text DEFAULT NULL,
  `promo_text` mediumtext DEFAULT NULL
) ENGINE=InnoDB DEFAULT CHARSET=utf8;

--
-- Dumping data for table `partiushop_product_descriptions`
--

INSERT INTO `partiushop_product_descriptions` (`product_id`, `lang_code`, `product`, `shortname`, `short_description`, `full_description`, `meta_keywords`, `meta_description`, `search_words`, `page_title`, `age_warning_message`, `promo_text`) VALUES
(285, 'da', 'Marketplace fees', '', '', '', '', '', '', '', NULL, ''),
(285, 'de', 'Marketplace fees', '', '', '', '', '', '', '', NULL, ''),
(285, 'el', 'Marketplace fees', '', '', '', '', '', '', '', NULL, ''),
(285, 'en', 'Marketplace fees', '', '', '', '', '', '', '', NULL, ''),
(285, 'es', 'Marketplace fees', '', '', '', '', '', '', '', NULL, ''),
(285, 'fr', 'Marketplace fees', '', '', '', '', '', '', '', NULL, ''),
(285, 'it', 'Marketplace fees', '', '', '', '', '', '', '', NULL, ''),
(285, 'nl', 'Marketplace fees', '', '', '', '', '', '', '', NULL, ''),
(285, 'no', 'Marketplace fees', '', '', '', '', '', '', '', NULL, ''),
(285, 'pt', 'Marketplace fees', '', '', '', '', '', '', '', NULL, ''),
(285, 'ro', 'Marketplace fees', '', '', '', '', '', '', '', NULL, ''),
(285, 'ru', 'Marketplace fees', '', '', '', '', '', '', '', NULL, ''),
(296, 'da', 'iPhone 12', '', '', '<p>iPhone 12. Tela Super Retina XDR brilhante de 6,1 polegadas. Ceramic Shield, que é quatro vezes mais resistente a quedas. Fotos surpreendentes em pouca luz com o modo Noite em todas as câmeras. Reprodução, edição e gravação de vídeo...</p>', '', '', 'cellphone,iphone,12', '', '', ''),
(296, 'de', 'iPhone 12', '', '', '<p>iPhone 12. Tela Super Retina XDR brilhante de 6,1 polegadas. Ceramic Shield, que é quatro vezes mais resistente a quedas. Fotos surpreendentes em pouca luz com o modo Noite em todas as câmeras. Reprodução, edição e gravação de vídeo...</p>', '', '', 'cellphone,iphone,12', '', '', ''),
(296, 'el', 'iPhone 12', '', '', '<p>iPhone 12. Tela Super Retina XDR brilhante de 6,1 polegadas. Ceramic Shield, que é quatro vezes mais resistente a quedas. Fotos surpreendentes em pouca luz com o modo Noite em todas as câmeras. Reprodução, edição e gravação de vídeo...</p>', '', '', 'cellphone,iphone,12', '', '', ''),
(296, 'en', 'iPhone 12', '', '', '<p>iPhone 12. Tela Super Retina XDR brilhante de 6,1 polegadas. Ceramic Shield, que é quatro vezes mais resistente a quedas. Fotos surpreendentes em pouca luz com o modo Noite em todas as câmeras. Reprodução, edição e gravação de vídeo...</p>', '', '', 'cellphone,iphone,12', '', '', ''),
(296, 'es', 'iPhone 12', '', '', '<p>iPhone 12. Tela Super Retina XDR brilhante de 6,1 polegadas. Ceramic Shield, que é quatro vezes mais resistente a quedas. Fotos surpreendentes em pouca luz com o modo Noite em todas as câmeras. Reprodução, edição e gravação de vídeo...</p>', '', '', 'cellphone,iphone,12', '', '', ''),
(296, 'fr', 'iPhone 12', '', '', '<p>iPhone 12. Tela Super Retina XDR brilhante de 6,1 polegadas. Ceramic Shield, que é quatro vezes mais resistente a quedas. Fotos surpreendentes em pouca luz com o modo Noite em todas as câmeras. Reprodução, edição e gravação de vídeo...</p>', '', '', 'cellphone,iphone,12', '', '', ''),
(296, 'it', 'iPhone 12', '', '', '<p>iPhone 12. Tela Super Retina XDR brilhante de 6,1 polegadas. Ceramic Shield, que é quatro vezes mais resistente a quedas. Fotos surpreendentes em pouca luz com o modo Noite em todas as câmeras. Reprodução, edição e gravação de vídeo...</p>', '', '', 'cellphone,iphone,12', '', '', ''),
(296, 'nl', 'iPhone 12', '', '', '<p>iPhone 12. Tela Super Retina XDR brilhante de 6,1 polegadas. Ceramic Shield, que é quatro vezes mais resistente a quedas. Fotos surpreendentes em pouca luz com o modo Noite em todas as câmeras. Reprodução, edição e gravação de vídeo...</p>', '', '', 'cellphone,iphone,12', '', '', ''),
(296, 'no', 'iPhone 12', '', '', '<p>iPhone 12. Tela Super Retina XDR brilhante de 6,1 polegadas. Ceramic Shield, que é quatro vezes mais resistente a quedas. Fotos surpreendentes em pouca luz com o modo Noite em todas as câmeras. Reprodução, edição e gravação de vídeo...</p>', '', '', 'cellphone,iphone,12', '', '', ''),
(296, 'pt', 'iPhone 12', '', '', '<p>iPhone 12. Tela Super Retina XDR brilhante de 6,1 polegadas. Ceramic Shield, que é quatro vezes mais resistente a quedas. Fotos surpreendentes em pouca luz com o modo Noite em todas as câmeras. Reprodução, edição e gravação de vídeo...</p>', '', '', 'cellphone,iphone,12', '', '', ''),
(296, 'ro', 'iPhone 12', '', '', '<p>iPhone 12. Tela Super Retina XDR brilhante de 6,1 polegadas. Ceramic Shield, que é quatro vezes mais resistente a quedas. Fotos surpreendentes em pouca luz com o modo Noite em todas as câmeras. Reprodução, edição e gravação de vídeo...</p>', '', '', 'cellphone,iphone,12', '', '', ''),
(296, 'ru', 'iPhone 12', '', '', '<p>iPhone 12. Tela Super Retina XDR brilhante de 6,1 polegadas. Ceramic Shield, que é quatro vezes mais resistente a quedas. Fotos surpreendentes em pouca luz com o modo Noite em todas as câmeras. Reprodução, edição e gravação de vídeo...</p>', '', '', 'cellphone,iphone,12', '', '', ''),
(297, 'da', 'galaxy s21', '', '', '<p>O Samsung <b>Galaxy S21</b> é um smartphone Android de bom nível, ótimo para fotos, que pode satisfazer até o mais exigente dos usuários.</p>', '', '', '', '', '', ''),
(297, 'de', 'galaxy s21', '', '', '<p>O Samsung <b>Galaxy S21</b> é um smartphone Android de bom nível, ótimo para fotos, que pode satisfazer até o mais exigente dos usuários.</p>', '', '', '', '', '', ''),
(297, 'el', 'galaxy s21', '', '', '<p>O Samsung <b>Galaxy S21</b> é um smartphone Android de bom nível, ótimo para fotos, que pode satisfazer até o mais exigente dos usuários.</p>', '', '', '', '', '', ''),
(297, 'en', 'galaxy s21', '', '', '<p>O Samsung <b>Galaxy S21</b> é um smartphone Android de bom nível, ótimo para fotos, que pode satisfazer até o mais exigente dos usuários.</p>', '', '', '', '', '', ''),
(297, 'es', 'galaxy s21', '', '', '<p>O Samsung <b>Galaxy S21</b> é um smartphone Android de bom nível, ótimo para fotos, que pode satisfazer até o mais exigente dos usuários.</p>', '', '', '', '', '', ''),
(297, 'fr', 'galaxy s21', '', '', '<p>O Samsung <b>Galaxy S21</b> é um smartphone Android de bom nível, ótimo para fotos, que pode satisfazer até o mais exigente dos usuários.</p>', '', '', '', '', '', ''),
(297, 'it', 'galaxy s21', '', '', '<p>O Samsung <b>Galaxy S21</b> é um smartphone Android de bom nível, ótimo para fotos, que pode satisfazer até o mais exigente dos usuários.</p>', '', '', '', '', '', ''),
(297, 'nl', 'galaxy s21', '', '', '<p>O Samsung <b>Galaxy S21</b> é um smartphone Android de bom nível, ótimo para fotos, que pode satisfazer até o mais exigente dos usuários.</p>', '', '', '', '', '', ''),
(297, 'no', 'galaxy s21', '', '', '<p>O Samsung <b>Galaxy S21</b> é um smartphone Android de bom nível, ótimo para fotos, que pode satisfazer até o mais exigente dos usuários.</p>', '', '', '', '', '', ''),
(297, 'pt', 'galaxy s21', '', '', '<p>O Samsung <b>Galaxy S21</b> é um smartphone Android de bom nível, ótimo para fotos, que pode satisfazer até o mais exigente dos usuários.</p>', '', '', '', '', '', ''),
(297, 'ro', 'galaxy s21', '', '', '<p>O Samsung <b>Galaxy S21</b> é um smartphone Android de bom nível, ótimo para fotos, que pode satisfazer até o mais exigente dos usuários.</p>', '', '', '', '', '', ''),
(297, 'ru', 'galaxy s21', '', '', '<p>O Samsung <b>Galaxy S21</b> é um smartphone Android de bom nível, ótimo para fotos, que pode satisfazer até o mais exigente dos usuários.</p>', '', '', '', '', '', ''),
(298, 'da', 'galaxy s21 [CLONE]', '', '', '<p>O Samsung <b>Galaxy S21</b> é um smartphone Android de bom nível, ótimo para fotos, que pode satisfazer até o mais exigente dos usuários.</p>', '', '', '', '', '', ''),
(298, 'de', 'galaxy s21 [CLONE]', '', '', '<p>O Samsung <b>Galaxy S21</b> é um smartphone Android de bom nível, ótimo para fotos, que pode satisfazer até o mais exigente dos usuários.</p>', '', '', '', '', '', ''),
(298, 'el', 'galaxy s21 [CLONE]', '', '', '<p>O Samsung <b>Galaxy S21</b> é um smartphone Android de bom nível, ótimo para fotos, que pode satisfazer até o mais exigente dos usuários.</p>', '', '', '', '', '', ''),
(298, 'en', 'galaxy s21 [CLONE]', '', '', '<p>O Samsung <b>Galaxy S21</b> é um smartphone Android de bom nível, ótimo para fotos, que pode satisfazer até o mais exigente dos usuários.</p>', '', '', '', '', '', ''),
(298, 'es', 'galaxy s21 [CLONE]', '', '', '<p>O Samsung <b>Galaxy S21</b> é um smartphone Android de bom nível, ótimo para fotos, que pode satisfazer até o mais exigente dos usuários.</p>', '', '', '', '', '', ''),
(298, 'fr', 'galaxy s21 [CLONE]', '', '', '<p>O Samsung <b>Galaxy S21</b> é um smartphone Android de bom nível, ótimo para fotos, que pode satisfazer até o mais exigente dos usuários.</p>', '', '', '', '', '', ''),
(298, 'it', 'galaxy s21 [CLONE]', '', '', '<p>O Samsung <b>Galaxy S21</b> é um smartphone Android de bom nível, ótimo para fotos, que pode satisfazer até o mais exigente dos usuários.</p>', '', '', '', '', '', ''),
(298, 'nl', 'galaxy s21 [CLONE]', '', '', '<p>O Samsung <b>Galaxy S21</b> é um smartphone Android de bom nível, ótimo para fotos, que pode satisfazer até o mais exigente dos usuários.</p>', '', '', '', '', '', ''),
(298, 'no', 'galaxy s21 [CLONE]', '', '', '<p>O Samsung <b>Galaxy S21</b> é um smartphone Android de bom nível, ótimo para fotos, que pode satisfazer até o mais exigente dos usuários.</p>', '', '', '', '', '', ''),
(298, 'pt', 'galaxy s21 [CLONE]', '', '', '<p>O Samsung&nbsp;<b>Galaxy S21</b>&nbsp;é um smartphone Android de bom nível, ótimo para fotos, que pode satisfazer até o mais exigente dos usuários.</p>', '', '', '', '', '', ''),
(298, 'ro', 'galaxy s21 [CLONE]', '', '', '<p>O Samsung <b>Galaxy S21</b> é um smartphone Android de bom nível, ótimo para fotos, que pode satisfazer até o mais exigente dos usuários.</p>', '', '', '', '', '', ''),
(298, 'ru', 'galaxy s21 [CLONE]', '', '', '<p>O Samsung <b>Galaxy S21</b> é um smartphone Android de bom nível, ótimo para fotos, que pode satisfazer até o mais exigente dos usuários.</p>', '', '', '', '', '', ''),
(299, 'da', 'galaxy s21 [CLONE] [CLONE]', '', '', '<p>O Samsung <b>Galaxy S21</b> é um smartphone Android de bom nível, ótimo para fotos, que pode satisfazer até o mais exigente dos usuários.</p>', '', '', '', '', '', ''),
(299, 'de', 'galaxy s21 [CLONE] [CLONE]', '', '', '<p>O Samsung <b>Galaxy S21</b> é um smartphone Android de bom nível, ótimo para fotos, que pode satisfazer até o mais exigente dos usuários.</p>', '', '', '', '', '', ''),
(299, 'el', 'galaxy s21 [CLONE] [CLONE]', '', '', '<p>O Samsung <b>Galaxy S21</b> é um smartphone Android de bom nível, ótimo para fotos, que pode satisfazer até o mais exigente dos usuários.</p>', '', '', '', '', '', ''),
(299, 'en', 'galaxy s21 [CLONE] [CLONE]', '', '', '<p>O Samsung <b>Galaxy S21</b> é um smartphone Android de bom nível, ótimo para fotos, que pode satisfazer até o mais exigente dos usuários.</p>', '', '', '', '', '', ''),
(299, 'es', 'galaxy s21 [CLONE] [CLONE]', '', '', '<p>O Samsung <b>Galaxy S21</b> é um smartphone Android de bom nível, ótimo para fotos, que pode satisfazer até o mais exigente dos usuários.</p>', '', '', '', '', '', ''),
(299, 'fr', 'galaxy s21 [CLONE] [CLONE]', '', '', '<p>O Samsung <b>Galaxy S21</b> é um smartphone Android de bom nível, ótimo para fotos, que pode satisfazer até o mais exigente dos usuários.</p>', '', '', '', '', '', ''),
(299, 'it', 'galaxy s21 [CLONE] [CLONE]', '', '', '<p>O Samsung <b>Galaxy S21</b> é um smartphone Android de bom nível, ótimo para fotos, que pode satisfazer até o mais exigente dos usuários.</p>', '', '', '', '', '', ''),
(299, 'nl', 'galaxy s21 [CLONE] [CLONE]', '', '', '<p>O Samsung <b>Galaxy S21</b> é um smartphone Android de bom nível, ótimo para fotos, que pode satisfazer até o mais exigente dos usuários.</p>', '', '', '', '', '', ''),
(299, 'no', 'galaxy s21 [CLONE] [CLONE]', '', '', '<p>O Samsung <b>Galaxy S21</b> é um smartphone Android de bom nível, ótimo para fotos, que pode satisfazer até o mais exigente dos usuários.</p>', '', '', '', '', '', ''),
(299, 'pt', 'galaxy s21 [CLONE] [CLONE]', '', '', '<p>O Samsung&nbsp;<b>Galaxy S21</b>&nbsp;é um smartphone Android de bom nível, ótimo para fotos, que pode satisfazer até o mais exigente dos usuários.</p>', '', '', '', '', '', ''),
(299, 'ro', 'galaxy s21 [CLONE] [CLONE]', '', '', '<p>O Samsung <b>Galaxy S21</b> é um smartphone Android de bom nível, ótimo para fotos, que pode satisfazer até o mais exigente dos usuários.</p>', '', '', '', '', '', ''),
(299, 'ru', 'galaxy s21 [CLONE] [CLONE]', '', '', '<p>O Samsung <b>Galaxy S21</b> é um smartphone Android de bom nível, ótimo para fotos, que pode satisfazer até o mais exigente dos usuários.</p>', '', '', '', '', '', ''),
(300, 'da', 'galaxy s21 [CLONE] [CLONE] [CLONE]', '', '', '<p>O Samsung <b>Galaxy S21</b> é um smartphone Android de bom nível, ótimo para fotos, que pode satisfazer até o mais exigente dos usuários.</p>', '', '', '', '', '', ''),
(300, 'de', 'galaxy s21 [CLONE] [CLONE] [CLONE]', '', '', '<p>O Samsung <b>Galaxy S21</b> é um smartphone Android de bom nível, ótimo para fotos, que pode satisfazer até o mais exigente dos usuários.</p>', '', '', '', '', '', ''),
(300, 'el', 'galaxy s21 [CLONE] [CLONE] [CLONE]', '', '', '<p>O Samsung <b>Galaxy S21</b> é um smartphone Android de bom nível, ótimo para fotos, que pode satisfazer até o mais exigente dos usuários.</p>', '', '', '', '', '', ''),
(300, 'en', 'galaxy s21 [CLONE] [CLONE] [CLONE]', '', '', '<p>O Samsung <b>Galaxy S21</b> é um smartphone Android de bom nível, ótimo para fotos, que pode satisfazer até o mais exigente dos usuários.</p>', '', '', '', '', '', ''),
(300, 'es', 'galaxy s21 [CLONE] [CLONE] [CLONE]', '', '', '<p>O Samsung <b>Galaxy S21</b> é um smartphone Android de bom nível, ótimo para fotos, que pode satisfazer até o mais exigente dos usuários.</p>', '', '', '', '', '', ''),
(300, 'fr', 'galaxy s21 [CLONE] [CLONE] [CLONE]', '', '', '<p>O Samsung <b>Galaxy S21</b> é um smartphone Android de bom nível, ótimo para fotos, que pode satisfazer até o mais exigente dos usuários.</p>', '', '', '', '', '', ''),
(300, 'it', 'galaxy s21 [CLONE] [CLONE] [CLONE]', '', '', '<p>O Samsung <b>Galaxy S21</b> é um smartphone Android de bom nível, ótimo para fotos, que pode satisfazer até o mais exigente dos usuários.</p>', '', '', '', '', '', ''),
(300, 'nl', 'galaxy s21 [CLONE] [CLONE] [CLONE]', '', '', '<p>O Samsung <b>Galaxy S21</b> é um smartphone Android de bom nível, ótimo para fotos, que pode satisfazer até o mais exigente dos usuários.</p>', '', '', '', '', '', ''),
(300, 'no', 'galaxy s21 [CLONE] [CLONE] [CLONE]', '', '', '<p>O Samsung <b>Galaxy S21</b> é um smartphone Android de bom nível, ótimo para fotos, que pode satisfazer até o mais exigente dos usuários.</p>', '', '', '', '', '', ''),
(300, 'pt', 'galaxy s21 v2', '', '', '<p>O Samsung&nbsp;<b>Galaxy S21</b>&nbsp;é um smartphone Android de bom nível, ótimo para fotos, que pode satisfazer até o mais exigente dos usuários.</p>', '', '', '', '', '', ''),
(300, 'ro', 'galaxy s21 [CLONE] [CLONE] [CLONE]', '', '', '<p>O Samsung <b>Galaxy S21</b> é um smartphone Android de bom nível, ótimo para fotos, que pode satisfazer até o mais exigente dos usuários.</p>', '', '', '', '', '', ''),
(300, 'ru', 'galaxy s21 [CLONE] [CLONE] [CLONE]', '', '', '<p>O Samsung <b>Galaxy S21</b> é um smartphone Android de bom nível, ótimo para fotos, que pode satisfazer até o mais exigente dos usuários.</p>', '', '', '', '', '', ''),
(301, 'da', 'galaxy s21 [CLONE] [CLONE] [CLONE] [CLONE]', '', '', '<p>O Samsung <b>Galaxy S21</b> é um smartphone Android de bom nível, ótimo para fotos, que pode satisfazer até o mais exigente dos usuários.</p>', '', '', '', '', '', ''),
(301, 'de', 'galaxy s21 [CLONE] [CLONE] [CLONE] [CLONE]', '', '', '<p>O Samsung <b>Galaxy S21</b> é um smartphone Android de bom nível, ótimo para fotos, que pode satisfazer até o mais exigente dos usuários.</p>', '', '', '', '', '', ''),
(301, 'el', 'galaxy s21 [CLONE] [CLONE] [CLONE] [CLONE]', '', '', '<p>O Samsung <b>Galaxy S21</b> é um smartphone Android de bom nível, ótimo para fotos, que pode satisfazer até o mais exigente dos usuários.</p>', '', '', '', '', '', ''),
(301, 'en', 'galaxy s21 [CLONE] [CLONE] [CLONE] [CLONE]', '', '', '<p>O Samsung <b>Galaxy S21</b> é um smartphone Android de bom nível, ótimo para fotos, que pode satisfazer até o mais exigente dos usuários.</p>', '', '', '', '', '', ''),
(301, 'es', 'galaxy s21 [CLONE] [CLONE] [CLONE] [CLONE]', '', '', '<p>O Samsung <b>Galaxy S21</b> é um smartphone Android de bom nível, ótimo para fotos, que pode satisfazer até o mais exigente dos usuários.</p>', '', '', '', '', '', ''),
(301, 'fr', 'galaxy s21 [CLONE] [CLONE] [CLONE] [CLONE]', '', '', '<p>O Samsung <b>Galaxy S21</b> é um smartphone Android de bom nível, ótimo para fotos, que pode satisfazer até o mais exigente dos usuários.</p>', '', '', '', '', '', ''),
(301, 'it', 'galaxy s21 [CLONE] [CLONE] [CLONE] [CLONE]', '', '', '<p>O Samsung <b>Galaxy S21</b> é um smartphone Android de bom nível, ótimo para fotos, que pode satisfazer até o mais exigente dos usuários.</p>', '', '', '', '', '', ''),
(301, 'nl', 'galaxy s21 [CLONE] [CLONE] [CLONE] [CLONE]', '', '', '<p>O Samsung <b>Galaxy S21</b> é um smartphone Android de bom nível, ótimo para fotos, que pode satisfazer até o mais exigente dos usuários.</p>', '', '', '', '', '', ''),
(301, 'no', 'galaxy s21 [CLONE] [CLONE] [CLONE] [CLONE]', '', '', '<p>O Samsung <b>Galaxy S21</b> é um smartphone Android de bom nível, ótimo para fotos, que pode satisfazer até o mais exigente dos usuários.</p>', '', '', '', '', '', ''),
(301, 'pt', 'galaxy s21 v3', '', '', '<p>O Samsung&nbsp;<b>Galaxy S21</b>&nbsp;é um smartphone Android de bom nível, ótimo para fotos, que pode satisfazer até o mais exigente dos usuários.</p>', '', '', '', '', '', ''),
(301, 'ro', 'galaxy s21 [CLONE] [CLONE] [CLONE] [CLONE]', '', '', '<p>O Samsung <b>Galaxy S21</b> é um smartphone Android de bom nível, ótimo para fotos, que pode satisfazer até o mais exigente dos usuários.</p>', '', '', '', '', '', ''),
(301, 'ru', 'galaxy s21 [CLONE] [CLONE] [CLONE] [CLONE]', '', '', '<p>O Samsung <b>Galaxy S21</b> é um smartphone Android de bom nível, ótimo para fotos, que pode satisfazer até o mais exigente dos usuários.</p>', '', '', '', '', '', ''),
(302, 'da', 'galaxy s21 [CLONE] [CLONE] [CLONE] [CLONE] [CLONE]', '', '', '<p>O Samsung <b>Galaxy S21</b> é um smartphone Android de bom nível, ótimo para fotos, que pode satisfazer até o mais exigente dos usuários.</p>', '', '', '', '', '', ''),
(302, 'de', 'galaxy s21 [CLONE] [CLONE] [CLONE] [CLONE] [CLONE]', '', '', '<p>O Samsung <b>Galaxy S21</b> é um smartphone Android de bom nível, ótimo para fotos, que pode satisfazer até o mais exigente dos usuários.</p>', '', '', '', '', '', ''),
(302, 'el', 'galaxy s21 [CLONE] [CLONE] [CLONE] [CLONE] [CLONE]', '', '', '<p>O Samsung <b>Galaxy S21</b> é um smartphone Android de bom nível, ótimo para fotos, que pode satisfazer até o mais exigente dos usuários.</p>', '', '', '', '', '', ''),
(302, 'en', 'galaxy s21 [CLONE] [CLONE] [CLONE] [CLONE] [CLONE]', '', '', '<p>O Samsung <b>Galaxy S21</b> é um smartphone Android de bom nível, ótimo para fotos, que pode satisfazer até o mais exigente dos usuários.</p>', '', '', '', '', '', ''),
(302, 'es', 'galaxy s21 [CLONE] [CLONE] [CLONE] [CLONE] [CLONE]', '', '', '<p>O Samsung <b>Galaxy S21</b> é um smartphone Android de bom nível, ótimo para fotos, que pode satisfazer até o mais exigente dos usuários.</p>', '', '', '', '', '', ''),
(302, 'fr', 'galaxy s21 [CLONE] [CLONE] [CLONE] [CLONE] [CLONE]', '', '', '<p>O Samsung <b>Galaxy S21</b> é um smartphone Android de bom nível, ótimo para fotos, que pode satisfazer até o mais exigente dos usuários.</p>', '', '', '', '', '', ''),
(302, 'it', 'galaxy s21 [CLONE] [CLONE] [CLONE] [CLONE] [CLONE]', '', '', '<p>O Samsung <b>Galaxy S21</b> é um smartphone Android de bom nível, ótimo para fotos, que pode satisfazer até o mais exigente dos usuários.</p>', '', '', '', '', '', ''),
(302, 'nl', 'galaxy s21 [CLONE] [CLONE] [CLONE] [CLONE] [CLONE]', '', '', '<p>O Samsung <b>Galaxy S21</b> é um smartphone Android de bom nível, ótimo para fotos, que pode satisfazer até o mais exigente dos usuários.</p>', '', '', '', '', '', ''),
(302, 'no', 'galaxy s21 [CLONE] [CLONE] [CLONE] [CLONE] [CLONE]', '', '', '<p>O Samsung <b>Galaxy S21</b> é um smartphone Android de bom nível, ótimo para fotos, que pode satisfazer até o mais exigente dos usuários.</p>', '', '', '', '', '', ''),
(302, 'pt', 'galaxy s21 v4', '', '', '<p>O Samsung&nbsp;<b>Galaxy S21</b>&nbsp;é um smartphone Android de bom nível, ótimo para fotos, que pode satisfazer até o mais exigente dos usuários.</p>', '', '', '', '', '', ''),
(302, 'ro', 'galaxy s21 [CLONE] [CLONE] [CLONE] [CLONE] [CLONE]', '', '', '<p>O Samsung <b>Galaxy S21</b> é um smartphone Android de bom nível, ótimo para fotos, que pode satisfazer até o mais exigente dos usuários.</p>', '', '', '', '', '', ''),
(302, 'ru', 'galaxy s21 [CLONE] [CLONE] [CLONE] [CLONE] [CLONE]', '', '', '<p>O Samsung <b>Galaxy S21</b> é um smartphone Android de bom nível, ótimo para fotos, que pode satisfazer até o mais exigente dos usuários.</p>', '', '', '', '', '', ''),
(303, 'da', 'iPhone 12 [CLONE]', '', '', '<p>iPhone 12. Tela Super Retina XDR brilhante de 6,1 polegadas. Ceramic Shield, que é quatro vezes mais resistente a quedas. Fotos surpreendentes em pouca luz com o modo Noite em todas as câmeras. Reprodução, edição e gravação de vídeo...</p>', '', '', 'cellphone,iphone,12', '', '', ''),
(303, 'de', 'iPhone 12 [CLONE]', '', '', '<p>iPhone 12. Tela Super Retina XDR brilhante de 6,1 polegadas. Ceramic Shield, que é quatro vezes mais resistente a quedas. Fotos surpreendentes em pouca luz com o modo Noite em todas as câmeras. Reprodução, edição e gravação de vídeo...</p>', '', '', 'cellphone,iphone,12', '', '', ''),
(303, 'el', 'iPhone 12 [CLONE]', '', '', '<p>iPhone 12. Tela Super Retina XDR brilhante de 6,1 polegadas. Ceramic Shield, que é quatro vezes mais resistente a quedas. Fotos surpreendentes em pouca luz com o modo Noite em todas as câmeras. Reprodução, edição e gravação de vídeo...</p>', '', '', 'cellphone,iphone,12', '', '', ''),
(303, 'en', 'iPhone 12 [CLONE]', '', '', '<p>iPhone 12. Tela Super Retina XDR brilhante de 6,1 polegadas. Ceramic Shield, que é quatro vezes mais resistente a quedas. Fotos surpreendentes em pouca luz com o modo Noite em todas as câmeras. Reprodução, edição e gravação de vídeo...</p>', '', '', 'cellphone,iphone,12', '', '', ''),
(303, 'es', 'iPhone 12 [CLONE]', '', '', '<p>iPhone 12. Tela Super Retina XDR brilhante de 6,1 polegadas. Ceramic Shield, que é quatro vezes mais resistente a quedas. Fotos surpreendentes em pouca luz com o modo Noite em todas as câmeras. Reprodução, edição e gravação de vídeo...</p>', '', '', 'cellphone,iphone,12', '', '', ''),
(303, 'fr', 'iPhone 12 [CLONE]', '', '', '<p>iPhone 12. Tela Super Retina XDR brilhante de 6,1 polegadas. Ceramic Shield, que é quatro vezes mais resistente a quedas. Fotos surpreendentes em pouca luz com o modo Noite em todas as câmeras. Reprodução, edição e gravação de vídeo...</p>', '', '', 'cellphone,iphone,12', '', '', ''),
(303, 'it', 'iPhone 12 [CLONE]', '', '', '<p>iPhone 12. Tela Super Retina XDR brilhante de 6,1 polegadas. Ceramic Shield, que é quatro vezes mais resistente a quedas. Fotos surpreendentes em pouca luz com o modo Noite em todas as câmeras. Reprodução, edição e gravação de vídeo...</p>', '', '', 'cellphone,iphone,12', '', '', ''),
(303, 'nl', 'iPhone 12 [CLONE]', '', '', '<p>iPhone 12. Tela Super Retina XDR brilhante de 6,1 polegadas. Ceramic Shield, que é quatro vezes mais resistente a quedas. Fotos surpreendentes em pouca luz com o modo Noite em todas as câmeras. Reprodução, edição e gravação de vídeo...</p>', '', '', 'cellphone,iphone,12', '', '', ''),
(303, 'no', 'iPhone 12 [CLONE]', '', '', '<p>iPhone 12. Tela Super Retina XDR brilhante de 6,1 polegadas. Ceramic Shield, que é quatro vezes mais resistente a quedas. Fotos surpreendentes em pouca luz com o modo Noite em todas as câmeras. Reprodução, edição e gravação de vídeo...</p>', '', '', 'cellphone,iphone,12', '', '', ''),
(303, 'pt', 'iPhone 12 v1', '', '', '<p>iPhone 12. Tela Super Retina XDR brilhante de 6,1 polegadas. Ceramic Shield, que é quatro vezes mais resistente a quedas. Fotos surpreendentes em pouca luz com o modo Noite em todas as câmeras. Reprodução, edição e gravação de vídeo...</p>', '', '', 'cellphone,iphone,12', '', '', ''),
(303, 'ro', 'iPhone 12 [CLONE]', '', '', '<p>iPhone 12. Tela Super Retina XDR brilhante de 6,1 polegadas. Ceramic Shield, que é quatro vezes mais resistente a quedas. Fotos surpreendentes em pouca luz com o modo Noite em todas as câmeras. Reprodução, edição e gravação de vídeo...</p>', '', '', 'cellphone,iphone,12', '', '', ''),
(303, 'ru', 'iPhone 12 [CLONE]', '', '', '<p>iPhone 12. Tela Super Retina XDR brilhante de 6,1 polegadas. Ceramic Shield, que é quatro vezes mais resistente a quedas. Fotos surpreendentes em pouca luz com o modo Noite em todas as câmeras. Reprodução, edição e gravação de vídeo...</p>', '', '', 'cellphone,iphone,12', '', '', ''),
(304, 'da', 'iPhone 12 [CLONE] [CLONE]', '', '', '<p>iPhone 12. Tela Super Retina XDR brilhante de 6,1 polegadas. Ceramic Shield, que é quatro vezes mais resistente a quedas. Fotos surpreendentes em pouca luz com o modo Noite em todas as câmeras. Reprodução, edição e gravação de vídeo...</p>', '', '', 'cellphone,iphone,12', '', '', ''),
(304, 'de', 'iPhone 12 [CLONE] [CLONE]', '', '', '<p>iPhone 12. Tela Super Retina XDR brilhante de 6,1 polegadas. Ceramic Shield, que é quatro vezes mais resistente a quedas. Fotos surpreendentes em pouca luz com o modo Noite em todas as câmeras. Reprodução, edição e gravação de vídeo...</p>', '', '', 'cellphone,iphone,12', '', '', ''),
(304, 'el', 'iPhone 12 [CLONE] [CLONE]', '', '', '<p>iPhone 12. Tela Super Retina XDR brilhante de 6,1 polegadas. Ceramic Shield, que é quatro vezes mais resistente a quedas. Fotos surpreendentes em pouca luz com o modo Noite em todas as câmeras. Reprodução, edição e gravação de vídeo...</p>', '', '', 'cellphone,iphone,12', '', '', ''),
(304, 'en', 'iPhone 12 [CLONE] [CLONE]', '', '', '<p>iPhone 12. Tela Super Retina XDR brilhante de 6,1 polegadas. Ceramic Shield, que é quatro vezes mais resistente a quedas. Fotos surpreendentes em pouca luz com o modo Noite em todas as câmeras. Reprodução, edição e gravação de vídeo...</p>', '', '', 'cellphone,iphone,12', '', '', ''),
(304, 'es', 'iPhone 12 [CLONE] [CLONE]', '', '', '<p>iPhone 12. Tela Super Retina XDR brilhante de 6,1 polegadas. Ceramic Shield, que é quatro vezes mais resistente a quedas. Fotos surpreendentes em pouca luz com o modo Noite em todas as câmeras. Reprodução, edição e gravação de vídeo...</p>', '', '', 'cellphone,iphone,12', '', '', ''),
(304, 'fr', 'iPhone 12 [CLONE] [CLONE]', '', '', '<p>iPhone 12. Tela Super Retina XDR brilhante de 6,1 polegadas. Ceramic Shield, que é quatro vezes mais resistente a quedas. Fotos surpreendentes em pouca luz com o modo Noite em todas as câmeras. Reprodução, edição e gravação de vídeo...</p>', '', '', 'cellphone,iphone,12', '', '', ''),
(304, 'it', 'iPhone 12 [CLONE] [CLONE]', '', '', '<p>iPhone 12. Tela Super Retina XDR brilhante de 6,1 polegadas. Ceramic Shield, que é quatro vezes mais resistente a quedas. Fotos surpreendentes em pouca luz com o modo Noite em todas as câmeras. Reprodução, edição e gravação de vídeo...</p>', '', '', 'cellphone,iphone,12', '', '', ''),
(304, 'nl', 'iPhone 12 [CLONE] [CLONE]', '', '', '<p>iPhone 12. Tela Super Retina XDR brilhante de 6,1 polegadas. Ceramic Shield, que é quatro vezes mais resistente a quedas. Fotos surpreendentes em pouca luz com o modo Noite em todas as câmeras. Reprodução, edição e gravação de vídeo...</p>', '', '', 'cellphone,iphone,12', '', '', ''),
(304, 'no', 'iPhone 12 [CLONE] [CLONE]', '', '', '<p>iPhone 12. Tela Super Retina XDR brilhante de 6,1 polegadas. Ceramic Shield, que é quatro vezes mais resistente a quedas. Fotos surpreendentes em pouca luz com o modo Noite em todas as câmeras. Reprodução, edição e gravação de vídeo...</p>', '', '', 'cellphone,iphone,12', '', '', ''),
(304, 'pt', 'iPhone 12 v2', '', '', '<p>iPhone 12. Tela Super Retina XDR brilhante de 6,1 polegadas. Ceramic Shield, que é quatro vezes mais resistente a quedas. Fotos surpreendentes em pouca luz com o modo Noite em todas as câmeras. Reprodução, edição e gravação de vídeo...</p>', '', '', 'cellphone,iphone,12', '', '', ''),
(304, 'ro', 'iPhone 12 [CLONE] [CLONE]', '', '', '<p>iPhone 12. Tela Super Retina XDR brilhante de 6,1 polegadas. Ceramic Shield, que é quatro vezes mais resistente a quedas. Fotos surpreendentes em pouca luz com o modo Noite em todas as câmeras. Reprodução, edição e gravação de vídeo...</p>', '', '', 'cellphone,iphone,12', '', '', ''),
(304, 'ru', 'iPhone 12 [CLONE] [CLONE]', '', '', '<p>iPhone 12. Tela Super Retina XDR brilhante de 6,1 polegadas. Ceramic Shield, que é quatro vezes mais resistente a quedas. Fotos surpreendentes em pouca luz com o modo Noite em todas as câmeras. Reprodução, edição e gravação de vídeo...</p>', '', '', 'cellphone,iphone,12', '', '', ''),
(305, 'da', 'iPhone 12 [CLONE] [CLONE] [CLONE]', '', '', '<p>iPhone 12. Tela Super Retina XDR brilhante de 6,1 polegadas. Ceramic Shield, que é quatro vezes mais resistente a quedas. Fotos surpreendentes em pouca luz com o modo Noite em todas as câmeras. Reprodução, edição e gravação de vídeo...</p>', '', '', 'cellphone,iphone,12', '', '', ''),
(305, 'de', 'iPhone 12 [CLONE] [CLONE] [CLONE]', '', '', '<p>iPhone 12. Tela Super Retina XDR brilhante de 6,1 polegadas. Ceramic Shield, que é quatro vezes mais resistente a quedas. Fotos surpreendentes em pouca luz com o modo Noite em todas as câmeras. Reprodução, edição e gravação de vídeo...</p>', '', '', 'cellphone,iphone,12', '', '', ''),
(305, 'el', 'iPhone 12 [CLONE] [CLONE] [CLONE]', '', '', '<p>iPhone 12. Tela Super Retina XDR brilhante de 6,1 polegadas. Ceramic Shield, que é quatro vezes mais resistente a quedas. Fotos surpreendentes em pouca luz com o modo Noite em todas as câmeras. Reprodução, edição e gravação de vídeo...</p>', '', '', 'cellphone,iphone,12', '', '', ''),
(305, 'en', 'iPhone 12 [CLONE] [CLONE] [CLONE]', '', '', '<p>iPhone 12. Tela Super Retina XDR brilhante de 6,1 polegadas. Ceramic Shield, que é quatro vezes mais resistente a quedas. Fotos surpreendentes em pouca luz com o modo Noite em todas as câmeras. Reprodução, edição e gravação de vídeo...</p>', '', '', 'cellphone,iphone,12', '', '', ''),
(305, 'es', 'iPhone 12 [CLONE] [CLONE] [CLONE]', '', '', '<p>iPhone 12. Tela Super Retina XDR brilhante de 6,1 polegadas. Ceramic Shield, que é quatro vezes mais resistente a quedas. Fotos surpreendentes em pouca luz com o modo Noite em todas as câmeras. Reprodução, edição e gravação de vídeo...</p>', '', '', 'cellphone,iphone,12', '', '', ''),
(305, 'fr', 'iPhone 12 [CLONE] [CLONE] [CLONE]', '', '', '<p>iPhone 12. Tela Super Retina XDR brilhante de 6,1 polegadas. Ceramic Shield, que é quatro vezes mais resistente a quedas. Fotos surpreendentes em pouca luz com o modo Noite em todas as câmeras. Reprodução, edição e gravação de vídeo...</p>', '', '', 'cellphone,iphone,12', '', '', ''),
(305, 'it', 'iPhone 12 [CLONE] [CLONE] [CLONE]', '', '', '<p>iPhone 12. Tela Super Retina XDR brilhante de 6,1 polegadas. Ceramic Shield, que é quatro vezes mais resistente a quedas. Fotos surpreendentes em pouca luz com o modo Noite em todas as câmeras. Reprodução, edição e gravação de vídeo...</p>', '', '', 'cellphone,iphone,12', '', '', ''),
(305, 'nl', 'iPhone 12 [CLONE] [CLONE] [CLONE]', '', '', '<p>iPhone 12. Tela Super Retina XDR brilhante de 6,1 polegadas. Ceramic Shield, que é quatro vezes mais resistente a quedas. Fotos surpreendentes em pouca luz com o modo Noite em todas as câmeras. Reprodução, edição e gravação de vídeo...</p>', '', '', 'cellphone,iphone,12', '', '', ''),
(305, 'no', 'iPhone 12 [CLONE] [CLONE] [CLONE]', '', '', '<p>iPhone 12. Tela Super Retina XDR brilhante de 6,1 polegadas. Ceramic Shield, que é quatro vezes mais resistente a quedas. Fotos surpreendentes em pouca luz com o modo Noite em todas as câmeras. Reprodução, edição e gravação de vídeo...</p>', '', '', 'cellphone,iphone,12', '', '', ''),
(305, 'pt', 'iPhone 12 v3', '', '', '<p>iPhone 12. Tela Super Retina XDR brilhante de 6,1 polegadas. Ceramic Shield, que é quatro vezes mais resistente a quedas. Fotos surpreendentes em pouca luz com o modo Noite em todas as câmeras. Reprodução, edição e gravação de vídeo...</p>', '', '', 'cellphone,iphone,12', '', '', ''),
(305, 'ro', 'iPhone 12 [CLONE] [CLONE] [CLONE]', '', '', '<p>iPhone 12. Tela Super Retina XDR brilhante de 6,1 polegadas. Ceramic Shield, que é quatro vezes mais resistente a quedas. Fotos surpreendentes em pouca luz com o modo Noite em todas as câmeras. Reprodução, edição e gravação de vídeo...</p>', '', '', 'cellphone,iphone,12', '', '', ''),
(305, 'ru', 'iPhone 12 [CLONE] [CLONE] [CLONE]', '', '', '<p>iPhone 12. Tela Super Retina XDR brilhante de 6,1 polegadas. Ceramic Shield, que é quatro vezes mais resistente a quedas. Fotos surpreendentes em pouca luz com o modo Noite em todas as câmeras. Reprodução, edição e gravação de vídeo...</p>', '', '', 'cellphone,iphone,12', '', '', ''),
(306, 'da', 'iPhone 12 [CLONE] [CLONE] [CLONE] [CLONE]', '', '', '<p>iPhone 12. Tela Super Retina XDR brilhante de 6,1 polegadas. Ceramic Shield, que é quatro vezes mais resistente a quedas. Fotos surpreendentes em pouca luz com o modo Noite em todas as câmeras. Reprodução, edição e gravação de vídeo...</p>', '', '', 'cellphone,iphone,12', '', '', ''),
(306, 'de', 'iPhone 12 [CLONE] [CLONE] [CLONE] [CLONE]', '', '', '<p>iPhone 12. Tela Super Retina XDR brilhante de 6,1 polegadas. Ceramic Shield, que é quatro vezes mais resistente a quedas. Fotos surpreendentes em pouca luz com o modo Noite em todas as câmeras. Reprodução, edição e gravação de vídeo...</p>', '', '', 'cellphone,iphone,12', '', '', ''),
(306, 'el', 'iPhone 12 [CLONE] [CLONE] [CLONE] [CLONE]', '', '', '<p>iPhone 12. Tela Super Retina XDR brilhante de 6,1 polegadas. Ceramic Shield, que é quatro vezes mais resistente a quedas. Fotos surpreendentes em pouca luz com o modo Noite em todas as câmeras. Reprodução, edição e gravação de vídeo...</p>', '', '', 'cellphone,iphone,12', '', '', ''),
(306, 'en', 'iPhone 12 [CLONE] [CLONE] [CLONE] [CLONE]', '', '', '<p>iPhone 12. Tela Super Retina XDR brilhante de 6,1 polegadas. Ceramic Shield, que é quatro vezes mais resistente a quedas. Fotos surpreendentes em pouca luz com o modo Noite em todas as câmeras. Reprodução, edição e gravação de vídeo...</p>', '', '', 'cellphone,iphone,12', '', '', ''),
(306, 'es', 'iPhone 12 [CLONE] [CLONE] [CLONE] [CLONE]', '', '', '<p>iPhone 12. Tela Super Retina XDR brilhante de 6,1 polegadas. Ceramic Shield, que é quatro vezes mais resistente a quedas. Fotos surpreendentes em pouca luz com o modo Noite em todas as câmeras. Reprodução, edição e gravação de vídeo...</p>', '', '', 'cellphone,iphone,12', '', '', ''),
(306, 'fr', 'iPhone 12 [CLONE] [CLONE] [CLONE] [CLONE]', '', '', '<p>iPhone 12. Tela Super Retina XDR brilhante de 6,1 polegadas. Ceramic Shield, que é quatro vezes mais resistente a quedas. Fotos surpreendentes em pouca luz com o modo Noite em todas as câmeras. Reprodução, edição e gravação de vídeo...</p>', '', '', 'cellphone,iphone,12', '', '', ''),
(306, 'it', 'iPhone 12 [CLONE] [CLONE] [CLONE] [CLONE]', '', '', '<p>iPhone 12. Tela Super Retina XDR brilhante de 6,1 polegadas. Ceramic Shield, que é quatro vezes mais resistente a quedas. Fotos surpreendentes em pouca luz com o modo Noite em todas as câmeras. Reprodução, edição e gravação de vídeo...</p>', '', '', 'cellphone,iphone,12', '', '', ''),
(306, 'nl', 'iPhone 12 [CLONE] [CLONE] [CLONE] [CLONE]', '', '', '<p>iPhone 12. Tela Super Retina XDR brilhante de 6,1 polegadas. Ceramic Shield, que é quatro vezes mais resistente a quedas. Fotos surpreendentes em pouca luz com o modo Noite em todas as câmeras. Reprodução, edição e gravação de vídeo...</p>', '', '', 'cellphone,iphone,12', '', '', ''),
(306, 'no', 'iPhone 12 [CLONE] [CLONE] [CLONE] [CLONE]', '', '', '<p>iPhone 12. Tela Super Retina XDR brilhante de 6,1 polegadas. Ceramic Shield, que é quatro vezes mais resistente a quedas. Fotos surpreendentes em pouca luz com o modo Noite em todas as câmeras. Reprodução, edição e gravação de vídeo...</p>', '', '', 'cellphone,iphone,12', '', '', ''),
(306, 'pt', 'iPhone 12 v4', '', '', '<p>iPhone 12. Tela Super Retina XDR brilhante de 6,1 polegadas. Ceramic Shield, que é quatro vezes mais resistente a quedas. Fotos surpreendentes em pouca luz com o modo Noite em todas as câmeras. Reprodução, edição e gravação de vídeo...</p>', '', '', 'cellphone,iphone,12', '', '', ''),
(306, 'ro', 'iPhone 12 [CLONE] [CLONE] [CLONE] [CLONE]', '', '', '<p>iPhone 12. Tela Super Retina XDR brilhante de 6,1 polegadas. Ceramic Shield, que é quatro vezes mais resistente a quedas. Fotos surpreendentes em pouca luz com o modo Noite em todas as câmeras. Reprodução, edição e gravação de vídeo...</p>', '', '', 'cellphone,iphone,12', '', '', ''),
(306, 'ru', 'iPhone 12 [CLONE] [CLONE] [CLONE] [CLONE]', '', '', '<p>iPhone 12. Tela Super Retina XDR brilhante de 6,1 polegadas. Ceramic Shield, que é quatro vezes mais resistente a quedas. Fotos surpreendentes em pouca luz com o modo Noite em todas as câmeras. Reprodução, edição e gravação de vídeo...</p>', '', '', 'cellphone,iphone,12', '', '', ''),
(307, 'da', 'Celular 01', '', '', '', '', '', '', '', '', ''),
(307, 'de', 'Celular 01', '', '', '', '', '', '', '', '', ''),
(307, 'el', 'Celular 01', '', '', '', '', '', '', '', '', ''),
(307, 'en', 'Celular 01', '', '', '', '', '', '', '', '', ''),
(307, 'es', 'Celular 01', '', '', '', '', '', '', '', '', ''),
(307, 'fr', 'Celular 01', '', '', '', '', '', '', '', '', ''),
(307, 'it', 'Celular 01', '', '', '', '', '', '', '', '', ''),
(307, 'nl', 'Celular 01', '', '', '', '', '', '', '', '', ''),
(307, 'no', 'Celular 01', '', '', '', '', '', '', '', '', ''),
(307, 'pt', 'Celular 01', '', '', '', '', '', '', '', '', ''),
(307, 'ro', 'Celular 01', '', '', '', '', '', '', '', '', ''),
(307, 'ru', 'Celular 01', '', '', '', '', '', '', '', '', ''),
(308, 'da', 'Celular 01', '', '', '', '', '', '', '', '', ''),
(308, 'de', 'Celular 01', '', '', '', '', '', '', '', '', ''),
(308, 'el', 'Celular 01', '', '', '', '', '', '', '', '', ''),
(308, 'en', 'Celular 01', '', '', '', '', '', '', '', '', ''),
(308, 'es', 'Celular 01', '', '', '', '', '', '', '', '', ''),
(308, 'fr', 'Celular 01', '', '', '', '', '', '', '', '', ''),
(308, 'it', 'Celular 01', '', '', '', '', '', '', '', '', ''),
(308, 'nl', 'Celular 01', '', '', '', '', '', '', '', '', ''),
(308, 'no', 'Celular 01', '', '', '', '', '', '', '', '', ''),
(308, 'pt', 'Celular 01', '', '', '', '', '', '', '', '', ''),
(308, 'ro', 'Celular 01', '', '', '', '', '', '', '', '', ''),
(308, 'ru', 'Celular 01', '', '', '', '', '', '', '', '', '');

-- --------------------------------------------------------

--
-- Table structure for table `partiushop_product_features`
--

CREATE TABLE `partiushop_product_features` (
  `feature_id` mediumint(8) UNSIGNED NOT NULL,
  `feature_code` varchar(32) NOT NULL DEFAULT '',
  `company_id` int(11) UNSIGNED NOT NULL DEFAULT 0,
  `purpose` varchar(32) NOT NULL DEFAULT '',
  `feature_style` varchar(32) NOT NULL DEFAULT '',
  `filter_style` varchar(32) NOT NULL DEFAULT '',
  `feature_type` char(1) NOT NULL DEFAULT 'T',
  `categories_path` text DEFAULT NULL,
  `parent_id` mediumint(8) UNSIGNED NOT NULL DEFAULT 0,
  `display_on_product` char(1) NOT NULL DEFAULT 'Y',
  `display_on_catalog` char(1) NOT NULL DEFAULT 'Y',
  `display_on_header` char(1) NOT NULL DEFAULT 'N',
  `status` char(1) NOT NULL DEFAULT 'A',
  `position` smallint(5) UNSIGNED NOT NULL DEFAULT 0,
  `comparison` char(1) NOT NULL DEFAULT 'N',
  `timestamp` int(11) UNSIGNED NOT NULL DEFAULT 0,
  `updated_timestamp` int(11) UNSIGNED NOT NULL DEFAULT 0
) ENGINE=InnoDB DEFAULT CHARSET=utf8;

--
-- Dumping data for table `partiushop_product_features`
--

INSERT INTO `partiushop_product_features` (`feature_id`, `feature_code`, `company_id`, `purpose`, `feature_style`, `filter_style`, `feature_type`, `categories_path`, `parent_id`, `display_on_product`, `display_on_catalog`, `display_on_header`, `status`, `position`, `comparison`, `timestamp`, `updated_timestamp`) VALUES
(14, '', 0, '', '', '', 'G', '', 0, 'Y', 'Y', 'N', 'A', 0, 'N', 1629142358, 0),
(15, '', 0, 'find_products', 'text', 'checkbox', 'S', '', 14, 'Y', 'Y', 'N', 'A', 10, 'N', 1629142358, 0),
(16, '', 0, 'find_products', 'text', 'checkbox', 'S', '', 14, 'Y', 'Y', 'N', 'A', 20, 'N', 1629142358, 0),
(17, '', 0, 'find_products', 'text', 'checkbox', 'S', '', 14, 'Y', 'Y', 'N', 'A', 30, 'N', 1629142358, 0),
(18, '', 0, 'organize_catalog', 'brand', 'checkbox', 'E', '', 0, 'N', 'N', 'Y', 'A', 0, 'N', 1629142358, 0),
(550, '', 0, 'group_catalog_item', 'dropdown', 'checkbox', 'S', '', 14, 'Y', 'Y', 'Y', 'A', 0, 'N', 1629142358, 0);

-- --------------------------------------------------------

--
-- Table structure for table `partiushop_product_features_descriptions`
--

CREATE TABLE `partiushop_product_features_descriptions` (
  `feature_id` mediumint(8) UNSIGNED NOT NULL DEFAULT 0,
  `description` varchar(255) NOT NULL DEFAULT '',
  `full_description` mediumtext DEFAULT NULL,
  `prefix` varchar(128) NOT NULL DEFAULT '',
  `suffix` varchar(128) NOT NULL DEFAULT '',
  `lang_code` char(2) NOT NULL DEFAULT '',
  `internal_name` varchar(255) NOT NULL DEFAULT ''
) ENGINE=InnoDB DEFAULT CHARSET=utf8;

--
-- Dumping data for table `partiushop_product_features_descriptions`
--

INSERT INTO `partiushop_product_features_descriptions` (`feature_id`, `description`, `full_description`, `prefix`, `suffix`, `lang_code`, `internal_name`) VALUES
(14, 'Electronics', '', '', '', 'da', 'Electronics'),
(14, 'Electronics', '', '', '', 'de', 'Electronics'),
(14, 'Electronics', '', '', '', 'el', 'Electronics'),
(14, 'Electronics', '', '', '', 'en', 'Electronics'),
(14, 'Electronics', '', '', '', 'es', 'Electronics'),
(14, 'Electronics', '', '', '', 'fr', 'Electronics'),
(14, 'Electronics', '', '', '', 'it', 'Electronics'),
(14, 'Electronics', '', '', '', 'nl', 'Electronics'),
(14, 'Electronics', '', '', '', 'no', 'Electronics'),
(14, 'Eletrônica', '', '', '', 'pt', 'Eletrônica'),
(14, 'Electronics', '', '', '', 'ro', 'Electronics'),
(14, 'Electronics', '', '', '', 'ru', 'Electronics'),
(15, 'Operating System', '', '', '', 'da', 'Operating System'),
(15, 'Operating System', '', '', '', 'de', 'Operating System'),
(15, 'Operating System', '', '', '', 'el', 'Operating System'),
(15, 'Operating System', '', '', '', 'en', 'Operating System'),
(15, 'Operating System', '', '', '', 'es', 'Operating System'),
(15, 'Operating System', '', '', '', 'fr', 'Operating System'),
(15, 'Operating System', '', '', '', 'it', 'Operating System'),
(15, 'Operating System', '', '', '', 'nl', 'Operating System'),
(15, 'Operating System', '', '', '', 'no', 'Operating System'),
(15, 'Sistema Operativo', '', '', '', 'pt', 'Sistema Operativo'),
(15, 'Operating System', '', '', '', 'ro', 'Operating System'),
(15, 'Operating System', '', '', '', 'ru', 'Operating System'),
(16, 'Display', '', '', '', 'da', 'Display'),
(16, 'Display', '', '', '', 'de', 'Display'),
(16, 'Display', '', '', '', 'el', 'Display'),
(16, 'Display', '', '', '', 'en', 'Display'),
(16, 'Display', '', '', '', 'es', 'Display'),
(16, 'Display', '', '', '', 'fr', 'Display'),
(16, 'Display', '', '', '', 'it', 'Display'),
(16, 'Display', '', '', '', 'nl', 'Display'),
(16, 'Display', '', '', '', 'no', 'Display'),
(16, 'Display', '', '', '', 'pt', 'Display'),
(16, 'Display', '', '', '', 'ro', 'Display'),
(16, 'Display', '', '', '', 'ru', 'Display'),
(17, 'Storage Capacity', '', '', '', 'da', 'Storage Capacity'),
(17, 'Storage Capacity', '', '', '', 'de', 'Storage Capacity'),
(17, 'Storage Capacity', '', '', '', 'el', 'Storage Capacity'),
(17, 'Storage Capacity', '', '', '', 'en', 'Storage Capacity'),
(17, 'Storage Capacity', '', '', '', 'es', 'Storage Capacity'),
(17, 'Storage Capacity', '', '', '', 'fr', 'Storage Capacity'),
(17, 'Storage Capacity', '', '', '', 'it', 'Storage Capacity'),
(17, 'Storage Capacity', '', '', '', 'nl', 'Storage Capacity'),
(17, 'Storage Capacity', '', '', '', 'no', 'Storage Capacity'),
(17, 'Capacidade Armazenagem', '', '', '', 'pt', 'Capacidade Armazenagem'),
(17, 'Storage Capacity', '', '', '', 'ro', 'Storage Capacity'),
(17, 'Storage Capacity', '', '', '', 'ru', 'Storage Capacity'),
(18, 'Brand', '', '', '', 'da', 'Brand'),
(18, 'Brand', '', '', '', 'de', 'Brand'),
(18, 'Brand', '', '', '', 'el', 'Brand'),
(18, 'Brand', '', '', '', 'en', 'Brand'),
(18, 'Brand', '', '', '', 'es', 'Brand'),
(18, 'Brand', '', '', '', 'fr', 'Brand'),
(18, 'Brand', '', '', '', 'it', 'Brand'),
(18, 'Brand', '', '', '', 'nl', 'Brand'),
(18, 'Brand', '', '', '', 'no', 'Brand'),
(18, 'Marca', '', '', '', 'pt', 'Marca'),
(18, 'Brand', '', '', '', 'ro', 'Brand'),
(18, 'Brand', '', '', '', 'ru', 'Brand'),
(550, 'Condição', '', '', '', 'da', 'Condição'),
(550, 'Condição', '', '', '', 'de', 'Condição'),
(550, 'Condição', '', '', '', 'el', 'Condição'),
(550, 'Condição', '', '', '', 'en', 'Condição'),
(550, 'Condição', '', '', '', 'es', 'Condição'),
(550, 'Condição', '', '', '', 'fr', 'Condição'),
(550, 'Condição', '', '', '', 'it', 'Condição'),
(550, 'Condição', '', '', '', 'nl', 'Condição'),
(550, 'Condição', '', '', '', 'no', 'Condição'),
(550, 'Condição', '', '', '', 'pt', 'Condição'),
(550, 'Condição', '', '', '', 'ro', 'Condição'),
(550, 'Condição', '', '', '', 'ru', 'Condição');

-- --------------------------------------------------------

--
-- Table structure for table `partiushop_product_features_values`
--

CREATE TABLE `partiushop_product_features_values` (
  `feature_id` mediumint(8) UNSIGNED NOT NULL DEFAULT 0,
  `product_id` mediumint(8) UNSIGNED NOT NULL DEFAULT 0,
  `variant_id` mediumint(8) UNSIGNED NOT NULL DEFAULT 0,
  `value` varchar(255) NOT NULL DEFAULT '',
  `value_int` double(12,2) DEFAULT NULL,
  `lang_code` char(2) NOT NULL DEFAULT ''
) ENGINE=InnoDB DEFAULT CHARSET=utf8;

-- --------------------------------------------------------

--
-- Table structure for table `partiushop_product_feature_variants`
--

CREATE TABLE `partiushop_product_feature_variants` (
  `variant_id` mediumint(8) UNSIGNED NOT NULL,
  `feature_id` mediumint(8) UNSIGNED NOT NULL DEFAULT 0,
  `url` varchar(255) NOT NULL DEFAULT '',
  `color` varchar(128) DEFAULT NULL,
  `position` smallint(5) UNSIGNED NOT NULL DEFAULT 0
) ENGINE=InnoDB DEFAULT CHARSET=utf8;

--
-- Dumping data for table `partiushop_product_feature_variants`
--

INSERT INTO `partiushop_product_feature_variants` (`variant_id`, `feature_id`, `url`, `color`, `position`) VALUES
(39, 15, '', NULL, 40),
(41, 16, '', NULL, 0),
(44, 16, '', NULL, 0),
(45, 17, '', '', 0),
(46, 15, '', '', 0),
(47, 17, '', '', 0),
(48, 17, '', '', 0),
(49, 15, '', '', 0),
(50, 17, '', '', 0),
(51, 16, '', NULL, 0),
(52, 15, '', '', 0),
(53, 16, '', NULL, 0),
(54, 17, '', '', 0),
(55, 15, '', '', 0),
(56, 16, '', NULL, 0),
(58, 15, '', '', 0),
(59, 16, '', NULL, 0),
(60, 17, '', NULL, 0),
(61, 16, '', NULL, 0),
(62, 17, '', NULL, 0),
(63, 16, '', NULL, 0),
(64, 17, '', '', 0),
(65, 16, '', NULL, 0),
(66, 15, '', '', 0),
(67, 16, '', NULL, 0),
(68, 16, '', NULL, 0),
(69, 15, '', NULL, 0),
(70, 16, '', NULL, 0),
(71, 16, '', NULL, 0),
(72, 17, '', NULL, 0),
(73, 15, '', '', 0),
(74, 16, '', NULL, 0),
(75, 17, '', '', 0),
(76, 15, '', '', 0),
(77, 16, '', NULL, 0),
(78, 15, '', '', 0),
(79, 17, '', '', 0),
(80, 16, '', NULL, 0),
(81, 17, '', '', 0),
(82, 17, '', '', 0),
(83, 16, '', NULL, 0),
(84, 15, '', '', 0),
(86, 18, '', '', 0),
(87, 18, '', NULL, 0),
(88, 18, '', '', 0),
(89, 18, '', NULL, 0),
(90, 18, '', NULL, 0),
(91, 18, '', '', 0),
(92, 18, '', '', 0),
(93, 18, '', NULL, 0),
(94, 18, '', NULL, 0),
(95, 18, '', NULL, 0),
(96, 18, '', NULL, 0),
(97, 18, '', NULL, 0),
(98, 18, '', NULL, 0),
(99, 18, '', NULL, 0),
(100, 18, '', NULL, 0),
(101, 18, '', NULL, 0),
(102, 18, '', NULL, 0),
(103, 18, '', NULL, 0),
(104, 18, '', NULL, 0),
(105, 18, '', NULL, 0),
(106, 18, '', NULL, 0),
(107, 18, '', NULL, 0),
(108, 18, '', NULL, 0),
(109, 18, '', NULL, 0),
(110, 18, '', NULL, 0),
(111, 18, '', NULL, 0),
(112, 18, '', NULL, 0),
(113, 18, '', NULL, 0),
(114, 18, '', NULL, 0),
(115, 18, '', NULL, 0),
(116, 18, '', '', 0),
(117, 18, '', NULL, 0),
(118, 18, '', NULL, 0),
(119, 18, '', NULL, 0),
(120, 18, '', '', 0),
(121, 18, '', NULL, 0),
(122, 18, '', NULL, 0),
(123, 18, '', NULL, 0),
(124, 18, '', '', 0),
(125, 18, '', '', 0),
(126, 18, '', NULL, 0),
(127, 18, '', NULL, 0),
(128, 18, '', NULL, 0),
(129, 18, '', '', 0),
(130, 18, '', NULL, 0),
(131, 18, '', '', 0),
(132, 18, '', NULL, 0),
(133, 18, '', NULL, 0),
(134, 18, '', NULL, 0),
(135, 18, '', NULL, 0),
(136, 18, '', NULL, 0),
(177, 18, '', NULL, 0),
(190, 18, '', NULL, 0),
(191, 18, '', NULL, 0),
(192, 18, '', NULL, 0),
(1202, 550, '', '#ffffff', 1),
(1203, 550, '', '', 2),
(1204, 15, '', '#ffffff', 0);

-- --------------------------------------------------------

--
-- Table structure for table `partiushop_product_feature_variant_descriptions`
--

CREATE TABLE `partiushop_product_feature_variant_descriptions` (
  `variant_id` mediumint(8) UNSIGNED NOT NULL DEFAULT 0,
  `variant` varchar(255) NOT NULL DEFAULT '',
  `description` mediumtext DEFAULT NULL,
  `page_title` varchar(255) NOT NULL DEFAULT '',
  `meta_keywords` varchar(255) NOT NULL DEFAULT '',
  `meta_description` varchar(255) NOT NULL DEFAULT '',
  `lang_code` char(2) NOT NULL DEFAULT ''
) ENGINE=InnoDB DEFAULT CHARSET=utf8;

--
-- Dumping data for table `partiushop_product_feature_variant_descriptions`
--

INSERT INTO `partiushop_product_feature_variant_descriptions` (`variant_id`, `variant`, `description`, `page_title`, `meta_keywords`, `meta_description`, `lang_code`) VALUES
(39, 'iOS 5', '', '', '', '', 'da'),
(39, 'iOS 5', '', '', '', '', 'de'),
(39, 'iOS 5', '', '', '', '', 'el'),
(39, 'iOS 5', '', '', '', '', 'en'),
(39, 'iOS 5', '', '', '', '', 'es'),
(39, 'iOS 5', '', '', '', '', 'fr'),
(39, 'iOS 5', '', '', '', '', 'it'),
(39, 'iOS 5', '', '', '', '', 'nl'),
(39, 'iOS 5', '', '', '', '', 'no'),
(39, 'iOS 5', '', '', '', '', 'pt'),
(39, 'iOS 5', '', '', '', '', 'ro'),
(39, 'iOS 5', '', '', '', '', 'ru'),
(41, '27\"', '', '', '', '', 'da'),
(41, '27\"', '', '', '', '', 'de'),
(41, '27\"', '', '', '', '', 'el'),
(41, '27\"', '', '', '', '', 'en'),
(41, '27\"', '', '', '', '', 'es'),
(41, '27\"', '', '', '', '', 'fr'),
(41, '27\"', '', '', '', '', 'it'),
(41, '27\"', '', '', '', '', 'nl'),
(41, '27\"', '', '', '', '', 'no'),
(41, '27\"', '', '', '', '', 'pt'),
(41, '27\"', '', '', '', '', 'ro'),
(41, '27\"', '', '', '', '', 'ru'),
(44, '9.7\"', '', '', '', '', 'da'),
(44, '9.7\"', '', '', '', '', 'de'),
(44, '9.7\"', '', '', '', '', 'el'),
(44, '9.7\"', '', '', '', '', 'en'),
(44, '9.7\"', '', '', '', '', 'es'),
(44, '9.7\"', '', '', '', '', 'fr'),
(44, '9.7\"', '', '', '', '', 'it'),
(44, '9.7\"', '', '', '', '', 'nl'),
(44, '9.7\"', '', '', '', '', 'no'),
(44, '9.7\"', '', '', '', '', 'pt'),
(44, '9.7\"', '', '', '', '', 'ro'),
(44, '9.7\"', '', '', '', '', 'ru'),
(45, '16GB', '', '', '', '', 'da'),
(45, '16GB', '', '', '', '', 'de'),
(45, '16GB', '', '', '', '', 'el'),
(45, '16GB', '', '', '', '', 'en'),
(45, '16GB', '', '', '', '', 'es'),
(45, '16GB', '', '', '', '', 'fr'),
(45, '16GB', '', '', '', '', 'it'),
(45, '16GB', '', '', '', '', 'nl'),
(45, '16GB', '', '', '', '', 'no'),
(45, '16GB', '', '', '', '', 'pt'),
(45, '16GB', '', '', '', '', 'ro'),
(45, '16GB', '', '', '', '', 'ru'),
(46, 'Windows 7 Home Premium', '', '', '', '', 'da'),
(46, 'Windows 7 Home Premium', '', '', '', '', 'de'),
(46, 'Windows 7 Home Premium', '', '', '', '', 'el'),
(46, 'Windows 7 Home Premium', '', '', '', '', 'en'),
(46, 'Windows 7 Home Premium', '', '', '', '', 'es'),
(46, 'Windows 7 Home Premium', '', '', '', '', 'fr'),
(46, 'Windows 7 Home Premium', '', '', '', '', 'it'),
(46, 'Windows 7 Home Premium', '', '', '', '', 'nl'),
(46, 'Windows 7 Home Premium', '', '', '', '', 'no'),
(46, 'Windows 7 Home Premium', '', '', '', '', 'pt'),
(46, 'Windows 7 Home Premium', '', '', '', '', 'ro'),
(46, 'Windows 7 Home Premium', '', '', '', '', 'ru'),
(47, '1TB', '', '', '', '', 'da'),
(47, '1TB', '', '', '', '', 'de'),
(47, '1TB', '', '', '', '', 'el'),
(47, '1TB', '', '', '', '', 'en'),
(47, '1TB', '', '', '', '', 'es'),
(47, '1TB', '', '', '', '', 'fr'),
(47, '1TB', '', '', '', '', 'it'),
(47, '1TB', '', '', '', '', 'nl'),
(47, '1TB', '', '', '', '', 'no'),
(47, '1TB', '', '', '', '', 'pt'),
(47, '1TB', '', '', '', '', 'ro'),
(47, '1TB', '', '', '', '', 'ru'),
(48, '500GB', '', '', '', '', 'da'),
(48, '500GB', '', '', '', '', 'de'),
(48, '500GB', '', '', '', '', 'el'),
(48, '500GB', '', '', '', '', 'en'),
(48, '500GB', '', '', '', '', 'es'),
(48, '500GB', '', '', '', '', 'fr'),
(48, '500GB', '', '', '', '', 'it'),
(48, '500GB', '', '', '', '', 'nl'),
(48, '500GB', '', '', '', '', 'no'),
(48, '500GB', '', '', '', '', 'pt'),
(48, '500GB', '', '', '', '', 'ro'),
(48, '500GB', '', '', '', '', 'ru'),
(49, 'Windows 7 Home Basic', '', '', '', '', 'da'),
(49, 'Windows 7 Home Basic', '', '', '', '', 'de'),
(49, 'Windows 7 Home Basic', '', '', '', '', 'el'),
(49, 'Windows 7 Home Basic', '', '', '', '', 'en'),
(49, 'Windows 7 Home Basic', '', '', '', '', 'es'),
(49, 'Windows 7 Home Basic', '', '', '', '', 'fr'),
(49, 'Windows 7 Home Basic', '', '', '', '', 'it'),
(49, 'Windows 7 Home Basic', '', '', '', '', 'nl'),
(49, 'Windows 7 Home Basic', '', '', '', '', 'no'),
(49, 'Windows 7 Home Basic', '', '', '', '', 'pt'),
(49, 'Windows 7 Home Basic', '', '', '', '', 'ro'),
(49, 'Windows 7 Home Basic', '', '', '', '', 'ru'),
(50, '320GB', '', '', '', '', 'da'),
(50, '320GB', '', '', '', '', 'de'),
(50, '320GB', '', '', '', '', 'el'),
(50, '320GB', '', '', '', '', 'en'),
(50, '320GB', '', '', '', '', 'es'),
(50, '320GB', '', '', '', '', 'fr'),
(50, '320GB', '', '', '', '', 'it'),
(50, '320GB', '', '', '', '', 'nl'),
(50, '320GB', '', '', '', '', 'no'),
(50, '320GB', '', '', '', '', 'pt'),
(50, '320GB', '', '', '', '', 'ro'),
(50, '320GB', '', '', '', '', 'ru'),
(51, '23\"', '', '', '', '', 'da'),
(51, '23\"', '', '', '', '', 'de'),
(51, '23\"', '', '', '', '', 'el'),
(51, '23\"', '', '', '', '', 'en'),
(51, '23\"', '', '', '', '', 'es'),
(51, '23\"', '', '', '', '', 'fr'),
(51, '23\"', '', '', '', '', 'it'),
(51, '23\"', '', '', '', '', 'nl'),
(51, '23\"', '', '', '', '', 'no'),
(51, '23\"', '', '', '', '', 'pt'),
(51, '23\"', '', '', '', '', 'ro'),
(51, '23\"', '', '', '', '', 'ru'),
(52, 'Android 3.1, Honeycomb', '', '', '', '', 'da'),
(52, 'Android 3.1, Honeycomb', '', '', '', '', 'de'),
(52, 'Android 3.1, Honeycomb', '', '', '', '', 'el'),
(52, 'Android 3.1, Honeycomb', '', '', '', '', 'en'),
(52, 'Android 3.1, Honeycomb', '', '', '', '', 'es'),
(52, 'Android 3.1, Honeycomb', '', '', '', '', 'fr'),
(52, 'Android 3.1, Honeycomb', '', '', '', '', 'it'),
(52, 'Android 3.1, Honeycomb', '', '', '', '', 'nl'),
(52, 'Android 3.1, Honeycomb', '', '', '', '', 'no'),
(52, 'Android 3.1, Honeycomb', '', '', '', '', 'pt'),
(52, 'Android 3.1, Honeycomb', '', '', '', '', 'ro'),
(52, 'Android 3.1, Honeycomb', '', '', '', '', 'ru'),
(53, '8.9\"', '', '', '', '', 'da'),
(53, '8.9\"', '', '', '', '', 'de'),
(53, '8.9\"', '', '', '', '', 'el'),
(53, '8.9\"', '', '', '', '', 'en'),
(53, '8.9\"', '', '', '', '', 'es'),
(53, '8.9\"', '', '', '', '', 'fr'),
(53, '8.9\"', '', '', '', '', 'it'),
(53, '8.9\"', '', '', '', '', 'nl'),
(53, '8.9\"', '', '', '', '', 'no'),
(53, '8.9\"', '', '', '', '', 'pt'),
(53, '8.9\"', '', '', '', '', 'ro'),
(53, '8.9\"', '', '', '', '', 'ru'),
(54, '32GB', '', '', '', '', 'da'),
(54, '32GB', '', '', '', '', 'de'),
(54, '32GB', '', '', '', '', 'el'),
(54, '32GB', '', '', '', '', 'en'),
(54, '32GB', '', '', '', '', 'es'),
(54, '32GB', '', '', '', '', 'fr'),
(54, '32GB', '', '', '', '', 'it'),
(54, '32GB', '', '', '', '', 'nl'),
(54, '32GB', '', '', '', '', 'no'),
(54, '32GB', '', '', '', '', 'pt'),
(54, '32GB', '', '', '', '', 'ro'),
(54, '32GB', '', '', '', '', 'ru'),
(55, 'Android 2.2, Froyo', '', '', '', '', 'da'),
(55, 'Android 2.2, Froyo', '', '', '', '', 'de'),
(55, 'Android 2.2, Froyo', '', '', '', '', 'el'),
(55, 'Android 2.2, Froyo', '', '', '', '', 'en'),
(55, 'Android 2.2, Froyo', '', '', '', '', 'es'),
(55, 'Android 2.2, Froyo', '', '', '', '', 'fr'),
(55, 'Android 2.2, Froyo', '', '', '', '', 'it'),
(55, 'Android 2.2, Froyo', '', '', '', '', 'nl'),
(55, 'Android 2.2, Froyo', '', '', '', '', 'no'),
(55, 'Android 2.2, Froyo', '', '', '', '', 'pt'),
(55, 'Android 2.2, Froyo', '', '', '', '', 'ro'),
(55, 'Android 2.2, Froyo', '', '', '', '', 'ru'),
(56, '7.0\"', '', '', '', '', 'da'),
(56, '7.0\"', '', '', '', '', 'de'),
(56, '7.0\"', '', '', '', '', 'el'),
(56, '7.0\"', '', '', '', '', 'en'),
(56, '7.0\"', '', '', '', '', 'es'),
(56, '7.0\"', '', '', '', '', 'fr'),
(56, '7.0\"', '', '', '', '', 'it'),
(56, '7.0\"', '', '', '', '', 'nl'),
(56, '7.0\"', '', '', '', '', 'no'),
(56, '7.0\"', '', '', '', '', 'pt'),
(56, '7.0\"', '', '', '', '', 'ro'),
(56, '7.0\"', '', '', '', '', 'ru'),
(58, 'Android 3.2, Honeycomb', '', '', '', '', 'da'),
(58, 'Android 3.2, Honeycomb', '', '', '', '', 'de'),
(58, 'Android 3.2, Honeycomb', '', '', '', '', 'el'),
(58, 'Android 3.2, Honeycomb', '', '', '', '', 'en'),
(58, 'Android 3.2, Honeycomb', '', '', '', '', 'es'),
(58, 'Android 3.2, Honeycomb', '', '', '', '', 'fr'),
(58, 'Android 3.2, Honeycomb', '', '', '', '', 'it'),
(58, 'Android 3.2, Honeycomb', '', '', '', '', 'nl'),
(58, 'Android 3.2, Honeycomb', '', '', '', '', 'no'),
(58, 'Android 3.2, Honeycomb', '', '', '', '', 'pt'),
(58, 'Android 3.2, Honeycomb', '', '', '', '', 'ro'),
(58, 'Android 3.2, Honeycomb', '', '', '', '', 'ru'),
(59, '15.6\"', '', '', '', '', 'da'),
(59, '15.6\"', '', '', '', '', 'de'),
(59, '15.6\"', '', '', '', '', 'el'),
(59, '15.6\"', '', '', '', '', 'en'),
(59, '15.6\"', '', '', '', '', 'es'),
(59, '15.6\"', '', '', '', '', 'fr'),
(59, '15.6\"', '', '', '', '', 'it'),
(59, '15.6\"', '', '', '', '', 'nl'),
(59, '15.6\"', '', '', '', '', 'no'),
(59, '15.6\"', '', '', '', '', 'pt'),
(59, '15.6\"', '', '', '', '', 'ro'),
(59, '15.6\"', '', '', '', '', 'ru'),
(60, '640GB', '', '', '', '', 'da'),
(60, '640GB', '', '', '', '', 'de'),
(60, '640GB', '', '', '', '', 'el'),
(60, '640GB', '', '', '', '', 'en'),
(60, '640GB', '', '', '', '', 'es'),
(60, '640GB', '', '', '', '', 'fr'),
(60, '640GB', '', '', '', '', 'it'),
(60, '640GB', '', '', '', '', 'nl'),
(60, '640GB', '', '', '', '', 'no'),
(60, '640GB', '', '', '', '', 'pt'),
(60, '640GB', '', '', '', '', 'ro'),
(60, '640GB', '', '', '', '', 'ru'),
(61, '14.0\"', '', '', '', '', 'da'),
(61, '14.0\"', '', '', '', '', 'de'),
(61, '14.0\"', '', '', '', '', 'el'),
(61, '14.0\"', '', '', '', '', 'en'),
(61, '14.0\"', '', '', '', '', 'es'),
(61, '14.0\"', '', '', '', '', 'fr'),
(61, '14.0\"', '', '', '', '', 'it'),
(61, '14.0\"', '', '', '', '', 'nl'),
(61, '14.0\"', '', '', '', '', 'no'),
(61, '14.0\"', '', '', '', '', 'pt'),
(61, '14.0\"', '', '', '', '', 'ro'),
(61, '14.0\"', '', '', '', '', 'ru'),
(62, '750GB', '', '', '', '', 'da'),
(62, '750GB', '', '', '', '', 'de'),
(62, '750GB', '', '', '', '', 'el'),
(62, '750GB', '', '', '', '', 'en'),
(62, '750GB', '', '', '', '', 'es'),
(62, '750GB', '', '', '', '', 'fr'),
(62, '750GB', '', '', '', '', 'it'),
(62, '750GB', '', '', '', '', 'nl'),
(62, '750GB', '', '', '', '', 'no'),
(62, '750GB', '', '', '', '', 'pt'),
(62, '750GB', '', '', '', '', 'ro'),
(62, '750GB', '', '', '', '', 'ru'),
(63, '13.3\"', '', '', '', '', 'da'),
(63, '13.3\"', '', '', '', '', 'de'),
(63, '13.3\"', '', '', '', '', 'el'),
(63, '13.3\"', '', '', '', '', 'en'),
(63, '13.3\"', '', '', '', '', 'es'),
(63, '13.3\"', '', '', '', '', 'fr'),
(63, '13.3\"', '', '', '', '', 'it'),
(63, '13.3\"', '', '', '', '', 'nl'),
(63, '13.3\"', '', '', '', '', 'no'),
(63, '13.3\"', '', '', '', '', 'pt'),
(63, '13.3\"', '', '', '', '', 'ro'),
(63, '13.3\"', '', '', '', '', 'ru'),
(64, '256GB', '', '', '', '', 'da'),
(64, '256GB', '', '', '', '', 'de'),
(64, '256GB', '', '', '', '', 'el'),
(64, '256GB', '', '', '', '', 'en'),
(64, '256GB', '', '', '', '', 'es'),
(64, '256GB', '', '', '', '', 'fr'),
(64, '256GB', '', '', '', '', 'it'),
(64, '256GB', '', '', '', '', 'nl'),
(64, '256GB', '', '', '', '', 'no'),
(64, '256GB', '', '', '', '', 'pt'),
(64, '256GB', '', '', '', '', 'ro'),
(64, '256GB', '', '', '', '', 'ru'),
(65, '3.5\"', '', '', '', '', 'da'),
(65, '3.5\"', '', '', '', '', 'de'),
(65, '3.5\"', '', '', '', '', 'el'),
(65, '3.5\"', '', '', '', '', 'en'),
(65, '3.5\"', '', '', '', '', 'es'),
(65, '3.5\"', '', '', '', '', 'fr'),
(65, '3.5\"', '', '', '', '', 'it'),
(65, '3.5\"', '', '', '', '', 'nl'),
(65, '3.5\"', '', '', '', '', 'no'),
(65, '3.5\"', '', '', '', '', 'pt'),
(65, '3.5\"', '', '', '', '', 'ro'),
(65, '3.5\"', '', '', '', '', 'ru'),
(66, 'Android 2.3, Gingerbread', '', '', '', '', 'da'),
(66, 'Android 2.3, Gingerbread', '', '', '', '', 'de'),
(66, 'Android 2.3, Gingerbread', '', '', '', '', 'el'),
(66, 'Android 2.3, Gingerbread', '', '', '', '', 'en'),
(66, 'Android 2.3, Gingerbread', '', '', '', '', 'es'),
(66, 'Android 2.3, Gingerbread', '', '', '', '', 'fr'),
(66, 'Android 2.3, Gingerbread', '', '', '', '', 'it'),
(66, 'Android 2.3, Gingerbread', '', '', '', '', 'nl'),
(66, 'Android 2.3, Gingerbread', '', '', '', '', 'no'),
(66, 'Android 2.3, Gingerbread', '', '', '', '', 'pt'),
(66, 'Android 2.3, Gingerbread', '', '', '', '', 'ro'),
(66, 'Android 2.3, Gingerbread', '', '', '', '', 'ru'),
(67, '4.0\"', '', '', '', '', 'da'),
(67, '4.0\"', '', '', '', '', 'de'),
(67, '4.0\"', '', '', '', '', 'el'),
(67, '4.0\"', '', '', '', '', 'en'),
(67, '4.0\"', '', '', '', '', 'es'),
(67, '4.0\"', '', '', '', '', 'fr'),
(67, '4.0\"', '', '', '', '', 'it'),
(67, '4.0\"', '', '', '', '', 'nl'),
(67, '4.0\"', '', '', '', '', 'no'),
(67, '4.0\"', '', '', '', '', 'pt'),
(67, '4.0\"', '', '', '', '', 'ro'),
(67, '4.0\"', '', '', '', '', 'ru'),
(68, '4.3\"', '', '', '', '', 'da'),
(68, '4.3\"', '', '', '', '', 'de'),
(68, '4.3\"', '', '', '', '', 'el'),
(68, '4.3\"', '', '', '', '', 'en'),
(68, '4.3\"', '', '', '', '', 'es'),
(68, '4.3\"', '', '', '', '', 'fr'),
(68, '4.3\"', '', '', '', '', 'it'),
(68, '4.3\"', '', '', '', '', 'nl'),
(68, '4.3\"', '', '', '', '', 'no'),
(68, '4.3\"', '', '', '', '', 'pt'),
(68, '4.3\"', '', '', '', '', 'ro'),
(68, '4.3\"', '', '', '', '', 'ru'),
(69, 'Windows Phone 7.5, Mango', '', '', '', '', 'da'),
(69, 'Windows Phone 7.5, Mango', '', '', '', '', 'de'),
(69, 'Windows Phone 7.5, Mango', '', '', '', '', 'el'),
(69, 'Windows Phone 7.5, Mango', '', '', '', '', 'en'),
(69, 'Windows Phone 7.5, Mango', '', '', '', '', 'es'),
(69, 'Windows Phone 7.5, Mango', '', '', '', '', 'fr'),
(69, 'Windows Phone 7.5, Mango', '', '', '', '', 'it'),
(69, 'Windows Phone 7.5, Mango', '', '', '', '', 'nl'),
(69, 'Windows Phone 7.5, Mango', '', '', '', '', 'no'),
(69, 'Windows Phone 7.5, Mango', '', '', '', '', 'pt'),
(69, 'Windows Phone 7.5, Mango', '', '', '', '', 'ro'),
(69, 'Windows Phone 7.5, Mango', '', '', '', '', 'ru'),
(70, '4.7\"', '', '', '', '', 'da'),
(70, '4.7\"', '', '', '', '', 'de'),
(70, '4.7\"', '', '', '', '', 'el'),
(70, '4.7\"', '', '', '', '', 'en'),
(70, '4.7\"', '', '', '', '', 'es'),
(70, '4.7\"', '', '', '', '', 'fr'),
(70, '4.7\"', '', '', '', '', 'it'),
(70, '4.7\"', '', '', '', '', 'nl'),
(70, '4.7\"', '', '', '', '', 'no'),
(70, '4.7\"', '', '', '', '', 'pt'),
(70, '4.7\"', '', '', '', '', 'ro'),
(70, '4.7\"', '', '', '', '', 'ru'),
(71, '3.7\"', '', '', '', '', 'da'),
(71, '3.7\"', '', '', '', '', 'de'),
(71, '3.7\"', '', '', '', '', 'el'),
(71, '3.7\"', '', '', '', '', 'en'),
(71, '3.7\"', '', '', '', '', 'es'),
(71, '3.7\"', '', '', '', '', 'fr'),
(71, '3.7\"', '', '', '', '', 'it'),
(71, '3.7\"', '', '', '', '', 'nl'),
(71, '3.7\"', '', '', '', '', 'no'),
(71, '3.7\"', '', '', '', '', 'pt'),
(71, '3.7\"', '', '', '', '', 'ro'),
(71, '3.7\"', '', '', '', '', 'ru'),
(72, '8GB', '', '', '', '', 'da'),
(72, '8GB', '', '', '', '', 'de'),
(72, '8GB', '', '', '', '', 'el'),
(72, '8GB', '', '', '', '', 'en'),
(72, '8GB', '', '', '', '', 'es'),
(72, '8GB', '', '', '', '', 'fr'),
(72, '8GB', '', '', '', '', 'it'),
(72, '8GB', '', '', '', '', 'nl'),
(72, '8GB', '', '', '', '', 'no'),
(72, '8GB', '', '', '', '', 'pt'),
(72, '8GB', '', '', '', '', 'ro'),
(72, '8GB', '', '', '', '', 'ru'),
(73, 'Android 4.0, Ice Cream Sandwich', '', '', '', '', 'da'),
(73, 'Android 4.0, Ice Cream Sandwich', '', '', '', '', 'de'),
(73, 'Android 4.0, Ice Cream Sandwich', '', '', '', '', 'el'),
(73, 'Android 4.0, Ice Cream Sandwich', '', '', '', '', 'en'),
(73, 'Android 4.0, Ice Cream Sandwich', '', '', '', '', 'es'),
(73, 'Android 4.0, Ice Cream Sandwich', '', '', '', '', 'fr'),
(73, 'Android 4.0, Ice Cream Sandwich', '', '', '', '', 'it'),
(73, 'Android 4.0, Ice Cream Sandwich', '', '', '', '', 'nl'),
(73, 'Android 4.0, Ice Cream Sandwich', '', '', '', '', 'no'),
(73, 'Android 4.0, Ice Cream Sandwich', '', '', '', '', 'pt'),
(73, 'Android 4.0, Ice Cream Sandwich', '', '', '', '', 'ro'),
(73, 'Android 4.0, Ice Cream Sandwich', '', '', '', '', 'ru'),
(74, '4.5\"', '', '', '', '', 'da'),
(74, '4.5\"', '', '', '', '', 'de'),
(74, '4.5\"', '', '', '', '', 'el'),
(74, '4.5\"', '', '', '', '', 'en'),
(74, '4.5\"', '', '', '', '', 'es'),
(74, '4.5\"', '', '', '', '', 'fr'),
(74, '4.5\"', '', '', '', '', 'it'),
(74, '4.5\"', '', '', '', '', 'nl'),
(74, '4.5\"', '', '', '', '', 'no'),
(74, '4.5\"', '', '', '', '', 'pt'),
(74, '4.5\"', '', '', '', '', 'ro'),
(74, '4.5\"', '', '', '', '', 'ru'),
(75, '4GB', '', '', '', '', 'da'),
(75, '4GB', '', '', '', '', 'de'),
(75, '4GB', '', '', '', '', 'el'),
(75, '4GB', '', '', '', '', 'en'),
(75, '4GB', '', '', '', '', 'es'),
(75, '4GB', '', '', '', '', 'fr'),
(75, '4GB', '', '', '', '', 'it'),
(75, '4GB', '', '', '', '', 'nl'),
(75, '4GB', '', '', '', '', 'no'),
(75, '4GB', '', '', '', '', 'pt'),
(75, '4GB', '', '', '', '', 'ro'),
(75, '4GB', '', '', '', '', 'ru'),
(76, 'Nokia OS', '', '', '', '', 'da'),
(76, 'Nokia OS', '', '', '', '', 'de'),
(76, 'Nokia OS', '', '', '', '', 'el'),
(76, 'Nokia OS', '', '', '', '', 'en'),
(76, 'Nokia OS', '', '', '', '', 'es'),
(76, 'Nokia OS', '', '', '', '', 'fr'),
(76, 'Nokia OS', '', '', '', '', 'it'),
(76, 'Nokia OS', '', '', '', '', 'nl'),
(76, 'Nokia OS', '', '', '', '', 'no'),
(76, 'Nokia OS', '', '', '', '', 'pt'),
(76, 'Nokia OS', '', '', '', '', 'ro'),
(76, 'Nokia OS', '', '', '', '', 'ru'),
(77, '2.4\"', '', '', '', '', 'da'),
(77, '2.4\"', '', '', '', '', 'de'),
(77, '2.4\"', '', '', '', '', 'el'),
(77, '2.4\"', '', '', '', '', 'en'),
(77, '2.4\"', '', '', '', '', 'es'),
(77, '2.4\"', '', '', '', '', 'fr'),
(77, '2.4\"', '', '', '', '', 'it'),
(77, '2.4\"', '', '', '', '', 'nl'),
(77, '2.4\"', '', '', '', '', 'no'),
(77, '2.4\"', '', '', '', '', 'pt'),
(77, '2.4\"', '', '', '', '', 'ro'),
(77, '2.4\"', '', '', '', '', 'ru'),
(78, 'Symbian OS', '', '', '', '', 'da'),
(78, 'Symbian OS', '', '', '', '', 'de'),
(78, 'Symbian OS', '', '', '', '', 'el'),
(78, 'Symbian OS', '', '', '', '', 'en'),
(78, 'Symbian OS', '', '', '', '', 'es'),
(78, 'Symbian OS', '', '', '', '', 'fr'),
(78, 'Symbian OS', '', '', '', '', 'it'),
(78, 'Symbian OS', '', '', '', '', 'nl'),
(78, 'Symbian OS', '', '', '', '', 'no'),
(78, 'Symbian OS', '', '', '', '', 'pt'),
(78, 'Symbian OS', '', '', '', '', 'ro'),
(78, 'Symbian OS', '', '', '', '', 'ru'),
(79, '256MB', '', '', '', '', 'da'),
(79, '256MB', '', '', '', '', 'de'),
(79, '256MB', '', '', '', '', 'el'),
(79, '256MB', '', '', '', '', 'en'),
(79, '256MB', '', '', '', '', 'es'),
(79, '256MB', '', '', '', '', 'fr'),
(79, '256MB', '', '', '', '', 'it'),
(79, '256MB', '', '', '', '', 'nl'),
(79, '256MB', '', '', '', '', 'no'),
(79, '256MB', '', '', '', '', 'pt'),
(79, '256MB', '', '', '', '', 'ro'),
(79, '256MB', '', '', '', '', 'ru'),
(80, '3.2\"', '', '', '', '', 'da'),
(80, '3.2\"', '', '', '', '', 'de'),
(80, '3.2\"', '', '', '', '', 'el'),
(80, '3.2\"', '', '', '', '', 'en'),
(80, '3.2\"', '', '', '', '', 'es'),
(80, '3.2\"', '', '', '', '', 'fr'),
(80, '3.2\"', '', '', '', '', 'it'),
(80, '3.2\"', '', '', '', '', 'nl'),
(80, '3.2\"', '', '', '', '', 'no'),
(80, '3.2\"', '', '', '', '', 'pt'),
(80, '3.2\"', '', '', '', '', 'ro'),
(80, '3.2\"', '', '', '', '', 'ru'),
(81, '2GB', '', '', '', '', 'da'),
(81, '2GB', '', '', '', '', 'de'),
(81, '2GB', '', '', '', '', 'el'),
(81, '2GB', '', '', '', '', 'en'),
(81, '2GB', '', '', '', '', 'es'),
(81, '2GB', '', '', '', '', 'fr'),
(81, '2GB', '', '', '', '', 'it'),
(81, '2GB', '', '', '', '', 'nl'),
(81, '2GB', '', '', '', '', 'no'),
(81, '2GB', '', '', '', '', 'pt'),
(81, '2GB', '', '', '', '', 'ro'),
(81, '2GB', '', '', '', '', 'ru'),
(82, '512MB', '', '', '', '', 'da'),
(82, '512MB', '', '', '', '', 'de'),
(82, '512MB', '', '', '', '', 'el'),
(82, '512MB', '', '', '', '', 'en'),
(82, '512MB', '', '', '', '', 'es'),
(82, '512MB', '', '', '', '', 'fr'),
(82, '512MB', '', '', '', '', 'it'),
(82, '512MB', '', '', '', '', 'nl'),
(82, '512MB', '', '', '', '', 'no'),
(82, '512MB', '', '', '', '', 'pt'),
(82, '512MB', '', '', '', '', 'ro'),
(82, '512MB', '', '', '', '', 'ru'),
(83, '3.1\"', '', '', '', '', 'da'),
(83, '3.1\"', '', '', '', '', 'de'),
(83, '3.1\"', '', '', '', '', 'el'),
(83, '3.1\"', '', '', '', '', 'en'),
(83, '3.1\"', '', '', '', '', 'es'),
(83, '3.1\"', '', '', '', '', 'fr'),
(83, '3.1\"', '', '', '', '', 'it'),
(83, '3.1\"', '', '', '', '', 'nl'),
(83, '3.1\"', '', '', '', '', 'no'),
(83, '3.1\"', '', '', '', '', 'pt'),
(83, '3.1\"', '', '', '', '', 'ro'),
(83, '3.1\"', '', '', '', '', 'ru'),
(84, 'Android 2.1', '', '', '', '', 'da'),
(84, 'Android 2.1', '', '', '', '', 'de'),
(84, 'Android 2.1', '', '', '', '', 'el'),
(84, 'Android 2.1', '', '', '', '', 'en'),
(84, 'Android 2.1', '', '', '', '', 'es'),
(84, 'Android 2.1', '', '', '', '', 'fr'),
(84, 'Android 2.1', '', '', '', '', 'it'),
(84, 'Android 2.1', '', '', '', '', 'nl'),
(84, 'Android 2.1', '', '', '', '', 'no'),
(84, 'Android 2.1', '', '', '', '', 'pt'),
(84, 'Android 2.1', '', '', '', '', 'ro'),
(84, 'Android 2.1', '', '', '', '', 'ru'),
(86, 'Adidas', '<p></p><p><b>Adidas AG</b>&nbsp; is a German multinational corporation that designs and manufactures sports clothing and accessories based in Herzogenaurah, Bavaria, Germany. It is the holding company for the Adidas Group, which consists of the Reebok sportswear company, TaylorMade-Adidas golf company (including Asworth), and Rockport.\r\n Besides sports footwear, Adidas also produces other products such as \r\nbags, shirts, watches, eyewear, and other sports- and clothing-related \r\ngoods. Adidas is the largest sportwear manufacturer in Germany and Europe and the second biggest sportswear manufacturer in the world.</p><br><p></p>\r\n', '', '', '', 'da'),
(86, 'Adidas', '<p></p><p><b>Adidas AG</b>&nbsp; is a German multinational corporation that designs and manufactures sports clothing and accessories based in Herzogenaurah, Bavaria, Germany. It is the holding company for the Adidas Group, which consists of the Reebok sportswear company, TaylorMade-Adidas golf company (including Asworth), and Rockport.\r\n Besides sports footwear, Adidas also produces other products such as \r\nbags, shirts, watches, eyewear, and other sports- and clothing-related \r\ngoods. Adidas is the largest sportwear manufacturer in Germany and Europe and the second biggest sportswear manufacturer in the world.</p><br><p></p>\r\n', '', '', '', 'de'),
(86, 'Adidas', '<p></p><p><b>Adidas AG</b>&nbsp; is a German multinational corporation that designs and manufactures sports clothing and accessories based in Herzogenaurah, Bavaria, Germany. It is the holding company for the Adidas Group, which consists of the Reebok sportswear company, TaylorMade-Adidas golf company (including Asworth), and Rockport.\r\n Besides sports footwear, Adidas also produces other products such as \r\nbags, shirts, watches, eyewear, and other sports- and clothing-related \r\ngoods. Adidas is the largest sportwear manufacturer in Germany and Europe and the second biggest sportswear manufacturer in the world.</p><br><p></p>\r\n', '', '', '', 'el'),
(86, 'Adidas', '<p></p><p><b>Adidas AG</b>&nbsp; is a German multinational corporation that designs and manufactures sports clothing and accessories based in Herzogenaurah, Bavaria, Germany. It is the holding company for the Adidas Group, which consists of the Reebok sportswear company, TaylorMade-Adidas golf company (including Asworth), and Rockport.\r\n Besides sports footwear, Adidas also produces other products such as \r\nbags, shirts, watches, eyewear, and other sports- and clothing-related \r\ngoods. Adidas is the largest sportwear manufacturer in Germany and Europe and the second biggest sportswear manufacturer in the world.</p><br><p></p>\r\n', '', '', '', 'en'),
(86, 'Adidas', '<p></p><p><b>Adidas AG</b>&nbsp; is a German multinational corporation that designs and manufactures sports clothing and accessories based in Herzogenaurah, Bavaria, Germany. It is the holding company for the Adidas Group, which consists of the Reebok sportswear company, TaylorMade-Adidas golf company (including Asworth), and Rockport.\r\n Besides sports footwear, Adidas also produces other products such as \r\nbags, shirts, watches, eyewear, and other sports- and clothing-related \r\ngoods. Adidas is the largest sportwear manufacturer in Germany and Europe and the second biggest sportswear manufacturer in the world.</p><br><p></p>\r\n', '', '', '', 'es'),
(86, 'Adidas', '<p></p><p><b>Adidas AG</b>&nbsp; is a German multinational corporation that designs and manufactures sports clothing and accessories based in Herzogenaurah, Bavaria, Germany. It is the holding company for the Adidas Group, which consists of the Reebok sportswear company, TaylorMade-Adidas golf company (including Asworth), and Rockport.\r\n Besides sports footwear, Adidas also produces other products such as \r\nbags, shirts, watches, eyewear, and other sports- and clothing-related \r\ngoods. Adidas is the largest sportwear manufacturer in Germany and Europe and the second biggest sportswear manufacturer in the world.</p><br><p></p>\r\n', '', '', '', 'fr'),
(86, 'Adidas', '<p></p><p><b>Adidas AG</b>&nbsp; is a German multinational corporation that designs and manufactures sports clothing and accessories based in Herzogenaurah, Bavaria, Germany. It is the holding company for the Adidas Group, which consists of the Reebok sportswear company, TaylorMade-Adidas golf company (including Asworth), and Rockport.\r\n Besides sports footwear, Adidas also produces other products such as \r\nbags, shirts, watches, eyewear, and other sports- and clothing-related \r\ngoods. Adidas is the largest sportwear manufacturer in Germany and Europe and the second biggest sportswear manufacturer in the world.</p><br><p></p>\r\n', '', '', '', 'it'),
(86, 'Adidas', '<p></p><p><b>Adidas AG</b>&nbsp; is a German multinational corporation that designs and manufactures sports clothing and accessories based in Herzogenaurah, Bavaria, Germany. It is the holding company for the Adidas Group, which consists of the Reebok sportswear company, TaylorMade-Adidas golf company (including Asworth), and Rockport.\r\n Besides sports footwear, Adidas also produces other products such as \r\nbags, shirts, watches, eyewear, and other sports- and clothing-related \r\ngoods. Adidas is the largest sportwear manufacturer in Germany and Europe and the second biggest sportswear manufacturer in the world.</p><br><p></p>\r\n', '', '', '', 'nl'),
(86, 'Adidas', '<p></p><p><b>Adidas AG</b>&nbsp; is a German multinational corporation that designs and manufactures sports clothing and accessories based in Herzogenaurah, Bavaria, Germany. It is the holding company for the Adidas Group, which consists of the Reebok sportswear company, TaylorMade-Adidas golf company (including Asworth), and Rockport.\r\n Besides sports footwear, Adidas also produces other products such as \r\nbags, shirts, watches, eyewear, and other sports- and clothing-related \r\ngoods. Adidas is the largest sportwear manufacturer in Germany and Europe and the second biggest sportswear manufacturer in the world.</p><br><p></p>\r\n', '', '', '', 'no'),
(86, 'Adidas', '<p></p><p><b>Adidas AG</b>&nbsp; is a German multinational corporation that designs and manufactures sports clothing and accessories based in Herzogenaurah, Bavaria, Germany. It is the holding company for the Adidas Group, which consists of the Reebok sportswear company, TaylorMade-Adidas golf company (including Asworth), and Rockport.\r\n Besides sports footwear, Adidas also produces other products such as \r\nbags, shirts, watches, eyewear, and other sports- and clothing-related \r\ngoods. Adidas is the largest sportwear manufacturer in Germany and Europe and the second biggest sportswear manufacturer in the world.</p><br><p></p>\r\n', '', '', '', 'pt'),
(86, 'Adidas', '<p></p><p><b>Adidas AG</b>&nbsp; is a German multinational corporation that designs and manufactures sports clothing and accessories based in Herzogenaurah, Bavaria, Germany. It is the holding company for the Adidas Group, which consists of the Reebok sportswear company, TaylorMade-Adidas golf company (including Asworth), and Rockport.\r\n Besides sports footwear, Adidas also produces other products such as \r\nbags, shirts, watches, eyewear, and other sports- and clothing-related \r\ngoods. Adidas is the largest sportwear manufacturer in Germany and Europe and the second biggest sportswear manufacturer in the world.</p><br><p></p>\r\n', '', '', '', 'ro'),
(86, 'Adidas', '<p></p><p><b>Adidas AG</b>&nbsp; is a German multinational corporation that designs and manufactures sports clothing and accessories based in Herzogenaurah, Bavaria, Germany. It is the holding company for the Adidas Group, which consists of the Reebok sportswear company, TaylorMade-Adidas golf company (including Asworth), and Rockport.\r\n Besides sports footwear, Adidas also produces other products such as \r\nbags, shirts, watches, eyewear, and other sports- and clothing-related \r\ngoods. Adidas is the largest sportwear manufacturer in Germany and Europe and the second biggest sportswear manufacturer in the world.</p><br><p></p>\r\n', '', '', '', 'ru'),
(87, 'Nike', '<p><p><b>Nike, Inc. </b>is an American multinational corporation that is engaged in the design, development and worldwide marketing and \r\nselling of footwear, apparel, equipment, accessories and services. The \r\ncompany is headquartered near Beaverton, Oregon, in the Portland metropolitan area, and is one of only two Fortune 500 companies headquartered in Oregon. It is one of the world\'s largest suppliers of athletic shoes and apparel and a major manufacturer of sports equipment,\r\n with revenue in excess of US$24.1&nbsp;billion in its fiscal year 2012 \r\n(ending May 31, 2012). As of 2012, it employed more than 44,000 people \r\nworldwide. The brand alone is valued at $10.7 billion making it the most\r\n valuable brand among sports businesses.</p><br></p>', '', '', '', 'da'),
(87, 'Nike', '<p><p><b>Nike, Inc. </b>is an American multinational corporation that is engaged in the design, development and worldwide marketing and \r\nselling of footwear, apparel, equipment, accessories and services. The \r\ncompany is headquartered near Beaverton, Oregon, in the Portland metropolitan area, and is one of only two Fortune 500 companies headquartered in Oregon. It is one of the world\'s largest suppliers of athletic shoes and apparel and a major manufacturer of sports equipment,\r\n with revenue in excess of US$24.1&nbsp;billion in its fiscal year 2012 \r\n(ending May 31, 2012). As of 2012, it employed more than 44,000 people \r\nworldwide. The brand alone is valued at $10.7 billion making it the most\r\n valuable brand among sports businesses.</p><br></p>', '', '', '', 'de'),
(87, 'Nike', '<p><p><b>Nike, Inc. </b>is an American multinational corporation that is engaged in the design, development and worldwide marketing and \r\nselling of footwear, apparel, equipment, accessories and services. The \r\ncompany is headquartered near Beaverton, Oregon, in the Portland metropolitan area, and is one of only two Fortune 500 companies headquartered in Oregon. It is one of the world\'s largest suppliers of athletic shoes and apparel and a major manufacturer of sports equipment,\r\n with revenue in excess of US$24.1&nbsp;billion in its fiscal year 2012 \r\n(ending May 31, 2012). As of 2012, it employed more than 44,000 people \r\nworldwide. The brand alone is valued at $10.7 billion making it the most\r\n valuable brand among sports businesses.</p><br></p>', '', '', '', 'el'),
(87, 'Nike', '<p><p><b>Nike, Inc. </b>is an American multinational corporation that is engaged in the design, development and worldwide marketing and \r\nselling of footwear, apparel, equipment, accessories and services. The \r\ncompany is headquartered near Beaverton, Oregon, in the Portland metropolitan area, and is one of only two Fortune 500 companies headquartered in Oregon. It is one of the world\'s largest suppliers of athletic shoes and apparel and a major manufacturer of sports equipment,\r\n with revenue in excess of US$24.1&nbsp;billion in its fiscal year 2012 \r\n(ending May 31, 2012). As of 2012, it employed more than 44,000 people \r\nworldwide. The brand alone is valued at $10.7 billion making it the most\r\n valuable brand among sports businesses.</p><br></p>', '', '', '', 'en'),
(87, 'Nike', '<p><p><b>Nike, Inc. </b>is an American multinational corporation that is engaged in the design, development and worldwide marketing and \r\nselling of footwear, apparel, equipment, accessories and services. The \r\ncompany is headquartered near Beaverton, Oregon, in the Portland metropolitan area, and is one of only two Fortune 500 companies headquartered in Oregon. It is one of the world\'s largest suppliers of athletic shoes and apparel and a major manufacturer of sports equipment,\r\n with revenue in excess of US$24.1&nbsp;billion in its fiscal year 2012 \r\n(ending May 31, 2012). As of 2012, it employed more than 44,000 people \r\nworldwide. The brand alone is valued at $10.7 billion making it the most\r\n valuable brand among sports businesses.</p><br></p>', '', '', '', 'es'),
(87, 'Nike', '<p><p><b>Nike, Inc. </b>is an American multinational corporation that is engaged in the design, development and worldwide marketing and \r\nselling of footwear, apparel, equipment, accessories and services. The \r\ncompany is headquartered near Beaverton, Oregon, in the Portland metropolitan area, and is one of only two Fortune 500 companies headquartered in Oregon. It is one of the world\'s largest suppliers of athletic shoes and apparel and a major manufacturer of sports equipment,\r\n with revenue in excess of US$24.1&nbsp;billion in its fiscal year 2012 \r\n(ending May 31, 2012). As of 2012, it employed more than 44,000 people \r\nworldwide. The brand alone is valued at $10.7 billion making it the most\r\n valuable brand among sports businesses.</p><br></p>', '', '', '', 'fr'),
(87, 'Nike', '<p><p><b>Nike, Inc. </b>is an American multinational corporation that is engaged in the design, development and worldwide marketing and \r\nselling of footwear, apparel, equipment, accessories and services. The \r\ncompany is headquartered near Beaverton, Oregon, in the Portland metropolitan area, and is one of only two Fortune 500 companies headquartered in Oregon. It is one of the world\'s largest suppliers of athletic shoes and apparel and a major manufacturer of sports equipment,\r\n with revenue in excess of US$24.1&nbsp;billion in its fiscal year 2012 \r\n(ending May 31, 2012). As of 2012, it employed more than 44,000 people \r\nworldwide. The brand alone is valued at $10.7 billion making it the most\r\n valuable brand among sports businesses.</p><br></p>', '', '', '', 'it'),
(87, 'Nike', '<p><p><b>Nike, Inc. </b>is an American multinational corporation that is engaged in the design, development and worldwide marketing and \r\nselling of footwear, apparel, equipment, accessories and services. The \r\ncompany is headquartered near Beaverton, Oregon, in the Portland metropolitan area, and is one of only two Fortune 500 companies headquartered in Oregon. It is one of the world\'s largest suppliers of athletic shoes and apparel and a major manufacturer of sports equipment,\r\n with revenue in excess of US$24.1&nbsp;billion in its fiscal year 2012 \r\n(ending May 31, 2012). As of 2012, it employed more than 44,000 people \r\nworldwide. The brand alone is valued at $10.7 billion making it the most\r\n valuable brand among sports businesses.</p><br></p>', '', '', '', 'nl'),
(87, 'Nike', '<p><p><b>Nike, Inc. </b>is an American multinational corporation that is engaged in the design, development and worldwide marketing and \r\nselling of footwear, apparel, equipment, accessories and services. The \r\ncompany is headquartered near Beaverton, Oregon, in the Portland metropolitan area, and is one of only two Fortune 500 companies headquartered in Oregon. It is one of the world\'s largest suppliers of athletic shoes and apparel and a major manufacturer of sports equipment,\r\n with revenue in excess of US$24.1&nbsp;billion in its fiscal year 2012 \r\n(ending May 31, 2012). As of 2012, it employed more than 44,000 people \r\nworldwide. The brand alone is valued at $10.7 billion making it the most\r\n valuable brand among sports businesses.</p><br></p>', '', '', '', 'no'),
(87, 'Nike', '<p><p><b>Nike, Inc. </b>is an American multinational corporation that is engaged in the design, development and worldwide marketing and \r\nselling of footwear, apparel, equipment, accessories and services. The \r\ncompany is headquartered near Beaverton, Oregon, in the Portland metropolitan area, and is one of only two Fortune 500 companies headquartered in Oregon. It is one of the world\'s largest suppliers of athletic shoes and apparel and a major manufacturer of sports equipment,\r\n with revenue in excess of US$24.1&nbsp;billion in its fiscal year 2012 \r\n(ending May 31, 2012). As of 2012, it employed more than 44,000 people \r\nworldwide. The brand alone is valued at $10.7 billion making it the most\r\n valuable brand among sports businesses.</p><br></p>', '', '', '', 'pt'),
(87, 'Nike', '<p><p><b>Nike, Inc. </b>is an American multinational corporation that is engaged in the design, development and worldwide marketing and \r\nselling of footwear, apparel, equipment, accessories and services. The \r\ncompany is headquartered near Beaverton, Oregon, in the Portland metropolitan area, and is one of only two Fortune 500 companies headquartered in Oregon. It is one of the world\'s largest suppliers of athletic shoes and apparel and a major manufacturer of sports equipment,\r\n with revenue in excess of US$24.1&nbsp;billion in its fiscal year 2012 \r\n(ending May 31, 2012). As of 2012, it employed more than 44,000 people \r\nworldwide. The brand alone is valued at $10.7 billion making it the most\r\n valuable brand among sports businesses.</p><br></p>', '', '', '', 'ro'),
(87, 'Nike', '<p><p><b>Nike, Inc. </b>is an American multinational corporation that is engaged in the design, development and worldwide marketing and \r\nselling of footwear, apparel, equipment, accessories and services. The \r\ncompany is headquartered near Beaverton, Oregon, in the Portland metropolitan area, and is one of only two Fortune 500 companies headquartered in Oregon. It is one of the world\'s largest suppliers of athletic shoes and apparel and a major manufacturer of sports equipment,\r\n with revenue in excess of US$24.1&nbsp;billion in its fiscal year 2012 \r\n(ending May 31, 2012). As of 2012, it employed more than 44,000 people \r\nworldwide. The brand alone is valued at $10.7 billion making it the most\r\n valuable brand among sports businesses.</p><br></p>', '', '', '', 'ru'),
(88, 'ASUS', '<p></p><p><b>ASUSTeK Computer Inc.</b>, trading as <b>Asus</b><span><span></span></span><span></span><span></span><span></span><span></span>, is a Taiwanese multinational computer hardware and electronics company headquartered in Taipei, Taiwan. Its products include desktops, laptops, mobile phones, monitors, motherboards, servers, tablet PCs and video cards. The company\'s slogan is: \"Inspiring Innovation. Persistent Perfection.\"</p>\r\n<p>Asus is the world\'s fifth-largest PC vendor by 2012 unit sales (after HP, Lenovo, Dell and Acer). Asus appears in <i>BusinessWeek</i>’s\r\n \"InfoTech 100\" and \"Asia’s Top 10 IT Companies\" rankings, and it ranked\r\n first in the IT Hardware category of the 2008 Taiwan Top 10 Global \r\nBrands survey with a total brand value of US$1.3 billion.</p>\r\n<p>Asus has a primary listing on the Taiwan Stock Exchange and a secondary listing on the London Stock Exchange.</p><br><p></p>\r\n', '', '', '', 'da'),
(88, 'ASUS', '<p></p><p><b>ASUSTeK Computer Inc.</b>, trading as <b>Asus</b><span><span></span></span><span></span><span></span><span></span><span></span>, is a Taiwanese multinational computer hardware and electronics company headquartered in Taipei, Taiwan. Its products include desktops, laptops, mobile phones, monitors, motherboards, servers, tablet PCs and video cards. The company\'s slogan is: \"Inspiring Innovation. Persistent Perfection.\"</p>\r\n<p>Asus is the world\'s fifth-largest PC vendor by 2012 unit sales (after HP, Lenovo, Dell and Acer). Asus appears in <i>BusinessWeek</i>’s\r\n \"InfoTech 100\" and \"Asia’s Top 10 IT Companies\" rankings, and it ranked\r\n first in the IT Hardware category of the 2008 Taiwan Top 10 Global \r\nBrands survey with a total brand value of US$1.3 billion.</p>\r\n<p>Asus has a primary listing on the Taiwan Stock Exchange and a secondary listing on the London Stock Exchange.</p><br><p></p>\r\n', '', '', '', 'de'),
(88, 'ASUS', '<p></p><p><b>ASUSTeK Computer Inc.</b>, trading as <b>Asus</b><span><span></span></span><span></span><span></span><span></span><span></span>, is a Taiwanese multinational computer hardware and electronics company headquartered in Taipei, Taiwan. Its products include desktops, laptops, mobile phones, monitors, motherboards, servers, tablet PCs and video cards. The company\'s slogan is: \"Inspiring Innovation. Persistent Perfection.\"</p>\r\n<p>Asus is the world\'s fifth-largest PC vendor by 2012 unit sales (after HP, Lenovo, Dell and Acer). Asus appears in <i>BusinessWeek</i>’s\r\n \"InfoTech 100\" and \"Asia’s Top 10 IT Companies\" rankings, and it ranked\r\n first in the IT Hardware category of the 2008 Taiwan Top 10 Global \r\nBrands survey with a total brand value of US$1.3 billion.</p>\r\n<p>Asus has a primary listing on the Taiwan Stock Exchange and a secondary listing on the London Stock Exchange.</p><br><p></p>\r\n', '', '', '', 'el'),
(88, 'ASUS', '<p></p><p><b>ASUSTeK Computer Inc.</b>, trading as <b>Asus</b><span><span></span></span><span></span><span></span><span></span><span></span>, is a Taiwanese multinational computer hardware and electronics company headquartered in Taipei, Taiwan. Its products include desktops, laptops, mobile phones, monitors, motherboards, servers, tablet PCs and video cards. The company\'s slogan is: \"Inspiring Innovation. Persistent Perfection.\"</p>\r\n<p>Asus is the world\'s fifth-largest PC vendor by 2012 unit sales (after HP, Lenovo, Dell and Acer). Asus appears in <i>BusinessWeek</i>’s\r\n \"InfoTech 100\" and \"Asia’s Top 10 IT Companies\" rankings, and it ranked\r\n first in the IT Hardware category of the 2008 Taiwan Top 10 Global \r\nBrands survey with a total brand value of US$1.3 billion.</p>\r\n<p>Asus has a primary listing on the Taiwan Stock Exchange and a secondary listing on the London Stock Exchange.</p><br><p></p>\r\n', '', '', '', 'en'),
(88, 'ASUS', '<p></p><p><b>ASUSTeK Computer Inc.</b>, trading as <b>Asus</b><span><span></span></span><span></span><span></span><span></span><span></span>, is a Taiwanese multinational computer hardware and electronics company headquartered in Taipei, Taiwan. Its products include desktops, laptops, mobile phones, monitors, motherboards, servers, tablet PCs and video cards. The company\'s slogan is: \"Inspiring Innovation. Persistent Perfection.\"</p>\r\n<p>Asus is the world\'s fifth-largest PC vendor by 2012 unit sales (after HP, Lenovo, Dell and Acer). Asus appears in <i>BusinessWeek</i>’s\r\n \"InfoTech 100\" and \"Asia’s Top 10 IT Companies\" rankings, and it ranked\r\n first in the IT Hardware category of the 2008 Taiwan Top 10 Global \r\nBrands survey with a total brand value of US$1.3 billion.</p>\r\n<p>Asus has a primary listing on the Taiwan Stock Exchange and a secondary listing on the London Stock Exchange.</p><br><p></p>\r\n', '', '', '', 'es'),
(88, 'ASUS', '<p></p><p><b>ASUSTeK Computer Inc.</b>, trading as <b>Asus</b><span><span></span></span><span></span><span></span><span></span><span></span>, is a Taiwanese multinational computer hardware and electronics company headquartered in Taipei, Taiwan. Its products include desktops, laptops, mobile phones, monitors, motherboards, servers, tablet PCs and video cards. The company\'s slogan is: \"Inspiring Innovation. Persistent Perfection.\"</p>\r\n<p>Asus is the world\'s fifth-largest PC vendor by 2012 unit sales (after HP, Lenovo, Dell and Acer). Asus appears in <i>BusinessWeek</i>’s\r\n \"InfoTech 100\" and \"Asia’s Top 10 IT Companies\" rankings, and it ranked\r\n first in the IT Hardware category of the 2008 Taiwan Top 10 Global \r\nBrands survey with a total brand value of US$1.3 billion.</p>\r\n<p>Asus has a primary listing on the Taiwan Stock Exchange and a secondary listing on the London Stock Exchange.</p><br><p></p>\r\n', '', '', '', 'fr'),
(88, 'ASUS', '<p></p><p><b>ASUSTeK Computer Inc.</b>, trading as <b>Asus</b><span><span></span></span><span></span><span></span><span></span><span></span>, is a Taiwanese multinational computer hardware and electronics company headquartered in Taipei, Taiwan. Its products include desktops, laptops, mobile phones, monitors, motherboards, servers, tablet PCs and video cards. The company\'s slogan is: \"Inspiring Innovation. Persistent Perfection.\"</p>\r\n<p>Asus is the world\'s fifth-largest PC vendor by 2012 unit sales (after HP, Lenovo, Dell and Acer). Asus appears in <i>BusinessWeek</i>’s\r\n \"InfoTech 100\" and \"Asia’s Top 10 IT Companies\" rankings, and it ranked\r\n first in the IT Hardware category of the 2008 Taiwan Top 10 Global \r\nBrands survey with a total brand value of US$1.3 billion.</p>\r\n<p>Asus has a primary listing on the Taiwan Stock Exchange and a secondary listing on the London Stock Exchange.</p><br><p></p>\r\n', '', '', '', 'it'),
(88, 'ASUS', '<p></p><p><b>ASUSTeK Computer Inc.</b>, trading as <b>Asus</b><span><span></span></span><span></span><span></span><span></span><span></span>, is a Taiwanese multinational computer hardware and electronics company headquartered in Taipei, Taiwan. Its products include desktops, laptops, mobile phones, monitors, motherboards, servers, tablet PCs and video cards. The company\'s slogan is: \"Inspiring Innovation. Persistent Perfection.\"</p>\r\n<p>Asus is the world\'s fifth-largest PC vendor by 2012 unit sales (after HP, Lenovo, Dell and Acer). Asus appears in <i>BusinessWeek</i>’s\r\n \"InfoTech 100\" and \"Asia’s Top 10 IT Companies\" rankings, and it ranked\r\n first in the IT Hardware category of the 2008 Taiwan Top 10 Global \r\nBrands survey with a total brand value of US$1.3 billion.</p>\r\n<p>Asus has a primary listing on the Taiwan Stock Exchange and a secondary listing on the London Stock Exchange.</p><br><p></p>\r\n', '', '', '', 'nl'),
(88, 'ASUS', '<p></p><p><b>ASUSTeK Computer Inc.</b>, trading as <b>Asus</b><span><span></span></span><span></span><span></span><span></span><span></span>, is a Taiwanese multinational computer hardware and electronics company headquartered in Taipei, Taiwan. Its products include desktops, laptops, mobile phones, monitors, motherboards, servers, tablet PCs and video cards. The company\'s slogan is: \"Inspiring Innovation. Persistent Perfection.\"</p>\r\n<p>Asus is the world\'s fifth-largest PC vendor by 2012 unit sales (after HP, Lenovo, Dell and Acer). Asus appears in <i>BusinessWeek</i>’s\r\n \"InfoTech 100\" and \"Asia’s Top 10 IT Companies\" rankings, and it ranked\r\n first in the IT Hardware category of the 2008 Taiwan Top 10 Global \r\nBrands survey with a total brand value of US$1.3 billion.</p>\r\n<p>Asus has a primary listing on the Taiwan Stock Exchange and a secondary listing on the London Stock Exchange.</p><br><p></p>\r\n', '', '', '', 'no'),
(88, 'ASUS', '<p></p><p><b>ASUSTeK Computer Inc.</b>, trading as <b>Asus</b><span><span></span></span><span></span><span></span><span></span><span></span>, is a Taiwanese multinational computer hardware and electronics company headquartered in Taipei, Taiwan. Its products include desktops, laptops, mobile phones, monitors, motherboards, servers, tablet PCs and video cards. The company\'s slogan is: \"Inspiring Innovation. Persistent Perfection.\"</p>\r\n<p>Asus is the world\'s fifth-largest PC vendor by 2012 unit sales (after HP, Lenovo, Dell and Acer). Asus appears in <i>BusinessWeek</i>’s\r\n \"InfoTech 100\" and \"Asia’s Top 10 IT Companies\" rankings, and it ranked\r\n first in the IT Hardware category of the 2008 Taiwan Top 10 Global \r\nBrands survey with a total brand value of US$1.3 billion.</p>\r\n<p>Asus has a primary listing on the Taiwan Stock Exchange and a secondary listing on the London Stock Exchange.</p><br><p></p>\r\n', '', '', '', 'pt'),
(88, 'ASUS', '<p></p><p><b>ASUSTeK Computer Inc.</b>, trading as <b>Asus</b><span><span></span></span><span></span><span></span><span></span><span></span>, is a Taiwanese multinational computer hardware and electronics company headquartered in Taipei, Taiwan. Its products include desktops, laptops, mobile phones, monitors, motherboards, servers, tablet PCs and video cards. The company\'s slogan is: \"Inspiring Innovation. Persistent Perfection.\"</p>\r\n<p>Asus is the world\'s fifth-largest PC vendor by 2012 unit sales (after HP, Lenovo, Dell and Acer). Asus appears in <i>BusinessWeek</i>’s\r\n \"InfoTech 100\" and \"Asia’s Top 10 IT Companies\" rankings, and it ranked\r\n first in the IT Hardware category of the 2008 Taiwan Top 10 Global \r\nBrands survey with a total brand value of US$1.3 billion.</p>\r\n<p>Asus has a primary listing on the Taiwan Stock Exchange and a secondary listing on the London Stock Exchange.</p><br><p></p>\r\n', '', '', '', 'ro'),
(88, 'ASUS', '<p></p><p><b>ASUSTeK Computer Inc.</b>, trading as <b>Asus</b><span><span></span></span><span></span><span></span><span></span><span></span>, is a Taiwanese multinational computer hardware and electronics company headquartered in Taipei, Taiwan. Its products include desktops, laptops, mobile phones, monitors, motherboards, servers, tablet PCs and video cards. The company\'s slogan is: \"Inspiring Innovation. Persistent Perfection.\"</p>\r\n<p>Asus is the world\'s fifth-largest PC vendor by 2012 unit sales (after HP, Lenovo, Dell and Acer). Asus appears in <i>BusinessWeek</i>’s\r\n \"InfoTech 100\" and \"Asia’s Top 10 IT Companies\" rankings, and it ranked\r\n first in the IT Hardware category of the 2008 Taiwan Top 10 Global \r\nBrands survey with a total brand value of US$1.3 billion.</p>\r\n<p>Asus has a primary listing on the Taiwan Stock Exchange and a secondary listing on the London Stock Exchange.</p><br><p></p>\r\n', '', '', '', 'ru');
INSERT INTO `partiushop_product_feature_variant_descriptions` (`variant_id`, `variant`, `description`, `page_title`, `meta_keywords`, `meta_description`, `lang_code`) VALUES
(89, 'Samsung', '<p><p><b>Samsung Group</b><span></span><span></span> is a South Korean multinational conglomerate company headquartered in Samsung Town, Seoul. It comprises numerous subsidiaries and affiliated businesses, most of them united under the <i>Samsung</i> brand, and is the largest South Korean <i>chaebol</i>.</p>\r\n<p>Samsung was founded by Lee Byung-chull\r\n in 1938 as a trading company. Over the next three decades the group \r\ndiversified into areas including food processing, textiles, insurance, \r\nsecurities and retail. Samsung entered the electronics industry in the \r\nlate 1960s and the construction and shipbuilding industries in the \r\nmid-1970s; these areas would drive its subsequent growth. Following \r\nLee\'s death in 1987, Samsung was separated into four business groups – \r\nSamsung Group, Shinsegae Group, CJ Group\r\n and Hansol Group. Since the 1990s Samsung has increasingly globalised \r\nits activities, and electronics, particularly mobile phones and \r\nsemiconductors, has become its most important source of income.</p>\r\n<p>Notable Samsung industrial subsidiaries include Samsung Electronics (the world\'s largest information technology company measured by 2012 revenues), Samsung Heavy Industries (the world\'s second-largest shipbuilder measured by 2010 revenues), and Samsung Engineering and Samsung C&amp;T (respectively the world\'s 15th- and 63nd-largest construction companies). Other notable subsidiaries include Samsung Life Insurance (the world\'s 14th-largest life insurance company), Samsung Everland (operator of Everland Resort, the oldest theme park in South Korea), Samsung Techwin (an aerospace, surveillance and defence company) and Cheil Worldwide (the world\'s 16th-largest advertising agency measured by 2011 revenues).</p>\r\n<p>Samsung has a powerful influence on South Korea\'s economic \r\ndevelopment, politics, media and culture, and has been a major driving \r\nforce behind the \"Miracle on the Han River\". Its affiliate companies produce around a fifth of South Korea\'s total exports. Samsung\'s revenue was equal to 17% of the South Korea\'s $1082 billion GDP.</p><br></p>', '', '', '', 'da'),
(89, 'Samsung', '<p><p><b>Samsung Group</b><span></span><span></span> is a South Korean multinational conglomerate company headquartered in Samsung Town, Seoul. It comprises numerous subsidiaries and affiliated businesses, most of them united under the <i>Samsung</i> brand, and is the largest South Korean <i>chaebol</i>.</p>\r\n<p>Samsung was founded by Lee Byung-chull\r\n in 1938 as a trading company. Over the next three decades the group \r\ndiversified into areas including food processing, textiles, insurance, \r\nsecurities and retail. Samsung entered the electronics industry in the \r\nlate 1960s and the construction and shipbuilding industries in the \r\nmid-1970s; these areas would drive its subsequent growth. Following \r\nLee\'s death in 1987, Samsung was separated into four business groups – \r\nSamsung Group, Shinsegae Group, CJ Group\r\n and Hansol Group. Since the 1990s Samsung has increasingly globalised \r\nits activities, and electronics, particularly mobile phones and \r\nsemiconductors, has become its most important source of income.</p>\r\n<p>Notable Samsung industrial subsidiaries include Samsung Electronics (the world\'s largest information technology company measured by 2012 revenues), Samsung Heavy Industries (the world\'s second-largest shipbuilder measured by 2010 revenues), and Samsung Engineering and Samsung C&amp;T (respectively the world\'s 15th- and 63nd-largest construction companies). Other notable subsidiaries include Samsung Life Insurance (the world\'s 14th-largest life insurance company), Samsung Everland (operator of Everland Resort, the oldest theme park in South Korea), Samsung Techwin (an aerospace, surveillance and defence company) and Cheil Worldwide (the world\'s 16th-largest advertising agency measured by 2011 revenues).</p>\r\n<p>Samsung has a powerful influence on South Korea\'s economic \r\ndevelopment, politics, media and culture, and has been a major driving \r\nforce behind the \"Miracle on the Han River\". Its affiliate companies produce around a fifth of South Korea\'s total exports. Samsung\'s revenue was equal to 17% of the South Korea\'s $1082 billion GDP.</p><br></p>', '', '', '', 'de'),
(89, 'Samsung', '<p><p><b>Samsung Group</b><span></span><span></span> is a South Korean multinational conglomerate company headquartered in Samsung Town, Seoul. It comprises numerous subsidiaries and affiliated businesses, most of them united under the <i>Samsung</i> brand, and is the largest South Korean <i>chaebol</i>.</p>\r\n<p>Samsung was founded by Lee Byung-chull\r\n in 1938 as a trading company. Over the next three decades the group \r\ndiversified into areas including food processing, textiles, insurance, \r\nsecurities and retail. Samsung entered the electronics industry in the \r\nlate 1960s and the construction and shipbuilding industries in the \r\nmid-1970s; these areas would drive its subsequent growth. Following \r\nLee\'s death in 1987, Samsung was separated into four business groups – \r\nSamsung Group, Shinsegae Group, CJ Group\r\n and Hansol Group. Since the 1990s Samsung has increasingly globalised \r\nits activities, and electronics, particularly mobile phones and \r\nsemiconductors, has become its most important source of income.</p>\r\n<p>Notable Samsung industrial subsidiaries include Samsung Electronics (the world\'s largest information technology company measured by 2012 revenues), Samsung Heavy Industries (the world\'s second-largest shipbuilder measured by 2010 revenues), and Samsung Engineering and Samsung C&amp;T (respectively the world\'s 15th- and 63nd-largest construction companies). Other notable subsidiaries include Samsung Life Insurance (the world\'s 14th-largest life insurance company), Samsung Everland (operator of Everland Resort, the oldest theme park in South Korea), Samsung Techwin (an aerospace, surveillance and defence company) and Cheil Worldwide (the world\'s 16th-largest advertising agency measured by 2011 revenues).</p>\r\n<p>Samsung has a powerful influence on South Korea\'s economic \r\ndevelopment, politics, media and culture, and has been a major driving \r\nforce behind the \"Miracle on the Han River\". Its affiliate companies produce around a fifth of South Korea\'s total exports. Samsung\'s revenue was equal to 17% of the South Korea\'s $1082 billion GDP.</p><br></p>', '', '', '', 'el'),
(89, 'Samsung', '<p><p><b>Samsung Group</b><span></span><span></span> is a South Korean multinational conglomerate company headquartered in Samsung Town, Seoul. It comprises numerous subsidiaries and affiliated businesses, most of them united under the <i>Samsung</i> brand, and is the largest South Korean <i>chaebol</i>.</p>\r\n<p>Samsung was founded by Lee Byung-chull\r\n in 1938 as a trading company. Over the next three decades the group \r\ndiversified into areas including food processing, textiles, insurance, \r\nsecurities and retail. Samsung entered the electronics industry in the \r\nlate 1960s and the construction and shipbuilding industries in the \r\nmid-1970s; these areas would drive its subsequent growth. Following \r\nLee\'s death in 1987, Samsung was separated into four business groups – \r\nSamsung Group, Shinsegae Group, CJ Group\r\n and Hansol Group. Since the 1990s Samsung has increasingly globalised \r\nits activities, and electronics, particularly mobile phones and \r\nsemiconductors, has become its most important source of income.</p>\r\n<p>Notable Samsung industrial subsidiaries include Samsung Electronics (the world\'s largest information technology company measured by 2012 revenues), Samsung Heavy Industries (the world\'s second-largest shipbuilder measured by 2010 revenues), and Samsung Engineering and Samsung C&amp;T (respectively the world\'s 15th- and 63nd-largest construction companies). Other notable subsidiaries include Samsung Life Insurance (the world\'s 14th-largest life insurance company), Samsung Everland (operator of Everland Resort, the oldest theme park in South Korea), Samsung Techwin (an aerospace, surveillance and defence company) and Cheil Worldwide (the world\'s 16th-largest advertising agency measured by 2011 revenues).</p>\r\n<p>Samsung has a powerful influence on South Korea\'s economic \r\ndevelopment, politics, media and culture, and has been a major driving \r\nforce behind the \"Miracle on the Han River\". Its affiliate companies produce around a fifth of South Korea\'s total exports. Samsung\'s revenue was equal to 17% of the South Korea\'s $1082 billion GDP.</p><br></p>', '', '', '', 'en'),
(89, 'Samsung', '<p><p><b>Samsung Group</b><span></span><span></span> is a South Korean multinational conglomerate company headquartered in Samsung Town, Seoul. It comprises numerous subsidiaries and affiliated businesses, most of them united under the <i>Samsung</i> brand, and is the largest South Korean <i>chaebol</i>.</p>\r\n<p>Samsung was founded by Lee Byung-chull\r\n in 1938 as a trading company. Over the next three decades the group \r\ndiversified into areas including food processing, textiles, insurance, \r\nsecurities and retail. Samsung entered the electronics industry in the \r\nlate 1960s and the construction and shipbuilding industries in the \r\nmid-1970s; these areas would drive its subsequent growth. Following \r\nLee\'s death in 1987, Samsung was separated into four business groups – \r\nSamsung Group, Shinsegae Group, CJ Group\r\n and Hansol Group. Since the 1990s Samsung has increasingly globalised \r\nits activities, and electronics, particularly mobile phones and \r\nsemiconductors, has become its most important source of income.</p>\r\n<p>Notable Samsung industrial subsidiaries include Samsung Electronics (the world\'s largest information technology company measured by 2012 revenues), Samsung Heavy Industries (the world\'s second-largest shipbuilder measured by 2010 revenues), and Samsung Engineering and Samsung C&amp;T (respectively the world\'s 15th- and 63nd-largest construction companies). Other notable subsidiaries include Samsung Life Insurance (the world\'s 14th-largest life insurance company), Samsung Everland (operator of Everland Resort, the oldest theme park in South Korea), Samsung Techwin (an aerospace, surveillance and defence company) and Cheil Worldwide (the world\'s 16th-largest advertising agency measured by 2011 revenues).</p>\r\n<p>Samsung has a powerful influence on South Korea\'s economic \r\ndevelopment, politics, media and culture, and has been a major driving \r\nforce behind the \"Miracle on the Han River\". Its affiliate companies produce around a fifth of South Korea\'s total exports. Samsung\'s revenue was equal to 17% of the South Korea\'s $1082 billion GDP.</p><br></p>', '', '', '', 'es'),
(89, 'Samsung', '<p><p><b>Samsung Group</b><span></span><span></span> is a South Korean multinational conglomerate company headquartered in Samsung Town, Seoul. It comprises numerous subsidiaries and affiliated businesses, most of them united under the <i>Samsung</i> brand, and is the largest South Korean <i>chaebol</i>.</p>\r\n<p>Samsung was founded by Lee Byung-chull\r\n in 1938 as a trading company. Over the next three decades the group \r\ndiversified into areas including food processing, textiles, insurance, \r\nsecurities and retail. Samsung entered the electronics industry in the \r\nlate 1960s and the construction and shipbuilding industries in the \r\nmid-1970s; these areas would drive its subsequent growth. Following \r\nLee\'s death in 1987, Samsung was separated into four business groups – \r\nSamsung Group, Shinsegae Group, CJ Group\r\n and Hansol Group. Since the 1990s Samsung has increasingly globalised \r\nits activities, and electronics, particularly mobile phones and \r\nsemiconductors, has become its most important source of income.</p>\r\n<p>Notable Samsung industrial subsidiaries include Samsung Electronics (the world\'s largest information technology company measured by 2012 revenues), Samsung Heavy Industries (the world\'s second-largest shipbuilder measured by 2010 revenues), and Samsung Engineering and Samsung C&amp;T (respectively the world\'s 15th- and 63nd-largest construction companies). Other notable subsidiaries include Samsung Life Insurance (the world\'s 14th-largest life insurance company), Samsung Everland (operator of Everland Resort, the oldest theme park in South Korea), Samsung Techwin (an aerospace, surveillance and defence company) and Cheil Worldwide (the world\'s 16th-largest advertising agency measured by 2011 revenues).</p>\r\n<p>Samsung has a powerful influence on South Korea\'s economic \r\ndevelopment, politics, media and culture, and has been a major driving \r\nforce behind the \"Miracle on the Han River\". Its affiliate companies produce around a fifth of South Korea\'s total exports. Samsung\'s revenue was equal to 17% of the South Korea\'s $1082 billion GDP.</p><br></p>', '', '', '', 'fr'),
(89, 'Samsung', '<p><p><b>Samsung Group</b><span></span><span></span> is a South Korean multinational conglomerate company headquartered in Samsung Town, Seoul. It comprises numerous subsidiaries and affiliated businesses, most of them united under the <i>Samsung</i> brand, and is the largest South Korean <i>chaebol</i>.</p>\r\n<p>Samsung was founded by Lee Byung-chull\r\n in 1938 as a trading company. Over the next three decades the group \r\ndiversified into areas including food processing, textiles, insurance, \r\nsecurities and retail. Samsung entered the electronics industry in the \r\nlate 1960s and the construction and shipbuilding industries in the \r\nmid-1970s; these areas would drive its subsequent growth. Following \r\nLee\'s death in 1987, Samsung was separated into four business groups – \r\nSamsung Group, Shinsegae Group, CJ Group\r\n and Hansol Group. Since the 1990s Samsung has increasingly globalised \r\nits activities, and electronics, particularly mobile phones and \r\nsemiconductors, has become its most important source of income.</p>\r\n<p>Notable Samsung industrial subsidiaries include Samsung Electronics (the world\'s largest information technology company measured by 2012 revenues), Samsung Heavy Industries (the world\'s second-largest shipbuilder measured by 2010 revenues), and Samsung Engineering and Samsung C&amp;T (respectively the world\'s 15th- and 63nd-largest construction companies). Other notable subsidiaries include Samsung Life Insurance (the world\'s 14th-largest life insurance company), Samsung Everland (operator of Everland Resort, the oldest theme park in South Korea), Samsung Techwin (an aerospace, surveillance and defence company) and Cheil Worldwide (the world\'s 16th-largest advertising agency measured by 2011 revenues).</p>\r\n<p>Samsung has a powerful influence on South Korea\'s economic \r\ndevelopment, politics, media and culture, and has been a major driving \r\nforce behind the \"Miracle on the Han River\". Its affiliate companies produce around a fifth of South Korea\'s total exports. Samsung\'s revenue was equal to 17% of the South Korea\'s $1082 billion GDP.</p><br></p>', '', '', '', 'it'),
(89, 'Samsung', '<p><p><b>Samsung Group</b><span></span><span></span> is a South Korean multinational conglomerate company headquartered in Samsung Town, Seoul. It comprises numerous subsidiaries and affiliated businesses, most of them united under the <i>Samsung</i> brand, and is the largest South Korean <i>chaebol</i>.</p>\r\n<p>Samsung was founded by Lee Byung-chull\r\n in 1938 as a trading company. Over the next three decades the group \r\ndiversified into areas including food processing, textiles, insurance, \r\nsecurities and retail. Samsung entered the electronics industry in the \r\nlate 1960s and the construction and shipbuilding industries in the \r\nmid-1970s; these areas would drive its subsequent growth. Following \r\nLee\'s death in 1987, Samsung was separated into four business groups – \r\nSamsung Group, Shinsegae Group, CJ Group\r\n and Hansol Group. Since the 1990s Samsung has increasingly globalised \r\nits activities, and electronics, particularly mobile phones and \r\nsemiconductors, has become its most important source of income.</p>\r\n<p>Notable Samsung industrial subsidiaries include Samsung Electronics (the world\'s largest information technology company measured by 2012 revenues), Samsung Heavy Industries (the world\'s second-largest shipbuilder measured by 2010 revenues), and Samsung Engineering and Samsung C&amp;T (respectively the world\'s 15th- and 63nd-largest construction companies). Other notable subsidiaries include Samsung Life Insurance (the world\'s 14th-largest life insurance company), Samsung Everland (operator of Everland Resort, the oldest theme park in South Korea), Samsung Techwin (an aerospace, surveillance and defence company) and Cheil Worldwide (the world\'s 16th-largest advertising agency measured by 2011 revenues).</p>\r\n<p>Samsung has a powerful influence on South Korea\'s economic \r\ndevelopment, politics, media and culture, and has been a major driving \r\nforce behind the \"Miracle on the Han River\". Its affiliate companies produce around a fifth of South Korea\'s total exports. Samsung\'s revenue was equal to 17% of the South Korea\'s $1082 billion GDP.</p><br></p>', '', '', '', 'nl'),
(89, 'Samsung', '<p><p><b>Samsung Group</b><span></span><span></span> is a South Korean multinational conglomerate company headquartered in Samsung Town, Seoul. It comprises numerous subsidiaries and affiliated businesses, most of them united under the <i>Samsung</i> brand, and is the largest South Korean <i>chaebol</i>.</p>\r\n<p>Samsung was founded by Lee Byung-chull\r\n in 1938 as a trading company. Over the next three decades the group \r\ndiversified into areas including food processing, textiles, insurance, \r\nsecurities and retail. Samsung entered the electronics industry in the \r\nlate 1960s and the construction and shipbuilding industries in the \r\nmid-1970s; these areas would drive its subsequent growth. Following \r\nLee\'s death in 1987, Samsung was separated into four business groups – \r\nSamsung Group, Shinsegae Group, CJ Group\r\n and Hansol Group. Since the 1990s Samsung has increasingly globalised \r\nits activities, and electronics, particularly mobile phones and \r\nsemiconductors, has become its most important source of income.</p>\r\n<p>Notable Samsung industrial subsidiaries include Samsung Electronics (the world\'s largest information technology company measured by 2012 revenues), Samsung Heavy Industries (the world\'s second-largest shipbuilder measured by 2010 revenues), and Samsung Engineering and Samsung C&amp;T (respectively the world\'s 15th- and 63nd-largest construction companies). Other notable subsidiaries include Samsung Life Insurance (the world\'s 14th-largest life insurance company), Samsung Everland (operator of Everland Resort, the oldest theme park in South Korea), Samsung Techwin (an aerospace, surveillance and defence company) and Cheil Worldwide (the world\'s 16th-largest advertising agency measured by 2011 revenues).</p>\r\n<p>Samsung has a powerful influence on South Korea\'s economic \r\ndevelopment, politics, media and culture, and has been a major driving \r\nforce behind the \"Miracle on the Han River\". Its affiliate companies produce around a fifth of South Korea\'s total exports. Samsung\'s revenue was equal to 17% of the South Korea\'s $1082 billion GDP.</p><br></p>', '', '', '', 'no'),
(89, 'Samsung', '<p><p><b>Samsung Group</b><span></span><span></span> is a South Korean multinational conglomerate company headquartered in Samsung Town, Seoul. It comprises numerous subsidiaries and affiliated businesses, most of them united under the <i>Samsung</i> brand, and is the largest South Korean <i>chaebol</i>.</p>\r\n<p>Samsung was founded by Lee Byung-chull\r\n in 1938 as a trading company. Over the next three decades the group \r\ndiversified into areas including food processing, textiles, insurance, \r\nsecurities and retail. Samsung entered the electronics industry in the \r\nlate 1960s and the construction and shipbuilding industries in the \r\nmid-1970s; these areas would drive its subsequent growth. Following \r\nLee\'s death in 1987, Samsung was separated into four business groups – \r\nSamsung Group, Shinsegae Group, CJ Group\r\n and Hansol Group. Since the 1990s Samsung has increasingly globalised \r\nits activities, and electronics, particularly mobile phones and \r\nsemiconductors, has become its most important source of income.</p>\r\n<p>Notable Samsung industrial subsidiaries include Samsung Electronics (the world\'s largest information technology company measured by 2012 revenues), Samsung Heavy Industries (the world\'s second-largest shipbuilder measured by 2010 revenues), and Samsung Engineering and Samsung C&amp;T (respectively the world\'s 15th- and 63nd-largest construction companies). Other notable subsidiaries include Samsung Life Insurance (the world\'s 14th-largest life insurance company), Samsung Everland (operator of Everland Resort, the oldest theme park in South Korea), Samsung Techwin (an aerospace, surveillance and defence company) and Cheil Worldwide (the world\'s 16th-largest advertising agency measured by 2011 revenues).</p>\r\n<p>Samsung has a powerful influence on South Korea\'s economic \r\ndevelopment, politics, media and culture, and has been a major driving \r\nforce behind the \"Miracle on the Han River\". Its affiliate companies produce around a fifth of South Korea\'s total exports. Samsung\'s revenue was equal to 17% of the South Korea\'s $1082 billion GDP.</p><br></p>', '', '', '', 'pt'),
(89, 'Samsung', '<p><p><b>Samsung Group</b><span></span><span></span> is a South Korean multinational conglomerate company headquartered in Samsung Town, Seoul. It comprises numerous subsidiaries and affiliated businesses, most of them united under the <i>Samsung</i> brand, and is the largest South Korean <i>chaebol</i>.</p>\r\n<p>Samsung was founded by Lee Byung-chull\r\n in 1938 as a trading company. Over the next three decades the group \r\ndiversified into areas including food processing, textiles, insurance, \r\nsecurities and retail. Samsung entered the electronics industry in the \r\nlate 1960s and the construction and shipbuilding industries in the \r\nmid-1970s; these areas would drive its subsequent growth. Following \r\nLee\'s death in 1987, Samsung was separated into four business groups – \r\nSamsung Group, Shinsegae Group, CJ Group\r\n and Hansol Group. Since the 1990s Samsung has increasingly globalised \r\nits activities, and electronics, particularly mobile phones and \r\nsemiconductors, has become its most important source of income.</p>\r\n<p>Notable Samsung industrial subsidiaries include Samsung Electronics (the world\'s largest information technology company measured by 2012 revenues), Samsung Heavy Industries (the world\'s second-largest shipbuilder measured by 2010 revenues), and Samsung Engineering and Samsung C&amp;T (respectively the world\'s 15th- and 63nd-largest construction companies). Other notable subsidiaries include Samsung Life Insurance (the world\'s 14th-largest life insurance company), Samsung Everland (operator of Everland Resort, the oldest theme park in South Korea), Samsung Techwin (an aerospace, surveillance and defence company) and Cheil Worldwide (the world\'s 16th-largest advertising agency measured by 2011 revenues).</p>\r\n<p>Samsung has a powerful influence on South Korea\'s economic \r\ndevelopment, politics, media and culture, and has been a major driving \r\nforce behind the \"Miracle on the Han River\". Its affiliate companies produce around a fifth of South Korea\'s total exports. Samsung\'s revenue was equal to 17% of the South Korea\'s $1082 billion GDP.</p><br></p>', '', '', '', 'ro'),
(89, 'Samsung', '<p><p><b>Samsung Group</b><span></span><span></span> is a South Korean multinational conglomerate company headquartered in Samsung Town, Seoul. It comprises numerous subsidiaries and affiliated businesses, most of them united under the <i>Samsung</i> brand, and is the largest South Korean <i>chaebol</i>.</p>\r\n<p>Samsung was founded by Lee Byung-chull\r\n in 1938 as a trading company. Over the next three decades the group \r\ndiversified into areas including food processing, textiles, insurance, \r\nsecurities and retail. Samsung entered the electronics industry in the \r\nlate 1960s and the construction and shipbuilding industries in the \r\nmid-1970s; these areas would drive its subsequent growth. Following \r\nLee\'s death in 1987, Samsung was separated into four business groups – \r\nSamsung Group, Shinsegae Group, CJ Group\r\n and Hansol Group. Since the 1990s Samsung has increasingly globalised \r\nits activities, and electronics, particularly mobile phones and \r\nsemiconductors, has become its most important source of income.</p>\r\n<p>Notable Samsung industrial subsidiaries include Samsung Electronics (the world\'s largest information technology company measured by 2012 revenues), Samsung Heavy Industries (the world\'s second-largest shipbuilder measured by 2010 revenues), and Samsung Engineering and Samsung C&amp;T (respectively the world\'s 15th- and 63nd-largest construction companies). Other notable subsidiaries include Samsung Life Insurance (the world\'s 14th-largest life insurance company), Samsung Everland (operator of Everland Resort, the oldest theme park in South Korea), Samsung Techwin (an aerospace, surveillance and defence company) and Cheil Worldwide (the world\'s 16th-largest advertising agency measured by 2011 revenues).</p>\r\n<p>Samsung has a powerful influence on South Korea\'s economic \r\ndevelopment, politics, media and culture, and has been a major driving \r\nforce behind the \"Miracle on the Han River\". Its affiliate companies produce around a fifth of South Korea\'s total exports. Samsung\'s revenue was equal to 17% of the South Korea\'s $1082 billion GDP.</p><br></p>', '', '', '', 'ru'),
(90, 'Universal Music Group', '<p><b>Universal Music Group</b> (UMG) is the largest American music \r\ncorporation in the world. It currently operates as a subsidiary of \r\nParis-based media conglomerate Vivendi. UMG also owns Universal Music Publishing Group,\r\n which is the second largest music publishing company in the world. \r\nUniversal Music Group\'s global corporate headquarters are located in Sants Monica, California.<br></p>', '', '', '', 'da'),
(90, 'Universal Music Group', '<p><b>Universal Music Group</b> (UMG) is the largest American music \r\ncorporation in the world. It currently operates as a subsidiary of \r\nParis-based media conglomerate Vivendi. UMG also owns Universal Music Publishing Group,\r\n which is the second largest music publishing company in the world. \r\nUniversal Music Group\'s global corporate headquarters are located in Sants Monica, California.<br></p>', '', '', '', 'de'),
(90, 'Universal Music Group', '<p><b>Universal Music Group</b> (UMG) is the largest American music \r\ncorporation in the world. It currently operates as a subsidiary of \r\nParis-based media conglomerate Vivendi. UMG also owns Universal Music Publishing Group,\r\n which is the second largest music publishing company in the world. \r\nUniversal Music Group\'s global corporate headquarters are located in Sants Monica, California.<br></p>', '', '', '', 'el'),
(90, 'Universal Music Group', '<p><b>Universal Music Group</b> (UMG) is the largest American music \r\ncorporation in the world. It currently operates as a subsidiary of \r\nParis-based media conglomerate Vivendi. UMG also owns Universal Music Publishing Group,\r\n which is the second largest music publishing company in the world. \r\nUniversal Music Group\'s global corporate headquarters are located in Sants Monica, California.<br></p>', '', '', '', 'en'),
(90, 'Universal Music Group', '<p><b>Universal Music Group</b> (UMG) is the largest American music \r\ncorporation in the world. It currently operates as a subsidiary of \r\nParis-based media conglomerate Vivendi. UMG also owns Universal Music Publishing Group,\r\n which is the second largest music publishing company in the world. \r\nUniversal Music Group\'s global corporate headquarters are located in Sants Monica, California.<br></p>', '', '', '', 'es'),
(90, 'Universal Music Group', '<p><b>Universal Music Group</b> (UMG) is the largest American music \r\ncorporation in the world. It currently operates as a subsidiary of \r\nParis-based media conglomerate Vivendi. UMG also owns Universal Music Publishing Group,\r\n which is the second largest music publishing company in the world. \r\nUniversal Music Group\'s global corporate headquarters are located in Sants Monica, California.<br></p>', '', '', '', 'fr'),
(90, 'Universal Music Group', '<p><b>Universal Music Group</b> (UMG) is the largest American music \r\ncorporation in the world. It currently operates as a subsidiary of \r\nParis-based media conglomerate Vivendi. UMG also owns Universal Music Publishing Group,\r\n which is the second largest music publishing company in the world. \r\nUniversal Music Group\'s global corporate headquarters are located in Sants Monica, California.<br></p>', '', '', '', 'it'),
(90, 'Universal Music Group', '<p><b>Universal Music Group</b> (UMG) is the largest American music \r\ncorporation in the world. It currently operates as a subsidiary of \r\nParis-based media conglomerate Vivendi. UMG also owns Universal Music Publishing Group,\r\n which is the second largest music publishing company in the world. \r\nUniversal Music Group\'s global corporate headquarters are located in Sants Monica, California.<br></p>', '', '', '', 'nl'),
(90, 'Universal Music Group', '<p><b>Universal Music Group</b> (UMG) is the largest American music \r\ncorporation in the world. It currently operates as a subsidiary of \r\nParis-based media conglomerate Vivendi. UMG also owns Universal Music Publishing Group,\r\n which is the second largest music publishing company in the world. \r\nUniversal Music Group\'s global corporate headquarters are located in Sants Monica, California.<br></p>', '', '', '', 'no'),
(90, 'Universal Music Group', '<p><b>Universal Music Group</b> (UMG) is the largest American music \r\ncorporation in the world. It currently operates as a subsidiary of \r\nParis-based media conglomerate Vivendi. UMG also owns Universal Music Publishing Group,\r\n which is the second largest music publishing company in the world. \r\nUniversal Music Group\'s global corporate headquarters are located in Sants Monica, California.<br></p>', '', '', '', 'pt'),
(90, 'Universal Music Group', '<p><b>Universal Music Group</b> (UMG) is the largest American music \r\ncorporation in the world. It currently operates as a subsidiary of \r\nParis-based media conglomerate Vivendi. UMG also owns Universal Music Publishing Group,\r\n which is the second largest music publishing company in the world. \r\nUniversal Music Group\'s global corporate headquarters are located in Sants Monica, California.<br></p>', '', '', '', 'ro'),
(90, 'Universal Music Group', '<p><b>Universal Music Group</b> (UMG) is the largest American music \r\ncorporation in the world. It currently operates as a subsidiary of \r\nParis-based media conglomerate Vivendi. UMG also owns Universal Music Publishing Group,\r\n which is the second largest music publishing company in the world. \r\nUniversal Music Group\'s global corporate headquarters are located in Sants Monica, California.<br></p>', '', '', '', 'ru'),
(91, 'Apple', '<p><b>Apple Inc.,</b> formerly <b>Apple Computer, Inc.,</b> is an American multinational corporation headquartered in Cupertino, California that designs, develops, and sells consumer electronics, computer software and personal computers. Its best-known hardware products are the Mac line of computers, the iPod music player, the iPhone smartphone, and the iPad tablet computer. Its software includes the OS X and iOS operating systems, the iTunes media browser, the Safari web browser, and the iLife and iWork\r\n creativity and production suites. The company was founded on April 1, \r\n1976, and incorporated as Apple Computer, Inc. on January 3, 1977. The word \"Computer\" was removed from its name on January 9, 2007, reflecting its shifted focus towards consumer electronics after the introduction of the iPhone.</p>\r\n<p>Apple is the world\'s second-largest information technology company by revenue after Samsung Electronics, and the world\'s third-largest mobile phone maker after Samsung and Nokia. <i>Fortune</i> magazine named Apple the most admired company in the United States in 2008, and in the world from 2008 to 2012. However, the company has received criticism for its contractors\' labor practices, and for Apple\'s own environmental and business practices.</p>\r\n<p>As of November 2012, Apple maintains 394 retail stores in fourteen countries as well as the online Apple Store and iTunes Store. It is the second-largest publicly traded corporation in the world by market capitalization, with an estimated value of US$414 billion as of January 2013. As of September&nbsp;29,&nbsp;2012, the company had 72,800 permanent full-time employees and 3,300 temporary full-time employees worldwide. Its worldwide annual revenue in 2012 totalled $156 billion. In May 2013, Apple had made it to the top ten of the Fortune 500 list of companies for the first time, taking the 6 position, 11 places up from the previous year.</p><p><br></p>', '', '', '', 'da'),
(91, 'Apple', '<p><b>Apple Inc.,</b> formerly <b>Apple Computer, Inc.,</b> is an American multinational corporation headquartered in Cupertino, California that designs, develops, and sells consumer electronics, computer software and personal computers. Its best-known hardware products are the Mac line of computers, the iPod music player, the iPhone smartphone, and the iPad tablet computer. Its software includes the OS X and iOS operating systems, the iTunes media browser, the Safari web browser, and the iLife and iWork\r\n creativity and production suites. The company was founded on April 1, \r\n1976, and incorporated as Apple Computer, Inc. on January 3, 1977. The word \"Computer\" was removed from its name on January 9, 2007, reflecting its shifted focus towards consumer electronics after the introduction of the iPhone.</p>\r\n<p>Apple is the world\'s second-largest information technology company by revenue after Samsung Electronics, and the world\'s third-largest mobile phone maker after Samsung and Nokia. <i>Fortune</i> magazine named Apple the most admired company in the United States in 2008, and in the world from 2008 to 2012. However, the company has received criticism for its contractors\' labor practices, and for Apple\'s own environmental and business practices.</p>\r\n<p>As of November 2012, Apple maintains 394 retail stores in fourteen countries as well as the online Apple Store and iTunes Store. It is the second-largest publicly traded corporation in the world by market capitalization, with an estimated value of US$414 billion as of January 2013. As of September&nbsp;29,&nbsp;2012, the company had 72,800 permanent full-time employees and 3,300 temporary full-time employees worldwide. Its worldwide annual revenue in 2012 totalled $156 billion. In May 2013, Apple had made it to the top ten of the Fortune 500 list of companies for the first time, taking the 6 position, 11 places up from the previous year.</p><p><br></p>', '', '', '', 'de'),
(91, 'Apple', '<p><b>Apple Inc.,</b> formerly <b>Apple Computer, Inc.,</b> is an American multinational corporation headquartered in Cupertino, California that designs, develops, and sells consumer electronics, computer software and personal computers. Its best-known hardware products are the Mac line of computers, the iPod music player, the iPhone smartphone, and the iPad tablet computer. Its software includes the OS X and iOS operating systems, the iTunes media browser, the Safari web browser, and the iLife and iWork\r\n creativity and production suites. The company was founded on April 1, \r\n1976, and incorporated as Apple Computer, Inc. on January 3, 1977. The word \"Computer\" was removed from its name on January 9, 2007, reflecting its shifted focus towards consumer electronics after the introduction of the iPhone.</p>\r\n<p>Apple is the world\'s second-largest information technology company by revenue after Samsung Electronics, and the world\'s third-largest mobile phone maker after Samsung and Nokia. <i>Fortune</i> magazine named Apple the most admired company in the United States in 2008, and in the world from 2008 to 2012. However, the company has received criticism for its contractors\' labor practices, and for Apple\'s own environmental and business practices.</p>\r\n<p>As of November 2012, Apple maintains 394 retail stores in fourteen countries as well as the online Apple Store and iTunes Store. It is the second-largest publicly traded corporation in the world by market capitalization, with an estimated value of US$414 billion as of January 2013. As of September&nbsp;29,&nbsp;2012, the company had 72,800 permanent full-time employees and 3,300 temporary full-time employees worldwide. Its worldwide annual revenue in 2012 totalled $156 billion. In May 2013, Apple had made it to the top ten of the Fortune 500 list of companies for the first time, taking the 6 position, 11 places up from the previous year.</p><p><br></p>', '', '', '', 'el'),
(91, 'Apple', '<p><b>Apple Inc.,</b> formerly <b>Apple Computer, Inc.,</b> is an American multinational corporation headquartered in Cupertino, California that designs, develops, and sells consumer electronics, computer software and personal computers. Its best-known hardware products are the Mac line of computers, the iPod music player, the iPhone smartphone, and the iPad tablet computer. Its software includes the OS X and iOS operating systems, the iTunes media browser, the Safari web browser, and the iLife and iWork\r\n creativity and production suites. The company was founded on April 1, \r\n1976, and incorporated as Apple Computer, Inc. on January 3, 1977. The word \"Computer\" was removed from its name on January 9, 2007, reflecting its shifted focus towards consumer electronics after the introduction of the iPhone.</p>\r\n<p>Apple is the world\'s second-largest information technology company by revenue after Samsung Electronics, and the world\'s third-largest mobile phone maker after Samsung and Nokia. <i>Fortune</i> magazine named Apple the most admired company in the United States in 2008, and in the world from 2008 to 2012. However, the company has received criticism for its contractors\' labor practices, and for Apple\'s own environmental and business practices.</p>\r\n<p>As of November 2012, Apple maintains 394 retail stores in fourteen countries as well as the online Apple Store and iTunes Store. It is the second-largest publicly traded corporation in the world by market capitalization, with an estimated value of US$414 billion as of January 2013. As of September&nbsp;29,&nbsp;2012, the company had 72,800 permanent full-time employees and 3,300 temporary full-time employees worldwide. Its worldwide annual revenue in 2012 totalled $156 billion. In May 2013, Apple had made it to the top ten of the Fortune 500 list of companies for the first time, taking the 6 position, 11 places up from the previous year.</p><p><br></p>', '', '', '', 'en'),
(91, 'Apple', '<p><b>Apple Inc.,</b> formerly <b>Apple Computer, Inc.,</b> is an American multinational corporation headquartered in Cupertino, California that designs, develops, and sells consumer electronics, computer software and personal computers. Its best-known hardware products are the Mac line of computers, the iPod music player, the iPhone smartphone, and the iPad tablet computer. Its software includes the OS X and iOS operating systems, the iTunes media browser, the Safari web browser, and the iLife and iWork\r\n creativity and production suites. The company was founded on April 1, \r\n1976, and incorporated as Apple Computer, Inc. on January 3, 1977. The word \"Computer\" was removed from its name on January 9, 2007, reflecting its shifted focus towards consumer electronics after the introduction of the iPhone.</p>\r\n<p>Apple is the world\'s second-largest information technology company by revenue after Samsung Electronics, and the world\'s third-largest mobile phone maker after Samsung and Nokia. <i>Fortune</i> magazine named Apple the most admired company in the United States in 2008, and in the world from 2008 to 2012. However, the company has received criticism for its contractors\' labor practices, and for Apple\'s own environmental and business practices.</p>\r\n<p>As of November 2012, Apple maintains 394 retail stores in fourteen countries as well as the online Apple Store and iTunes Store. It is the second-largest publicly traded corporation in the world by market capitalization, with an estimated value of US$414 billion as of January 2013. As of September&nbsp;29,&nbsp;2012, the company had 72,800 permanent full-time employees and 3,300 temporary full-time employees worldwide. Its worldwide annual revenue in 2012 totalled $156 billion. In May 2013, Apple had made it to the top ten of the Fortune 500 list of companies for the first time, taking the 6 position, 11 places up from the previous year.</p><p><br></p>', '', '', '', 'es'),
(91, 'Apple', '<p><b>Apple Inc.,</b> formerly <b>Apple Computer, Inc.,</b> is an American multinational corporation headquartered in Cupertino, California that designs, develops, and sells consumer electronics, computer software and personal computers. Its best-known hardware products are the Mac line of computers, the iPod music player, the iPhone smartphone, and the iPad tablet computer. Its software includes the OS X and iOS operating systems, the iTunes media browser, the Safari web browser, and the iLife and iWork\r\n creativity and production suites. The company was founded on April 1, \r\n1976, and incorporated as Apple Computer, Inc. on January 3, 1977. The word \"Computer\" was removed from its name on January 9, 2007, reflecting its shifted focus towards consumer electronics after the introduction of the iPhone.</p>\r\n<p>Apple is the world\'s second-largest information technology company by revenue after Samsung Electronics, and the world\'s third-largest mobile phone maker after Samsung and Nokia. <i>Fortune</i> magazine named Apple the most admired company in the United States in 2008, and in the world from 2008 to 2012. However, the company has received criticism for its contractors\' labor practices, and for Apple\'s own environmental and business practices.</p>\r\n<p>As of November 2012, Apple maintains 394 retail stores in fourteen countries as well as the online Apple Store and iTunes Store. It is the second-largest publicly traded corporation in the world by market capitalization, with an estimated value of US$414 billion as of January 2013. As of September&nbsp;29,&nbsp;2012, the company had 72,800 permanent full-time employees and 3,300 temporary full-time employees worldwide. Its worldwide annual revenue in 2012 totalled $156 billion. In May 2013, Apple had made it to the top ten of the Fortune 500 list of companies for the first time, taking the 6 position, 11 places up from the previous year.</p><p><br></p>', '', '', '', 'fr'),
(91, 'Apple', '<p><b>Apple Inc.,</b> formerly <b>Apple Computer, Inc.,</b> is an American multinational corporation headquartered in Cupertino, California that designs, develops, and sells consumer electronics, computer software and personal computers. Its best-known hardware products are the Mac line of computers, the iPod music player, the iPhone smartphone, and the iPad tablet computer. Its software includes the OS X and iOS operating systems, the iTunes media browser, the Safari web browser, and the iLife and iWork\r\n creativity and production suites. The company was founded on April 1, \r\n1976, and incorporated as Apple Computer, Inc. on January 3, 1977. The word \"Computer\" was removed from its name on January 9, 2007, reflecting its shifted focus towards consumer electronics after the introduction of the iPhone.</p>\r\n<p>Apple is the world\'s second-largest information technology company by revenue after Samsung Electronics, and the world\'s third-largest mobile phone maker after Samsung and Nokia. <i>Fortune</i> magazine named Apple the most admired company in the United States in 2008, and in the world from 2008 to 2012. However, the company has received criticism for its contractors\' labor practices, and for Apple\'s own environmental and business practices.</p>\r\n<p>As of November 2012, Apple maintains 394 retail stores in fourteen countries as well as the online Apple Store and iTunes Store. It is the second-largest publicly traded corporation in the world by market capitalization, with an estimated value of US$414 billion as of January 2013. As of September&nbsp;29,&nbsp;2012, the company had 72,800 permanent full-time employees and 3,300 temporary full-time employees worldwide. Its worldwide annual revenue in 2012 totalled $156 billion. In May 2013, Apple had made it to the top ten of the Fortune 500 list of companies for the first time, taking the 6 position, 11 places up from the previous year.</p><p><br></p>', '', '', '', 'it'),
(91, 'Apple', '<p><b>Apple Inc.,</b> formerly <b>Apple Computer, Inc.,</b> is an American multinational corporation headquartered in Cupertino, California that designs, develops, and sells consumer electronics, computer software and personal computers. Its best-known hardware products are the Mac line of computers, the iPod music player, the iPhone smartphone, and the iPad tablet computer. Its software includes the OS X and iOS operating systems, the iTunes media browser, the Safari web browser, and the iLife and iWork\r\n creativity and production suites. The company was founded on April 1, \r\n1976, and incorporated as Apple Computer, Inc. on January 3, 1977. The word \"Computer\" was removed from its name on January 9, 2007, reflecting its shifted focus towards consumer electronics after the introduction of the iPhone.</p>\r\n<p>Apple is the world\'s second-largest information technology company by revenue after Samsung Electronics, and the world\'s third-largest mobile phone maker after Samsung and Nokia. <i>Fortune</i> magazine named Apple the most admired company in the United States in 2008, and in the world from 2008 to 2012. However, the company has received criticism for its contractors\' labor practices, and for Apple\'s own environmental and business practices.</p>\r\n<p>As of November 2012, Apple maintains 394 retail stores in fourteen countries as well as the online Apple Store and iTunes Store. It is the second-largest publicly traded corporation in the world by market capitalization, with an estimated value of US$414 billion as of January 2013. As of September&nbsp;29,&nbsp;2012, the company had 72,800 permanent full-time employees and 3,300 temporary full-time employees worldwide. Its worldwide annual revenue in 2012 totalled $156 billion. In May 2013, Apple had made it to the top ten of the Fortune 500 list of companies for the first time, taking the 6 position, 11 places up from the previous year.</p><p><br></p>', '', '', '', 'nl'),
(91, 'Apple', '<p><b>Apple Inc.,</b> formerly <b>Apple Computer, Inc.,</b> is an American multinational corporation headquartered in Cupertino, California that designs, develops, and sells consumer electronics, computer software and personal computers. Its best-known hardware products are the Mac line of computers, the iPod music player, the iPhone smartphone, and the iPad tablet computer. Its software includes the OS X and iOS operating systems, the iTunes media browser, the Safari web browser, and the iLife and iWork\r\n creativity and production suites. The company was founded on April 1, \r\n1976, and incorporated as Apple Computer, Inc. on January 3, 1977. The word \"Computer\" was removed from its name on January 9, 2007, reflecting its shifted focus towards consumer electronics after the introduction of the iPhone.</p>\r\n<p>Apple is the world\'s second-largest information technology company by revenue after Samsung Electronics, and the world\'s third-largest mobile phone maker after Samsung and Nokia. <i>Fortune</i> magazine named Apple the most admired company in the United States in 2008, and in the world from 2008 to 2012. However, the company has received criticism for its contractors\' labor practices, and for Apple\'s own environmental and business practices.</p>\r\n<p>As of November 2012, Apple maintains 394 retail stores in fourteen countries as well as the online Apple Store and iTunes Store. It is the second-largest publicly traded corporation in the world by market capitalization, with an estimated value of US$414 billion as of January 2013. As of September&nbsp;29,&nbsp;2012, the company had 72,800 permanent full-time employees and 3,300 temporary full-time employees worldwide. Its worldwide annual revenue in 2012 totalled $156 billion. In May 2013, Apple had made it to the top ten of the Fortune 500 list of companies for the first time, taking the 6 position, 11 places up from the previous year.</p><p><br></p>', '', '', '', 'no');
INSERT INTO `partiushop_product_feature_variant_descriptions` (`variant_id`, `variant`, `description`, `page_title`, `meta_keywords`, `meta_description`, `lang_code`) VALUES
(91, 'Apple', '<p><b>Apple Inc.,</b> formerly <b>Apple Computer, Inc.,</b> is an American multinational corporation headquartered in Cupertino, California that designs, develops, and sells consumer electronics, computer software and personal computers. Its best-known hardware products are the Mac line of computers, the iPod music player, the iPhone smartphone, and the iPad tablet computer. Its software includes the OS X and iOS operating systems, the iTunes media browser, the Safari web browser, and the iLife and iWork\r\n creativity and production suites. The company was founded on April 1, \r\n1976, and incorporated as Apple Computer, Inc. on January 3, 1977. The word \"Computer\" was removed from its name on January 9, 2007, reflecting its shifted focus towards consumer electronics after the introduction of the iPhone.</p>\r\n<p>Apple is the world\'s second-largest information technology company by revenue after Samsung Electronics, and the world\'s third-largest mobile phone maker after Samsung and Nokia. <i>Fortune</i> magazine named Apple the most admired company in the United States in 2008, and in the world from 2008 to 2012. However, the company has received criticism for its contractors\' labor practices, and for Apple\'s own environmental and business practices.</p>\r\n<p>As of November 2012, Apple maintains 394 retail stores in fourteen countries as well as the online Apple Store and iTunes Store. It is the second-largest publicly traded corporation in the world by market capitalization, with an estimated value of US$414 billion as of January 2013. As of September&nbsp;29,&nbsp;2012, the company had 72,800 permanent full-time employees and 3,300 temporary full-time employees worldwide. Its worldwide annual revenue in 2012 totalled $156 billion. In May 2013, Apple had made it to the top ten of the Fortune 500 list of companies for the first time, taking the 6 position, 11 places up from the previous year.</p><p><br></p>', '', '', '', 'pt'),
(91, 'Apple', '<p><b>Apple Inc.,</b> formerly <b>Apple Computer, Inc.,</b> is an American multinational corporation headquartered in Cupertino, California that designs, develops, and sells consumer electronics, computer software and personal computers. Its best-known hardware products are the Mac line of computers, the iPod music player, the iPhone smartphone, and the iPad tablet computer. Its software includes the OS X and iOS operating systems, the iTunes media browser, the Safari web browser, and the iLife and iWork\r\n creativity and production suites. The company was founded on April 1, \r\n1976, and incorporated as Apple Computer, Inc. on January 3, 1977. The word \"Computer\" was removed from its name on January 9, 2007, reflecting its shifted focus towards consumer electronics after the introduction of the iPhone.</p>\r\n<p>Apple is the world\'s second-largest information technology company by revenue after Samsung Electronics, and the world\'s third-largest mobile phone maker after Samsung and Nokia. <i>Fortune</i> magazine named Apple the most admired company in the United States in 2008, and in the world from 2008 to 2012. However, the company has received criticism for its contractors\' labor practices, and for Apple\'s own environmental and business practices.</p>\r\n<p>As of November 2012, Apple maintains 394 retail stores in fourteen countries as well as the online Apple Store and iTunes Store. It is the second-largest publicly traded corporation in the world by market capitalization, with an estimated value of US$414 billion as of January 2013. As of September&nbsp;29,&nbsp;2012, the company had 72,800 permanent full-time employees and 3,300 temporary full-time employees worldwide. Its worldwide annual revenue in 2012 totalled $156 billion. In May 2013, Apple had made it to the top ten of the Fortune 500 list of companies for the first time, taking the 6 position, 11 places up from the previous year.</p><p><br></p>', '', '', '', 'ro'),
(91, 'Apple', '<p><b>Apple Inc.,</b> formerly <b>Apple Computer, Inc.,</b> is an American multinational corporation headquartered in Cupertino, California that designs, develops, and sells consumer electronics, computer software and personal computers. Its best-known hardware products are the Mac line of computers, the iPod music player, the iPhone smartphone, and the iPad tablet computer. Its software includes the OS X and iOS operating systems, the iTunes media browser, the Safari web browser, and the iLife and iWork\r\n creativity and production suites. The company was founded on April 1, \r\n1976, and incorporated as Apple Computer, Inc. on January 3, 1977. The word \"Computer\" was removed from its name on January 9, 2007, reflecting its shifted focus towards consumer electronics after the introduction of the iPhone.</p>\r\n<p>Apple is the world\'s second-largest information technology company by revenue after Samsung Electronics, and the world\'s third-largest mobile phone maker after Samsung and Nokia. <i>Fortune</i> magazine named Apple the most admired company in the United States in 2008, and in the world from 2008 to 2012. However, the company has received criticism for its contractors\' labor practices, and for Apple\'s own environmental and business practices.</p>\r\n<p>As of November 2012, Apple maintains 394 retail stores in fourteen countries as well as the online Apple Store and iTunes Store. It is the second-largest publicly traded corporation in the world by market capitalization, with an estimated value of US$414 billion as of January 2013. As of September&nbsp;29,&nbsp;2012, the company had 72,800 permanent full-time employees and 3,300 temporary full-time employees worldwide. Its worldwide annual revenue in 2012 totalled $156 billion. In May 2013, Apple had made it to the top ten of the Fortune 500 list of companies for the first time, taking the 6 position, 11 places up from the previous year.</p><p><br></p>', '', '', '', 'ru'),
(92, 'Acer', '<p><p><b>Acer Inc.</b> <span><span></span></span><span></span><span></span><span></span><em></em> is a Taiwanese multinational hardware and electronics corporation headquartered in Xizhi, New Taipei City, Taiwan. Acer\'s products include inexpensively-targeted desktop and laptop PCs, tablet computers, servers, storage devices, displays, smartphones and peripherals. It also provides e-business services to businesses, governments and consumers. Acer is the fourth largest PC maker in the world.</p>\r\n<p>In the early 2000s, Acer implemented a new business model, shifting \r\nfrom a manufacturer to a designer, marketer and distributor of products,\r\n while performing production processes via contract manufacturers.</p>\r\n<p>In addition to its core business, Acer also owns the largest franchised computer retail chain in Taipei, Taiwan.</p><br></p>', '', '', '', 'da'),
(92, 'Acer', '<p><p><b>Acer Inc.</b> <span><span></span></span><span></span><span></span><span></span><em></em> is a Taiwanese multinational hardware and electronics corporation headquartered in Xizhi, New Taipei City, Taiwan. Acer\'s products include inexpensively-targeted desktop and laptop PCs, tablet computers, servers, storage devices, displays, smartphones and peripherals. It also provides e-business services to businesses, governments and consumers. Acer is the fourth largest PC maker in the world.</p>\r\n<p>In the early 2000s, Acer implemented a new business model, shifting \r\nfrom a manufacturer to a designer, marketer and distributor of products,\r\n while performing production processes via contract manufacturers.</p>\r\n<p>In addition to its core business, Acer also owns the largest franchised computer retail chain in Taipei, Taiwan.</p><br></p>', '', '', '', 'de'),
(92, 'Acer', '<p><p><b>Acer Inc.</b> <span><span></span></span><span></span><span></span><span></span><em></em> is a Taiwanese multinational hardware and electronics corporation headquartered in Xizhi, New Taipei City, Taiwan. Acer\'s products include inexpensively-targeted desktop and laptop PCs, tablet computers, servers, storage devices, displays, smartphones and peripherals. It also provides e-business services to businesses, governments and consumers. Acer is the fourth largest PC maker in the world.</p>\r\n<p>In the early 2000s, Acer implemented a new business model, shifting \r\nfrom a manufacturer to a designer, marketer and distributor of products,\r\n while performing production processes via contract manufacturers.</p>\r\n<p>In addition to its core business, Acer also owns the largest franchised computer retail chain in Taipei, Taiwan.</p><br></p>', '', '', '', 'el'),
(92, 'Acer', '<p><p><b>Acer Inc.</b> <span><span></span></span><span></span><span></span><span></span><em></em> is a Taiwanese multinational hardware and electronics corporation headquartered in Xizhi, New Taipei City, Taiwan. Acer\'s products include inexpensively-targeted desktop and laptop PCs, tablet computers, servers, storage devices, displays, smartphones and peripherals. It also provides e-business services to businesses, governments and consumers. Acer is the fourth largest PC maker in the world.</p>\r\n<p>In the early 2000s, Acer implemented a new business model, shifting \r\nfrom a manufacturer to a designer, marketer and distributor of products,\r\n while performing production processes via contract manufacturers.</p>\r\n<p>In addition to its core business, Acer also owns the largest franchised computer retail chain in Taipei, Taiwan.</p><br></p>', '', '', '', 'en'),
(92, 'Acer', '<p><p><b>Acer Inc.</b> <span><span></span></span><span></span><span></span><span></span><em></em> is a Taiwanese multinational hardware and electronics corporation headquartered in Xizhi, New Taipei City, Taiwan. Acer\'s products include inexpensively-targeted desktop and laptop PCs, tablet computers, servers, storage devices, displays, smartphones and peripherals. It also provides e-business services to businesses, governments and consumers. Acer is the fourth largest PC maker in the world.</p>\r\n<p>In the early 2000s, Acer implemented a new business model, shifting \r\nfrom a manufacturer to a designer, marketer and distributor of products,\r\n while performing production processes via contract manufacturers.</p>\r\n<p>In addition to its core business, Acer also owns the largest franchised computer retail chain in Taipei, Taiwan.</p><br></p>', '', '', '', 'es'),
(92, 'Acer', '<p><p><b>Acer Inc.</b> <span><span></span></span><span></span><span></span><span></span><em></em> is a Taiwanese multinational hardware and electronics corporation headquartered in Xizhi, New Taipei City, Taiwan. Acer\'s products include inexpensively-targeted desktop and laptop PCs, tablet computers, servers, storage devices, displays, smartphones and peripherals. It also provides e-business services to businesses, governments and consumers. Acer is the fourth largest PC maker in the world.</p>\r\n<p>In the early 2000s, Acer implemented a new business model, shifting \r\nfrom a manufacturer to a designer, marketer and distributor of products,\r\n while performing production processes via contract manufacturers.</p>\r\n<p>In addition to its core business, Acer also owns the largest franchised computer retail chain in Taipei, Taiwan.</p><br></p>', '', '', '', 'fr'),
(92, 'Acer', '<p><p><b>Acer Inc.</b> <span><span></span></span><span></span><span></span><span></span><em></em> is a Taiwanese multinational hardware and electronics corporation headquartered in Xizhi, New Taipei City, Taiwan. Acer\'s products include inexpensively-targeted desktop and laptop PCs, tablet computers, servers, storage devices, displays, smartphones and peripherals. It also provides e-business services to businesses, governments and consumers. Acer is the fourth largest PC maker in the world.</p>\r\n<p>In the early 2000s, Acer implemented a new business model, shifting \r\nfrom a manufacturer to a designer, marketer and distributor of products,\r\n while performing production processes via contract manufacturers.</p>\r\n<p>In addition to its core business, Acer also owns the largest franchised computer retail chain in Taipei, Taiwan.</p><br></p>', '', '', '', 'it'),
(92, 'Acer', '<p><p><b>Acer Inc.</b> <span><span></span></span><span></span><span></span><span></span><em></em> is a Taiwanese multinational hardware and electronics corporation headquartered in Xizhi, New Taipei City, Taiwan. Acer\'s products include inexpensively-targeted desktop and laptop PCs, tablet computers, servers, storage devices, displays, smartphones and peripherals. It also provides e-business services to businesses, governments and consumers. Acer is the fourth largest PC maker in the world.</p>\r\n<p>In the early 2000s, Acer implemented a new business model, shifting \r\nfrom a manufacturer to a designer, marketer and distributor of products,\r\n while performing production processes via contract manufacturers.</p>\r\n<p>In addition to its core business, Acer also owns the largest franchised computer retail chain in Taipei, Taiwan.</p><br></p>', '', '', '', 'nl'),
(92, 'Acer', '<p><p><b>Acer Inc.</b> <span><span></span></span><span></span><span></span><span></span><em></em> is a Taiwanese multinational hardware and electronics corporation headquartered in Xizhi, New Taipei City, Taiwan. Acer\'s products include inexpensively-targeted desktop and laptop PCs, tablet computers, servers, storage devices, displays, smartphones and peripherals. It also provides e-business services to businesses, governments and consumers. Acer is the fourth largest PC maker in the world.</p>\r\n<p>In the early 2000s, Acer implemented a new business model, shifting \r\nfrom a manufacturer to a designer, marketer and distributor of products,\r\n while performing production processes via contract manufacturers.</p>\r\n<p>In addition to its core business, Acer also owns the largest franchised computer retail chain in Taipei, Taiwan.</p><br></p>', '', '', '', 'no'),
(92, 'Acer', '<p><p><b>Acer Inc.</b> <span><span></span></span><span></span><span></span><span></span><em></em> is a Taiwanese multinational hardware and electronics corporation headquartered in Xizhi, New Taipei City, Taiwan. Acer\'s products include inexpensively-targeted desktop and laptop PCs, tablet computers, servers, storage devices, displays, smartphones and peripherals. It also provides e-business services to businesses, governments and consumers. Acer is the fourth largest PC maker in the world.</p>\r\n<p>In the early 2000s, Acer implemented a new business model, shifting \r\nfrom a manufacturer to a designer, marketer and distributor of products,\r\n while performing production processes via contract manufacturers.</p>\r\n<p>In addition to its core business, Acer also owns the largest franchised computer retail chain in Taipei, Taiwan.</p><br></p>', '', '', '', 'pt'),
(92, 'Acer', '<p><p><b>Acer Inc.</b> <span><span></span></span><span></span><span></span><span></span><em></em> is a Taiwanese multinational hardware and electronics corporation headquartered in Xizhi, New Taipei City, Taiwan. Acer\'s products include inexpensively-targeted desktop and laptop PCs, tablet computers, servers, storage devices, displays, smartphones and peripherals. It also provides e-business services to businesses, governments and consumers. Acer is the fourth largest PC maker in the world.</p>\r\n<p>In the early 2000s, Acer implemented a new business model, shifting \r\nfrom a manufacturer to a designer, marketer and distributor of products,\r\n while performing production processes via contract manufacturers.</p>\r\n<p>In addition to its core business, Acer also owns the largest franchised computer retail chain in Taipei, Taiwan.</p><br></p>', '', '', '', 'ro'),
(92, 'Acer', '<p><p><b>Acer Inc.</b> <span><span></span></span><span></span><span></span><span></span><em></em> is a Taiwanese multinational hardware and electronics corporation headquartered in Xizhi, New Taipei City, Taiwan. Acer\'s products include inexpensively-targeted desktop and laptop PCs, tablet computers, servers, storage devices, displays, smartphones and peripherals. It also provides e-business services to businesses, governments and consumers. Acer is the fourth largest PC maker in the world.</p>\r\n<p>In the early 2000s, Acer implemented a new business model, shifting \r\nfrom a manufacturer to a designer, marketer and distributor of products,\r\n while performing production processes via contract manufacturers.</p>\r\n<p>In addition to its core business, Acer also owns the largest franchised computer retail chain in Taipei, Taiwan.</p><br></p>', '', '', '', 'ru'),
(93, 'Hewlett-Packard', '<p><p><b>Hewlett-Packard Company</b> or <b>HP</b> is an American multinational information technology corporation headquartered in Palo Alto, California, United States. It provides products, technologies, software, solutions and services to consumers, small- and medium-sized businesses (SMBs) and large enterprises, including customers in the government, health and education sectors.</p>\r\n<p>The company was founded in a one-car garage in Palo Alto by William \"Bill\" Redington Hewlett and Dave Packard. HP is the world\'s leading PC manufacturer and has been since 2007, fending off a challenge by Chinese manufacture Lenovo, according to Gartner.\r\n It specializes in developing and manufacturing computing, data storage,\r\n and networking hardware, designing software and delivering services. \r\nMajor product lines include personal computing devices, enterprise, and \r\nindustry standard servers, related storage devices, networking products,\r\n software and a diverse range of printers, and other imaging products. \r\nHP markets its products to households, small- to medium-sized businesses\r\n and enterprises directly as well as via online distribution, \r\nconsumer-electronics and office-supply retailers, software partners and \r\nmajor technology vendors. HP also has strong services and consulting \r\nbusiness around its products and partner products. It is the world\'s largest PC vendor by 2012 unit sales.</p>\r\n<p>Major company events have included the spin-off of part of its business as Agilent Technologies in 1999, its merger with Compaq in 2002, the sponsor of Mission: Space in 2003, and the acquisition of EDS in 2008, which led to combined revenues of $118.4&nbsp;billion in 2008 and a Fortune 500 ranking of 9 in 2009. In November 2009, HP announced the acquisition of 3Com, with the deal closing on April 12, 2010. On April 28, 2010, HP announced the buyout of Palm for $1.2&nbsp;billion. On September 2, 2010, HP won its bidding war for 3PAR with a $33 a share offer ($2.07&nbsp;billion), which Dell declined to match.</p>\r\n<p>Hewlett-Packard is not affiliated with Packard Motor Car Corporation, founded by James Ward Packard and William Doud Packard, or with Packard Bell.</p><br></p>', '', '', '', 'da'),
(93, 'Hewlett-Packard', '<p><p><b>Hewlett-Packard Company</b> or <b>HP</b> is an American multinational information technology corporation headquartered in Palo Alto, California, United States. It provides products, technologies, software, solutions and services to consumers, small- and medium-sized businesses (SMBs) and large enterprises, including customers in the government, health and education sectors.</p>\r\n<p>The company was founded in a one-car garage in Palo Alto by William \"Bill\" Redington Hewlett and Dave Packard. HP is the world\'s leading PC manufacturer and has been since 2007, fending off a challenge by Chinese manufacture Lenovo, according to Gartner.\r\n It specializes in developing and manufacturing computing, data storage,\r\n and networking hardware, designing software and delivering services. \r\nMajor product lines include personal computing devices, enterprise, and \r\nindustry standard servers, related storage devices, networking products,\r\n software and a diverse range of printers, and other imaging products. \r\nHP markets its products to households, small- to medium-sized businesses\r\n and enterprises directly as well as via online distribution, \r\nconsumer-electronics and office-supply retailers, software partners and \r\nmajor technology vendors. HP also has strong services and consulting \r\nbusiness around its products and partner products. It is the world\'s largest PC vendor by 2012 unit sales.</p>\r\n<p>Major company events have included the spin-off of part of its business as Agilent Technologies in 1999, its merger with Compaq in 2002, the sponsor of Mission: Space in 2003, and the acquisition of EDS in 2008, which led to combined revenues of $118.4&nbsp;billion in 2008 and a Fortune 500 ranking of 9 in 2009. In November 2009, HP announced the acquisition of 3Com, with the deal closing on April 12, 2010. On April 28, 2010, HP announced the buyout of Palm for $1.2&nbsp;billion. On September 2, 2010, HP won its bidding war for 3PAR with a $33 a share offer ($2.07&nbsp;billion), which Dell declined to match.</p>\r\n<p>Hewlett-Packard is not affiliated with Packard Motor Car Corporation, founded by James Ward Packard and William Doud Packard, or with Packard Bell.</p><br></p>', '', '', '', 'de'),
(93, 'Hewlett-Packard', '<p><p><b>Hewlett-Packard Company</b> or <b>HP</b> is an American multinational information technology corporation headquartered in Palo Alto, California, United States. It provides products, technologies, software, solutions and services to consumers, small- and medium-sized businesses (SMBs) and large enterprises, including customers in the government, health and education sectors.</p>\r\n<p>The company was founded in a one-car garage in Palo Alto by William \"Bill\" Redington Hewlett and Dave Packard. HP is the world\'s leading PC manufacturer and has been since 2007, fending off a challenge by Chinese manufacture Lenovo, according to Gartner.\r\n It specializes in developing and manufacturing computing, data storage,\r\n and networking hardware, designing software and delivering services. \r\nMajor product lines include personal computing devices, enterprise, and \r\nindustry standard servers, related storage devices, networking products,\r\n software and a diverse range of printers, and other imaging products. \r\nHP markets its products to households, small- to medium-sized businesses\r\n and enterprises directly as well as via online distribution, \r\nconsumer-electronics and office-supply retailers, software partners and \r\nmajor technology vendors. HP also has strong services and consulting \r\nbusiness around its products and partner products. It is the world\'s largest PC vendor by 2012 unit sales.</p>\r\n<p>Major company events have included the spin-off of part of its business as Agilent Technologies in 1999, its merger with Compaq in 2002, the sponsor of Mission: Space in 2003, and the acquisition of EDS in 2008, which led to combined revenues of $118.4&nbsp;billion in 2008 and a Fortune 500 ranking of 9 in 2009. In November 2009, HP announced the acquisition of 3Com, with the deal closing on April 12, 2010. On April 28, 2010, HP announced the buyout of Palm for $1.2&nbsp;billion. On September 2, 2010, HP won its bidding war for 3PAR with a $33 a share offer ($2.07&nbsp;billion), which Dell declined to match.</p>\r\n<p>Hewlett-Packard is not affiliated with Packard Motor Car Corporation, founded by James Ward Packard and William Doud Packard, or with Packard Bell.</p><br></p>', '', '', '', 'el'),
(93, 'Hewlett-Packard', '<p><p><b>Hewlett-Packard Company</b> or <b>HP</b> is an American multinational information technology corporation headquartered in Palo Alto, California, United States. It provides products, technologies, software, solutions and services to consumers, small- and medium-sized businesses (SMBs) and large enterprises, including customers in the government, health and education sectors.</p>\r\n<p>The company was founded in a one-car garage in Palo Alto by William \"Bill\" Redington Hewlett and Dave Packard. HP is the world\'s leading PC manufacturer and has been since 2007, fending off a challenge by Chinese manufacture Lenovo, according to Gartner.\r\n It specializes in developing and manufacturing computing, data storage,\r\n and networking hardware, designing software and delivering services. \r\nMajor product lines include personal computing devices, enterprise, and \r\nindustry standard servers, related storage devices, networking products,\r\n software and a diverse range of printers, and other imaging products. \r\nHP markets its products to households, small- to medium-sized businesses\r\n and enterprises directly as well as via online distribution, \r\nconsumer-electronics and office-supply retailers, software partners and \r\nmajor technology vendors. HP also has strong services and consulting \r\nbusiness around its products and partner products. It is the world\'s largest PC vendor by 2012 unit sales.</p>\r\n<p>Major company events have included the spin-off of part of its business as Agilent Technologies in 1999, its merger with Compaq in 2002, the sponsor of Mission: Space in 2003, and the acquisition of EDS in 2008, which led to combined revenues of $118.4&nbsp;billion in 2008 and a Fortune 500 ranking of 9 in 2009. In November 2009, HP announced the acquisition of 3Com, with the deal closing on April 12, 2010. On April 28, 2010, HP announced the buyout of Palm for $1.2&nbsp;billion. On September 2, 2010, HP won its bidding war for 3PAR with a $33 a share offer ($2.07&nbsp;billion), which Dell declined to match.</p>\r\n<p>Hewlett-Packard is not affiliated with Packard Motor Car Corporation, founded by James Ward Packard and William Doud Packard, or with Packard Bell.</p><br></p>', '', '', '', 'en'),
(93, 'Hewlett-Packard', '<p><p><b>Hewlett-Packard Company</b> or <b>HP</b> is an American multinational information technology corporation headquartered in Palo Alto, California, United States. It provides products, technologies, software, solutions and services to consumers, small- and medium-sized businesses (SMBs) and large enterprises, including customers in the government, health and education sectors.</p>\r\n<p>The company was founded in a one-car garage in Palo Alto by William \"Bill\" Redington Hewlett and Dave Packard. HP is the world\'s leading PC manufacturer and has been since 2007, fending off a challenge by Chinese manufacture Lenovo, according to Gartner.\r\n It specializes in developing and manufacturing computing, data storage,\r\n and networking hardware, designing software and delivering services. \r\nMajor product lines include personal computing devices, enterprise, and \r\nindustry standard servers, related storage devices, networking products,\r\n software and a diverse range of printers, and other imaging products. \r\nHP markets its products to households, small- to medium-sized businesses\r\n and enterprises directly as well as via online distribution, \r\nconsumer-electronics and office-supply retailers, software partners and \r\nmajor technology vendors. HP also has strong services and consulting \r\nbusiness around its products and partner products. It is the world\'s largest PC vendor by 2012 unit sales.</p>\r\n<p>Major company events have included the spin-off of part of its business as Agilent Technologies in 1999, its merger with Compaq in 2002, the sponsor of Mission: Space in 2003, and the acquisition of EDS in 2008, which led to combined revenues of $118.4&nbsp;billion in 2008 and a Fortune 500 ranking of 9 in 2009. In November 2009, HP announced the acquisition of 3Com, with the deal closing on April 12, 2010. On April 28, 2010, HP announced the buyout of Palm for $1.2&nbsp;billion. On September 2, 2010, HP won its bidding war for 3PAR with a $33 a share offer ($2.07&nbsp;billion), which Dell declined to match.</p>\r\n<p>Hewlett-Packard is not affiliated with Packard Motor Car Corporation, founded by James Ward Packard and William Doud Packard, or with Packard Bell.</p><br></p>', '', '', '', 'es'),
(93, 'Hewlett-Packard', '<p><p><b>Hewlett-Packard Company</b> or <b>HP</b> is an American multinational information technology corporation headquartered in Palo Alto, California, United States. It provides products, technologies, software, solutions and services to consumers, small- and medium-sized businesses (SMBs) and large enterprises, including customers in the government, health and education sectors.</p>\r\n<p>The company was founded in a one-car garage in Palo Alto by William \"Bill\" Redington Hewlett and Dave Packard. HP is the world\'s leading PC manufacturer and has been since 2007, fending off a challenge by Chinese manufacture Lenovo, according to Gartner.\r\n It specializes in developing and manufacturing computing, data storage,\r\n and networking hardware, designing software and delivering services. \r\nMajor product lines include personal computing devices, enterprise, and \r\nindustry standard servers, related storage devices, networking products,\r\n software and a diverse range of printers, and other imaging products. \r\nHP markets its products to households, small- to medium-sized businesses\r\n and enterprises directly as well as via online distribution, \r\nconsumer-electronics and office-supply retailers, software partners and \r\nmajor technology vendors. HP also has strong services and consulting \r\nbusiness around its products and partner products. It is the world\'s largest PC vendor by 2012 unit sales.</p>\r\n<p>Major company events have included the spin-off of part of its business as Agilent Technologies in 1999, its merger with Compaq in 2002, the sponsor of Mission: Space in 2003, and the acquisition of EDS in 2008, which led to combined revenues of $118.4&nbsp;billion in 2008 and a Fortune 500 ranking of 9 in 2009. In November 2009, HP announced the acquisition of 3Com, with the deal closing on April 12, 2010. On April 28, 2010, HP announced the buyout of Palm for $1.2&nbsp;billion. On September 2, 2010, HP won its bidding war for 3PAR with a $33 a share offer ($2.07&nbsp;billion), which Dell declined to match.</p>\r\n<p>Hewlett-Packard is not affiliated with Packard Motor Car Corporation, founded by James Ward Packard and William Doud Packard, or with Packard Bell.</p><br></p>', '', '', '', 'fr'),
(93, 'Hewlett-Packard', '<p><p><b>Hewlett-Packard Company</b> or <b>HP</b> is an American multinational information technology corporation headquartered in Palo Alto, California, United States. It provides products, technologies, software, solutions and services to consumers, small- and medium-sized businesses (SMBs) and large enterprises, including customers in the government, health and education sectors.</p>\r\n<p>The company was founded in a one-car garage in Palo Alto by William \"Bill\" Redington Hewlett and Dave Packard. HP is the world\'s leading PC manufacturer and has been since 2007, fending off a challenge by Chinese manufacture Lenovo, according to Gartner.\r\n It specializes in developing and manufacturing computing, data storage,\r\n and networking hardware, designing software and delivering services. \r\nMajor product lines include personal computing devices, enterprise, and \r\nindustry standard servers, related storage devices, networking products,\r\n software and a diverse range of printers, and other imaging products. \r\nHP markets its products to households, small- to medium-sized businesses\r\n and enterprises directly as well as via online distribution, \r\nconsumer-electronics and office-supply retailers, software partners and \r\nmajor technology vendors. HP also has strong services and consulting \r\nbusiness around its products and partner products. It is the world\'s largest PC vendor by 2012 unit sales.</p>\r\n<p>Major company events have included the spin-off of part of its business as Agilent Technologies in 1999, its merger with Compaq in 2002, the sponsor of Mission: Space in 2003, and the acquisition of EDS in 2008, which led to combined revenues of $118.4&nbsp;billion in 2008 and a Fortune 500 ranking of 9 in 2009. In November 2009, HP announced the acquisition of 3Com, with the deal closing on April 12, 2010. On April 28, 2010, HP announced the buyout of Palm for $1.2&nbsp;billion. On September 2, 2010, HP won its bidding war for 3PAR with a $33 a share offer ($2.07&nbsp;billion), which Dell declined to match.</p>\r\n<p>Hewlett-Packard is not affiliated with Packard Motor Car Corporation, founded by James Ward Packard and William Doud Packard, or with Packard Bell.</p><br></p>', '', '', '', 'it'),
(93, 'Hewlett-Packard', '<p><p><b>Hewlett-Packard Company</b> or <b>HP</b> is an American multinational information technology corporation headquartered in Palo Alto, California, United States. It provides products, technologies, software, solutions and services to consumers, small- and medium-sized businesses (SMBs) and large enterprises, including customers in the government, health and education sectors.</p>\r\n<p>The company was founded in a one-car garage in Palo Alto by William \"Bill\" Redington Hewlett and Dave Packard. HP is the world\'s leading PC manufacturer and has been since 2007, fending off a challenge by Chinese manufacture Lenovo, according to Gartner.\r\n It specializes in developing and manufacturing computing, data storage,\r\n and networking hardware, designing software and delivering services. \r\nMajor product lines include personal computing devices, enterprise, and \r\nindustry standard servers, related storage devices, networking products,\r\n software and a diverse range of printers, and other imaging products. \r\nHP markets its products to households, small- to medium-sized businesses\r\n and enterprises directly as well as via online distribution, \r\nconsumer-electronics and office-supply retailers, software partners and \r\nmajor technology vendors. HP also has strong services and consulting \r\nbusiness around its products and partner products. It is the world\'s largest PC vendor by 2012 unit sales.</p>\r\n<p>Major company events have included the spin-off of part of its business as Agilent Technologies in 1999, its merger with Compaq in 2002, the sponsor of Mission: Space in 2003, and the acquisition of EDS in 2008, which led to combined revenues of $118.4&nbsp;billion in 2008 and a Fortune 500 ranking of 9 in 2009. In November 2009, HP announced the acquisition of 3Com, with the deal closing on April 12, 2010. On April 28, 2010, HP announced the buyout of Palm for $1.2&nbsp;billion. On September 2, 2010, HP won its bidding war for 3PAR with a $33 a share offer ($2.07&nbsp;billion), which Dell declined to match.</p>\r\n<p>Hewlett-Packard is not affiliated with Packard Motor Car Corporation, founded by James Ward Packard and William Doud Packard, or with Packard Bell.</p><br></p>', '', '', '', 'nl'),
(93, 'Hewlett-Packard', '<p><p><b>Hewlett-Packard Company</b> or <b>HP</b> is an American multinational information technology corporation headquartered in Palo Alto, California, United States. It provides products, technologies, software, solutions and services to consumers, small- and medium-sized businesses (SMBs) and large enterprises, including customers in the government, health and education sectors.</p>\r\n<p>The company was founded in a one-car garage in Palo Alto by William \"Bill\" Redington Hewlett and Dave Packard. HP is the world\'s leading PC manufacturer and has been since 2007, fending off a challenge by Chinese manufacture Lenovo, according to Gartner.\r\n It specializes in developing and manufacturing computing, data storage,\r\n and networking hardware, designing software and delivering services. \r\nMajor product lines include personal computing devices, enterprise, and \r\nindustry standard servers, related storage devices, networking products,\r\n software and a diverse range of printers, and other imaging products. \r\nHP markets its products to households, small- to medium-sized businesses\r\n and enterprises directly as well as via online distribution, \r\nconsumer-electronics and office-supply retailers, software partners and \r\nmajor technology vendors. HP also has strong services and consulting \r\nbusiness around its products and partner products. It is the world\'s largest PC vendor by 2012 unit sales.</p>\r\n<p>Major company events have included the spin-off of part of its business as Agilent Technologies in 1999, its merger with Compaq in 2002, the sponsor of Mission: Space in 2003, and the acquisition of EDS in 2008, which led to combined revenues of $118.4&nbsp;billion in 2008 and a Fortune 500 ranking of 9 in 2009. In November 2009, HP announced the acquisition of 3Com, with the deal closing on April 12, 2010. On April 28, 2010, HP announced the buyout of Palm for $1.2&nbsp;billion. On September 2, 2010, HP won its bidding war for 3PAR with a $33 a share offer ($2.07&nbsp;billion), which Dell declined to match.</p>\r\n<p>Hewlett-Packard is not affiliated with Packard Motor Car Corporation, founded by James Ward Packard and William Doud Packard, or with Packard Bell.</p><br></p>', '', '', '', 'no'),
(93, 'Hewlett-Packard', '<p><p><b>Hewlett-Packard Company</b> or <b>HP</b> is an American multinational information technology corporation headquartered in Palo Alto, California, United States. It provides products, technologies, software, solutions and services to consumers, small- and medium-sized businesses (SMBs) and large enterprises, including customers in the government, health and education sectors.</p>\r\n<p>The company was founded in a one-car garage in Palo Alto by William \"Bill\" Redington Hewlett and Dave Packard. HP is the world\'s leading PC manufacturer and has been since 2007, fending off a challenge by Chinese manufacture Lenovo, according to Gartner.\r\n It specializes in developing and manufacturing computing, data storage,\r\n and networking hardware, designing software and delivering services. \r\nMajor product lines include personal computing devices, enterprise, and \r\nindustry standard servers, related storage devices, networking products,\r\n software and a diverse range of printers, and other imaging products. \r\nHP markets its products to households, small- to medium-sized businesses\r\n and enterprises directly as well as via online distribution, \r\nconsumer-electronics and office-supply retailers, software partners and \r\nmajor technology vendors. HP also has strong services and consulting \r\nbusiness around its products and partner products. It is the world\'s largest PC vendor by 2012 unit sales.</p>\r\n<p>Major company events have included the spin-off of part of its business as Agilent Technologies in 1999, its merger with Compaq in 2002, the sponsor of Mission: Space in 2003, and the acquisition of EDS in 2008, which led to combined revenues of $118.4&nbsp;billion in 2008 and a Fortune 500 ranking of 9 in 2009. In November 2009, HP announced the acquisition of 3Com, with the deal closing on April 12, 2010. On April 28, 2010, HP announced the buyout of Palm for $1.2&nbsp;billion. On September 2, 2010, HP won its bidding war for 3PAR with a $33 a share offer ($2.07&nbsp;billion), which Dell declined to match.</p>\r\n<p>Hewlett-Packard is not affiliated with Packard Motor Car Corporation, founded by James Ward Packard and William Doud Packard, or with Packard Bell.</p><br></p>', '', '', '', 'pt'),
(93, 'Hewlett-Packard', '<p><p><b>Hewlett-Packard Company</b> or <b>HP</b> is an American multinational information technology corporation headquartered in Palo Alto, California, United States. It provides products, technologies, software, solutions and services to consumers, small- and medium-sized businesses (SMBs) and large enterprises, including customers in the government, health and education sectors.</p>\r\n<p>The company was founded in a one-car garage in Palo Alto by William \"Bill\" Redington Hewlett and Dave Packard. HP is the world\'s leading PC manufacturer and has been since 2007, fending off a challenge by Chinese manufacture Lenovo, according to Gartner.\r\n It specializes in developing and manufacturing computing, data storage,\r\n and networking hardware, designing software and delivering services. \r\nMajor product lines include personal computing devices, enterprise, and \r\nindustry standard servers, related storage devices, networking products,\r\n software and a diverse range of printers, and other imaging products. \r\nHP markets its products to households, small- to medium-sized businesses\r\n and enterprises directly as well as via online distribution, \r\nconsumer-electronics and office-supply retailers, software partners and \r\nmajor technology vendors. HP also has strong services and consulting \r\nbusiness around its products and partner products. It is the world\'s largest PC vendor by 2012 unit sales.</p>\r\n<p>Major company events have included the spin-off of part of its business as Agilent Technologies in 1999, its merger with Compaq in 2002, the sponsor of Mission: Space in 2003, and the acquisition of EDS in 2008, which led to combined revenues of $118.4&nbsp;billion in 2008 and a Fortune 500 ranking of 9 in 2009. In November 2009, HP announced the acquisition of 3Com, with the deal closing on April 12, 2010. On April 28, 2010, HP announced the buyout of Palm for $1.2&nbsp;billion. On September 2, 2010, HP won its bidding war for 3PAR with a $33 a share offer ($2.07&nbsp;billion), which Dell declined to match.</p>\r\n<p>Hewlett-Packard is not affiliated with Packard Motor Car Corporation, founded by James Ward Packard and William Doud Packard, or with Packard Bell.</p><br></p>', '', '', '', 'ro'),
(93, 'Hewlett-Packard', '<p><p><b>Hewlett-Packard Company</b> or <b>HP</b> is an American multinational information technology corporation headquartered in Palo Alto, California, United States. It provides products, technologies, software, solutions and services to consumers, small- and medium-sized businesses (SMBs) and large enterprises, including customers in the government, health and education sectors.</p>\r\n<p>The company was founded in a one-car garage in Palo Alto by William \"Bill\" Redington Hewlett and Dave Packard. HP is the world\'s leading PC manufacturer and has been since 2007, fending off a challenge by Chinese manufacture Lenovo, according to Gartner.\r\n It specializes in developing and manufacturing computing, data storage,\r\n and networking hardware, designing software and delivering services. \r\nMajor product lines include personal computing devices, enterprise, and \r\nindustry standard servers, related storage devices, networking products,\r\n software and a diverse range of printers, and other imaging products. \r\nHP markets its products to households, small- to medium-sized businesses\r\n and enterprises directly as well as via online distribution, \r\nconsumer-electronics and office-supply retailers, software partners and \r\nmajor technology vendors. HP also has strong services and consulting \r\nbusiness around its products and partner products. It is the world\'s largest PC vendor by 2012 unit sales.</p>\r\n<p>Major company events have included the spin-off of part of its business as Agilent Technologies in 1999, its merger with Compaq in 2002, the sponsor of Mission: Space in 2003, and the acquisition of EDS in 2008, which led to combined revenues of $118.4&nbsp;billion in 2008 and a Fortune 500 ranking of 9 in 2009. In November 2009, HP announced the acquisition of 3Com, with the deal closing on April 12, 2010. On April 28, 2010, HP announced the buyout of Palm for $1.2&nbsp;billion. On September 2, 2010, HP won its bidding war for 3PAR with a $33 a share offer ($2.07&nbsp;billion), which Dell declined to match.</p>\r\n<p>Hewlett-Packard is not affiliated with Packard Motor Car Corporation, founded by James Ward Packard and William Doud Packard, or with Packard Bell.</p><br></p>', '', '', '', 'ru'),
(94, 'LG', '<p><b>LG Corporation</b> is a South Korean multinational conglomerate\r\n corporation. It is the fourth-largest company of its kind in South \r\nKorea, following Samsung Group, Hyundai Motors Group and SK group. Its \r\nheadquarters are situated in the LG Twin Towers building in Yeouido-dong, Yeongdeungpo-gu, Seoul. LG makes electronics, chemicals, and telecom products and operates subsidiaries such as LG Electronics, Zenith, LG Display, LG Telecom and LG Chem in over 80 countries.<br></p>', '', '', '', 'da'),
(94, 'LG', '<p><b>LG Corporation</b> is a South Korean multinational conglomerate\r\n corporation. It is the fourth-largest company of its kind in South \r\nKorea, following Samsung Group, Hyundai Motors Group and SK group. Its \r\nheadquarters are situated in the LG Twin Towers building in Yeouido-dong, Yeongdeungpo-gu, Seoul. LG makes electronics, chemicals, and telecom products and operates subsidiaries such as LG Electronics, Zenith, LG Display, LG Telecom and LG Chem in over 80 countries.<br></p>', '', '', '', 'de'),
(94, 'LG', '<p><b>LG Corporation</b> is a South Korean multinational conglomerate\r\n corporation. It is the fourth-largest company of its kind in South \r\nKorea, following Samsung Group, Hyundai Motors Group and SK group. Its \r\nheadquarters are situated in the LG Twin Towers building in Yeouido-dong, Yeongdeungpo-gu, Seoul. LG makes electronics, chemicals, and telecom products and operates subsidiaries such as LG Electronics, Zenith, LG Display, LG Telecom and LG Chem in over 80 countries.<br></p>', '', '', '', 'el'),
(94, 'LG', '<p><b>LG Corporation</b> is a South Korean multinational conglomerate\r\n corporation. It is the fourth-largest company of its kind in South \r\nKorea, following Samsung Group, Hyundai Motors Group and SK group. Its \r\nheadquarters are situated in the LG Twin Towers building in Yeouido-dong, Yeongdeungpo-gu, Seoul. LG makes electronics, chemicals, and telecom products and operates subsidiaries such as LG Electronics, Zenith, LG Display, LG Telecom and LG Chem in over 80 countries.<br></p>', '', '', '', 'en'),
(94, 'LG', '<p><b>LG Corporation</b> is a South Korean multinational conglomerate\r\n corporation. It is the fourth-largest company of its kind in South \r\nKorea, following Samsung Group, Hyundai Motors Group and SK group. Its \r\nheadquarters are situated in the LG Twin Towers building in Yeouido-dong, Yeongdeungpo-gu, Seoul. LG makes electronics, chemicals, and telecom products and operates subsidiaries such as LG Electronics, Zenith, LG Display, LG Telecom and LG Chem in over 80 countries.<br></p>', '', '', '', 'es'),
(94, 'LG', '<p><b>LG Corporation</b> is a South Korean multinational conglomerate\r\n corporation. It is the fourth-largest company of its kind in South \r\nKorea, following Samsung Group, Hyundai Motors Group and SK group. Its \r\nheadquarters are situated in the LG Twin Towers building in Yeouido-dong, Yeongdeungpo-gu, Seoul. LG makes electronics, chemicals, and telecom products and operates subsidiaries such as LG Electronics, Zenith, LG Display, LG Telecom and LG Chem in over 80 countries.<br></p>', '', '', '', 'fr'),
(94, 'LG', '<p><b>LG Corporation</b> is a South Korean multinational conglomerate\r\n corporation. It is the fourth-largest company of its kind in South \r\nKorea, following Samsung Group, Hyundai Motors Group and SK group. Its \r\nheadquarters are situated in the LG Twin Towers building in Yeouido-dong, Yeongdeungpo-gu, Seoul. LG makes electronics, chemicals, and telecom products and operates subsidiaries such as LG Electronics, Zenith, LG Display, LG Telecom and LG Chem in over 80 countries.<br></p>', '', '', '', 'it'),
(94, 'LG', '<p><b>LG Corporation</b> is a South Korean multinational conglomerate\r\n corporation. It is the fourth-largest company of its kind in South \r\nKorea, following Samsung Group, Hyundai Motors Group and SK group. Its \r\nheadquarters are situated in the LG Twin Towers building in Yeouido-dong, Yeongdeungpo-gu, Seoul. LG makes electronics, chemicals, and telecom products and operates subsidiaries such as LG Electronics, Zenith, LG Display, LG Telecom and LG Chem in over 80 countries.<br></p>', '', '', '', 'nl'),
(94, 'LG', '<p><b>LG Corporation</b> is a South Korean multinational conglomerate\r\n corporation. It is the fourth-largest company of its kind in South \r\nKorea, following Samsung Group, Hyundai Motors Group and SK group. Its \r\nheadquarters are situated in the LG Twin Towers building in Yeouido-dong, Yeongdeungpo-gu, Seoul. LG makes electronics, chemicals, and telecom products and operates subsidiaries such as LG Electronics, Zenith, LG Display, LG Telecom and LG Chem in over 80 countries.<br></p>', '', '', '', 'no'),
(94, 'LG', '<p><b>LG Corporation</b> is a South Korean multinational conglomerate\r\n corporation. It is the fourth-largest company of its kind in South \r\nKorea, following Samsung Group, Hyundai Motors Group and SK group. Its \r\nheadquarters are situated in the LG Twin Towers building in Yeouido-dong, Yeongdeungpo-gu, Seoul. LG makes electronics, chemicals, and telecom products and operates subsidiaries such as LG Electronics, Zenith, LG Display, LG Telecom and LG Chem in over 80 countries.<br></p>', '', '', '', 'pt'),
(94, 'LG', '<p><b>LG Corporation</b> is a South Korean multinational conglomerate\r\n corporation. It is the fourth-largest company of its kind in South \r\nKorea, following Samsung Group, Hyundai Motors Group and SK group. Its \r\nheadquarters are situated in the LG Twin Towers building in Yeouido-dong, Yeongdeungpo-gu, Seoul. LG makes electronics, chemicals, and telecom products and operates subsidiaries such as LG Electronics, Zenith, LG Display, LG Telecom and LG Chem in over 80 countries.<br></p>', '', '', '', 'ro');
