-- Table structure for table `partiushop_localizations`
--

CREATE TABLE `partiushop_localizations` (
  `localization_id` mediumint(8) UNSIGNED NOT NULL,
  `custom_weight_settings` char(1) NOT NULL DEFAULT 'Y',
  `weight_symbol` varchar(255) NOT NULL DEFAULT '',
  `weight_unit` decimal(12,2) NOT NULL DEFAULT 0.00,
  `is_default` char(1) NOT NULL DEFAULT 'N',
  `status` char(1) NOT NULL DEFAULT 'A'
) ENGINE=InnoDB DEFAULT CHARSET=utf8;

-- --------------------------------------------------------

--
-- Table structure for table `partiushop_localization_descriptions`
--

CREATE TABLE `partiushop_localization_descriptions` (
  `localization_id` mediumint(8) UNSIGNED NOT NULL DEFAULT 0,
  `localization` varchar(255) NOT NULL DEFAULT '',
  `lang_code` char(2) NOT NULL DEFAULT ''
) ENGINE=InnoDB DEFAULT CHARSET=utf8;

-- --------------------------------------------------------

--
-- Table structure for table `partiushop_localization_elements`
--

CREATE TABLE `partiushop_localization_elements` (
  `element_id` mediumint(8) UNSIGNED NOT NULL,
  `localization_id` mediumint(8) UNSIGNED NOT NULL DEFAULT 0,
  `element` varchar(36) NOT NULL DEFAULT '',
  `element_type` char(1) NOT NULL DEFAULT 'S',
  `position` smallint(5) NOT NULL DEFAULT 0
) ENGINE=InnoDB DEFAULT CHARSET=utf8;

-- --------------------------------------------------------

--
-- Table structure for table `partiushop_lock_keys`
--

CREATE TABLE `partiushop_lock_keys` (
  `key_id` varchar(64) NOT NULL,
  `token` varchar(64) NOT NULL,
  `expiry_at` int(11) UNSIGNED NOT NULL
) ENGINE=InnoDB DEFAULT CHARSET=utf8;

-- --------------------------------------------------------

--
-- Table structure for table `partiushop_logos`
--

CREATE TABLE `partiushop_logos` (
  `logo_id` mediumint(8) UNSIGNED NOT NULL,
  `layout_id` int(11) NOT NULL DEFAULT 0,
  `style_id` varchar(50) NOT NULL DEFAULT '',
  `company_id` int(11) NOT NULL DEFAULT 0,
  `type` varchar(32) NOT NULL DEFAULT '',
  `storefront_id` int(11) UNSIGNED NOT NULL DEFAULT 0
) ENGINE=InnoDB DEFAULT CHARSET=utf8;

--
-- Dumping data for table `partiushop_logos`
--

INSERT INTO `partiushop_logos` (`logo_id`, `layout_id`, `style_id`, `company_id`, `type`, `storefront_id`) VALUES
(8, 1, 'Bright_theme', 0, 'theme', 1),
(9, 1, 'Bright_theme', 0, 'favicon', 1),
(10, 1, 'Bright_theme', 0, 'mail', 1),
(11, 2, 'Bright_theme', 0, 'theme', 1),
(12, 2, 'Bright_theme', 0, 'favicon', 1),
(13, 2, 'Bright_theme', 0, 'mail', 1),
(14, 0, '', 0, 'gift_cert', 1),
(15, 3, 'Default', 0, 'theme', 1),
(16, 3, 'Default', 0, 'favicon', 1),
(17, 3, 'Default', 0, 'mail', 1),
(18, 4, 'Default', 0, 'theme', 1),
(19, 4, 'Default', 0, 'favicon', 1),
(20, 4, 'Default', 0, 'mail', 1),
(21, 5, 'Default', 0, 'theme', 1),
(22, 5, 'Default', 0, 'favicon', 1),
(23, 5, 'Default', 0, 'mail', 1),
(24, 6, 'Default', 0, 'theme', 1),
(25, 6, 'Default', 0, 'favicon', 1),
(26, 6, 'Default', 0, 'mail', 1),
(27, 7, 'Green', 0, 'theme', 1),
(28, 7, 'Green', 0, 'favicon', 1),
(29, 7, 'Green', 0, 'mail', 1),
(30, 8, 'Skyfall', 0, 'theme', 1),
(31, 8, 'Skyfall', 0, 'favicon', 1),
(32, 8, 'Skyfall', 0, 'mail', 1),
(33, 6, 'Black', 0, 'theme', 1),
(34, 6, 'Black', 0, 'favicon', 1),
(35, 6, 'Black', 0, 'mail', 1),
(36, 6, 'Skyfall', 0, 'theme', 1),
(37, 6, 'Skyfall', 0, 'favicon', 1),
(38, 6, 'Skyfall', 0, 'mail', 1),
(39, 6, 'Mint', 0, 'theme', 1),
(40, 6, 'Mint', 0, 'favicon', 1),
(41, 6, 'Mint', 0, 'mail', 1),
(42, 6, 'Dark_Navy', 0, 'theme', 1),
(43, 6, 'Dark_Navy', 0, 'favicon', 1),
(44, 6, 'Dark_Navy', 0, 'mail', 1),
(45, 3, 'Blue', 0, 'theme', 1),
(46, 3, 'Blue', 0, 'favicon', 1),
(47, 3, 'Blue', 0, 'mail', 1),
(48, 3, 'Original', 0, 'theme', 1),
(49, 3, 'Original', 0, 'favicon', 1),
(50, 3, 'Original', 0, 'mail', 1),
(51, 3, 'Black', 0, 'theme', 1),
(52, 3, 'Black', 0, 'favicon', 1),
(53, 3, 'Black', 0, 'mail', 1),
(54, 6, 'Dark_Blue', 0, 'theme', 1),
(55, 6, 'Dark_Blue', 0, 'favicon', 1),
(56, 6, 'Dark_Blue', 0, 'mail', 1),
(57, 3, 'Brick', 0, 'theme', 1),
(58, 3, 'Brick', 0, 'favicon', 1),
(59, 3, 'Brick', 0, 'mail', 1),
(60, 3, 'Dark_Blue', 0, 'theme', 1),
(61, 3, 'Dark_Blue', 0, 'favicon', 1),
(62, 3, 'Dark_Blue', 0, 'mail', 1),
(63, 3, 'Dark_Navy', 0, 'theme', 1),
(64, 3, 'Dark_Navy', 0, 'favicon', 1),
(65, 3, 'Dark_Navy', 0, 'mail', 1),
(66, 3, 'Fiolent', 0, 'theme', 1),
(67, 3, 'Fiolent', 0, 'favicon', 1),
(68, 3, 'Fiolent', 0, 'mail', 1),
(69, 3, 'Flame', 0, 'theme', 1),
(70, 3, 'Flame', 0, 'favicon', 1),
(71, 3, 'Flame', 0, 'mail', 1),
(72, 3, 'Indigo', 0, 'theme', 1),
(73, 3, 'Indigo', 0, 'favicon', 1),
(74, 3, 'Indigo', 0, 'mail', 1),
(75, 3, 'Ink', 0, 'theme', 1),
(76, 3, 'Ink', 0, 'favicon', 1),
(77, 3, 'Ink', 0, 'mail', 1),
(78, 3, 'Mint', 0, 'theme', 1),
(79, 3, 'Mint', 0, 'favicon', 1),
(80, 3, 'Mint', 0, 'mail', 1),
(81, 6, 'Flame', 0, 'theme', 1),
(82, 6, 'Flame', 0, 'favicon', 1),
(83, 6, 'Flame', 0, 'mail', 1),
(84, 6, 'White', 0, 'theme', 1),
(85, 6, 'White', 0, 'favicon', 1),
(86, 6, 'White', 0, 'mail', 1),
(87, 6, 'Indigo', 0, 'theme', 1),
(88, 6, 'Indigo', 0, 'favicon', 1),
(89, 6, 'Indigo', 0, 'mail', 1),
(90, 6, 'Ink', 0, 'theme', 1),
(91, 6, 'Ink', 0, 'favicon', 1),
(92, 6, 'Ink', 0, 'mail', 1),
(93, 9, 'Modern', 0, 'theme', 1),
(94, 9, 'Modern', 0, 'favicon', 1),
(95, 9, 'Modern', 0, 'mail', 1),
(96, 10, 'Modern', 0, 'theme', 1),
(97, 10, 'Modern', 0, 'favicon', 1),
(98, 10, 'Modern', 0, 'mail', 1),
(99, 11, 'Modern', 0, 'theme', 1),
(100, 11, 'Modern', 0, 'favicon', 1),
(101, 11, 'Modern', 0, 'mail', 1),
(102, 12, 'Modern', 0, 'theme', 1),
(103, 12, 'Modern', 0, 'favicon', 1),
(104, 12, 'Modern', 0, 'mail', 1),
(105, 13, 'Modern', 0, 'theme', 1),
(106, 13, 'Modern', 0, 'favicon', 1),
(107, 13, 'Modern', 0, 'mail', 1),
(108, 10, 'Black', 0, 'theme', 1),
(109, 10, 'Black', 0, 'favicon', 1),
(110, 10, 'Black', 0, 'mail', 1),
(111, 6, 'Original', 0, 'theme', 1),
(112, 6, 'Original', 0, 'favicon', 1),
(113, 6, 'Original', 0, 'mail', 1),
(116, 6, 'Blue', 0, 'theme', 1),
(117, 6, 'Blue', 0, 'favicon', 1),
(118, 6, 'Blue', 0, 'mail', 1),
(119, 0, '', 4, 'theme', 0),
(120, 0, '', 4, 'mail', 0),
(121, 6, 'Fiolent', 0, 'theme', 1),
(122, 6, 'Fiolent', 0, 'favicon', 1),
(123, 6, 'Fiolent', 0, 'mail', 1),
(124, 3, 'White', 0, 'theme', 1),
(125, 3, 'White', 0, 'favicon', 1),
(126, 3, 'White', 0, 'mail', 1),
(127, 6, 'partiu_theme_style_v1', 0, 'theme', 1),
(128, 6, 'partiu_theme_style_v1', 0, 'favicon', 1),
(129, 6, 'partiu_theme_style_v1', 0, 'mail', 1),
(130, 3, 'partiu_theme_style_v1', 0, 'theme', 1),
(131, 3, 'partiu_theme_style_v1', 0, 'favicon', 1),
(132, 3, 'partiu_theme_style_v1', 0, 'mail', 1),
(133, 3, 'Gray', 0, 'theme', 1),
(134, 3, 'Gray', 0, 'favicon', 1),
(135, 3, 'Gray', 0, 'mail', 1),
(136, 3, 'partiu_style_v2', 0, 'theme', 1),
(137, 3, 'partiu_style_v2', 0, 'favicon', 1),
(138, 3, 'partiu_style_v2', 0, 'mail', 1),
(139, 6, 'partiu_style_v2', 0, 'theme', 1),
(140, 6, 'partiu_style_v2', 0, 'favicon', 1),
(141, 6, 'partiu_style_v2', 0, 'mail', 1),
(142, 14, 'partiu_style_v2', 0, 'theme', 1),
(143, 14, 'partiu_style_v2', 0, 'favicon', 1),
(144, 14, 'partiu_style_v2', 0, 'mail', 1),
(145, 15, 'Default', 0, 'theme', 1),
(146, 15, 'Default', 0, 'favicon', 1),
(147, 15, 'Default', 0, 'mail', 1),
(150, 0, '', 0, 'gift_cert', 2),
(151, 16, 'Bright_theme', 0, 'theme', 2),
(152, 16, 'Bright_theme', 0, 'favicon', 2),
(153, 16, 'Bright_theme', 0, 'mail', 2),
(154, 17, 'Bright_theme', 0, 'theme', 2),
(155, 17, 'Bright_theme', 0, 'favicon', 2),
(156, 17, 'Bright_theme', 0, 'mail', 2),
(157, 18, 'Default', 0, 'theme', 2),
(158, 18, 'Blue', 0, 'theme', 2),
(159, 18, 'Original', 0, 'theme', 2),
(160, 18, 'Black', 0, 'theme', 2),
(161, 18, 'Brick', 0, 'theme', 2),
(162, 18, 'Dark_Blue', 0, 'theme', 2),
(163, 18, 'Dark_Navy', 0, 'theme', 2),
(164, 18, 'Fiolent', 0, 'theme', 2),
(165, 18, 'Flame', 0, 'theme', 2),
(166, 18, 'Indigo', 0, 'theme', 2),
(167, 18, 'Ink', 0, 'theme', 2),
(168, 18, 'Mint', 0, 'theme', 2),
(169, 18, 'White', 0, 'theme', 2),
(170, 18, 'partiu_theme_style_v1', 0, 'theme', 2),
(171, 18, 'Gray', 0, 'theme', 2),
(172, 18, 'partiu_style_v2', 0, 'theme', 2),
(173, 18, 'Default', 0, 'favicon', 2),
(174, 18, 'Blue', 0, 'favicon', 2),
(175, 18, 'Original', 0, 'favicon', 2),
(176, 18, 'Black', 0, 'favicon', 2),
(177, 18, 'Brick', 0, 'favicon', 2),
(178, 18, 'Dark_Blue', 0, 'favicon', 2),
(179, 18, 'Dark_Navy', 0, 'favicon', 2),
(180, 18, 'Fiolent', 0, 'favicon', 2),
(181, 18, 'Flame', 0, 'favicon', 2),
(182, 18, 'Indigo', 0, 'favicon', 2),
(183, 18, 'Ink', 0, 'favicon', 2),
(184, 18, 'Mint', 0, 'favicon', 2),
(185, 18, 'White', 0, 'favicon', 2),
(186, 18, 'partiu_theme_style_v1', 0, 'favicon', 2),
(187, 18, 'Gray', 0, 'favicon', 2),
(188, 18, 'partiu_style_v2', 0, 'favicon', 2),
(189, 18, 'Default', 0, 'mail', 2),
(190, 18, 'Blue', 0, 'mail', 2),
(191, 18, 'Original', 0, 'mail', 2),
(192, 18, 'Black', 0, 'mail', 2),
(193, 18, 'Brick', 0, 'mail', 2),
(194, 18, 'Dark_Blue', 0, 'mail', 2),
(195, 18, 'Dark_Navy', 0, 'mail', 2),
(196, 18, 'Fiolent', 0, 'mail', 2),
(197, 18, 'Flame', 0, 'mail', 2),
(198, 18, 'Indigo', 0, 'mail', 2),
(199, 18, 'Ink', 0, 'mail', 2),
(200, 18, 'Mint', 0, 'mail', 2),
(201, 18, 'White', 0, 'mail', 2),
(202, 18, 'partiu_theme_style_v1', 0, 'mail', 2),
(203, 18, 'Gray', 0, 'mail', 2),
(204, 18, 'partiu_style_v2', 0, 'mail', 2),
(205, 19, 'Default', 0, 'theme', 2),
(206, 19, 'Default', 0, 'favicon', 2),
(207, 19, 'Default', 0, 'mail', 2),
(208, 20, 'Default', 0, 'theme', 2),
(209, 20, 'Default', 0, 'favicon', 2),
(210, 20, 'Default', 0, 'mail', 2),
(211, 21, 'Default', 0, 'theme', 2),
(212, 21, 'Black', 0, 'theme', 2),
(213, 21, 'Skyfall', 0, 'theme', 2),
(214, 21, 'Mint', 0, 'theme', 2),
(215, 21, 'Dark_Navy', 0, 'theme', 2),
(216, 21, 'Dark_Blue', 0, 'theme', 2),
(217, 21, 'Flame', 0, 'theme', 2),
(218, 21, 'White', 0, 'theme', 2),
(219, 21, 'Indigo', 0, 'theme', 2),
(220, 21, 'Ink', 0, 'theme', 2),
(221, 21, 'Original', 0, 'theme', 2),
(222, 21, 'Blue', 0, 'theme', 2),
(223, 21, 'Fiolent', 0, 'theme', 2),
(224, 21, 'partiu_theme_style_v1', 0, 'theme', 2),
(225, 21, 'partiu_style_v2', 0, 'theme', 2),
(226, 21, 'Default', 0, 'favicon', 2),
(227, 21, 'Black', 0, 'favicon', 2),
(228, 21, 'Skyfall', 0, 'favicon', 2),
(229, 21, 'Mint', 0, 'favicon', 2),
(230, 21, 'Dark_Navy', 0, 'favicon', 2),
(231, 21, 'Dark_Blue', 0, 'favicon', 2),
(232, 21, 'Flame', 0, 'favicon', 2),
(233, 21, 'White', 0, 'favicon', 2),
(234, 21, 'Indigo', 0, 'favicon', 2),
(235, 21, 'Ink', 0, 'favicon', 2),
(236, 21, 'Original', 0, 'favicon', 2),
(237, 21, 'Blue', 0, 'favicon', 2),
(238, 21, 'Fiolent', 0, 'favicon', 2),
(239, 21, 'partiu_theme_style_v1', 0, 'favicon', 2),
(240, 21, 'partiu_style_v2', 0, 'favicon', 2),
(241, 21, 'Default', 0, 'mail', 2),
(242, 21, 'Black', 0, 'mail', 2),
(243, 21, 'Skyfall', 0, 'mail', 2),
(244, 21, 'Mint', 0, 'mail', 2),
(245, 21, 'Dark_Navy', 0, 'mail', 2),
(246, 21, 'Dark_Blue', 0, 'mail', 2),
(247, 21, 'Flame', 0, 'mail', 2),
(248, 21, 'White', 0, 'mail', 2),
(249, 21, 'Indigo', 0, 'mail', 2),
(250, 21, 'Ink', 0, 'mail', 2),
(251, 21, 'Original', 0, 'mail', 2),
(252, 21, 'Blue', 0, 'mail', 2),
(253, 21, 'Fiolent', 0, 'mail', 2),
(254, 21, 'partiu_theme_style_v1', 0, 'mail', 2),
(255, 21, 'partiu_style_v2', 0, 'mail', 2),
(256, 22, 'Green', 0, 'theme', 2),
(257, 22, 'Green', 0, 'favicon', 2),
(258, 22, 'Green', 0, 'mail', 2),
(259, 23, 'Skyfall', 0, 'theme', 2),
(260, 23, 'Skyfall', 0, 'favicon', 2),
(261, 23, 'Skyfall', 0, 'mail', 2),
(262, 24, 'Modern', 0, 'theme', 2),
(263, 24, 'Modern', 0, 'favicon', 2),
(264, 24, 'Modern', 0, 'mail', 2),
(265, 25, 'Modern', 0, 'theme', 2),
(266, 25, 'Black', 0, 'theme', 2),
(267, 25, 'Modern', 0, 'favicon', 2),
(268, 25, 'Black', 0, 'favicon', 2),
(269, 25, 'Modern', 0, 'mail', 2),
(270, 25, 'Black', 0, 'mail', 2),
(271, 26, 'Modern', 0, 'theme', 2),
(272, 26, 'Modern', 0, 'favicon', 2),
(273, 26, 'Modern', 0, 'mail', 2),
(274, 27, 'Modern', 0, 'theme', 2),
(275, 27, 'Modern', 0, 'favicon', 2),
(276, 27, 'Modern', 0, 'mail', 2),
(277, 28, 'Modern', 0, 'theme', 2),
(278, 28, 'Modern', 0, 'favicon', 2),
(279, 28, 'Modern', 0, 'mail', 2),
(280, 29, 'partiu_style_v2', 0, 'theme', 2),
(281, 29, 'partiu_style_v2', 0, 'favicon', 2),
(282, 29, 'partiu_style_v2', 0, 'mail', 2),
(283, 30, 'Default', 0, 'theme', 2),
(284, 30, 'Default', 0, 'favicon', 2),
(285, 30, 'Default', 0, 'mail', 2),
(294, 0, '', 0, 'theme', 2),
(295, 0, '', 0, 'favicon', 2),
(296, 0, '', 0, 'mail', 2),
(297, 33, 'Default', 0, 'theme', 1),
(298, 33, 'Default', 0, 'favicon', 1),
(299, 33, 'Default', 0, 'mail', 1),
(300, 34, 'Default', 0, 'theme', 1),
(301, 34, 'Default', 0, 'favicon', 1),
(302, 34, 'Default', 0, 'mail', 1),
(303, 35, 'Default', 0, 'theme', 1),
(304, 35, 'Default', 0, 'favicon', 1),
(305, 35, 'Default', 0, 'mail', 1),
(306, 36, 'Default', 0, 'theme', 1),
(307, 36, 'Default', 0, 'favicon', 1),
(308, 36, 'Default', 0, 'mail', 1),
(309, 37, 'Green', 0, 'theme', 1),
(310, 37, 'Green', 0, 'favicon', 1),
(311, 37, 'Green', 0, 'mail', 1),
(312, 38, 'Skyfall', 0, 'theme', 1),
(313, 38, 'Skyfall', 0, 'favicon', 1),
(314, 38, 'Skyfall', 0, 'mail', 1),
(315, 36, 'partiu_style_v2', 0, 'theme', 1),
(316, 36, 'partiu_style_v2', 0, 'favicon', 1),
(317, 36, 'partiu_style_v2', 0, 'mail', 1),
(318, 1, 'Bright_theme', 0, 'vendor', 1),
(319, 2, 'Bright_theme', 0, 'vendor', 1),
(320, 3, 'Black', 0, 'vendor', 1),
(321, 3, 'Blue', 0, 'vendor', 1),
(322, 3, 'Brick', 0, 'vendor', 1),
(323, 3, 'Dark_Blue', 0, 'vendor', 1),
(324, 3, 'Dark_Navy', 0, 'vendor', 1),
(325, 3, 'Default', 0, 'vendor', 1),
(326, 3, 'Fiolent', 0, 'vendor', 1),
(327, 3, 'Flame', 0, 'vendor', 1),
(328, 3, 'Gray', 0, 'vendor', 1),
(329, 3, 'Indigo', 0, 'vendor', 1),
(330, 3, 'Ink', 0, 'vendor', 1),
(331, 3, 'Mint', 0, 'vendor', 1),
(332, 3, 'Original', 0, 'vendor', 1),
(333, 3, 'partiu_style_v2', 0, 'vendor', 1),
(334, 3, 'partiu_theme_style_v1', 0, 'vendor', 1),
(335, 3, 'White', 0, 'vendor', 1),
(336, 4, 'Default', 0, 'vendor', 1),
(337, 5, 'Default', 0, 'vendor', 1),
(338, 6, 'Black', 0, 'vendor', 1),
(339, 6, 'Blue', 0, 'vendor', 1),
(340, 6, 'Dark_Blue', 0, 'vendor', 1),
(341, 6, 'Dark_Navy', 0, 'vendor', 1),
(342, 6, 'Default', 0, 'vendor', 1),
(343, 6, 'Fiolent', 0, 'vendor', 1),
(344, 6, 'Flame', 0, 'vendor', 1),
(345, 6, 'Indigo', 0, 'vendor', 1),
(346, 6, 'Ink', 0, 'vendor', 1),
(347, 6, 'Mint', 0, 'vendor', 1),
(348, 6, 'Original', 0, 'vendor', 1),
(349, 6, 'partiu_style_v2', 0, 'vendor', 1),
(350, 6, 'partiu_theme_style_v1', 0, 'vendor', 1),
(351, 6, 'Skyfall', 0, 'vendor', 1),
(352, 6, 'White', 0, 'vendor', 1),
(353, 7, 'Green', 0, 'vendor', 1),
(354, 8, 'Skyfall', 0, 'vendor', 1),
(355, 9, 'Modern', 0, 'vendor', 1),
(356, 10, 'Black', 0, 'vendor', 1),
(357, 10, 'Modern', 0, 'vendor', 1),
(358, 11, 'Modern', 0, 'vendor', 1),
(359, 12, 'Modern', 0, 'vendor', 1),
(360, 13, 'Modern', 0, 'vendor', 1),
(361, 14, 'partiu_style_v2', 0, 'vendor', 1),
(362, 15, 'Default', 0, 'vendor', 1),
(363, 16, 'Bright_theme', 0, 'vendor', 2),
(364, 17, 'Bright_theme', 0, 'vendor', 2),
(365, 18, 'Black', 0, 'vendor', 2),
(366, 18, 'Blue', 0, 'vendor', 2),
(367, 18, 'Brick', 0, 'vendor', 2),
(368, 18, 'Dark_Blue', 0, 'vendor', 2),
(369, 18, 'Dark_Navy', 0, 'vendor', 2),
(370, 18, 'Default', 0, 'vendor', 2),
(371, 18, 'Fiolent', 0, 'vendor', 2),
(372, 18, 'Flame', 0, 'vendor', 2),
(373, 18, 'Gray', 0, 'vendor', 2),
(374, 18, 'Indigo', 0, 'vendor', 2),
(375, 18, 'Ink', 0, 'vendor', 2),
(376, 18, 'Mint', 0, 'vendor', 2),
(377, 18, 'Original', 0, 'vendor', 2),
(378, 18, 'partiu_style_v2', 0, 'vendor', 2),
(379, 18, 'partiu_theme_style_v1', 0, 'vendor', 2),
(380, 18, 'White', 0, 'vendor', 2),
(381, 19, 'Default', 0, 'vendor', 2),
(382, 20, 'Default', 0, 'vendor', 2),
(383, 21, 'Black', 0, 'vendor', 2),
(384, 21, 'Blue', 0, 'vendor', 2),
(385, 21, 'Dark_Blue', 0, 'vendor', 2),
(386, 21, 'Dark_Navy', 0, 'vendor', 2),
(387, 21, 'Default', 0, 'vendor', 2),
(388, 21, 'Fiolent', 0, 'vendor', 2),
(389, 21, 'Flame', 0, 'vendor', 2),
(390, 21, 'Indigo', 0, 'vendor', 2),
(391, 21, 'Ink', 0, 'vendor', 2),
(392, 21, 'Mint', 0, 'vendor', 2),
(393, 21, 'Original', 0, 'vendor', 2),
(394, 21, 'partiu_style_v2', 0, 'vendor', 2),
(395, 21, 'partiu_theme_style_v1', 0, 'vendor', 2),
(396, 21, 'Skyfall', 0, 'vendor', 2),
(397, 21, 'White', 0, 'vendor', 2),
(398, 22, 'Green', 0, 'vendor', 2),
(399, 23, 'Skyfall', 0, 'vendor', 2),
(400, 24, 'Modern', 0, 'vendor', 2),
(401, 25, 'Black', 0, 'vendor', 2),
(402, 25, 'Modern', 0, 'vendor', 2),
(403, 26, 'Modern', 0, 'vendor', 2),
(404, 27, 'Modern', 0, 'vendor', 2),
(405, 28, 'Modern', 0, 'vendor', 2),
(406, 29, 'partiu_style_v2', 0, 'vendor', 2),
(407, 30, 'Default', 0, 'vendor', 2),
(408, 33, 'Default', 0, 'vendor', 1),
(409, 34, 'Default', 0, 'vendor', 1),
(410, 35, 'Default', 0, 'vendor', 1),
(411, 36, 'Default', 0, 'vendor', 1),
(412, 36, 'partiu_style_v2', 0, 'vendor', 1),
(413, 37, 'Green', 0, 'vendor', 1),
(414, 38, 'Skyfall', 0, 'vendor', 1),
(415, 40, 'Style01', 0, 'theme', 1),
(416, 40, 'Style01', 0, 'favicon', 1),
(417, 40, 'Style01', 0, 'mail', 1),
(418, 40, 'Style01', 0, 'vendor', 1),
(419, 40, 'Style19', 0, 'theme', 1),
(420, 40, 'Style19', 0, 'favicon', 1),
(421, 40, 'Style19', 0, 'mail', 1),
(422, 40, 'Style19', 0, 'vendor', 1),
(423, 40, 'Style16', 0, 'theme', 1),
(424, 40, 'Style16', 0, 'favicon', 1),
(425, 40, 'Style16', 0, 'mail', 1),
(426, 40, 'Style16', 0, 'vendor', 1),
(427, 40, 'PartiuShop', 0, 'theme', 1),
(428, 40, 'PartiuShop', 0, 'favicon', 1),
(429, 40, 'PartiuShop', 0, 'mail', 1),
(430, 40, 'PartiuShop', 0, 'vendor', 1),
(431, 40, 'PartiuShop_Style', 0, 'theme', 1),
(432, 40, 'PartiuShop_Style', 0, 'favicon', 1),
(433, 40, 'PartiuShop_Style', 0, 'mail', 1),
(434, 40, 'PartiuShop_Style', 0, 'vendor', 1),
(435, 41, 'PartiuShop_Style', 0, 'theme', 1),
(436, 41, 'PartiuShop_Style', 0, 'favicon', 1),
(437, 41, 'PartiuShop_Style', 0, 'mail', 1),
(438, 41, 'PartiuShop_Style', 0, 'vendor', 1),
(439, 41, 'PartiuShop', 0, 'theme', 1),
(440, 41, 'PartiuShop', 0, 'favicon', 1),
(441, 41, 'PartiuShop', 0, 'mail', 1),
(442, 41, 'PartiuShop', 0, 'vendor', 1);

-- --------------------------------------------------------

--
-- Table structure for table `partiushop_logs`
--

CREATE TABLE `partiushop_logs` (
  `log_id` int(11) UNSIGNED NOT NULL,
  `user_id` mediumint(8) UNSIGNED NOT NULL DEFAULT 0,
  `timestamp` int(11) UNSIGNED NOT NULL DEFAULT 0,
  `type` varchar(16) NOT NULL DEFAULT '',
  `event_type` char(1) NOT NULL DEFAULT 'N',
  `action` varchar(16) NOT NULL DEFAULT '',
  `object` char(1) NOT NULL DEFAULT '',
  `content` text DEFAULT NULL,
  `backtrace` text DEFAULT NULL,
  `company_id` int(11) UNSIGNED NOT NULL DEFAULT 0
) ENGINE=InnoDB DEFAULT CHARSET=utf8;

--
-- Dumping data for table `partiushop_logs`
--

INSERT INTO `partiushop_logs` (`log_id`, `user_id`, `timestamp`, `type`, `event_type`, `action`, `object`, `content`, `backtrace`, `company_id`) VALUES
(1728, 30, 1649247518, 'users', 'N', 'session', '', 'a:5:{s:4:\"user\";s:69:\"Giovanni Vinicius de Figueiredo; giovannivinicius1997@gmail.com (#30)\";s:2:\"id\";s:2:\"30\";s:10:\"ip_address\";s:13:\"177.70.195.83\";s:13:\"loggedin_time\";s:23:\"34 |hours| 59 |minutes|\";s:7:\"timeout\";b:1;}', '', 0),
(1729, 30, 1649247521, 'requests', 'N', 'http', '', 'a:3:{s:3:\"url\";s:37:\"https://updates.cs-cart.com/index.php\";s:7:\"request\";s:925:\"\'dispatch=product_updates.check_available&request=%3C%3Fxml+version%3D%221.0%22+encoding%3D%22UTF-8%22%3F%3E%3CRequest+action%3D%22check_license%22+api%3D%223%22%3E%3Ctoken%3E475175822%3C%2Ftoken%3E%3Cstore_key%3E3568101368%3Bpartiushop.com.br%3C%2Fstore_key%3E%3Cdomains%3Epartiushop.com.br%2Ctest%3C%2Fdomains%3E%3Clicense_number%3ECS-MV-ULT-44IK-K8V8-0137-88WL%3C%2Flicense_number%3E%3Cver%3E4.14.1.SP1%3C%2Fver%3E%3Cproduct_status%3E%3C%2Fproduct_status%3E%3Cproduct_build%3E%3C%2Fproduct_build%3E%3Cedition%3EMULTIVENDOR%3C%2Fedition%3E%3Clang%3EPT%3C%2Flang%3E%3Cstore_uri%3Ehttp%3A%2F%2Fpartiushop.com.br%2F%3C%2Fstore_uri%3E%3Csecure_store_uri%3Ehttps%3A%2F%2Fpartiushop.com.br%2F%3C%2Fsecure_store_uri%3E%3Chttps_enabled%3EN%3C%2Fhttps_enabled%3E%3Cadmin_uri%3Ehttp%3A%2F%2Fpartiushop.com.br%2F%3C%2Fadmin_uri%3E%3Cstore_ip%3E177.70.195.83%3C%2Fstore_ip%3E%3Cstore_mode%3EULTIMATE%3C%2Fstore_mode%3E%3C%2FRequest%3E\'\";s:8:\"response\";s:133:\"<?xml version=\"1.0\" encoding=\"UTF-8\"?><Response><License>ACTIVE</License><Updates>AVAILABLE</Updates><Messages></Messages></Response>\";}', '', 0),
(1730, 30, 1649432672, 'users', 'N', 'session', '', 'a:5:{s:4:\"user\";s:69:\"Giovanni Vinicius de Figueiredo; giovannivinicius1997@gmail.com (#30)\";s:2:\"id\";s:2:\"30\";s:10:\"ip_address\";s:13:\"177.70.195.83\";s:13:\"loggedin_time\";s:21:\"7 |hours| 5 |minutes|\";s:7:\"timeout\";b:1;}', '', 0),
(1731, 30, 1649432676, 'requests', 'N', 'http', '', 'a:3:{s:3:\"url\";s:37:\"https://updates.cs-cart.com/index.php\";s:7:\"request\";s:926:\"\'dispatch=product_updates.check_available&request=%3C%3Fxml+version%3D%221.0%22+encoding%3D%22UTF-8%22%3F%3E%3CRequest+action%3D%22check_license%22+api%3D%223%22%3E%3Ctoken%3E2411200406%3C%2Ftoken%3E%3Cstore_key%3E3568101368%3Bpartiushop.com.br%3C%2Fstore_key%3E%3Cdomains%3Epartiushop.com.br%2Ctest%3C%2Fdomains%3E%3Clicense_number%3ECS-MV-ULT-44IK-K8V8-0137-88WL%3C%2Flicense_number%3E%3Cver%3E4.14.1.SP1%3C%2Fver%3E%3Cproduct_status%3E%3C%2Fproduct_status%3E%3Cproduct_build%3E%3C%2Fproduct_build%3E%3Cedition%3EMULTIVENDOR%3C%2Fedition%3E%3Clang%3EPT%3C%2Flang%3E%3Cstore_uri%3Ehttp%3A%2F%2Fpartiushop.com.br%2F%3C%2Fstore_uri%3E%3Csecure_store_uri%3Ehttps%3A%2F%2Fpartiushop.com.br%2F%3C%2Fsecure_store_uri%3E%3Chttps_enabled%3EN%3C%2Fhttps_enabled%3E%3Cadmin_uri%3Ehttp%3A%2F%2Fpartiushop.com.br%2F%3C%2Fadmin_uri%3E%3Cstore_ip%3E177.70.195.83%3C%2Fstore_ip%3E%3Cstore_mode%3EULTIMATE%3C%2Fstore_mode%3E%3C%2FRequest%3E\'\";s:8:\"response\";s:133:\"<?xml version=\"1.0\" encoding=\"UTF-8\"?><Response><License>ACTIVE</License><Updates>AVAILABLE</Updates><Messages></Messages></Response>\";}', '', 0),
(1732, 30, 1649765365, 'users', 'N', 'session', '', 'a:5:{s:4:\"user\";s:69:\"Giovanni Vinicius de Figueiredo; giovannivinicius1997@gmail.com (#30)\";s:2:\"id\";s:2:\"30\";s:10:\"ip_address\";s:13:\"177.70.195.83\";s:13:\"loggedin_time\";s:22:\"10 |hours| 2 |minutes|\";s:7:\"timeout\";b:1;}', '', 0),
(1733, 30, 1649765369, 'requests', 'N', 'http', '', 'a:3:{s:3:\"url\";s:37:\"https://updates.cs-cart.com/index.php\";s:7:\"request\";s:926:\"\'dispatch=product_updates.check_available&request=%3C%3Fxml+version%3D%221.0%22+encoding%3D%22UTF-8%22%3F%3E%3CRequest+action%3D%22check_license%22+api%3D%223%22%3E%3Ctoken%3E2765516411%3C%2Ftoken%3E%3Cstore_key%3E3568101368%3Bpartiushop.com.br%3C%2Fstore_key%3E%3Cdomains%3Epartiushop.com.br%2Ctest%3C%2Fdomains%3E%3Clicense_number%3ECS-MV-ULT-44IK-K8V8-0137-88WL%3C%2Flicense_number%3E%3Cver%3E4.14.1.SP1%3C%2Fver%3E%3Cproduct_status%3E%3C%2Fproduct_status%3E%3Cproduct_build%3E%3C%2Fproduct_build%3E%3Cedition%3EMULTIVENDOR%3C%2Fedition%3E%3Clang%3EPT%3C%2Flang%3E%3Cstore_uri%3Ehttp%3A%2F%2Fpartiushop.com.br%2F%3C%2Fstore_uri%3E%3Csecure_store_uri%3Ehttps%3A%2F%2Fpartiushop.com.br%2F%3C%2Fsecure_store_uri%3E%3Chttps_enabled%3EN%3C%2Fhttps_enabled%3E%3Cadmin_uri%3Ehttp%3A%2F%2Fpartiushop.com.br%2F%3C%2Fadmin_uri%3E%3Cstore_ip%3E177.70.195.83%3C%2Fstore_ip%3E%3Cstore_mode%3EULTIMATE%3C%2Fstore_mode%3E%3C%2FRequest%3E\'\";s:8:\"response\";s:133:\"<?xml version=\"1.0\" encoding=\"UTF-8\"?><Response><License>ACTIVE</License><Updates>AVAILABLE</Updates><Messages></Messages></Response>\";}', '', 0),
(1734, 30, 1649941496, 'users', 'N', 'session', '', 'a:5:{s:4:\"user\";s:69:\"Giovanni Vinicius de Figueiredo; giovannivinicius1997@gmail.com (#30)\";s:2:\"id\";s:2:\"30\";s:10:\"ip_address\";s:13:\"177.70.195.83\";s:13:\"loggedin_time\";s:21:\"9 |hours| 9 |minutes|\";s:7:\"timeout\";b:1;}', '', 0),
(1735, 30, 1649941498, 'requests', 'N', 'http', '', 'a:3:{s:3:\"url\";s:37:\"https://updates.cs-cart.com/index.php\";s:7:\"request\";s:926:\"\'dispatch=product_updates.check_available&request=%3C%3Fxml+version%3D%221.0%22+encoding%3D%22UTF-8%22%3F%3E%3CRequest+action%3D%22check_license%22+api%3D%223%22%3E%3Ctoken%3E3879902579%3C%2Ftoken%3E%3Cstore_key%3E3568101368%3Bpartiushop.com.br%3C%2Fstore_key%3E%3Cdomains%3Epartiushop.com.br%2Ctest%3C%2Fdomains%3E%3Clicense_number%3ECS-MV-ULT-44IK-K8V8-0137-88WL%3C%2Flicense_number%3E%3Cver%3E4.14.1.SP1%3C%2Fver%3E%3Cproduct_status%3E%3C%2Fproduct_status%3E%3Cproduct_build%3E%3C%2Fproduct_build%3E%3Cedition%3EMULTIVENDOR%3C%2Fedition%3E%3Clang%3EPT%3C%2Flang%3E%3Cstore_uri%3Ehttp%3A%2F%2Fpartiushop.com.br%2F%3C%2Fstore_uri%3E%3Csecure_store_uri%3Ehttps%3A%2F%2Fpartiushop.com.br%2F%3C%2Fsecure_store_uri%3E%3Chttps_enabled%3EN%3C%2Fhttps_enabled%3E%3Cadmin_uri%3Ehttp%3A%2F%2Fpartiushop.com.br%2F%3C%2Fadmin_uri%3E%3Cstore_ip%3E177.70.195.83%3C%2Fstore_ip%3E%3Cstore_mode%3EULTIMATE%3C%2Fstore_mode%3E%3C%2FRequest%3E\'\";s:8:\"response\";s:133:\"<?xml version=\"1.0\" encoding=\"UTF-8\"?><Response><License>ACTIVE</License><Updates>AVAILABLE</Updates><Messages></Messages></Response>\";}', '', 0),
(1736, 30, 1650369489, 'users', 'N', 'session', '', 'a:5:{s:4:\"user\";s:69:\"Giovanni Vinicius de Figueiredo; giovannivinicius1997@gmail.com (#30)\";s:2:\"id\";s:2:\"30\";s:10:\"ip_address\";s:13:\"177.70.195.83\";s:13:\"loggedin_time\";s:22:\"2 |hours| 19 |minutes|\";s:7:\"timeout\";b:1;}', '', 0),
(1737, 30, 1650369494, 'requests', 'N', 'http', '', 'a:3:{s:3:\"url\";s:37:\"https://updates.cs-cart.com/index.php\";s:7:\"request\";s:926:\"\'dispatch=product_updates.check_available&request=%3C%3Fxml+version%3D%221.0%22+encoding%3D%22UTF-8%22%3F%3E%3CRequest+action%3D%22check_license%22+api%3D%223%22%3E%3Ctoken%3E1888696966%3C%2Ftoken%3E%3Cstore_key%3E3568101368%3Bpartiushop.com.br%3C%2Fstore_key%3E%3Cdomains%3Epartiushop.com.br%2Ctest%3C%2Fdomains%3E%3Clicense_number%3ECS-MV-ULT-44IK-K8V8-0137-88WL%3C%2Flicense_number%3E%3Cver%3E4.14.1.SP1%3C%2Fver%3E%3Cproduct_status%3E%3C%2Fproduct_status%3E%3Cproduct_build%3E%3C%2Fproduct_build%3E%3Cedition%3EMULTIVENDOR%3C%2Fedition%3E%3Clang%3EPT%3C%2Flang%3E%3Cstore_uri%3Ehttp%3A%2F%2Fpartiushop.com.br%2F%3C%2Fstore_uri%3E%3Csecure_store_uri%3Ehttps%3A%2F%2Fpartiushop.com.br%2F%3C%2Fsecure_store_uri%3E%3Chttps_enabled%3EN%3C%2Fhttps_enabled%3E%3Cadmin_uri%3Ehttp%3A%2F%2Fpartiushop.com.br%2F%3C%2Fadmin_uri%3E%3Cstore_ip%3E177.70.195.83%3C%2Fstore_ip%3E%3Cstore_mode%3EULTIMATE%3C%2Fstore_mode%3E%3C%2FRequest%3E\'\";s:8:\"response\";s:133:\"<?xml version=\"1.0\" encoding=\"UTF-8\"?><Response><License>ACTIVE</License><Updates>AVAILABLE</Updates><Messages></Messages></Response>\";}', '', 0),
(1738, 30, 1650387859, 'users', 'N', 'session', '', 'a:5:{s:4:\"user\";s:69:\"Giovanni Vinicius de Figueiredo; giovannivinicius1997@gmail.com (#30)\";s:2:\"id\";s:2:\"30\";s:10:\"ip_address\";s:13:\"177.70.195.83\";s:13:\"loggedin_time\";s:23:\"15 |hours| 58 |minutes|\";s:7:\"timeout\";b:1;}', '', 0),
(1739, 30, 1650473754, 'users', 'N', 'session', '', 'a:5:{s:4:\"user\";s:69:\"Giovanni Vinicius de Figueiredo; giovannivinicius1997@gmail.com (#30)\";s:2:\"id\";s:2:\"30\";s:10:\"ip_address\";s:13:\"177.70.195.83\";s:13:\"loggedin_time\";s:22:\"3 |hours| 40 |minutes|\";s:7:\"timeout\";b:1;}', '', 0),
(1740, 30, 1650473758, 'requests', 'N', 'http', '', 'a:3:{s:3:\"url\";s:37:\"https://updates.cs-cart.com/index.php\";s:7:\"request\";s:926:\"\'dispatch=product_updates.check_available&request=%3C%3Fxml+version%3D%221.0%22+encoding%3D%22UTF-8%22%3F%3E%3CRequest+action%3D%22check_license%22+api%3D%223%22%3E%3Ctoken%3E2741747706%3C%2Ftoken%3E%3Cstore_key%3E3568101368%3Bpartiushop.com.br%3C%2Fstore_key%3E%3Cdomains%3Epartiushop.com.br%2Ctest%3C%2Fdomains%3E%3Clicense_number%3ECS-MV-ULT-44IK-K8V8-0137-88WL%3C%2Flicense_number%3E%3Cver%3E4.14.1.SP1%3C%2Fver%3E%3Cproduct_status%3E%3C%2Fproduct_status%3E%3Cproduct_build%3E%3C%2Fproduct_build%3E%3Cedition%3EMULTIVENDOR%3C%2Fedition%3E%3Clang%3EPT%3C%2Flang%3E%3Cstore_uri%3Ehttp%3A%2F%2Fpartiushop.com.br%2F%3C%2Fstore_uri%3E%3Csecure_store_uri%3Ehttps%3A%2F%2Fpartiushop.com.br%2F%3C%2Fsecure_store_uri%3E%3Chttps_enabled%3EN%3C%2Fhttps_enabled%3E%3Cadmin_uri%3Ehttp%3A%2F%2Fpartiushop.com.br%2F%3C%2Fadmin_uri%3E%3Cstore_ip%3E177.70.195.83%3C%2Fstore_ip%3E%3Cstore_mode%3EULTIMATE%3C%2Fstore_mode%3E%3C%2FRequest%3E\'\";s:8:\"response\";s:133:\"<?xml version=\"1.0\" encoding=\"UTF-8\"?><Response><License>ACTIVE</License><Updates>AVAILABLE</Updates><Messages></Messages></Response>\";}', '', 0),
(1741, 30, 1650478681, 'requests', 'N', 'http', '', 'a:3:{s:3:\"url\";s:37:\"https://updates.cs-cart.com/index.php\";s:7:\"request\";s:143:\"\'dispatch=product_updates.get_available&ver=4.14.1.SP1&edition=MULTIVENDOR&lang=pt&product_build=&license_number=CS-MV-ULT-44IK-K8V8-0137-88WL\'\";s:8:\"response\";s:1316:\"<?xml version=\"1.0\"?>\n<upgrade>\n	<packages>\n		<item id=\"375067\">\n			<file md5=\"4dcb28209a48cb34e2b398ec4c91d57a\">upgrade_4.14.1.SP1_mve-4.14.2_mve.zip</file>\n			<name>Upgrade 4.14.1.SP1 - 4.14.2</name>\n			<description>&lt;p&gt;&lt;strong&gt;Multi-Vendor 4.14.2&lt;/strong&gt; brings the following changes and improvements:&lt;/p&gt;&lt;ul&gt;&lt;li&gt;Vendor features are now hidden from other vendors.&lt;/li&gt;&lt;li&gt;The ability to hide icons of vendor rating.&lt;/li&gt;&lt;li&gt;Now common products can be added to the cart directly from the product list. A new setting in the &quot;Vendor Rating&quot; add-on will allow you to select the default offer by vendor rating rather than by price.&lt;/li&gt;&lt;li&gt;Now vendors can add videos to descriptions.&lt;/li&gt;&lt;li&gt;The ability to customize the &quot;Marketplace fees&quot; product.&lt;/li&gt;&lt;/ul&gt;&lt;p&gt;To see the full list of changes, &lt;a href=&quot;http://docs.cs-cart.com/4.14.x/history/4142.html&quot; target=&quot;_blank&quot;&gt;check the changelog&lt;/a&gt;.&lt;/p&gt;</description>\n			<from_version>4.14.1.SP1</from_version>\n			<to_version>4.14.2</to_version>\n			<timestamp>1643281735</timestamp>\n			<size>9272976</size>\n			<is_avail>Y</is_avail>\n			<purchase_time_limit>N</purchase_time_limit>\n		</item>\n	</packages>\n</upgrade>\";}', '', 0),
(1742, 30, 1650486924, 'users', 'N', 'session', '', 'a:5:{s:4:\"user\";s:69:\"Giovanni Vinicius de Figueiredo; giovannivinicius1997@gmail.com (#30)\";s:2:\"id\";s:2:\"30\";s:10:\"ip_address\";s:13:\"45.181.132.33\";s:13:\"loggedin_time\";s:22:\"2 |hours| 40 |minutes|\";s:7:\"timeout\";b:1;}', '', 0),
(1743, 30, 1650486925, 'requests', 'N', 'http', '', 'a:3:{s:3:\"url\";s:37:\"https://updates.cs-cart.com/index.php\";s:7:\"request\";s:926:\"\'dispatch=product_updates.check_available&request=%3C%3Fxml+version%3D%221.0%22+encoding%3D%22UTF-8%22%3F%3E%3CRequest+action%3D%22check_license%22+api%3D%223%22%3E%3Ctoken%3E3887277758%3C%2Ftoken%3E%3Cstore_key%3E3568101368%3Bpartiushop.com.br%3C%2Fstore_key%3E%3Cdomains%3Epartiushop.com.br%2Ctest%3C%2Fdomains%3E%3Clicense_number%3ECS-MV-ULT-44IK-K8V8-0137-88WL%3C%2Flicense_number%3E%3Cver%3E4.14.1.SP1%3C%2Fver%3E%3Cproduct_status%3E%3C%2Fproduct_status%3E%3Cproduct_build%3E%3C%2Fproduct_build%3E%3Cedition%3EMULTIVENDOR%3C%2Fedition%3E%3Clang%3EPT%3C%2Flang%3E%3Cstore_uri%3Ehttp%3A%2F%2Fpartiushop.com.br%2F%3C%2Fstore_uri%3E%3Csecure_store_uri%3Ehttps%3A%2F%2Fpartiushop.com.br%2F%3C%2Fsecure_store_uri%3E%3Chttps_enabled%3EN%3C%2Fhttps_enabled%3E%3Cadmin_uri%3Ehttp%3A%2F%2Fpartiushop.com.br%2F%3C%2Fadmin_uri%3E%3Cstore_ip%3E45.181.132.33%3C%2Fstore_ip%3E%3Cstore_mode%3EULTIMATE%3C%2Fstore_mode%3E%3C%2FRequest%3E\'\";s:8:\"response\";s:133:\"<?xml version=\"1.0\" encoding=\"UTF-8\"?><Response><License>ACTIVE</License><Updates>AVAILABLE</Updates><Messages></Messages></Response>\";}', '', 0),
(1744, 30, 1650633981, 'users', 'N', 'session', '', 'a:5:{s:4:\"user\";s:69:\"Giovanni Vinicius de Figueiredo; giovannivinicius1997@gmail.com (#30)\";s:2:\"id\";s:2:\"30\";s:10:\"ip_address\";s:13:\"177.70.195.83\";s:13:\"loggedin_time\";s:21:\"2 |hours| 1 |minutes|\";s:7:\"timeout\";b:1;}', '', 0),
(1745, 30, 1650633984, 'requests', 'N', 'http', '', 'a:3:{s:3:\"url\";s:37:\"https://updates.cs-cart.com/index.php\";s:7:\"request\";s:926:\"\'dispatch=product_updates.check_available&request=%3C%3Fxml+version%3D%221.0%22+encoding%3D%22UTF-8%22%3F%3E%3CRequest+action%3D%22check_license%22+api%3D%223%22%3E%3Ctoken%3E4200405072%3C%2Ftoken%3E%3Cstore_key%3E3568101368%3Bpartiushop.com.br%3C%2Fstore_key%3E%3Cdomains%3Epartiushop.com.br%2Ctest%3C%2Fdomains%3E%3Clicense_number%3ECS-MV-ULT-44IK-K8V8-0137-88WL%3C%2Flicense_number%3E%3Cver%3E4.14.1.SP1%3C%2Fver%3E%3Cproduct_status%3E%3C%2Fproduct_status%3E%3Cproduct_build%3E%3C%2Fproduct_build%3E%3Cedition%3EMULTIVENDOR%3C%2Fedition%3E%3Clang%3EPT%3C%2Flang%3E%3Cstore_uri%3Ehttp%3A%2F%2Fpartiushop.com.br%2F%3C%2Fstore_uri%3E%3Csecure_store_uri%3Ehttps%3A%2F%2Fpartiushop.com.br%2F%3C%2Fsecure_store_uri%3E%3Chttps_enabled%3EN%3C%2Fhttps_enabled%3E%3Cadmin_uri%3Ehttp%3A%2F%2Fpartiushop.com.br%2F%3C%2Fadmin_uri%3E%3Cstore_ip%3E177.70.195.83%3C%2Fstore_ip%3E%3Cstore_mode%3EULTIMATE%3C%2Fstore_mode%3E%3C%2FRequest%3E\'\";s:8:\"response\";s:133:\"<?xml version=\"1.0\" encoding=\"UTF-8\"?><Response><License>ACTIVE</License><Updates>AVAILABLE</Updates><Messages></Messages></Response>\";}', '', 0),
(1746, 30, 1650634271, 'users', 'N', 'update', '', 'a:2:{s:4:\"user\";s:54:\"Eduardo Santos; eduardo.santos@partiushop.com.br (#34)\";s:2:\"id\";s:2:\"34\";}', '', 0),
(1747, 30, 1650652244, 'users', 'N', 'session', '', 'a:5:{s:4:\"user\";s:69:\"Giovanni Vinicius de Figueiredo; giovannivinicius1997@gmail.com (#30)\";s:2:\"id\";s:2:\"30\";s:10:\"ip_address\";s:13:\"45.181.132.33\";s:13:\"loggedin_time\";s:23:\"11 |hours| 39 |minutes|\";s:7:\"timeout\";b:1;}', '', 0),
(1748, 30, 1650657725, 'users', 'N', 'update', '', 'a:2:{s:4:\"user\";s:71:\"Giovanni Vinicius de Figueiredo; giovanni.figueiredo@gazin.com.br (#30)\";s:2:\"id\";s:2:\"30\";}', '', 0),
(1749, 30, 1650658678, 'users', 'N', 'update', '', 'a:2:{s:4:\"user\";s:69:\"Giovanni Vinicius de Figueiredo; giovannivinicius1997@gmail.com (#30)\";s:2:\"id\";s:2:\"30\";}', '', 0),
(1750, 30, 1650668516, 'users', 'N', 'update', '', 'a:2:{s:4:\"user\";s:64:\"Giovanni Vinicius de Figueiredo; ruanwdssilveira@gmail.com (#30)\";s:2:\"id\";s:2:\"30\";}', '', 0),
(1751, 30, 1650668528, 'users', 'N', 'update', '', 'a:2:{s:4:\"user\";s:69:\"Giovanni Vinicius de Figueiredo; giovannivinicius1997@gmail.com (#30)\";s:2:\"id\";s:2:\"30\";}', '', 0),
(1752, 30, 1650668704, 'users', 'N', 'update', '', 'a:2:{s:4:\"user\";s:64:\"Giovanni Vinicius de Figueiredo; ruanwdssilveira@gmail.com (#30)\";s:2:\"id\";s:2:\"30\";}', '', 0),
(1753, 30, 1650669561, 'users', 'N', 'update', '', 'a:2:{s:4:\"user\";s:69:\"Giovanni Vinicius de Figueiredo; giovannivinicius1997@gmail.com (#30)\";s:2:\"id\";s:2:\"30\";}', '', 0),
(1754, 30, 1650905967, 'users', 'N', 'session', '', 'a:5:{s:4:\"user\";s:69:\"Giovanni Vinicius de Figueiredo; giovannivinicius1997@gmail.com (#30)\";s:2:\"id\";s:2:\"30\";s:10:\"ip_address\";s:13:\"45.181.132.33\";s:13:\"loggedin_time\";s:23:\"13 |hours| 44 |minutes|\";s:7:\"timeout\";b:1;}', '', 0),
(1755, 30, 1650916072, 'users', 'N', 'update', '', 'a:2:{s:4:\"user\";s:64:\"Giovanni Vinicius de Figueiredo; ruanwdssilveira@gmail.com (#30)\";s:2:\"id\";s:2:\"30\";}', '', 0),
(1756, 0, 1650927634, 'users', 'W', 'failed_login', '', 'a:2:{s:4:\"user\";s:30:\"giovannivinicius1997@gmail.com\";s:10:\"ip_address\";s:13:\"177.70.195.83\";}', '', 0),
(1757, 0, 1650927660, 'users', 'W', 'failed_login', '', 'a:2:{s:4:\"user\";s:30:\"giovannivinicius1997@gmail.com\";s:10:\"ip_address\";s:13:\"177.70.195.83\";}', '', 0),
(1758, 0, 1650927671, 'users', 'W', 'failed_login', '', 'a:2:{s:4:\"user\";s:30:\"giovannivinicius1997@gmail.com\";s:10:\"ip_address\";s:13:\"177.70.195.83\";}', '', 0),
(1759, 0, 1650927682, 'users', 'W', 'failed_login', '', 'a:2:{s:4:\"user\";s:30:\"giovannivinicius1997@gmail.com\";s:10:\"ip_address\";s:13:\"177.70.195.83\";}', '', 0),
(1760, 30, 1650991454, 'users', 'N', 'session', '', 'a:3:{s:4:\"user\";s:64:\"Giovanni Vinicius de Figueiredo; ruanwdssilveira@gmail.com (#30)\";s:2:\"id\";s:2:\"30\";s:10:\"ip_address\";s:13:\"45.181.132.33\";}', '', 0),
(1761, 0, 1651004670, 'users', 'W', 'failed_login', '', 'a:2:{s:4:\"user\";s:30:\"giovannivinicius1997@gmail.com\";s:10:\"ip_address\";s:13:\"177.70.195.83\";}', '', 0),
(1762, 0, 1651004687, 'users', 'W', 'failed_login', '', 'a:2:{s:4:\"user\";s:30:\"giovannivinicius1997@gmail.com\";s:10:\"ip_address\";s:13:\"177.70.195.83\";}', '', 0),
(1763, 30, 1651081103, 'users', 'N', 'update', '', 'a:2:{s:4:\"user\";s:69:\"Giovanni Vinicius de Figueiredo; giovannivinicius1997@gmail.com (#30)\";s:2:\"id\";s:2:\"30\";}', '', 0),
(1764, 30, 1651081354, 'users', 'N', 'session', '', 'a:3:{s:4:\"user\";s:69:\"Giovanni Vinicius de Figueiredo; giovannivinicius1997@gmail.com (#30)\";s:2:\"id\";s:2:\"30\";s:10:\"ip_address\";s:13:\"177.70.195.83\";}', '', 0),
(1765, 30, 1651081357, 'requests', 'N', 'http', '', 'a:3:{s:3:\"url\";s:37:\"https://updates.cs-cart.com/index.php\";s:7:\"request\";s:926:\"\'dispatch=product_updates.check_available&request=%3C%3Fxml+version%3D%221.0%22+encoding%3D%22UTF-8%22%3F%3E%3CRequest+action%3D%22check_license%22+api%3D%223%22%3E%3Ctoken%3E2980405929%3C%2Ftoken%3E%3Cstore_key%3E3568101368%3Bpartiushop.com.br%3C%2Fstore_key%3E%3Cdomains%3Epartiushop.com.br%2Ctest%3C%2Fdomains%3E%3Clicense_number%3ECS-MV-ULT-44IK-K8V8-0137-88WL%3C%2Flicense_number%3E%3Cver%3E4.14.1.SP1%3C%2Fver%3E%3Cproduct_status%3E%3C%2Fproduct_status%3E%3Cproduct_build%3E%3C%2Fproduct_build%3E%3Cedition%3EMULTIVENDOR%3C%2Fedition%3E%3Clang%3EPT%3C%2Flang%3E%3Cstore_uri%3Ehttp%3A%2F%2Fpartiushop.com.br%2F%3C%2Fstore_uri%3E%3Csecure_store_uri%3Ehttps%3A%2F%2Fpartiushop.com.br%2F%3C%2Fsecure_store_uri%3E%3Chttps_enabled%3EN%3C%2Fhttps_enabled%3E%3Cadmin_uri%3Ehttp%3A%2F%2Fpartiushop.com.br%2F%3C%2Fadmin_uri%3E%3Cstore_ip%3E177.70.195.83%3C%2Fstore_ip%3E%3Cstore_mode%3EULTIMATE%3C%2Fstore_mode%3E%3C%2FRequest%3E\'\";s:8:\"response\";s:133:\"<?xml version=\"1.0\" encoding=\"UTF-8\"?><Response><License>ACTIVE</License><Updates>AVAILABLE</Updates><Messages></Messages></Response>\";}', '', 0),
(1766, 30, 1651081561, 'users', 'N', 'update', '', 'a:2:{s:4:\"user\";s:53:\"Eduardo Dos Santos; eduardohenriquest@gmail.com (#33)\";s:2:\"id\";s:2:\"33\";}', '', 0),
(1767, 30, 1651083092, 'users', 'N', 'update', '', 'a:2:{s:4:\"user\";s:64:\"Giovanni Vinicius de Figueiredo; ruanwdssilveira@gmail.com (#30)\";s:2:\"id\";s:2:\"30\";}', '', 0),
(1768, 0, 1651086393, 'users', 'W', 'failed_login', '', 'a:2:{s:4:\"user\";s:25:\"ruanwdssilveira@gmail.com\";s:10:\"ip_address\";s:13:\"45.181.132.33\";}', '', 0),
(1769, 0, 1651086399, 'users', 'W', 'failed_login', '', 'a:2:{s:4:\"user\";s:25:\"ruanwdssilveira@gmail.com\";s:10:\"ip_address\";s:13:\"45.181.132.33\";}', '', 0),
(1770, 30, 1651086472, 'users', 'N', 'session', '', 'a:5:{s:4:\"user\";s:64:\"Giovanni Vinicius de Figueiredo; ruanwdssilveira@gmail.com (#30)\";s:2:\"id\";s:2:\"30\";s:10:\"ip_address\";s:13:\"45.181.132.33\";s:13:\"loggedin_time\";s:23:\"18 |hours| 33 |minutes|\";s:7:\"timeout\";b:1;}', '', 0),
(1771, 30, 1651086486, 'users', 'N', 'update', '', 'a:2:{s:4:\"user\";s:69:\"Giovanni Vinicius de Figueiredo; giovannivinicius1997@gmail.com (#30)\";s:2:\"id\";s:2:\"30\";}', '', 0),
(1772, 0, 1651086553, 'users', 'N', 'create', '', 'a:2:{s:4:\"user\";s:43:\"Ruan Silva; ruanwdssilveira@gmail.com (#35)\";s:2:\"id\";i:35;}', '', 0),
(1773, 35, 1651086553, 'users', 'N', 'session', '', 'a:3:{s:4:\"user\";s:43:\"Ruan Silva; ruanwdssilveira@gmail.com (#35)\";s:2:\"id\";i:35;s:10:\"ip_address\";s:13:\"45.181.132.33\";}', '', 0),
(1774, 35, 1651087142, 'orders', 'N', 'create', '', 'a:2:{s:5:\"order\";s:5:\"# 113\";s:2:\"id\";i:113;}', '', 4),
(1775, 35, 1651087142, 'orders', 'N', 'status', '', 'a:3:{s:5:\"order\";s:5:\"# 113\";s:2:\"id\";i:113;s:6:\"status\";s:20:\"Incompleto -> Aberto\";}', '', 4),
(1776, 35, 1651087142, 'users', 'N', 'update', '', 'a:2:{s:4:\"user\";s:43:\"Ruan Silva; ruanwdssilveira@gmail.com (#35)\";s:2:\"id\";s:2:\"35\";}', '', 0),
(1777, 30, 1651087196, 'orders', 'N', 'status', '', 'a:3:{s:5:\"order\";s:5:\"# 113\";s:2:\"id\";s:3:\"113\";s:6:\"status\";s:20:\"Aberto -> Processado\";}', '', 4),
(1778, 30, 1651087196, 'requests', 'N', 'http', '', 'a:3:{s:3:\"url\";s:46:\"https://converter.cart-services.com/pdf/render\";s:7:\"request\";s:0:\"\";s:8:\"response\";b:1;}', '', 4),
(1779, 30, 1651087730, 'requests', 'N', 'http', '', 'a:3:{s:3:\"url\";s:32:\"https://fonts.googleapis.com/css\";s:7:\"request\";s:31:\"\'display=swap&family=Open+Sans\'\";s:8:\"response\";s:267:\"@font-face {\n  font-family: \'Open Sans\';\n  font-style: normal;\n  font-weight: 400;\n  font-stretch: normal;\n  font-display: swap;\n  src: url(https://fonts.gstatic.com/s/opensans/v28/memSYaGs126MiZpBA-UvWbX2vVnXBbObj2OVZyOOSr4dVJWUgsjZ0B4gaVI.woff2) format(\'woff2\');\n}\n\";}', '', 0),
(1780, 30, 1651087730, 'requests', 'N', 'http', '', 'a:3:{s:3:\"url\";s:32:\"https://fonts.googleapis.com/css\";s:7:\"request\";s:26:\"\'display=swap&family=Lato\'\";s:8:\"response\";s:193:\"@font-face {\n  font-family: \'Lato\';\n  font-style: normal;\n  font-weight: 400;\n  font-display: swap;\n  src: url(https://fonts.gstatic.com/s/lato/v23/S6uyw4BMUTPHjx4wXg.woff2) format(\'woff2\');\n}\n\";}', '', 0),
(1781, 35, 1651087825, 'users', 'N', 'session', '', 'a:5:{s:4:\"user\";s:43:\"Ruan Silva; ruanwdssilveira@gmail.com (#35)\";s:2:\"id\";s:2:\"35\";s:10:\"ip_address\";s:13:\"45.181.132.33\";s:13:\"loggedin_time\";s:22:\"2 |hours| 59 |minutes|\";s:7:\"timeout\";b:1;}', '', 0),
(1782, 35, 1651087872, 'orders', 'N', 'create', '', 'a:2:{s:5:\"order\";s:5:\"# 114\";s:2:\"id\";i:114;}', '', 4),
(1783, 35, 1651087872, 'orders', 'N', 'status', '', 'a:3:{s:5:\"order\";s:5:\"# 114\";s:2:\"id\";i:114;s:6:\"status\";s:20:\"Incompleto -> Aberto\";}', '', 4),
(1784, 35, 1651087872, 'users', 'N', 'update', '', 'a:2:{s:4:\"user\";s:43:\"Ruan Silva; ruanwdssilveira@gmail.com (#35)\";s:2:\"id\";s:2:\"35\";}', '', 0),
(1785, 30, 1651087913, 'orders', 'N', 'status', '', 'a:3:{s:5:\"order\";s:5:\"# 114\";s:2:\"id\";s:3:\"114\";s:6:\"status\";s:20:\"Aberto -> Processado\";}', '', 4),
(1786, 30, 1651087913, 'requests', 'N', 'http', '', 'a:3:{s:3:\"url\";s:46:\"https://converter.cart-services.com/pdf/render\";s:7:\"request\";s:0:\"\";s:8:\"response\";b:1;}', '', 4),
(1787, 30, 1651090195, 'requests', 'N', 'http', '', 'a:3:{s:3:\"url\";s:39:\"http://www.google-analytics.com/collect\";s:7:\"request\";s:117:\"\'v=1&tid=UA-163308049-1&cid=a14d48c2efaf91a00c25cc616a20f7b8&ti=114&cu=BRL&t=transaction&tr=-3923.67&ts=-23.67&tt=-0\'\";s:8:\"response\";b:0;}', '', 0),
(1788, 30, 1651090195, 'requests', 'N', 'http', '', 'a:3:{s:3:\"url\";s:39:\"http://www.google-analytics.com/collect\";s:7:\"request\";s:154:\"\'v=1&tid=UA-163308049-1&cid=a14d48c2efaf91a00c25cc616a20f7b8&ti=114&cu=BRL&t=item&in=galaxy+s21+v4&ip=3900&iq=-1&ic=galaxy_s21&iv=Celulares+e+Smartphones\'\";s:8:\"response\";s:0:\"\";}', '', 0),
(1789, 30, 1651090195, 'orders', 'N', 'status', '', 'a:3:{s:5:\"order\";s:5:\"# 114\";s:2:\"id\";s:3:\"114\";s:6:\"status\";s:22:\"Processado -> Recusado\";}', '', 4),
(1790, 30, 1651090205, 'orders', 'N', 'update', '', 'a:2:{s:5:\"order\";s:5:\"# 114\";s:2:\"id\";s:3:\"114\";}', '', 4),
(1791, 30, 1651090209, 'orders', 'N', 'update', '', 'a:2:{s:5:\"order\";s:5:\"# 114\";s:2:\"id\";s:3:\"114\";}', '', 4),
(1792, 30, 1651090373, 'requests', 'N', 'http', '', 'a:3:{s:3:\"url\";s:39:\"http://www.google-analytics.com/collect\";s:7:\"request\";s:114:\"\'v=1&tid=UA-163308049-1&cid=a14d48c2efaf91a00c25cc616a20f7b8&ti=114&cu=BRL&t=transaction&tr=3923.67&ts=23.67&tt=0\'\";s:8:\"response\";s:0:\"\";}', '', 0),
(1793, 30, 1651090373, 'requests', 'N', 'http', '', 'a:3:{s:3:\"url\";s:39:\"http://www.google-analytics.com/collect\";s:7:\"request\";s:153:\"\'v=1&tid=UA-163308049-1&cid=a14d48c2efaf91a00c25cc616a20f7b8&ti=114&cu=BRL&t=item&in=galaxy+s21+v4&ip=3900&iq=1&ic=galaxy_s21&iv=Celulares+e+Smartphones\'\";s:8:\"response\";s:0:\"\";}', '', 0),
(1794, 30, 1651090373, 'orders', 'N', 'status', '', 'a:3:{s:5:\"order\";s:5:\"# 114\";s:2:\"id\";s:3:\"114\";s:6:\"status\";s:22:\"Recusado -> Processado\";}', '', 4),
(1795, 30, 1651090373, 'requests', 'N', 'http', '', 'a:3:{s:3:\"url\";s:46:\"https://converter.cart-services.com/pdf/render\";s:7:\"request\";s:0:\"\";s:8:\"response\";b:1;}', '', 4),
(1796, 30, 1651090382, 'orders', 'N', 'update', '', 'a:2:{s:5:\"order\";s:5:\"# 114\";s:2:\"id\";s:3:\"114\";}', '', 4),
(1797, 30, 1651090382, 'requests', 'N', 'http', '', 'a:3:{s:3:\"url\";s:46:\"https://converter.cart-services.com/pdf/render\";s:7:\"request\";s:0:\"\";s:8:\"response\";b:1;}', '', 4),
(1798, 30, 1651090434, 'orders', 'N', 'update', '', 'a:2:{s:5:\"order\";s:5:\"# 114\";s:2:\"id\";s:3:\"114\";}', '', 4),
(1799, 30, 1651090434, 'requests', 'N', 'http', '', 'a:3:{s:3:\"url\";s:46:\"https://converter.cart-services.com/pdf/render\";s:7:\"request\";s:0:\"\";s:8:\"response\";b:1;}', '', 4),
(1800, 30, 1651090556, 'orders', 'N', 'update', '', 'a:2:{s:5:\"order\";s:5:\"# 114\";s:2:\"id\";s:3:\"114\";}', '', 4),
(1801, 30, 1651090556, 'requests', 'N', 'http', '', 'a:3:{s:3:\"url\";s:46:\"https://converter.cart-services.com/pdf/render\";s:7:\"request\";s:0:\"\";s:8:\"response\";b:1;}', '', 4),
(1802, 30, 1651090628, 'orders', 'N', 'update', '', 'a:2:{s:5:\"order\";s:5:\"# 114\";s:2:\"id\";s:3:\"114\";}', '', 4),
(1803, 30, 1651090628, 'requests', 'N', 'http', '', 'a:3:{s:3:\"url\";s:46:\"https://converter.cart-services.com/pdf/render\";s:7:\"request\";s:0:\"\";s:8:\"response\";b:1;}', '', 4),
(1804, 30, 1651090690, 'orders', 'N', 'update', '', 'a:2:{s:5:\"order\";s:5:\"# 114\";s:2:\"id\";s:3:\"114\";}', '', 4),
(1805, 30, 1651090690, 'requests', 'N', 'http', '', 'a:3:{s:3:\"url\";s:46:\"https://converter.cart-services.com/pdf/render\";s:7:\"request\";s:0:\"\";s:8:\"response\";b:1;}', '', 4),
(1806, 30, 1651090759, 'orders', 'N', 'update', '', 'a:2:{s:5:\"order\";s:5:\"# 114\";s:2:\"id\";s:3:\"114\";}', '', 4),
(1807, 30, 1651090759, 'requests', 'N', 'http', '', 'a:3:{s:3:\"url\";s:46:\"https://converter.cart-services.com/pdf/render\";s:7:\"request\";s:0:\"\";s:8:\"response\";b:1;}', '', 4),
(1808, 30, 1651090968, 'orders', 'N', 'update', '', 'a:2:{s:5:\"order\";s:5:\"# 114\";s:2:\"id\";s:3:\"114\";}', '', 4),
(1809, 30, 1651090968, 'requests', 'N', 'http', '', 'a:3:{s:3:\"url\";s:46:\"https://converter.cart-services.com/pdf/render\";s:7:\"request\";s:0:\"\";s:8:\"response\";b:1;}', '', 4),
(1810, 30, 1651091155, 'orders', 'N', 'update', '', 'a:2:{s:5:\"order\";s:5:\"# 114\";s:2:\"id\";s:3:\"114\";}', '', 4),
(1811, 30, 1651091155, 'requests', 'N', 'http', '', 'a:3:{s:3:\"url\";s:46:\"https://converter.cart-services.com/pdf/render\";s:7:\"request\";s:0:\"\";s:8:\"response\";b:1;}', '', 4),
(1812, 30, 1651091392, 'orders', 'N', 'update', '', 'a:2:{s:5:\"order\";s:5:\"# 114\";s:2:\"id\";s:3:\"114\";}', '', 4),
(1813, 30, 1651091392, 'requests', 'N', 'http', '', 'a:3:{s:3:\"url\";s:46:\"https://converter.cart-services.com/pdf/render\";s:7:\"request\";s:0:\"\";s:8:\"response\";b:1;}', '', 4),
(1814, 30, 1651092585, 'orders', 'N', 'update', '', 'a:2:{s:5:\"order\";s:5:\"# 114\";s:2:\"id\";s:3:\"114\";}', '', 4),
(1815, 30, 1651092585, 'requests', 'N', 'http', '', 'a:3:{s:3:\"url\";s:46:\"https://converter.cart-services.com/pdf/render\";s:7:\"request\";s:0:\"\";s:8:\"response\";b:1;}', '', 4),
(1816, 30, 1651092669, 'orders', 'N', 'update', '', 'a:2:{s:5:\"order\";s:5:\"# 114\";s:2:\"id\";s:3:\"114\";}', '', 4),
(1817, 30, 1651092669, 'requests', 'N', 'http', '', 'a:3:{s:3:\"url\";s:46:\"https://converter.cart-services.com/pdf/render\";s:7:\"request\";s:0:\"\";s:8:\"response\";b:1;}', '', 4),
(1818, 30, 1651092722, 'orders', 'N', 'update', '', 'a:2:{s:5:\"order\";s:5:\"# 114\";s:2:\"id\";s:3:\"114\";}', '', 4),
(1819, 30, 1651092722, 'requests', 'N', 'http', '', 'a:3:{s:3:\"url\";s:46:\"https://converter.cart-services.com/pdf/render\";s:7:\"request\";s:0:\"\";s:8:\"response\";b:1;}', '', 4),
(1820, 30, 1651092810, 'orders', 'N', 'update', '', 'a:2:{s:5:\"order\";s:5:\"# 114\";s:2:\"id\";s:3:\"114\";}', '', 4),
(1821, 30, 1651092810, 'requests', 'N', 'http', '', 'a:3:{s:3:\"url\";s:46:\"https://converter.cart-services.com/pdf/render\";s:7:\"request\";s:0:\"\";s:8:\"response\";b:1;}', '', 4),
(1822, 30, 1651180040, 'users', 'N', 'session', '', 'a:3:{s:4:\"user\";s:69:\"Giovanni Vinicius de Figueiredo; giovannivinicius1997@gmail.com (#30)\";s:2:\"id\";s:2:\"30\";s:10:\"ip_address\";s:13:\"45.181.132.33\";}', '', 0),
(1823, 35, 1651180178, 'users', 'N', 'session', '', 'a:5:{s:4:\"user\";s:43:\"Ruan Silva; ruanwdssilveira@gmail.com (#35)\";s:2:\"id\";s:2:\"35\";s:10:\"ip_address\";s:13:\"45.181.132.33\";s:13:\"loggedin_time\";s:12:\"24 |minutes|\";s:7:\"timeout\";b:1;}', '', 0),
(1824, 30, 1651180281, 'orders', 'N', 'status', '', 'a:3:{s:5:\"order\";s:5:\"# 114\";s:2:\"id\";s:3:\"114\";s:6:\"status\";s:22:\"Processado -> Completo\";}', '', 4),
(1825, 30, 1651180281, 'requests', 'N', 'http', '', 'a:3:{s:3:\"url\";s:46:\"https://converter.cart-services.com/pdf/render\";s:7:\"request\";s:0:\"\";s:8:\"response\";b:1;}', '', 4),
(1826, 30, 1651180281, 'requests', 'N', 'http', '', 'a:3:{s:3:\"url\";s:46:\"https://converter.cart-services.com/pdf/render\";s:7:\"request\";s:0:\"\";s:8:\"response\";b:1;}', '', 4),
(1827, 30, 1651180281, 'requests', 'N', 'http', '', 'a:3:{s:3:\"url\";s:46:\"https://converter.cart-services.com/pdf/render\";s:7:\"request\";s:0:\"\";s:8:\"response\";b:1;}', '', 0),
(1828, 30, 1651180878, 'products', 'N', 'update', '', 'a:2:{s:7:\"product\";s:17:\"galaxy s21 (#297)\";s:2:\"id\";i:297;}', '', 4),
(1829, 30, 1651181035, 'orders', 'N', 'status', '', 'a:3:{s:5:\"order\";s:5:\"# 113\";s:2:\"id\";s:3:\"113\";s:6:\"status\";s:22:\"Processado -> Completo\";}', '', 4),
(1830, 30, 1651181035, 'requests', 'N', 'http', '', 'a:3:{s:3:\"url\";s:46:\"https://converter.cart-services.com/pdf/render\";s:7:\"request\";s:0:\"\";s:8:\"response\";b:1;}', '', 4),
(1831, 30, 1651181035, 'requests', 'N', 'http', '', 'a:3:{s:3:\"url\";s:46:\"https://converter.cart-services.com/pdf/render\";s:7:\"request\";s:0:\"\";s:8:\"response\";b:1;}', '', 4),
(1832, 30, 1651181035, 'requests', 'N', 'http', '', 'a:3:{s:3:\"url\";s:46:\"https://converter.cart-services.com/pdf/render\";s:7:\"request\";s:0:\"\";s:8:\"response\";b:1;}', '', 0),
(1833, 30, 1651181092, 'orders', 'N', 'status', '', 'a:3:{s:5:\"order\";s:5:\"# 113\";s:2:\"id\";s:3:\"113\";s:6:\"status\";s:19:\"Completo -> Enviado\";}', '', 4),
(1834, 35, 1651182350, 'users', 'N', 'session', '', 'a:5:{s:4:\"user\";s:43:\"Ruan Silva; ruanwdssilveira@gmail.com (#35)\";s:2:\"id\";s:2:\"35\";s:10:\"ip_address\";s:13:\"45.181.132.33\";s:13:\"loggedin_time\";s:23:\"18 |hours| 56 |minutes|\";s:7:\"timeout\";b:1;}', '', 0),
(1835, 30, 1651250480, 'users', 'N', 'session', '', 'a:3:{s:4:\"user\";s:69:\"Giovanni Vinicius de Figueiredo; giovannivinicius1997@gmail.com (#30)\";s:2:\"id\";s:2:\"30\";s:10:\"ip_address\";s:13:\"177.70.195.83\";}', '', 0),
(1836, 30, 1651250483, 'requests', 'N', 'http', '', 'a:3:{s:3:\"url\";s:37:\"https://updates.cs-cart.com/index.php\";s:7:\"request\";s:926:\"\'dispatch=product_updates.check_available&request=%3C%3Fxml+version%3D%221.0%22+encoding%3D%22UTF-8%22%3F%3E%3CRequest+action%3D%22check_license%22+api%3D%223%22%3E%3Ctoken%3E2767618714%3C%2Ftoken%3E%3Cstore_key%3E3568101368%3Bpartiushop.com.br%3C%2Fstore_key%3E%3Cdomains%3Epartiushop.com.br%2Ctest%3C%2Fdomains%3E%3Clicense_number%3ECS-MV-ULT-44IK-K8V8-0137-88WL%3C%2Flicense_number%3E%3Cver%3E4.14.1.SP1%3C%2Fver%3E%3Cproduct_status%3E%3C%2Fproduct_status%3E%3Cproduct_build%3E%3C%2Fproduct_build%3E%3Cedition%3EMULTIVENDOR%3C%2Fedition%3E%3Clang%3EPT%3C%2Flang%3E%3Cstore_uri%3Ehttp%3A%2F%2Fpartiushop.com.br%2F%3C%2Fstore_uri%3E%3Csecure_store_uri%3Ehttps%3A%2F%2Fpartiushop.com.br%2F%3C%2Fsecure_store_uri%3E%3Chttps_enabled%3EN%3C%2Fhttps_enabled%3E%3Cadmin_uri%3Ehttp%3A%2F%2Fpartiushop.com.br%2F%3C%2Fadmin_uri%3E%3Cstore_ip%3E177.70.195.83%3C%2Fstore_ip%3E%3Cstore_mode%3EULTIMATE%3C%2Fstore_mode%3E%3C%2FRequest%3E\'\";s:8:\"response\";s:133:\"<?xml version=\"1.0\" encoding=\"UTF-8\"?><Response><License>ACTIVE</License><Updates>AVAILABLE</Updates><Messages></Messages></Response>\";}', '', 0),
(1837, 30, 1651250671, 'users', 'N', 'session', '', 'a:3:{s:4:\"user\";s:69:\"Giovanni Vinicius de Figueiredo; giovannivinicius1997@gmail.com (#30)\";s:2:\"id\";s:2:\"30\";s:10:\"ip_address\";s:13:\"45.181.132.33\";}', '', 0),
(1838, 30, 1651250778, 'users', 'N', 'session', '', 'a:5:{s:4:\"user\";s:69:\"Giovanni Vinicius de Figueiredo; giovannivinicius1997@gmail.com (#30)\";s:2:\"id\";s:2:\"30\";s:10:\"ip_address\";s:13:\"45.181.132.33\";s:13:\"loggedin_time\";s:21:\"8 |hours| 2 |minutes|\";s:7:\"timeout\";b:1;}', '', 0),
(1839, 35, 1651250961, 'users', 'N', 'session', '', 'a:5:{s:4:\"user\";s:43:\"Ruan Silva; ruanwdssilveira@gmail.com (#35)\";s:2:\"id\";s:2:\"35\";s:10:\"ip_address\";s:13:\"45.181.132.33\";s:13:\"loggedin_time\";s:21:\"2 |hours| 5 |minutes|\";s:7:\"timeout\";b:1;}', '', 0),
(1840, 30, 1651251321, 'orders', 'N', 'status', '', 'a:3:{s:5:\"order\";s:5:\"# 113\";s:2:\"id\";s:3:\"113\";s:6:\"status\";s:17:\"Enviado -> Aberto\";}', '', 4),
(1841, 30, 1651251638, 'requests', 'N', 'http', '', 'a:3:{s:3:\"url\";s:37:\"https://updates.cs-cart.com/index.php\";s:7:\"request\";s:925:\"\'dispatch=product_updates.check_available&request=%3C%3Fxml+version%3D%221.0%22+encoding%3D%22UTF-8%22%3F%3E%3CRequest+action%3D%22check_license%22+api%3D%223%22%3E%3Ctoken%3E920585288%3C%2Ftoken%3E%3Cstore_key%3E3568101368%3Bpartiushop.com.br%3C%2Fstore_key%3E%3Cdomains%3Epartiushop.com.br%2Ctest%3C%2Fdomains%3E%3Clicense_number%3ECS-MV-ULT-44IK-K8V8-0137-88WL%3C%2Flicense_number%3E%3Cver%3E4.14.1.SP1%3C%2Fver%3E%3Cproduct_status%3E%3C%2Fproduct_status%3E%3Cproduct_build%3E%3C%2Fproduct_build%3E%3Cedition%3EMULTIVENDOR%3C%2Fedition%3E%3Clang%3EPT%3C%2Flang%3E%3Cstore_uri%3Ehttp%3A%2F%2Fpartiushop.com.br%2F%3C%2Fstore_uri%3E%3Csecure_store_uri%3Ehttps%3A%2F%2Fpartiushop.com.br%2F%3C%2Fsecure_store_uri%3E%3Chttps_enabled%3EN%3C%2Fhttps_enabled%3E%3Cadmin_uri%3Ehttp%3A%2F%2Fpartiushop.com.br%2F%3C%2Fadmin_uri%3E%3Cstore_ip%3E45.181.132.33%3C%2Fstore_ip%3E%3Cstore_mode%3EULTIMATE%3C%2Fstore_mode%3E%3C%2FRequest%3E\'\";s:8:\"response\";s:133:\"<?xml version=\"1.0\" encoding=\"UTF-8\"?><Response><License>ACTIVE</License><Updates>AVAILABLE</Updates><Messages></Messages></Response>\";}', '', 0),
(1842, 35, 1651261848, 'users', 'N', 'session', '', 'a:5:{s:4:\"user\";s:43:\"Ruan Silva; ruanwdssilveira@gmail.com (#35)\";s:2:\"id\";s:2:\"35\";s:10:\"ip_address\";s:13:\"45.181.132.33\";s:13:\"loggedin_time\";s:22:\"4 |hours| 58 |minutes|\";s:7:\"timeout\";b:1;}', '', 0),
(1843, 30, 1651510400, 'users', 'N', 'session', '', 'a:3:{s:4:\"user\";s:69:\"Giovanni Vinicius de Figueiredo; giovannivinicius1997@gmail.com (#30)\";s:2:\"id\";s:2:\"30\";s:10:\"ip_address\";s:13:\"45.181.132.33\";}', '', 0),
(1844, 35, 1651510673, 'users', 'N', 'session', '', 'a:3:{s:4:\"user\";s:43:\"Ruan Silva; ruanwdssilveira@gmail.com (#35)\";s:2:\"id\";s:2:\"35\";s:10:\"ip_address\";s:13:\"45.181.132.33\";}', '', 0),
(1845, 35, 1651510781, 'users', 'N', 'update', '', 'a:2:{s:4:\"user\";s:31:\"ruanwdssilveira@gmail.com (#35)\";s:2:\"id\";s:2:\"35\";}', '', 0),
(1846, 30, 1651512960, 'users', 'N', 'session', '', 'a:5:{s:4:\"user\";s:69:\"Giovanni Vinicius de Figueiredo; giovannivinicius1997@gmail.com (#30)\";s:2:\"id\";s:2:\"30\";s:10:\"ip_address\";s:13:\"177.70.195.83\";s:13:\"loggedin_time\";s:23:\"32 |hours| 46 |minutes|\";s:7:\"timeout\";b:1;}', '', 0),
(1847, 30, 1651512961, 'requests', 'N', 'http', '', 'a:3:{s:3:\"url\";s:37:\"https://updates.cs-cart.com/index.php\";s:7:\"request\";s:926:\"\'dispatch=product_updates.check_available&request=%3C%3Fxml+version%3D%221.0%22+encoding%3D%22UTF-8%22%3F%3E%3CRequest+action%3D%22check_license%22+api%3D%223%22%3E%3Ctoken%3E1525369229%3C%2Ftoken%3E%3Cstore_key%3E3568101368%3Bpartiushop.com.br%3C%2Fstore_key%3E%3Cdomains%3Epartiushop.com.br%2Ctest%3C%2Fdomains%3E%3Clicense_number%3ECS-MV-ULT-44IK-K8V8-0137-88WL%3C%2Flicense_number%3E%3Cver%3E4.14.1.SP1%3C%2Fver%3E%3Cproduct_status%3E%3C%2Fproduct_status%3E%3Cproduct_build%3E%3C%2Fproduct_build%3E%3Cedition%3EMULTIVENDOR%3C%2Fedition%3E%3Clang%3EPT%3C%2Flang%3E%3Cstore_uri%3Ehttp%3A%2F%2Fpartiushop.com.br%2F%3C%2Fstore_uri%3E%3Csecure_store_uri%3Ehttps%3A%2F%2Fpartiushop.com.br%2F%3C%2Fsecure_store_uri%3E%3Chttps_enabled%3EN%3C%2Fhttps_enabled%3E%3Cadmin_uri%3Ehttp%3A%2F%2Fpartiushop.com.br%2F%3C%2Fadmin_uri%3E%3Cstore_ip%3E177.70.195.83%3C%2Fstore_ip%3E%3Cstore_mode%3EULTIMATE%3C%2Fstore_mode%3E%3C%2FRequest%3E\'\";s:8:\"response\";s:133:\"<?xml version=\"1.0\" encoding=\"UTF-8\"?><Response><License>ACTIVE</License><Updates>AVAILABLE</Updates><Messages></Messages></Response>\";}', '', 0),
(1848, 30, 1651513241, 'requests', 'N', 'http', '', 'a:3:{s:3:\"url\";s:37:\"https://updates.cs-cart.com/index.php\";s:7:\"request\";s:926:\"\'dispatch=product_updates.check_available&request=%3C%3Fxml+version%3D%221.0%22+encoding%3D%22UTF-8%22%3F%3E%3CRequest+action%3D%22check_license%22+api%3D%223%22%3E%3Ctoken%3E2920785850%3C%2Ftoken%3E%3Cstore_key%3E3568101368%3Bpartiushop.com.br%3C%2Fstore_key%3E%3Cdomains%3Epartiushop.com.br%2Ctest%3C%2Fdomains%3E%3Clicense_number%3ECS-MV-ULT-44IK-K8V8-0137-88WL%3C%2Flicense_number%3E%3Cver%3E4.14.1.SP1%3C%2Fver%3E%3Cproduct_status%3E%3C%2Fproduct_status%3E%3Cproduct_build%3E%3C%2Fproduct_build%3E%3Cedition%3EMULTIVENDOR%3C%2Fedition%3E%3Clang%3EPT%3C%2Flang%3E%3Cstore_uri%3Ehttp%3A%2F%2Fpartiushop.com.br%2F%3C%2Fstore_uri%3E%3Csecure_store_uri%3Ehttps%3A%2F%2Fpartiushop.com.br%2F%3C%2Fsecure_store_uri%3E%3Chttps_enabled%3EN%3C%2Fhttps_enabled%3E%3Cadmin_uri%3Ehttp%3A%2F%2Fpartiushop.com.br%2F%3C%2Fadmin_uri%3E%3Cstore_ip%3E45.181.132.33%3C%2Fstore_ip%3E%3Cstore_mode%3EULTIMATE%3C%2Fstore_mode%3E%3C%2FRequest%3E\'\";s:8:\"response\";s:133:\"<?xml version=\"1.0\" encoding=\"UTF-8\"?><Response><License>ACTIVE</License><Updates>AVAILABLE</Updates><Messages></Messages></Response>\";}', '', 0),
(1849, 30, 1651513725, 'orders', 'N', 'status', '', 'a:3:{s:5:\"order\";s:5:\"# 113\";s:2:\"id\";s:3:\"113\";s:6:\"status\";s:18:\"Aberto -> Completo\";}', '', 4),
(1850, 30, 1651513725, 'requests', 'N', 'http', '', 'a:3:{s:3:\"url\";s:46:\"https://converter.cart-services.com/pdf/render\";s:7:\"request\";s:0:\"\";s:8:\"response\";b:1;}', '', 4),
(1851, 30, 1651513725, 'requests', 'N', 'http', '', 'a:3:{s:3:\"url\";s:46:\"https://converter.cart-services.com/pdf/render\";s:7:\"request\";s:0:\"\";s:8:\"response\";b:1;}', '', 4),
(1852, 30, 1651513725, 'requests', 'N', 'http', '', 'a:3:{s:3:\"url\";s:46:\"https://converter.cart-services.com/pdf/render\";s:7:\"request\";s:0:\"\";s:8:\"response\";b:1;}', '', 0),
(1853, 30, 1651513787, 'orders', 'N', 'status', '', 'a:3:{s:5:\"order\";s:5:\"# 113\";s:2:\"id\";s:3:\"113\";s:6:\"status\";s:18:\"Completo -> Aberto\";}', '', 4),
(1854, 30, 1651513790, 'orders', 'N', 'update', '', 'a:2:{s:5:\"order\";s:5:\"# 113\";s:2:\"id\";s:3:\"113\";}', '', 4),
(1855, 35, 1651514838, 'users', 'N', 'session', '', 'a:3:{s:4:\"user\";s:31:\"ruanwdssilveira@gmail.com (#35)\";s:2:\"id\";s:2:\"35\";s:10:\"ip_address\";s:13:\"45.181.132.33\";}', '', 0),
(1856, 35, 1651515234, 'users', 'N', 'update', '', 'a:2:{s:4:\"user\";s:31:\"ruanwdssilveira@gmail.com (#35)\";s:2:\"id\";s:2:\"35\";}', '', 0),
(1857, 35, 1651515299, 'orders', 'N', 'create', '', 'a:2:{s:5:\"order\";s:5:\"# 115\";s:2:\"id\";i:115;}', '', 4),
(1858, 35, 1651515299, 'orders', 'N', 'status', '', 'a:3:{s:5:\"order\";s:5:\"# 115\";s:2:\"id\";i:115;s:6:\"status\";s:20:\"Incompleto -> Aberto\";}', '', 4),
(1859, 35, 1651515299, 'users', 'N', 'update', '', 'a:2:{s:4:\"user\";s:43:\"Ruan Silva; ruanwdssilveira@gmail.com (#35)\";s:2:\"id\";s:2:\"35\";}', '', 0),
(1860, 30, 1651515364, 'orders', 'N', 'status', '', 'a:3:{s:5:\"order\";s:5:\"# 115\";s:2:\"id\";s:3:\"115\";s:6:\"status\";s:17:\"Aberto -> Enviado\";}', '', 4),
(1861, 35, 1651515835, 'orders', 'N', 'create', '', 'a:2:{s:5:\"order\";s:5:\"# 116\";s:2:\"id\";i:116;}', '', 4),
(1862, 35, 1651515835, 'orders', 'N', 'status', '', 'a:3:{s:5:\"order\";s:5:\"# 116\";s:2:\"id\";i:116;s:6:\"status\";s:20:\"Incompleto -> Aberto\";}', '', 4),
(1863, 35, 1651515835, 'users', 'N', 'update', '', 'a:2:{s:4:\"user\";s:43:\"Ruan Silva; ruanwdssilveira@gmail.com (#35)\";s:2:\"id\";s:2:\"35\";}', '', 0),
(1864, 30, 1651515870, 'orders', 'N', 'status', '', 'a:3:{s:5:\"order\";s:5:\"# 116\";s:2:\"id\";s:3:\"116\";s:6:\"status\";s:17:\"Aberto -> Enviado\";}', '', 4),
(1865, 35, 1651523005, 'orders', 'N', 'create', '', 'a:2:{s:5:\"order\";s:5:\"# 117\";s:2:\"id\";i:117;}', '', 4),
(1866, 35, 1651523005, 'orders', 'N', 'status', '', 'a:3:{s:5:\"order\";s:5:\"# 117\";s:2:\"id\";i:117;s:6:\"status\";s:20:\"Incompleto -> Aberto\";}', '', 4),
(1867, 35, 1651523005, 'users', 'N', 'update', '', 'a:2:{s:4:\"user\";s:43:\"Ruan Silva; ruanwdssilveira@gmail.com (#35)\";s:2:\"id\";s:2:\"35\";}', '', 0),
(1868, 30, 1651523042, 'orders', 'N', 'status', '', 'a:3:{s:5:\"order\";s:5:\"# 117\";s:2:\"id\";s:3:\"117\";s:6:\"status\";s:17:\"Aberto -> Enviado\";}', '', 4),
(1869, 35, 1651523156, 'orders', 'N', 'create', '', 'a:2:{s:5:\"order\";s:5:\"# 118\";s:2:\"id\";i:118;}', '', 4),
(1870, 35, 1651523156, 'orders', 'N', 'status', '', 'a:3:{s:5:\"order\";s:5:\"# 118\";s:2:\"id\";i:118;s:6:\"status\";s:20:\"Incompleto -> Aberto\";}', '', 4),
(1871, 35, 1651523156, 'users', 'N', 'update', '', 'a:2:{s:4:\"user\";s:43:\"Ruan Silva; ruanwdssilveira@gmail.com (#35)\";s:2:\"id\";s:2:\"35\";}', '', 0),
(1872, 30, 1651523198, 'orders', 'N', 'status', '', 'a:3:{s:5:\"order\";s:5:\"# 118\";s:2:\"id\";s:3:\"118\";s:6:\"status\";s:17:\"Aberto -> Enviado\";}', '', 4),
(1873, 35, 1651598893, 'users', 'N', 'session', '', 'a:3:{s:4:\"user\";s:43:\"Ruan Silva; ruanwdssilveira@gmail.com (#35)\";s:2:\"id\";s:2:\"35\";s:10:\"ip_address\";s:13:\"45.181.132.33\";}', '', 0),
(1874, 35, 1651598925, 'orders', 'N', 'create', '', 'a:2:{s:5:\"order\";s:5:\"# 119\";s:2:\"id\";i:119;}', '', 4),
(1875, 35, 1651598925, 'orders', 'N', 'status', '', 'a:3:{s:5:\"order\";s:5:\"# 119\";s:2:\"id\";i:119;s:6:\"status\";s:20:\"Incompleto -> Aberto\";}', '', 4),
(1876, 35, 1651598925, 'users', 'N', 'update', '', 'a:2:{s:4:\"user\";s:43:\"Ruan Silva; ruanwdssilveira@gmail.com (#35)\";s:2:\"id\";s:2:\"35\";}', '', 0),
(1877, 30, 1651598957, 'orders', 'N', 'status', '', 'a:3:{s:5:\"order\";s:5:\"# 119\";s:2:\"id\";s:3:\"119\";s:6:\"status\";s:17:\"Aberto -> Enviado\";}', '', 4),
(1878, 35, 1651599127, 'orders', 'N', 'create', '', 'a:2:{s:5:\"order\";s:5:\"# 120\";s:2:\"id\";i:120;}', '', 4),
(1879, 35, 1651599127, 'orders', 'N', 'status', '', 'a:3:{s:5:\"order\";s:5:\"# 120\";s:2:\"id\";i:120;s:6:\"status\";s:20:\"Incompleto -> Aberto\";}', '', 4),
(1880, 35, 1651599127, 'users', 'N', 'update', '', 'a:2:{s:4:\"user\";s:43:\"Ruan Silva; ruanwdssilveira@gmail.com (#35)\";s:2:\"id\";s:2:\"35\";}', '', 0),
(1881, 30, 1651599151, 'orders', 'N', 'status', '', 'a:3:{s:5:\"order\";s:5:\"# 120\";s:2:\"id\";s:3:\"120\";s:6:\"status\";s:17:\"Aberto -> Enviado\";}', '', 4),
(1882, 35, 1651599387, 'orders', 'N', 'create', '', 'a:2:{s:5:\"order\";s:5:\"# 121\";s:2:\"id\";i:121;}', '', 4),
(1883, 35, 1651599387, 'orders', 'N', 'status', '', 'a:3:{s:5:\"order\";s:5:\"# 121\";s:2:\"id\";i:121;s:6:\"status\";s:20:\"Incompleto -> Aberto\";}', '', 4),
(1884, 35, 1651599387, 'users', 'N', 'update', '', 'a:2:{s:4:\"user\";s:43:\"Ruan Silva; ruanwdssilveira@gmail.com (#35)\";s:2:\"id\";s:2:\"35\";}', '', 0),
(1885, 30, 1651599409, 'orders', 'N', 'status', '', 'a:3:{s:5:\"order\";s:5:\"# 121\";s:2:\"id\";s:3:\"121\";s:6:\"status\";s:20:\"Aberto -> Processado\";}', '', 4),
(1886, 30, 1651599409, 'requests', 'N', 'http', '', 'a:3:{s:3:\"url\";s:46:\"https://converter.cart-services.com/pdf/render\";s:7:\"request\";s:0:\"\";s:8:\"response\";b:1;}', '', 4),
(1887, 35, 1651599468, 'orders', 'N', 'create', '', 'a:2:{s:5:\"order\";s:5:\"# 122\";s:2:\"id\";i:122;}', '', 4),
(1888, 35, 1651599468, 'orders', 'N', 'status', '', 'a:3:{s:5:\"order\";s:5:\"# 122\";s:2:\"id\";i:122;s:6:\"status\";s:20:\"Incompleto -> Aberto\";}', '', 4),
(1889, 35, 1651599468, 'users', 'N', 'update', '', 'a:2:{s:4:\"user\";s:43:\"Ruan Silva; ruanwdssilveira@gmail.com (#35)\";s:2:\"id\";s:2:\"35\";}', '', 0),
(1890, 30, 1651599489, 'orders', 'N', 'status', '', 'a:3:{s:5:\"order\";s:5:\"# 122\";s:2:\"id\";s:3:\"122\";s:6:\"status\";s:17:\"Aberto -> Enviado\";}', '', 4),
(1891, 35, 1651599692, 'orders', 'N', 'create', '', 'a:2:{s:5:\"order\";s:5:\"# 123\";s:2:\"id\";i:123;}', '', 4),
(1892, 35, 1651599692, 'orders', 'N', 'status', '', 'a:3:{s:5:\"order\";s:5:\"# 123\";s:2:\"id\";i:123;s:6:\"status\";s:20:\"Incompleto -> Aberto\";}', '', 4),
(1893, 35, 1651599692, 'users', 'N', 'update', '', 'a:2:{s:4:\"user\";s:43:\"Ruan Silva; ruanwdssilveira@gmail.com (#35)\";s:2:\"id\";s:2:\"35\";}', '', 0),
(1894, 30, 1651599713, 'orders', 'N', 'status', '', 'a:3:{s:5:\"order\";s:5:\"# 123\";s:2:\"id\";s:3:\"123\";s:6:\"status\";s:17:\"Aberto -> Enviado\";}', '', 4),
(1895, 35, 1651599995, 'orders', 'N', 'create', '', 'a:2:{s:5:\"order\";s:5:\"# 124\";s:2:\"id\";i:124;}', '', 4),
(1896, 35, 1651599995, 'orders', 'N', 'status', '', 'a:3:{s:5:\"order\";s:5:\"# 124\";s:2:\"id\";i:124;s:6:\"status\";s:20:\"Incompleto -> Aberto\";}', '', 4),
(1897, 35, 1651599995, 'users', 'N', 'update', '', 'a:2:{s:4:\"user\";s:43:\"Ruan Silva; ruanwdssilveira@gmail.com (#35)\";s:2:\"id\";s:2:\"35\";}', '', 0),
(1898, 30, 1651600014, 'orders', 'N', 'status', '', 'a:3:{s:5:\"order\";s:5:\"# 124\";s:2:\"id\";s:3:\"124\";s:6:\"status\";s:17:\"Aberto -> Enviado\";}', '', 4),
(1899, 35, 1651600095, 'orders', 'N', 'create', '', 'a:2:{s:5:\"order\";s:5:\"# 125\";s:2:\"id\";i:125;}', '', 4),
(1900, 35, 1651600095, 'orders', 'N', 'status', '', 'a:3:{s:5:\"order\";s:5:\"# 125\";s:2:\"id\";i:125;s:6:\"status\";s:20:\"Incompleto -> Aberto\";}', '', 4),
(1901, 35, 1651600095, 'users', 'N', 'update', '', 'a:2:{s:4:\"user\";s:43:\"Ruan Silva; ruanwdssilveira@gmail.com (#35)\";s:2:\"id\";s:2:\"35\";}', '', 0),
(1902, 30, 1651600112, 'orders', 'N', 'status', '', 'a:3:{s:5:\"order\";s:5:\"# 125\";s:2:\"id\";s:3:\"125\";s:6:\"status\";s:17:\"Aberto -> Enviado\";}', '', 4),
(1903, 30, 1651605461, 'orders', 'N', 'update', '', 'a:2:{s:5:\"order\";s:5:\"# 125\";s:2:\"id\";s:3:\"125\";}', '', 4),
(1904, 35, 1651608462, 'users', 'N', 'session', '', 'a:5:{s:4:\"user\";s:43:\"Ruan Silva; ruanwdssilveira@gmail.com (#35)\";s:2:\"id\";s:2:\"35\";s:10:\"ip_address\";s:13:\"45.181.132.33\";s:13:\"loggedin_time\";s:22:\"6 |hours| 14 |minutes|\";s:7:\"timeout\";b:1;}', '', 0),
(1905, 30, 1651669855, 'users', 'N', 'session', '', 'a:3:{s:4:\"user\";s:69:\"Giovanni Vinicius de Figueiredo; giovannivinicius1997@gmail.com (#30)\";s:2:\"id\";s:2:\"30\";s:10:\"ip_address\";s:13:\"177.70.195.83\";}', '', 0),
(1906, 30, 1651669860, 'requests', 'N', 'http', '', 'a:3:{s:3:\"url\";s:37:\"https://updates.cs-cart.com/index.php\";s:7:\"request\";s:926:\"\'dispatch=product_updates.check_available&request=%3C%3Fxml+version%3D%221.0%22+encoding%3D%22UTF-8%22%3F%3E%3CRequest+action%3D%22check_license%22+api%3D%223%22%3E%3Ctoken%3E3030153681%3C%2Ftoken%3E%3Cstore_key%3E3568101368%3Bpartiushop.com.br%3C%2Fstore_key%3E%3Cdomains%3Epartiushop.com.br%2Ctest%3C%2Fdomains%3E%3Clicense_number%3ECS-MV-ULT-44IK-K8V8-0137-88WL%3C%2Flicense_number%3E%3Cver%3E4.14.1.SP1%3C%2Fver%3E%3Cproduct_status%3E%3C%2Fproduct_status%3E%3Cproduct_build%3E%3C%2Fproduct_build%3E%3Cedition%3EMULTIVENDOR%3C%2Fedition%3E%3Clang%3EPT%3C%2Flang%3E%3Cstore_uri%3Ehttp%3A%2F%2Fpartiushop.com.br%2F%3C%2Fstore_uri%3E%3Csecure_store_uri%3Ehttps%3A%2F%2Fpartiushop.com.br%2F%3C%2Fsecure_store_uri%3E%3Chttps_enabled%3EN%3C%2Fhttps_enabled%3E%3Cadmin_uri%3Ehttp%3A%2F%2Fpartiushop.com.br%2F%3C%2Fadmin_uri%3E%3Cstore_ip%3E177.70.195.83%3C%2Fstore_ip%3E%3Cstore_mode%3EULTIMATE%3C%2Fstore_mode%3E%3C%2FRequest%3E\'\";s:8:\"response\";s:133:\"<?xml version=\"1.0\" encoding=\"UTF-8\"?><Response><License>ACTIVE</License><Updates>AVAILABLE</Updates><Messages></Messages></Response>\";}', '', 0);
INSERT INTO `partiushop_logs` (`log_id`, `user_id`, `timestamp`, `type`, `event_type`, `action`, `object`, `content`, `backtrace`, `company_id`) VALUES
(1907, 30, 1651681727, 'requests', 'N', 'http', '', 'a:3:{s:3:\"url\";s:37:\"https://updates.cs-cart.com/index.php\";s:7:\"request\";s:143:\"\'dispatch=product_updates.get_available&ver=4.14.1.SP1&edition=MULTIVENDOR&lang=pt&product_build=&license_number=CS-MV-ULT-44IK-K8V8-0137-88WL\'\";s:8:\"response\";s:1316:\"<?xml version=\"1.0\"?>\n<upgrade>\n	<packages>\n		<item id=\"375067\">\n			<file md5=\"4dcb28209a48cb34e2b398ec4c91d57a\">upgrade_4.14.1.SP1_mve-4.14.2_mve.zip</file>\n			<name>Upgrade 4.14.1.SP1 - 4.14.2</name>\n			<description>&lt;p&gt;&lt;strong&gt;Multi-Vendor 4.14.2&lt;/strong&gt; brings the following changes and improvements:&lt;/p&gt;&lt;ul&gt;&lt;li&gt;Vendor features are now hidden from other vendors.&lt;/li&gt;&lt;li&gt;The ability to hide icons of vendor rating.&lt;/li&gt;&lt;li&gt;Now common products can be added to the cart directly from the product list. A new setting in the &quot;Vendor Rating&quot; add-on will allow you to select the default offer by vendor rating rather than by price.&lt;/li&gt;&lt;li&gt;Now vendors can add videos to descriptions.&lt;/li&gt;&lt;li&gt;The ability to customize the &quot;Marketplace fees&quot; product.&lt;/li&gt;&lt;/ul&gt;&lt;p&gt;To see the full list of changes, &lt;a href=&quot;http://docs.cs-cart.com/4.14.x/history/4142.html&quot; target=&quot;_blank&quot;&gt;check the changelog&lt;/a&gt;.&lt;/p&gt;</description>\n			<from_version>4.14.1.SP1</from_version>\n			<to_version>4.14.2</to_version>\n			<timestamp>1643281735</timestamp>\n			<size>9272976</size>\n			<is_avail>Y</is_avail>\n			<purchase_time_limit>N</purchase_time_limit>\n		</item>\n	</packages>\n</upgrade>\";}', '', 0),
(1908, 30, 1651682979, 'users', 'N', 'session', '', 'a:5:{s:4:\"user\";s:69:\"Giovanni Vinicius de Figueiredo; giovannivinicius1997@gmail.com (#30)\";s:2:\"id\";s:2:\"30\";s:10:\"ip_address\";s:13:\"45.181.132.33\";s:13:\"loggedin_time\";s:23:\"17 |hours| 37 |minutes|\";s:7:\"timeout\";b:1;}', '', 0),
(1909, 35, 1651683022, 'users', 'N', 'session', '', 'a:3:{s:4:\"user\";s:43:\"Ruan Silva; ruanwdssilveira@gmail.com (#35)\";s:2:\"id\";s:2:\"35\";s:10:\"ip_address\";s:13:\"45.181.132.33\";}', '', 0),
(1910, 35, 1651688681, 'users', 'N', 'session', '', 'a:3:{s:4:\"user\";s:43:\"Ruan Silva; ruanwdssilveira@gmail.com (#35)\";s:2:\"id\";s:2:\"35\";s:10:\"ip_address\";s:13:\"45.181.132.33\";}', '', 0),
(1911, 35, 1651688824, 'users', 'N', 'session', '', 'a:5:{s:4:\"user\";s:43:\"Ruan Silva; ruanwdssilveira@gmail.com (#35)\";s:2:\"id\";s:2:\"35\";s:10:\"ip_address\";s:13:\"45.181.132.33\";s:13:\"loggedin_time\";s:12:\"30 |minutes|\";s:7:\"timeout\";b:1;}', '', 0),
(1912, 35, 1651695324, 'users', 'N', 'session', '', 'a:5:{s:4:\"user\";s:43:\"Ruan Silva; ruanwdssilveira@gmail.com (#35)\";s:2:\"id\";s:2:\"35\";s:10:\"ip_address\";s:13:\"45.181.132.33\";s:13:\"loggedin_time\";s:23:\"14 |hours| 11 |minutes|\";s:7:\"timeout\";b:1;}', '', 0),
(1913, 35, 1651695355, 'orders', 'N', 'create', '', 'a:2:{s:5:\"order\";s:5:\"# 126\";s:2:\"id\";i:126;}', '', 4),
(1914, 35, 1651695355, 'orders', 'N', 'status', '', 'a:3:{s:5:\"order\";s:5:\"# 126\";s:2:\"id\";i:126;s:6:\"status\";s:20:\"Incompleto -> Aberto\";}', '', 4),
(1915, 35, 1651695355, 'users', 'N', 'update', '', 'a:2:{s:4:\"user\";s:43:\"Ruan Silva; ruanwdssilveira@gmail.com (#35)\";s:2:\"id\";s:2:\"35\";}', '', 0),
(1916, 30, 1651695400, 'orders', 'N', 'status', '', 'a:3:{s:5:\"order\";s:5:\"# 126\";s:2:\"id\";s:3:\"126\";s:6:\"status\";s:17:\"Aberto -> Enviado\";}', '', 4),
(1917, 35, 1651695920, 'orders', 'N', 'create', '', 'a:2:{s:5:\"order\";s:5:\"# 127\";s:2:\"id\";i:127;}', '', 4),
(1918, 35, 1651695920, 'users', 'N', 'update', '', 'a:2:{s:4:\"user\";s:43:\"Ruan Silva; ruanwdssilveira@gmail.com (#35)\";s:2:\"id\";s:2:\"35\";}', '', 0),
(1919, 35, 1651696194, 'orders', 'N', 'delete', '', 'a:2:{s:5:\"order\";s:5:\"# 127\";s:2:\"id\";i:127;}', '', 4),
(1920, 35, 1651696194, 'orders', 'N', 'create', '', 'a:2:{s:5:\"order\";s:5:\"# 127\";s:2:\"id\";i:127;}', '', 4),
(1921, 35, 1651696194, 'orders', 'N', 'status', '', 'a:3:{s:5:\"order\";s:5:\"# 127\";s:2:\"id\";i:127;s:6:\"status\";s:20:\"Incompleto -> Aberto\";}', '', 4),
(1922, 35, 1651696194, 'users', 'N', 'update', '', 'a:2:{s:4:\"user\";s:43:\"Ruan Silva; ruanwdssilveira@gmail.com (#35)\";s:2:\"id\";s:2:\"35\";}', '', 0),
(1923, 35, 1651696232, 'orders', 'N', 'create', '', 'a:2:{s:5:\"order\";s:5:\"# 128\";s:2:\"id\";i:128;}', '', 4),
(1924, 35, 1651696232, 'orders', 'N', 'status', '', 'a:3:{s:5:\"order\";s:5:\"# 128\";s:2:\"id\";i:128;s:6:\"status\";s:20:\"Incompleto -> Aberto\";}', '', 4),
(1925, 35, 1651696232, 'users', 'N', 'update', '', 'a:2:{s:4:\"user\";s:43:\"Ruan Silva; ruanwdssilveira@gmail.com (#35)\";s:2:\"id\";s:2:\"35\";}', '', 0),
(1926, 35, 1651696268, 'orders', 'N', 'create', '', 'a:2:{s:5:\"order\";s:5:\"# 129\";s:2:\"id\";i:129;}', '', 4),
(1927, 35, 1651696268, 'orders', 'N', 'status', '', 'a:3:{s:5:\"order\";s:5:\"# 129\";s:2:\"id\";i:129;s:6:\"status\";s:20:\"Incompleto -> Aberto\";}', '', 4),
(1928, 35, 1651696268, 'users', 'N', 'update', '', 'a:2:{s:4:\"user\";s:43:\"Ruan Silva; ruanwdssilveira@gmail.com (#35)\";s:2:\"id\";s:2:\"35\";}', '', 0),
(1929, 30, 1651696538, 'orders', 'N', 'status', '', 'a:3:{s:5:\"order\";s:5:\"# 127\";s:2:\"id\";s:3:\"127\";s:6:\"status\";s:17:\"Aberto -> Enviado\";}', '', 4),
(1930, 30, 1651696911, 'orders', 'N', 'status', '', 'a:3:{s:5:\"order\";s:5:\"# 128\";s:2:\"id\";s:3:\"128\";s:6:\"status\";s:17:\"Aberto -> Enviado\";}', '', 4),
(1931, 30, 1651696965, 'orders', 'N', 'status', '', 'a:3:{s:5:\"order\";s:5:\"# 129\";s:2:\"id\";s:3:\"129\";s:6:\"status\";s:17:\"Aberto -> Enviado\";}', '', 4),
(1932, 35, 1651697022, 'orders', 'N', 'create', '', 'a:2:{s:5:\"order\";s:5:\"# 130\";s:2:\"id\";i:130;}', '', 4),
(1933, 35, 1651697022, 'orders', 'N', 'status', '', 'a:3:{s:5:\"order\";s:5:\"# 130\";s:2:\"id\";i:130;s:6:\"status\";s:20:\"Incompleto -> Aberto\";}', '', 4),
(1934, 35, 1651697022, 'users', 'N', 'update', '', 'a:2:{s:4:\"user\";s:43:\"Ruan Silva; ruanwdssilveira@gmail.com (#35)\";s:2:\"id\";s:2:\"35\";}', '', 0),
(1935, 30, 1651697043, 'orders', 'N', 'status', '', 'a:3:{s:5:\"order\";s:5:\"# 130\";s:2:\"id\";s:3:\"130\";s:6:\"status\";s:17:\"Aberto -> Enviado\";}', '', 4),
(1936, 30, 1651783508, 'users', 'N', 'session', '', 'a:5:{s:4:\"user\";s:69:\"Giovanni Vinicius de Figueiredo; giovannivinicius1997@gmail.com (#30)\";s:2:\"id\";s:2:\"30\";s:10:\"ip_address\";s:13:\"177.70.195.83\";s:13:\"loggedin_time\";s:22:\"8 |hours| 43 |minutes|\";s:7:\"timeout\";b:1;}', '', 0),
(1937, 30, 1651783511, 'requests', 'N', 'http', '', 'a:3:{s:3:\"url\";s:37:\"https://updates.cs-cart.com/index.php\";s:7:\"request\";s:926:\"\'dispatch=product_updates.check_available&request=%3C%3Fxml+version%3D%221.0%22+encoding%3D%22UTF-8%22%3F%3E%3CRequest+action%3D%22check_license%22+api%3D%223%22%3E%3Ctoken%3E1987598858%3C%2Ftoken%3E%3Cstore_key%3E3568101368%3Bpartiushop.com.br%3C%2Fstore_key%3E%3Cdomains%3Epartiushop.com.br%2Ctest%3C%2Fdomains%3E%3Clicense_number%3ECS-MV-ULT-44IK-K8V8-0137-88WL%3C%2Flicense_number%3E%3Cver%3E4.14.1.SP1%3C%2Fver%3E%3Cproduct_status%3E%3C%2Fproduct_status%3E%3Cproduct_build%3E%3C%2Fproduct_build%3E%3Cedition%3EMULTIVENDOR%3C%2Fedition%3E%3Clang%3EPT%3C%2Flang%3E%3Cstore_uri%3Ehttp%3A%2F%2Fpartiushop.com.br%2F%3C%2Fstore_uri%3E%3Csecure_store_uri%3Ehttps%3A%2F%2Fpartiushop.com.br%2F%3C%2Fsecure_store_uri%3E%3Chttps_enabled%3EN%3C%2Fhttps_enabled%3E%3Cadmin_uri%3Ehttp%3A%2F%2Fpartiushop.com.br%2F%3C%2Fadmin_uri%3E%3Cstore_ip%3E177.70.195.83%3C%2Fstore_ip%3E%3Cstore_mode%3EULTIMATE%3C%2Fstore_mode%3E%3C%2FRequest%3E\'\";s:8:\"response\";s:133:\"<?xml version=\"1.0\" encoding=\"UTF-8\"?><Response><License>ACTIVE</License><Updates>AVAILABLE</Updates><Messages></Messages></Response>\";}', '', 0),
(1938, 30, 1651850485, 'users', 'N', 'session', '', 'a:3:{s:4:\"user\";s:69:\"Giovanni Vinicius de Figueiredo; giovannivinicius1997@gmail.com (#30)\";s:2:\"id\";s:2:\"30\";s:10:\"ip_address\";s:13:\"177.70.195.83\";}', '', 0),
(1939, 30, 1651850488, 'requests', 'N', 'http', '', 'a:3:{s:3:\"url\";s:37:\"https://updates.cs-cart.com/index.php\";s:7:\"request\";s:926:\"\'dispatch=product_updates.check_available&request=%3C%3Fxml+version%3D%221.0%22+encoding%3D%22UTF-8%22%3F%3E%3CRequest+action%3D%22check_license%22+api%3D%223%22%3E%3Ctoken%3E1934110437%3C%2Ftoken%3E%3Cstore_key%3E3568101368%3Bpartiushop.com.br%3C%2Fstore_key%3E%3Cdomains%3Epartiushop.com.br%2Ctest%3C%2Fdomains%3E%3Clicense_number%3ECS-MV-ULT-44IK-K8V8-0137-88WL%3C%2Flicense_number%3E%3Cver%3E4.14.1.SP1%3C%2Fver%3E%3Cproduct_status%3E%3C%2Fproduct_status%3E%3Cproduct_build%3E%3C%2Fproduct_build%3E%3Cedition%3EMULTIVENDOR%3C%2Fedition%3E%3Clang%3EPT%3C%2Flang%3E%3Cstore_uri%3Ehttp%3A%2F%2Fpartiushop.com.br%2F%3C%2Fstore_uri%3E%3Csecure_store_uri%3Ehttps%3A%2F%2Fpartiushop.com.br%2F%3C%2Fsecure_store_uri%3E%3Chttps_enabled%3EN%3C%2Fhttps_enabled%3E%3Cadmin_uri%3Ehttp%3A%2F%2Fpartiushop.com.br%2F%3C%2Fadmin_uri%3E%3Cstore_ip%3E177.70.195.83%3C%2Fstore_ip%3E%3Cstore_mode%3EULTIMATE%3C%2Fstore_mode%3E%3C%2FRequest%3E\'\";s:8:\"response\";s:133:\"<?xml version=\"1.0\" encoding=\"UTF-8\"?><Response><License>ACTIVE</License><Updates>AVAILABLE</Updates><Messages></Messages></Response>\";}', '', 0),
(1940, 30, 1651850560, 'users', 'N', 'update', '', 'a:2:{s:4:\"user\";s:41:\"Eduardo Santos; customer@example.com (#3)\";s:2:\"id\";s:1:\"3\";}', '', 0),
(1941, 3, 1651851994, 'users', 'N', 'session', '', 'a:5:{s:4:\"user\";s:41:\"Eduardo Santos; customer@example.com (#3)\";s:2:\"id\";s:1:\"3\";s:10:\"ip_address\";s:13:\"177.70.195.83\";s:13:\"loggedin_time\";s:21:\"2 |hours| 5 |minutes|\";s:7:\"timeout\";b:1;}', '', 0),
(1942, 30, 1651860018, 'orders', 'N', 'status', '', 'a:3:{s:5:\"order\";s:5:\"# 112\";s:2:\"id\";s:3:\"112\";s:6:\"status\";s:19:\"Completo -> Enviado\";}', '', 4),
(1943, 30, 1651860098, 'users', 'N', 'update', '', 'a:2:{s:4:\"user\";s:50:\"Eduardo Santos; eduardohenriquest@outlook.com (#3)\";s:2:\"id\";s:1:\"3\";}', '', 0),
(1944, 30, 1651860212, 'orders', 'N', 'status', '', 'a:3:{s:5:\"order\";s:5:\"# 108\";s:2:\"id\";s:3:\"108\";s:6:\"status\";s:21:\"Processado -> Enviado\";}', '', 4),
(1945, 30, 1651860689, 'orders', 'N', 'update', '', 'a:2:{s:5:\"order\";s:5:\"# 108\";s:2:\"id\";s:3:\"108\";}', '', 4),
(1946, 30, 1651860706, 'requests', 'N', 'http', '', 'a:3:{s:3:\"url\";s:39:\"http://www.google-analytics.com/collect\";s:7:\"request\";s:117:\"\'v=1&tid=UA-163308049-1&cid=c91b0b2dbc8b6ca12ce289984e9bf096&ti=108&cu=BRL&t=transaction&tr=-3924.15&ts=-24.15&tt=-0\'\";s:8:\"response\";s:0:\"\";}', '', 0),
(1947, 30, 1651860706, 'requests', 'N', 'http', '', 'a:3:{s:3:\"url\";s:39:\"http://www.google-analytics.com/collect\";s:7:\"request\";s:154:\"\'v=1&tid=UA-163308049-1&cid=c91b0b2dbc8b6ca12ce289984e9bf096&ti=108&cu=BRL&t=item&in=galaxy+s21+v2&ip=3900&iq=-1&ic=galaxy_s21&iv=Celulares+e+Smartphones\'\";s:8:\"response\";s:0:\"\";}', '', 0),
(1948, 30, 1651860706, 'orders', 'N', 'status', '', 'a:3:{s:5:\"order\";s:5:\"# 108\";s:2:\"id\";s:3:\"108\";s:6:\"status\";s:19:\"Enviado -> Recusado\";}', '', 4),
(1949, 30, 1651860708, 'requests', 'N', 'http', '', 'a:3:{s:3:\"url\";s:39:\"http://www.google-analytics.com/collect\";s:7:\"request\";s:114:\"\'v=1&tid=UA-163308049-1&cid=c91b0b2dbc8b6ca12ce289984e9bf096&ti=108&cu=BRL&t=transaction&tr=3924.15&ts=24.15&tt=0\'\";s:8:\"response\";s:0:\"\";}', '', 0),
(1950, 30, 1651860708, 'requests', 'N', 'http', '', 'a:3:{s:3:\"url\";s:39:\"http://www.google-analytics.com/collect\";s:7:\"request\";s:153:\"\'v=1&tid=UA-163308049-1&cid=c91b0b2dbc8b6ca12ce289984e9bf096&ti=108&cu=BRL&t=item&in=galaxy+s21+v2&ip=3900&iq=1&ic=galaxy_s21&iv=Celulares+e+Smartphones\'\";s:8:\"response\";s:0:\"\";}', '', 0),
(1951, 30, 1651860708, 'orders', 'N', 'status', '', 'a:3:{s:5:\"order\";s:5:\"# 108\";s:2:\"id\";s:3:\"108\";s:6:\"status\";s:19:\"Recusado -> Enviado\";}', '', 4),
(1952, 30, 1651860710, 'users', 'N', 'session', '', 'a:5:{s:4:\"user\";s:69:\"Giovanni Vinicius de Figueiredo; giovannivinicius1997@gmail.com (#30)\";s:2:\"id\";s:2:\"30\";s:10:\"ip_address\";s:13:\"45.181.132.33\";s:13:\"loggedin_time\";s:22:\"3 |hours| 57 |minutes|\";s:7:\"timeout\";b:1;}', '', 0),
(1953, 30, 1651861079, 'orders', 'N', 'update', '', 'a:2:{s:5:\"order\";s:5:\"# 101\";s:2:\"id\";s:3:\"101\";}', '', 4),
(1954, 30, 1651861094, 'orders', 'N', 'status', '', 'a:3:{s:5:\"order\";s:5:\"# 101\";s:2:\"id\";s:3:\"101\";s:6:\"status\";s:21:\"Processado -> Enviado\";}', '', 4),
(1955, 30, 1651861150, 'orders', 'N', 'update', '', 'a:2:{s:5:\"order\";s:5:\"# 101\";s:2:\"id\";s:3:\"101\";}', '', 4),
(1956, 30, 1651861582, 'orders', 'N', 'update', '', 'a:2:{s:5:\"order\";s:5:\"# 105\";s:2:\"id\";s:3:\"105\";}', '', 4),
(1957, 30, 1651864279, 'users', 'N', 'update', '', 'a:2:{s:4:\"user\";s:52:\"Eduardo H Santos; eduardohenriquest@outlook.com (#3)\";s:2:\"id\";s:1:\"3\";}', '', 0),
(1958, 30, 1652102261, 'users', 'N', 'session', '', 'a:3:{s:4:\"user\";s:69:\"Giovanni Vinicius de Figueiredo; giovannivinicius1997@gmail.com (#30)\";s:2:\"id\";s:2:\"30\";s:10:\"ip_address\";s:13:\"177.70.195.83\";}', '', 0),
(1959, 30, 1652102264, 'requests', 'N', 'http', '', 'a:3:{s:3:\"url\";s:37:\"https://updates.cs-cart.com/index.php\";s:7:\"request\";s:925:\"\'dispatch=product_updates.check_available&request=%3C%3Fxml+version%3D%221.0%22+encoding%3D%22UTF-8%22%3F%3E%3CRequest+action%3D%22check_license%22+api%3D%223%22%3E%3Ctoken%3E312086399%3C%2Ftoken%3E%3Cstore_key%3E3568101368%3Bpartiushop.com.br%3C%2Fstore_key%3E%3Cdomains%3Epartiushop.com.br%2Ctest%3C%2Fdomains%3E%3Clicense_number%3ECS-MV-ULT-44IK-K8V8-0137-88WL%3C%2Flicense_number%3E%3Cver%3E4.14.1.SP1%3C%2Fver%3E%3Cproduct_status%3E%3C%2Fproduct_status%3E%3Cproduct_build%3E%3C%2Fproduct_build%3E%3Cedition%3EMULTIVENDOR%3C%2Fedition%3E%3Clang%3EPT%3C%2Flang%3E%3Cstore_uri%3Ehttp%3A%2F%2Fpartiushop.com.br%2F%3C%2Fstore_uri%3E%3Csecure_store_uri%3Ehttps%3A%2F%2Fpartiushop.com.br%2F%3C%2Fsecure_store_uri%3E%3Chttps_enabled%3EN%3C%2Fhttps_enabled%3E%3Cadmin_uri%3Ehttp%3A%2F%2Fpartiushop.com.br%2F%3C%2Fadmin_uri%3E%3Cstore_ip%3E177.70.195.83%3C%2Fstore_ip%3E%3Cstore_mode%3EULTIMATE%3C%2Fstore_mode%3E%3C%2FRequest%3E\'\";s:8:\"response\";s:133:\"<?xml version=\"1.0\" encoding=\"UTF-8\"?><Response><License>ACTIVE</License><Updates>AVAILABLE</Updates><Messages></Messages></Response>\";}', '', 0),
(1960, 30, 1652102268, 'requests', 'N', 'http', '', 'a:3:{s:3:\"url\";s:37:\"https://updates.cs-cart.com/index.php\";s:7:\"request\";s:143:\"\'dispatch=product_updates.get_available&ver=4.14.1.SP1&edition=MULTIVENDOR&lang=pt&product_build=&license_number=CS-MV-ULT-44IK-K8V8-0137-88WL\'\";s:8:\"response\";s:1316:\"<?xml version=\"1.0\"?>\n<upgrade>\n	<packages>\n		<item id=\"375067\">\n			<file md5=\"4dcb28209a48cb34e2b398ec4c91d57a\">upgrade_4.14.1.SP1_mve-4.14.2_mve.zip</file>\n			<name>Upgrade 4.14.1.SP1 - 4.14.2</name>\n			<description>&lt;p&gt;&lt;strong&gt;Multi-Vendor 4.14.2&lt;/strong&gt; brings the following changes and improvements:&lt;/p&gt;&lt;ul&gt;&lt;li&gt;Vendor features are now hidden from other vendors.&lt;/li&gt;&lt;li&gt;The ability to hide icons of vendor rating.&lt;/li&gt;&lt;li&gt;Now common products can be added to the cart directly from the product list. A new setting in the &quot;Vendor Rating&quot; add-on will allow you to select the default offer by vendor rating rather than by price.&lt;/li&gt;&lt;li&gt;Now vendors can add videos to descriptions.&lt;/li&gt;&lt;li&gt;The ability to customize the &quot;Marketplace fees&quot; product.&lt;/li&gt;&lt;/ul&gt;&lt;p&gt;To see the full list of changes, &lt;a href=&quot;http://docs.cs-cart.com/4.14.x/history/4142.html&quot; target=&quot;_blank&quot;&gt;check the changelog&lt;/a&gt;.&lt;/p&gt;</description>\n			<from_version>4.14.1.SP1</from_version>\n			<to_version>4.14.2</to_version>\n			<timestamp>1643281735</timestamp>\n			<size>9272976</size>\n			<is_avail>Y</is_avail>\n			<purchase_time_limit>N</purchase_time_limit>\n		</item>\n	</packages>\n</upgrade>\";}', '', 0),
(1961, 30, 1652103254, 'requests', 'N', 'http', '', 'a:3:{s:3:\"url\";s:37:\"https://updates.cs-cart.com/index.php\";s:7:\"request\";s:143:\"\'dispatch=product_updates.get_available&ver=4.14.1.SP1&edition=MULTIVENDOR&lang=pt&product_build=&license_number=CS-MV-ULT-44IK-K8V8-0137-88WL\'\";s:8:\"response\";s:1316:\"<?xml version=\"1.0\"?>\n<upgrade>\n	<packages>\n		<item id=\"375067\">\n			<file md5=\"4dcb28209a48cb34e2b398ec4c91d57a\">upgrade_4.14.1.SP1_mve-4.14.2_mve.zip</file>\n			<name>Upgrade 4.14.1.SP1 - 4.14.2</name>\n			<description>&lt;p&gt;&lt;strong&gt;Multi-Vendor 4.14.2&lt;/strong&gt; brings the following changes and improvements:&lt;/p&gt;&lt;ul&gt;&lt;li&gt;Vendor features are now hidden from other vendors.&lt;/li&gt;&lt;li&gt;The ability to hide icons of vendor rating.&lt;/li&gt;&lt;li&gt;Now common products can be added to the cart directly from the product list. A new setting in the &quot;Vendor Rating&quot; add-on will allow you to select the default offer by vendor rating rather than by price.&lt;/li&gt;&lt;li&gt;Now vendors can add videos to descriptions.&lt;/li&gt;&lt;li&gt;The ability to customize the &quot;Marketplace fees&quot; product.&lt;/li&gt;&lt;/ul&gt;&lt;p&gt;To see the full list of changes, &lt;a href=&quot;http://docs.cs-cart.com/4.14.x/history/4142.html&quot; target=&quot;_blank&quot;&gt;check the changelog&lt;/a&gt;.&lt;/p&gt;</description>\n			<from_version>4.14.1.SP1</from_version>\n			<to_version>4.14.2</to_version>\n			<timestamp>1643281735</timestamp>\n			<size>9272976</size>\n			<is_avail>Y</is_avail>\n			<purchase_time_limit>N</purchase_time_limit>\n		</item>\n	</packages>\n</upgrade>\";}', '', 0),
(1962, 1, 1652103358, 'users', 'N', 'session', '', 'a:3:{s:4:\"user\";s:45:\"Edison Antunes; eantunes@fastcore.com.br (#1)\";s:2:\"id\";i:1;s:10:\"ip_address\";s:9:\"127.0.0.1\";}', '', 0),
(1963, 1, 1652103562, 'users', 'N', 'session', '', 'a:3:{s:4:\"user\";s:45:\"Edison Antunes; eantunes@fastcore.com.br (#1)\";s:2:\"id\";i:1;s:10:\"ip_address\";s:9:\"127.0.0.1\";}', '', 0),
(1964, 1, 1652103660, 'users', 'N', 'session', '', 'a:3:{s:4:\"user\";s:45:\"Edison Antunes; eantunes@fastcore.com.br (#1)\";s:2:\"id\";i:1;s:10:\"ip_address\";s:9:\"127.0.0.1\";}', '', 0),
(1965, 1, 1652103660, 'requests', 'N', 'http', '', 'a:3:{s:3:\"url\";s:37:\"https://updates.cs-cart.com/index.php\";s:7:\"request\";s:143:\"\'dispatch=product_updates.get_available&ver=4.14.1.SP1&edition=MULTIVENDOR&lang=pt&product_build=&license_number=CS-MV-ULT-44IK-K8V8-0137-88WL\'\";s:8:\"response\";s:1316:\"<?xml version=\"1.0\"?>\n<upgrade>\n	<packages>\n		<item id=\"375067\">\n			<file md5=\"4dcb28209a48cb34e2b398ec4c91d57a\">upgrade_4.14.1.SP1_mve-4.14.2_mve.zip</file>\n			<name>Upgrade 4.14.1.SP1 - 4.14.2</name>\n			<description>&lt;p&gt;&lt;strong&gt;Multi-Vendor 4.14.2&lt;/strong&gt; brings the following changes and improvements:&lt;/p&gt;&lt;ul&gt;&lt;li&gt;Vendor features are now hidden from other vendors.&lt;/li&gt;&lt;li&gt;The ability to hide icons of vendor rating.&lt;/li&gt;&lt;li&gt;Now common products can be added to the cart directly from the product list. A new setting in the &quot;Vendor Rating&quot; add-on will allow you to select the default offer by vendor rating rather than by price.&lt;/li&gt;&lt;li&gt;Now vendors can add videos to descriptions.&lt;/li&gt;&lt;li&gt;The ability to customize the &quot;Marketplace fees&quot; product.&lt;/li&gt;&lt;/ul&gt;&lt;p&gt;To see the full list of changes, &lt;a href=&quot;http://docs.cs-cart.com/4.14.x/history/4142.html&quot; target=&quot;_blank&quot;&gt;check the changelog&lt;/a&gt;.&lt;/p&gt;</description>\n			<from_version>4.14.1.SP1</from_version>\n			<to_version>4.14.2</to_version>\n			<timestamp>1643281735</timestamp>\n			<size>9272976</size>\n			<is_avail>Y</is_avail>\n			<purchase_time_limit>N</purchase_time_limit>\n		</item>\n	</packages>\n</upgrade>\";}', '', 0),
(1966, 1, 1652103660, 'requests', 'N', 'http', '', 'a:3:{s:3:\"url\";s:88:\"http://partiushop.com.br/upgrades/core_4.14.1.SP1-4.14.2/restore_2022-05-09_10-41-00.php\";s:7:\"request\";s:2:\"\'\'\";s:8:\"response\";s:13:\"Access denied\";}', '', 0),
(1967, 1, 1652103660, 'database', 'N', 'backup', '', 'a:0:{}', '', 0),
(1968, 1, 1652103660, 'requests', 'N', 'http', '', 'a:3:{s:3:\"url\";s:37:\"https://updates.cs-cart.com/index.php\";s:7:\"request\";s:210:\"\'dispatch=product_updates.updated&license_number=CS-MV-ULT-44IK-K8V8-0137-88WL&edition=MULTIVENDOR&ver=4.14.1.SP1&product_build=&package_id=375067&admin_uri=http%3A%2F%2Fpartiushop.com.br&db_backupper=fallback\'\";s:8:\"response\";s:0:\"\";}', '', 0),
(1969, 30, 1652107631, 'requests', 'N', 'http', '', 'a:3:{s:3:\"url\";s:37:\"https://updates.cs-cart.com/index.php\";s:7:\"request\";s:139:\"\'dispatch=product_updates.get_available&ver=4.14.2&edition=MULTIVENDOR&lang=pt&product_build=&license_number=CS-MV-ULT-44IK-K8V8-0137-88WL\'\";s:8:\"response\";s:1143:\"<?xml version=\"1.0\"?>\n<upgrade>\n	<packages>\n		<item id=\"376265\">\n			<file md5=\"74fa5cdbbcac78012a296b843dc0656b\">upgrade_4.14.2_mve-4.14.2.SP1_mve.zip</file>\n			<name>Upgrade 4.14.2 - 4.14.2.SP1</name>\n			<description>&lt;p&gt;&lt;strong&gt;Multi-Vendor 4.14.2 Service Pack 1&lt;/strong&gt; solves the following problems:&lt;/p&gt;&lt;ul&gt;&lt;li&gt;When a product was included to bundle and to catalog promotion, an error occurred while viewing that product on the storefront.&lt;/li&gt;&lt;li&gt;Incorrect calculation of delivery according to the condition of dependence on weight.&lt;/li&gt;&lt;li&gt;There was a problem connected with Vendor-to-admin Payments add-on: balance refilling was unavailable when “Show unavailable shippings” setting was enabled.&lt;/li&gt;&lt;/ul&gt;&lt;p&gt;&lt;strong&gt;Please install this upgrade as soon as possible.&lt;/strong&gt;&lt;/p&gt;</description>\n			<from_version>4.14.2</from_version>\n			<to_version>4.14.2.SP1</to_version>\n			<timestamp>1643388859</timestamp>\n			<size>626834</size>\n			<is_avail>Y</is_avail>\n			<purchase_time_limit>N</purchase_time_limit>\n		</item>\n	</packages>\n</upgrade>\";}', '', 0),
(1970, 1, 1652107785, 'users', 'N', 'session', '', 'a:5:{s:4:\"user\";s:45:\"Edison Antunes; eantunes@fastcore.com.br (#1)\";s:2:\"id\";i:1;s:10:\"ip_address\";s:9:\"127.0.0.1\";s:13:\"loggedin_time\";s:21:\"2 |hours| 8 |minutes|\";s:7:\"timeout\";b:1;}', '', 0),
(1971, 1, 1652107785, 'requests', 'N', 'http', '', 'a:3:{s:3:\"url\";s:37:\"https://updates.cs-cart.com/index.php\";s:7:\"request\";s:139:\"\'dispatch=product_updates.get_available&ver=4.14.2&edition=MULTIVENDOR&lang=pt&product_build=&license_number=CS-MV-ULT-44IK-K8V8-0137-88WL\'\";s:8:\"response\";s:1143:\"<?xml version=\"1.0\"?>\n<upgrade>\n	<packages>\n		<item id=\"376265\">\n			<file md5=\"74fa5cdbbcac78012a296b843dc0656b\">upgrade_4.14.2_mve-4.14.2.SP1_mve.zip</file>\n			<name>Upgrade 4.14.2 - 4.14.2.SP1</name>\n			<description>&lt;p&gt;&lt;strong&gt;Multi-Vendor 4.14.2 Service Pack 1&lt;/strong&gt; solves the following problems:&lt;/p&gt;&lt;ul&gt;&lt;li&gt;When a product was included to bundle and to catalog promotion, an error occurred while viewing that product on the storefront.&lt;/li&gt;&lt;li&gt;Incorrect calculation of delivery according to the condition of dependence on weight.&lt;/li&gt;&lt;li&gt;There was a problem connected with Vendor-to-admin Payments add-on: balance refilling was unavailable when “Show unavailable shippings” setting was enabled.&lt;/li&gt;&lt;/ul&gt;&lt;p&gt;&lt;strong&gt;Please install this upgrade as soon as possible.&lt;/strong&gt;&lt;/p&gt;</description>\n			<from_version>4.14.2</from_version>\n			<to_version>4.14.2.SP1</to_version>\n			<timestamp>1643388859</timestamp>\n			<size>626834</size>\n			<is_avail>Y</is_avail>\n			<purchase_time_limit>N</purchase_time_limit>\n		</item>\n	</packages>\n</upgrade>\";}', '', 0),
(1972, 1, 1652107785, 'requests', 'N', 'http', '', 'a:3:{s:3:\"url\";s:37:\"https://updates.cs-cart.com/index.php\";s:7:\"request\";s:205:\"\'dispatch=product_updates.updated&license_number=CS-MV-ULT-44IK-K8V8-0137-88WL&edition=MULTIVENDOR&ver=4.14.2&product_build=&package_id=376265&admin_uri=http%3A%2F%2Fpartiushop.com.br&db_backupper=skipped\'\";s:8:\"response\";s:0:\"\";}', '', 0),
(1973, 30, 1652107827, 'requests', 'N', 'http', '', 'a:3:{s:3:\"url\";s:37:\"https://updates.cs-cart.com/index.php\";s:7:\"request\";s:143:\"\'dispatch=product_updates.get_available&ver=4.14.2.SP1&edition=MULTIVENDOR&lang=pt&product_build=&license_number=CS-MV-ULT-44IK-K8V8-0137-88WL\'\";s:8:\"response\";s:42:\"<?xml version=\"1.0\"?>\n<upgrade>\n</upgrade>\";}', '', 0),
(1974, 30, 1652107848, 'requests', 'N', 'http', '', 'a:3:{s:3:\"url\";s:37:\"https://updates.cs-cart.com/index.php\";s:7:\"request\";s:143:\"\'dispatch=product_updates.get_available&ver=4.14.2.SP1&edition=MULTIVENDOR&lang=pt&product_build=&license_number=CS-MV-ULT-44IK-K8V8-0137-88WL\'\";s:8:\"response\";s:42:\"<?xml version=\"1.0\"?>\n<upgrade>\n</upgrade>\";}', '', 0),
(1975, 30, 1652113380, 'users', 'N', 'update', '', 'a:2:{s:4:\"user\";s:55:\"Eduardo H Dos Santos; eduardohenriquest@gmail.com (#33)\";s:2:\"id\";s:2:\"33\";}', '', 0),
(1976, 30, 1652115462, 'users', 'N', 'session', '', 'a:5:{s:4:\"user\";s:69:\"Giovanni Vinicius de Figueiredo; giovannivinicius1997@gmail.com (#30)\";s:2:\"id\";s:2:\"30\";s:10:\"ip_address\";s:13:\"45.181.132.33\";s:13:\"loggedin_time\";s:22:\"5 |hours| 57 |minutes|\";s:7:\"timeout\";b:1;}', '', 0),
(1977, 30, 1652117551, 'orders', 'N', 'update', '', 'a:2:{s:5:\"order\";s:5:\"# 109\";s:2:\"id\";s:3:\"109\";}', '', 4),
(1978, 30, 1652117577, 'orders', 'N', 'update', '', 'a:2:{s:5:\"order\";s:5:\"# 109\";s:2:\"id\";s:3:\"109\";}', '', 4),
(1979, 30, 1652117577, 'requests', 'N', 'http', '', 'a:3:{s:3:\"url\";s:46:\"https://converter.cart-services.com/pdf/render\";s:7:\"request\";s:0:\"\";s:8:\"response\";b:1;}', '', 4),
(1980, 30, 1652117619, 'orders', 'N', 'status', '', 'a:3:{s:5:\"order\";s:5:\"# 109\";s:2:\"id\";s:3:\"109\";s:6:\"status\";s:21:\"Processado -> Enviado\";}', '', 4),
(1981, 35, 1652119803, 'users', 'N', 'session', '', 'a:3:{s:4:\"user\";s:43:\"Ruan Silva; ruanwdssilveira@gmail.com (#35)\";s:2:\"id\";s:2:\"35\";s:10:\"ip_address\";s:13:\"45.181.132.33\";}', '', 0),
(1982, 0, 1652119810, 'users', 'W', 'failed_login', '', 'a:2:{s:4:\"user\";s:20:\"customer@example.com\";s:10:\"ip_address\";s:13:\"177.70.195.83\";}', '', 0),
(1983, 0, 1652119818, 'users', 'W', 'failed_login', '', 'a:2:{s:4:\"user\";s:20:\"customer@example.com\";s:10:\"ip_address\";s:13:\"177.70.195.83\";}', '', 0),
(1984, 35, 1652120172, 'orders', 'N', 'create', '', 'a:2:{s:5:\"order\";s:5:\"# 131\";s:2:\"id\";i:131;}', '', 4),
(1985, 35, 1652120172, 'orders', 'N', 'status', '', 'a:3:{s:5:\"order\";s:5:\"# 131\";s:2:\"id\";i:131;s:6:\"status\";s:20:\"Incompleto -> Aberto\";}', '', 4),
(1986, 35, 1652120172, 'users', 'N', 'update', '', 'a:2:{s:4:\"user\";s:43:\"Ruan Silva; ruanwdssilveira@gmail.com (#35)\";s:2:\"id\";s:2:\"35\";}', '', 0),
(1987, 30, 1652120207, 'orders', 'N', 'status', '', 'a:3:{s:5:\"order\";s:5:\"# 131\";s:2:\"id\";s:3:\"131\";s:6:\"status\";s:17:\"Aberto -> Enviado\";}', '', 4),
(1988, 35, 1652120503, 'requests', 'N', 'http', '', 'a:3:{s:3:\"url\";s:46:\"https://converter.cart-services.com/pdf/render\";s:7:\"request\";s:0:\"\";s:8:\"response\";b:1;}', '', 0),
(1989, 30, 1652120517, 'orders', 'N', 'status', '', 'a:3:{s:5:\"order\";s:5:\"# 131\";s:2:\"id\";s:3:\"131\";s:6:\"status\";s:19:\"Enviado -> Completo\";}', '', 4),
(1990, 30, 1652120517, 'requests', 'N', 'http', '', 'a:3:{s:3:\"url\";s:46:\"https://converter.cart-services.com/pdf/render\";s:7:\"request\";s:0:\"\";s:8:\"response\";b:1;}', '', 4),
(1991, 30, 1652120517, 'requests', 'N', 'http', '', 'a:3:{s:3:\"url\";s:46:\"https://converter.cart-services.com/pdf/render\";s:7:\"request\";s:0:\"\";s:8:\"response\";b:1;}', '', 4),
(1992, 30, 1652120517, 'requests', 'N', 'http', '', 'a:3:{s:3:\"url\";s:46:\"https://converter.cart-services.com/pdf/render\";s:7:\"request\";s:0:\"\";s:8:\"response\";b:1;}', '', 0),
(1993, 35, 1652123084, 'users', 'N', 'session', '', 'a:5:{s:4:\"user\";s:43:\"Ruan Silva; ruanwdssilveira@gmail.com (#35)\";s:2:\"id\";s:2:\"35\";s:10:\"ip_address\";s:13:\"45.181.132.33\";s:13:\"loggedin_time\";s:22:\"3 |hours| 50 |minutes|\";s:7:\"timeout\";b:1;}', '', 0),
(1994, 35, 1652123113, 'orders', 'N', 'create', '', 'a:2:{s:5:\"order\";s:5:\"# 132\";s:2:\"id\";i:132;}', '', 4),
(1995, 35, 1652123113, 'orders', 'N', 'status', '', 'a:3:{s:5:\"order\";s:5:\"# 132\";s:2:\"id\";i:132;s:6:\"status\";s:20:\"Incompleto -> Aberto\";}', '', 4),
(1996, 35, 1652123113, 'users', 'N', 'update', '', 'a:2:{s:4:\"user\";s:43:\"Ruan Silva; ruanwdssilveira@gmail.com (#35)\";s:2:\"id\";s:2:\"35\";}', '', 0),
(1997, 30, 1652123124, 'orders', 'N', 'status', '', 'a:3:{s:5:\"order\";s:5:\"# 132\";s:2:\"id\";s:3:\"132\";s:6:\"status\";s:18:\"Aberto -> Completo\";}', '', 4),
(1998, 30, 1652123124, 'requests', 'N', 'http', '', 'a:3:{s:3:\"url\";s:46:\"https://converter.cart-services.com/pdf/render\";s:7:\"request\";s:0:\"\";s:8:\"response\";b:1;}', '', 4),
(1999, 30, 1652123124, 'requests', 'N', 'http', '', 'a:3:{s:3:\"url\";s:46:\"https://converter.cart-services.com/pdf/render\";s:7:\"request\";s:0:\"\";s:8:\"response\";b:1;}', '', 4),
(2000, 30, 1652123124, 'requests', 'N', 'http', '', 'a:3:{s:3:\"url\";s:46:\"https://converter.cart-services.com/pdf/render\";s:7:\"request\";s:0:\"\";s:8:\"response\";b:1;}', '', 0),
(2001, 35, 1652123677, 'orders', 'N', 'create', '', 'a:2:{s:5:\"order\";s:5:\"# 133\";s:2:\"id\";i:133;}', '', 4),
(2002, 35, 1652123677, 'orders', 'N', 'status', '', 'a:3:{s:5:\"order\";s:5:\"# 133\";s:2:\"id\";i:133;s:6:\"status\";s:20:\"Incompleto -> Aberto\";}', '', 4),
(2003, 35, 1652123677, 'users', 'N', 'update', '', 'a:2:{s:4:\"user\";s:43:\"Ruan Silva; ruanwdssilveira@gmail.com (#35)\";s:2:\"id\";s:2:\"35\";}', '', 0),
(2004, 30, 1652123692, 'orders', 'N', 'status', '', 'a:3:{s:5:\"order\";s:5:\"# 133\";s:2:\"id\";s:3:\"133\";s:6:\"status\";s:18:\"Aberto -> Completo\";}', '', 4),
(2005, 30, 1652123692, 'requests', 'N', 'http', '', 'a:3:{s:3:\"url\";s:46:\"https://converter.cart-services.com/pdf/render\";s:7:\"request\";s:0:\"\";s:8:\"response\";b:1;}', '', 4),
(2006, 30, 1652123692, 'requests', 'N', 'http', '', 'a:3:{s:3:\"url\";s:46:\"https://converter.cart-services.com/pdf/render\";s:7:\"request\";s:0:\"\";s:8:\"response\";b:1;}', '', 4),
(2007, 30, 1652123692, 'requests', 'N', 'http', '', 'a:3:{s:3:\"url\";s:46:\"https://converter.cart-services.com/pdf/render\";s:7:\"request\";s:0:\"\";s:8:\"response\";b:1;}', '', 0),
(2008, 35, 1652123839, 'orders', 'N', 'create', '', 'a:2:{s:5:\"order\";s:5:\"# 134\";s:2:\"id\";i:134;}', '', 4),
(2009, 35, 1652123839, 'users', 'N', 'update', '', 'a:2:{s:4:\"user\";s:43:\"Ruan Silva; ruanwdssilveira@gmail.com (#35)\";s:2:\"id\";s:2:\"35\";}', '', 0),
(2010, 35, 1652123849, 'orders', 'N', 'delete', '', 'a:2:{s:5:\"order\";s:5:\"# 134\";s:2:\"id\";i:134;}', '', 4),
(2011, 35, 1652123849, 'orders', 'N', 'create', '', 'a:2:{s:5:\"order\";s:5:\"# 134\";s:2:\"id\";i:134;}', '', 4),
(2012, 35, 1652123849, 'users', 'N', 'update', '', 'a:2:{s:4:\"user\";s:43:\"Ruan Silva; ruanwdssilveira@gmail.com (#35)\";s:2:\"id\";s:2:\"35\";}', '', 0),
(2013, 35, 1652124274, 'orders', 'N', 'delete', '', 'a:2:{s:5:\"order\";s:5:\"# 134\";s:2:\"id\";i:134;}', '', 4),
(2014, 35, 1652124274, 'orders', 'N', 'create', '', 'a:2:{s:5:\"order\";s:5:\"# 134\";s:2:\"id\";i:134;}', '', 4),
(2015, 35, 1652124274, 'users', 'N', 'update', '', 'a:2:{s:4:\"user\";s:43:\"Ruan Silva; ruanwdssilveira@gmail.com (#35)\";s:2:\"id\";s:2:\"35\";}', '', 0),
(2016, 35, 1652124405, 'orders', 'N', 'delete', '', 'a:2:{s:5:\"order\";s:5:\"# 134\";s:2:\"id\";i:134;}', '', 4),
(2017, 35, 1652124405, 'orders', 'N', 'create', '', 'a:2:{s:5:\"order\";s:5:\"# 134\";s:2:\"id\";i:134;}', '', 4),
(2018, 35, 1652124405, 'orders', 'N', 'status', '', 'a:3:{s:5:\"order\";s:5:\"# 134\";s:2:\"id\";i:134;s:6:\"status\";s:20:\"Incompleto -> Aberto\";}', '', 4),
(2019, 35, 1652124405, 'users', 'N', 'update', '', 'a:2:{s:4:\"user\";s:43:\"Ruan Silva; ruanwdssilveira@gmail.com (#35)\";s:2:\"id\";s:2:\"35\";}', '', 0),
(2020, 30, 1652124428, 'orders', 'N', 'status', '', 'a:3:{s:5:\"order\";s:5:\"# 134\";s:2:\"id\";s:3:\"134\";s:6:\"status\";s:18:\"Aberto -> Completo\";}', '', 4),
(2021, 30, 1652124428, 'requests', 'N', 'http', '', 'a:3:{s:3:\"url\";s:46:\"https://converter.cart-services.com/pdf/render\";s:7:\"request\";s:0:\"\";s:8:\"response\";b:1;}', '', 4),
(2022, 30, 1652124428, 'requests', 'N', 'http', '', 'a:3:{s:3:\"url\";s:46:\"https://converter.cart-services.com/pdf/render\";s:7:\"request\";s:0:\"\";s:8:\"response\";b:1;}', '', 4),
(2023, 30, 1652124428, 'requests', 'N', 'http', '', 'a:3:{s:3:\"url\";s:46:\"https://converter.cart-services.com/pdf/render\";s:7:\"request\";s:0:\"\";s:8:\"response\";b:1;}', '', 0),
(2024, 35, 1652124780, 'orders', 'N', 'create', '', 'a:2:{s:5:\"order\";s:5:\"# 135\";s:2:\"id\";i:135;}', '', 4),
(2025, 35, 1652124780, 'users', 'N', 'update', '', 'a:2:{s:4:\"user\";s:43:\"Ruan Silva; ruanwdssilveira@gmail.com (#35)\";s:2:\"id\";s:2:\"35\";}', '', 0),
(2026, 35, 1652124832, 'orders', 'N', 'create', '', 'a:2:{s:5:\"order\";s:5:\"# 136\";s:2:\"id\";i:136;}', '', 4),
(2027, 35, 1652124832, 'users', 'N', 'update', '', 'a:2:{s:4:\"user\";s:43:\"Ruan Silva; ruanwdssilveira@gmail.com (#35)\";s:2:\"id\";s:2:\"35\";}', '', 0),
(2028, 35, 1652124847, 'orders', 'N', 'delete', '', 'a:2:{s:5:\"order\";s:5:\"# 136\";s:2:\"id\";i:136;}', '', 4),
(2029, 35, 1652124847, 'orders', 'N', 'create', '', 'a:2:{s:5:\"order\";s:5:\"# 136\";s:2:\"id\";i:136;}', '', 4),
(2030, 35, 1652124847, 'users', 'N', 'update', '', 'a:2:{s:4:\"user\";s:43:\"Ruan Silva; ruanwdssilveira@gmail.com (#35)\";s:2:\"id\";s:2:\"35\";}', '', 0),
(2031, 35, 1652124862, 'orders', 'N', 'delete', '', 'a:2:{s:5:\"order\";s:5:\"# 136\";s:2:\"id\";i:136;}', '', 4),
(2032, 35, 1652124862, 'orders', 'N', 'create', '', 'a:2:{s:5:\"order\";s:5:\"# 136\";s:2:\"id\";i:136;}', '', 4),
(2033, 35, 1652124862, 'orders', 'N', 'status', '', 'a:3:{s:5:\"order\";s:5:\"# 136\";s:2:\"id\";i:136;s:6:\"status\";s:20:\"Incompleto -> Aberto\";}', '', 4),
(2034, 35, 1652124862, 'users', 'N', 'update', '', 'a:2:{s:4:\"user\";s:43:\"Ruan Silva; ruanwdssilveira@gmail.com (#35)\";s:2:\"id\";s:2:\"35\";}', '', 0),
(2035, 30, 1652124883, 'orders', 'N', 'status', '', 'a:3:{s:5:\"order\";s:5:\"# 136\";s:2:\"id\";s:3:\"136\";s:6:\"status\";s:18:\"Aberto -> Completo\";}', '', 4),
(2036, 30, 1652124883, 'requests', 'N', 'http', '', 'a:3:{s:3:\"url\";s:46:\"https://converter.cart-services.com/pdf/render\";s:7:\"request\";s:0:\"\";s:8:\"response\";b:1;}', '', 4),
(2037, 30, 1652124883, 'requests', 'N', 'http', '', 'a:3:{s:3:\"url\";s:46:\"https://converter.cart-services.com/pdf/render\";s:7:\"request\";s:0:\"\";s:8:\"response\";b:1;}', '', 4),
(2038, 30, 1652124883, 'requests', 'N', 'http', '', 'a:3:{s:3:\"url\";s:46:\"https://converter.cart-services.com/pdf/render\";s:7:\"request\";s:0:\"\";s:8:\"response\";b:1;}', '', 0),
(2039, 30, 1652190641, 'users', 'N', 'session', '', 'a:3:{s:4:\"user\";s:69:\"Giovanni Vinicius de Figueiredo; giovannivinicius1997@gmail.com (#30)\";s:2:\"id\";s:2:\"30\";s:10:\"ip_address\";s:13:\"177.70.195.83\";}', '', 0),
(2040, 30, 1652194102, 'requests', 'N', 'http', '', 'a:3:{s:3:\"url\";s:37:\"https://updates.cs-cart.com/index.php\";s:7:\"request\";s:143:\"\'dispatch=product_updates.get_available&ver=4.14.2.SP1&edition=MULTIVENDOR&lang=pt&product_build=&license_number=CS-MV-ULT-44IK-K8V8-0137-88WL\'\";s:8:\"response\";s:42:\"<?xml version=\"1.0\"?>\n<upgrade>\n</upgrade>\";}', '', 0),
(2041, 30, 1652201859, 'users', 'N', 'session', '', 'a:3:{s:4:\"user\";s:69:\"Giovanni Vinicius de Figueiredo; giovannivinicius1997@gmail.com (#30)\";s:2:\"id\";s:2:\"30\";s:10:\"ip_address\";s:13:\"45.181.132.33\";}', '', 0),
(2042, 30, 1652204298, 'requests', 'N', 'http', '', 'a:3:{s:3:\"url\";s:46:\"https://converter.cart-services.com/pdf/render\";s:7:\"request\";s:0:\"\";s:8:\"response\";b:1;}', '', 0),
(2043, 30, 1652204473, 'orders', 'N', 'status', '', 'a:3:{s:5:\"order\";s:5:\"# 105\";s:2:\"id\";s:3:\"105\";s:6:\"status\";s:21:\"Processado -> Enviado\";}', '', 4),
(2044, 35, 1652204597, 'users', 'N', 'session', '', 'a:3:{s:4:\"user\";s:43:\"Ruan Silva; ruanwdssilveira@gmail.com (#35)\";s:2:\"id\";s:2:\"35\";s:10:\"ip_address\";s:13:\"45.181.132.33\";}', '', 0),
(2045, 35, 1652204624, 'orders', 'N', 'create', '', 'a:2:{s:5:\"order\";s:5:\"# 137\";s:2:\"id\";i:137;}', '', 4),
(2046, 35, 1652204624, 'orders', 'N', 'status', '', 'a:3:{s:5:\"order\";s:5:\"# 137\";s:2:\"id\";i:137;s:6:\"status\";s:20:\"Incompleto -> Aberto\";}', '', 4),
(2047, 35, 1652204624, 'users', 'N', 'update', '', 'a:2:{s:4:\"user\";s:43:\"Ruan Silva; ruanwdssilveira@gmail.com (#35)\";s:2:\"id\";s:2:\"35\";}', '', 0),
(2048, 30, 1652204647, 'orders', 'N', 'status', '', 'a:3:{s:5:\"order\";s:5:\"# 137\";s:2:\"id\";s:3:\"137\";s:6:\"status\";s:17:\"Aberto -> Enviado\";}', '', 4),
(2049, 30, 1652204846, 'orders', 'N', 'status', '', 'a:3:{s:5:\"order\";s:5:\"# 105\";s:2:\"id\";s:3:\"105\";s:6:\"status\";s:29:\"Enviado -> Aguardando chamada\";}', '', 4),
(2050, 30, 1652205112, 'requests', 'N', 'http', '', 'a:3:{s:3:\"url\";s:46:\"https://converter.cart-services.com/pdf/render\";s:7:\"request\";s:0:\"\";s:8:\"response\";b:1;}', '', 0),
(2051, 30, 1652205167, 'requests', 'N', 'http', '', 'a:3:{s:3:\"url\";s:46:\"https://converter.cart-services.com/pdf/render\";s:7:\"request\";s:0:\"\";s:8:\"response\";b:1;}', '', 0),
(2052, 30, 1652205265, 'requests', 'N', 'http', '', 'a:3:{s:3:\"url\";s:46:\"https://converter.cart-services.com/pdf/render\";s:7:\"request\";s:0:\"\";s:8:\"response\";b:1;}', '', 0),
(2053, 30, 1652205296, 'requests', 'N', 'http', '', 'a:3:{s:3:\"url\";s:46:\"https://converter.cart-services.com/pdf/render\";s:7:\"request\";s:0:\"\";s:8:\"response\";b:1;}', '', 0),
(2054, 30, 1652205452, 'requests', 'N', 'http', '', 'a:3:{s:3:\"url\";s:46:\"https://converter.cart-services.com/pdf/render\";s:7:\"request\";s:0:\"\";s:8:\"response\";b:1;}', '', 0),
(2055, 30, 1652207585, 'requests', 'N', 'http', '', 'a:3:{s:3:\"url\";s:37:\"https://updates.cs-cart.com/index.php\";s:7:\"request\";s:926:\"\'dispatch=product_updates.check_available&request=%3C%3Fxml+version%3D%221.0%22+encoding%3D%22UTF-8%22%3F%3E%3CRequest+action%3D%22check_license%22+api%3D%223%22%3E%3Ctoken%3E1106485148%3C%2Ftoken%3E%3Cstore_key%3E3568101368%3Bpartiushop.com.br%3C%2Fstore_key%3E%3Cdomains%3Epartiushop.com.br%2Ctest%3C%2Fdomains%3E%3Clicense_number%3ECS-MV-ULT-44IK-K8V8-0137-88WL%3C%2Flicense_number%3E%3Cver%3E4.14.2.SP1%3C%2Fver%3E%3Cproduct_status%3E%3C%2Fproduct_status%3E%3Cproduct_build%3E%3C%2Fproduct_build%3E%3Cedition%3EMULTIVENDOR%3C%2Fedition%3E%3Clang%3EPT%3C%2Flang%3E%3Cstore_uri%3Ehttp%3A%2F%2Fpartiushop.com.br%2F%3C%2Fstore_uri%3E%3Csecure_store_uri%3Ehttps%3A%2F%2Fpartiushop.com.br%2F%3C%2Fsecure_store_uri%3E%3Chttps_enabled%3EN%3C%2Fhttps_enabled%3E%3Cadmin_uri%3Ehttp%3A%2F%2Fpartiushop.com.br%2F%3C%2Fadmin_uri%3E%3Cstore_ip%3E177.70.195.83%3C%2Fstore_ip%3E%3Cstore_mode%3EULTIMATE%3C%2Fstore_mode%3E%3C%2FRequest%3E\'\";s:8:\"response\";s:124:\"<?xml version=\"1.0\" encoding=\"UTF-8\"?><Response><License>ACTIVE</License><Updates></Updates><Messages></Messages></Response>\";}', '', 0),
(2056, 35, 1652208268, 'users', 'N', 'session', '', 'a:5:{s:4:\"user\";s:43:\"Ruan Silva; ruanwdssilveira@gmail.com (#35)\";s:2:\"id\";s:2:\"35\";s:10:\"ip_address\";s:13:\"45.181.132.33\";s:13:\"loggedin_time\";s:22:\"5 |hours| 53 |minutes|\";s:7:\"timeout\";b:1;}', '', 0),
(2057, 35, 1652208287, 'orders', 'N', 'create', '', 'a:2:{s:5:\"order\";s:5:\"# 138\";s:2:\"id\";i:138;}', '', 4),
(2058, 35, 1652208287, 'orders', 'N', 'status', '', 'a:3:{s:5:\"order\";s:5:\"# 138\";s:2:\"id\";i:138;s:6:\"status\";s:20:\"Incompleto -> Aberto\";}', '', 4),
(2059, 35, 1652208287, 'users', 'N', 'update', '', 'a:2:{s:4:\"user\";s:43:\"Ruan Silva; ruanwdssilveira@gmail.com (#35)\";s:2:\"id\";s:2:\"35\";}', '', 0),
(2060, 30, 1652208309, 'orders', 'N', 'status', '', 'a:3:{s:5:\"order\";s:5:\"# 138\";s:2:\"id\";s:3:\"138\";s:6:\"status\";s:17:\"Aberto -> Enviado\";}', '', 4),
(2061, 35, 1652208571, 'orders', 'N', 'create', '', 'a:2:{s:5:\"order\";s:5:\"# 139\";s:2:\"id\";i:139;}', '', 4),
(2062, 35, 1652208571, 'orders', 'N', 'status', '', 'a:3:{s:5:\"order\";s:5:\"# 139\";s:2:\"id\";i:139;s:6:\"status\";s:20:\"Incompleto -> Aberto\";}', '', 4),
(2063, 35, 1652208571, 'users', 'N', 'update', '', 'a:2:{s:4:\"user\";s:43:\"Ruan Silva; ruanwdssilveira@gmail.com (#35)\";s:2:\"id\";s:2:\"35\";}', '', 0),
(2064, 30, 1652208589, 'orders', 'N', 'status', '', 'a:3:{s:5:\"order\";s:5:\"# 139\";s:2:\"id\";s:3:\"139\";s:6:\"status\";s:17:\"Aberto -> Enviado\";}', '', 4),
(2065, 35, 1652208754, 'orders', 'N', 'create', '', 'a:2:{s:5:\"order\";s:5:\"# 140\";s:2:\"id\";i:140;}', '', 4),
(2066, 35, 1652208754, 'orders', 'N', 'status', '', 'a:3:{s:5:\"order\";s:5:\"# 140\";s:2:\"id\";i:140;s:6:\"status\";s:20:\"Incompleto -> Aberto\";}', '', 4),
(2067, 35, 1652208754, 'users', 'N', 'update', '', 'a:2:{s:4:\"user\";s:43:\"Ruan Silva; ruanwdssilveira@gmail.com (#35)\";s:2:\"id\";s:2:\"35\";}', '', 0),
(2068, 30, 1652208783, 'orders', 'N', 'status', '', 'a:3:{s:5:\"order\";s:5:\"# 140\";s:2:\"id\";s:3:\"140\";s:6:\"status\";s:17:\"Aberto -> Enviado\";}', '', 4),
(2069, 35, 1652209166, 'orders', 'N', 'create', '', 'a:2:{s:5:\"order\";s:5:\"# 141\";s:2:\"id\";i:141;}', '', 4),
(2070, 35, 1652209166, 'orders', 'N', 'status', '', 'a:3:{s:5:\"order\";s:5:\"# 141\";s:2:\"id\";i:141;s:6:\"status\";s:20:\"Incompleto -> Aberto\";}', '', 4),
(2071, 35, 1652209166, 'users', 'N', 'update', '', 'a:2:{s:4:\"user\";s:43:\"Ruan Silva; ruanwdssilveira@gmail.com (#35)\";s:2:\"id\";s:2:\"35\";}', '', 0),
(2072, 30, 1652209190, 'orders', 'N', 'status', '', 'a:3:{s:5:\"order\";s:5:\"# 141\";s:2:\"id\";s:3:\"141\";s:6:\"status\";s:17:\"Aberto -> Enviado\";}', '', 4),
(2073, 30, 1652210262, 'users', 'N', 'session', '', 'a:5:{s:4:\"user\";s:69:\"Giovanni Vinicius de Figueiredo; giovannivinicius1997@gmail.com (#30)\";s:2:\"id\";s:2:\"30\";s:10:\"ip_address\";s:13:\"177.70.195.83\";s:13:\"loggedin_time\";s:22:\"5 |hours| 20 |minutes|\";s:7:\"timeout\";b:1;}', '', 0),
(2074, 35, 1652210620, 'orders', 'N', 'create', '', 'a:2:{s:5:\"order\";s:5:\"# 142\";s:2:\"id\";i:142;}', '', 4),
(2075, 35, 1652210620, 'orders', 'N', 'status', '', 'a:3:{s:5:\"order\";s:5:\"# 142\";s:2:\"id\";i:142;s:6:\"status\";s:20:\"Incompleto -> Aberto\";}', '', 4),
(2076, 35, 1652210620, 'users', 'N', 'update', '', 'a:2:{s:4:\"user\";s:43:\"Ruan Silva; ruanwdssilveira@gmail.com (#35)\";s:2:\"id\";s:2:\"35\";}', '', 0),
(2077, 30, 1652210645, 'orders', 'N', 'status', '', 'a:3:{s:5:\"order\";s:5:\"# 142\";s:2:\"id\";s:3:\"142\";s:6:\"status\";s:17:\"Aberto -> Enviado\";}', '', 4),
(2078, 35, 1652210771, 'orders', 'N', 'create', '', 'a:2:{s:5:\"order\";s:5:\"# 143\";s:2:\"id\";i:143;}', '', 4),
(2079, 35, 1652210771, 'orders', 'N', 'status', '', 'a:3:{s:5:\"order\";s:5:\"# 143\";s:2:\"id\";i:143;s:6:\"status\";s:20:\"Incompleto -> Aberto\";}', '', 4),
(2080, 35, 1652210771, 'users', 'N', 'update', '', 'a:2:{s:4:\"user\";s:43:\"Ruan Silva; ruanwdssilveira@gmail.com (#35)\";s:2:\"id\";s:2:\"35\";}', '', 0),
(2081, 30, 1652210788, 'orders', 'N', 'status', '', 'a:3:{s:5:\"order\";s:5:\"# 143\";s:2:\"id\";s:3:\"143\";s:6:\"status\";s:17:\"Aberto -> Enviado\";}', '', 4),
(2082, 35, 1652210910, 'orders', 'N', 'create', '', 'a:2:{s:5:\"order\";s:5:\"# 144\";s:2:\"id\";i:144;}', '', 4),
(2083, 35, 1652210910, 'orders', 'N', 'status', '', 'a:3:{s:5:\"order\";s:5:\"# 144\";s:2:\"id\";i:144;s:6:\"status\";s:20:\"Incompleto -> Aberto\";}', '', 4),
(2084, 35, 1652210910, 'users', 'N', 'update', '', 'a:2:{s:4:\"user\";s:43:\"Ruan Silva; ruanwdssilveira@gmail.com (#35)\";s:2:\"id\";s:2:\"35\";}', '', 0),
(2085, 30, 1652210925, 'orders', 'N', 'status', '', 'a:3:{s:5:\"order\";s:5:\"# 144\";s:2:\"id\";s:3:\"144\";s:6:\"status\";s:17:\"Aberto -> Enviado\";}', '', 4),
(2086, 35, 1652211223, 'orders', 'N', 'create', '', 'a:2:{s:5:\"order\";s:5:\"# 145\";s:2:\"id\";i:145;}', '', 4),
(2087, 35, 1652211223, 'orders', 'N', 'status', '', 'a:3:{s:5:\"order\";s:5:\"# 145\";s:2:\"id\";i:145;s:6:\"status\";s:20:\"Incompleto -> Aberto\";}', '', 4),
(2088, 35, 1652211223, 'users', 'N', 'update', '', 'a:2:{s:4:\"user\";s:43:\"Ruan Silva; ruanwdssilveira@gmail.com (#35)\";s:2:\"id\";s:2:\"35\";}', '', 0),
(2089, 30, 1652211242, 'orders', 'N', 'status', '', 'a:3:{s:5:\"order\";s:5:\"# 145\";s:2:\"id\";s:3:\"145\";s:6:\"status\";s:17:\"Aberto -> Enviado\";}', '', 4),
(2090, 35, 1652211365, 'orders', 'N', 'create', '', 'a:2:{s:5:\"order\";s:5:\"# 146\";s:2:\"id\";i:146;}', '', 4),
(2091, 35, 1652211365, 'orders', 'N', 'status', '', 'a:3:{s:5:\"order\";s:5:\"# 146\";s:2:\"id\";i:146;s:6:\"status\";s:20:\"Incompleto -> Aberto\";}', '', 4),
(2092, 35, 1652211365, 'users', 'N', 'update', '', 'a:2:{s:4:\"user\";s:43:\"Ruan Silva; ruanwdssilveira@gmail.com (#35)\";s:2:\"id\";s:2:\"35\";}', '', 0),
(2093, 30, 1652211382, 'orders', 'N', 'status', '', 'a:3:{s:5:\"order\";s:5:\"# 146\";s:2:\"id\";s:3:\"146\";s:6:\"status\";s:17:\"Aberto -> Enviado\";}', '', 4),
(2094, 35, 1652211525, 'orders', 'N', 'create', '', 'a:2:{s:5:\"order\";s:5:\"# 147\";s:2:\"id\";i:147;}', '', 4),
(2095, 35, 1652211525, 'orders', 'N', 'status', '', 'a:3:{s:5:\"order\";s:5:\"# 147\";s:2:\"id\";i:147;s:6:\"status\";s:20:\"Incompleto -> Aberto\";}', '', 4),
(2096, 35, 1652211525, 'users', 'N', 'update', '', 'a:2:{s:4:\"user\";s:43:\"Ruan Silva; ruanwdssilveira@gmail.com (#35)\";s:2:\"id\";s:2:\"35\";}', '', 0),
(2097, 30, 1652211545, 'orders', 'N', 'status', '', 'a:3:{s:5:\"order\";s:5:\"# 147\";s:2:\"id\";s:3:\"147\";s:6:\"status\";s:17:\"Aberto -> Enviado\";}', '', 4),
(2098, 35, 1652212274, 'orders', 'N', 'create', '', 'a:2:{s:5:\"order\";s:5:\"# 148\";s:2:\"id\";i:148;}', '', 4),
(2099, 35, 1652212274, 'orders', 'N', 'status', '', 'a:3:{s:5:\"order\";s:5:\"# 148\";s:2:\"id\";i:148;s:6:\"status\";s:20:\"Incompleto -> Aberto\";}', '', 4),
(2100, 35, 1652212274, 'users', 'N', 'update', '', 'a:2:{s:4:\"user\";s:43:\"Ruan Silva; ruanwdssilveira@gmail.com (#35)\";s:2:\"id\";s:2:\"35\";}', '', 0),
(2101, 30, 1652212292, 'orders', 'N', 'status', '', 'a:3:{s:5:\"order\";s:5:\"# 148\";s:2:\"id\";s:3:\"148\";s:6:\"status\";s:17:\"Aberto -> Enviado\";}', '', 4),
(2102, 35, 1652212505, 'orders', 'N', 'create', '', 'a:2:{s:5:\"order\";s:5:\"# 149\";s:2:\"id\";i:149;}', '', 4),
(2103, 35, 1652212505, 'orders', 'N', 'status', '', 'a:3:{s:5:\"order\";s:5:\"# 149\";s:2:\"id\";i:149;s:6:\"status\";s:20:\"Incompleto -> Aberto\";}', '', 4),
(2104, 35, 1652212505, 'users', 'N', 'update', '', 'a:2:{s:4:\"user\";s:43:\"Ruan Silva; ruanwdssilveira@gmail.com (#35)\";s:2:\"id\";s:2:\"35\";}', '', 0),
(2105, 30, 1652212524, 'orders', 'N', 'status', '', 'a:3:{s:5:\"order\";s:5:\"# 149\";s:2:\"id\";s:3:\"149\";s:6:\"status\";s:17:\"Aberto -> Enviado\";}', '', 4),
(2106, 35, 1652212609, 'orders', 'N', 'create', '', 'a:2:{s:5:\"order\";s:5:\"# 150\";s:2:\"id\";i:150;}', '', 4),
(2107, 35, 1652212609, 'orders', 'N', 'status', '', 'a:3:{s:5:\"order\";s:5:\"# 150\";s:2:\"id\";i:150;s:6:\"status\";s:20:\"Incompleto -> Aberto\";}', '', 4),
(2108, 35, 1652212609, 'users', 'N', 'update', '', 'a:2:{s:4:\"user\";s:43:\"Ruan Silva; ruanwdssilveira@gmail.com (#35)\";s:2:\"id\";s:2:\"35\";}', '', 0),
(2109, 30, 1652212657, 'orders', 'N', 'status', '', 'a:3:{s:5:\"order\";s:5:\"# 150\";s:2:\"id\";s:3:\"150\";s:6:\"status\";s:17:\"Aberto -> Enviado\";}', '', 4),
(2110, 35, 1652212825, 'orders', 'N', 'create', '', 'a:2:{s:5:\"order\";s:5:\"# 151\";s:2:\"id\";i:151;}', '', 4),
(2111, 35, 1652212825, 'orders', 'N', 'status', '', 'a:3:{s:5:\"order\";s:5:\"# 151\";s:2:\"id\";i:151;s:6:\"status\";s:20:\"Incompleto -> Aberto\";}', '', 4),
(2112, 35, 1652212825, 'users', 'N', 'update', '', 'a:2:{s:4:\"user\";s:43:\"Ruan Silva; ruanwdssilveira@gmail.com (#35)\";s:2:\"id\";s:2:\"35\";}', '', 0),
(2113, 30, 1652212842, 'orders', 'N', 'status', '', 'a:3:{s:5:\"order\";s:5:\"# 151\";s:2:\"id\";s:3:\"151\";s:6:\"status\";s:17:\"Aberto -> Enviado\";}', '', 4),
(2114, 30, 1652267572, 'users', 'N', 'session', '', 'a:5:{s:4:\"user\";s:69:\"Giovanni Vinicius de Figueiredo; giovannivinicius1997@gmail.com (#30)\";s:2:\"id\";s:2:\"30\";s:10:\"ip_address\";s:13:\"177.70.195.83\";s:13:\"loggedin_time\";s:22:\"3 |hours| 25 |minutes|\";s:7:\"timeout\";b:1;}', '', 0),
(2115, 30, 1652280003, 'users', 'N', 'session', '', 'a:3:{s:4:\"user\";s:69:\"Giovanni Vinicius de Figueiredo; giovannivinicius1997@gmail.com (#30)\";s:2:\"id\";s:2:\"30\";s:10:\"ip_address\";s:13:\"177.70.195.83\";}', '', 0),
(2116, 30, 1652286746, 'users', 'N', 'session', '', 'a:3:{s:4:\"user\";s:69:\"Giovanni Vinicius de Figueiredo; giovannivinicius1997@gmail.com (#30)\";s:2:\"id\";s:2:\"30\";s:10:\"ip_address\";s:13:\"45.181.132.33\";}', '', 0),
(2117, 30, 1652288062, 'requests', 'N', 'http', '', 'a:3:{s:3:\"url\";s:46:\"https://converter.cart-services.com/pdf/render\";s:7:\"request\";s:0:\"\";s:8:\"response\";b:1;}', '', 0),
(2118, 30, 1652288824, 'users', 'N', 'session', '', 'a:5:{s:4:\"user\";s:69:\"Giovanni Vinicius de Figueiredo; giovannivinicius1997@gmail.com (#30)\";s:2:\"id\";s:2:\"30\";s:10:\"ip_address\";s:13:\"177.70.195.83\";s:13:\"loggedin_time\";s:23:\"10 |hours| 34 |minutes|\";s:7:\"timeout\";b:1;}', '', 0),
(2119, 0, 1652290415, 'users', 'W', 'failed_login', '', 'a:2:{s:4:\"user\";s:25:\"ruanwdssilveira@gmail.com\";s:10:\"ip_address\";s:13:\"45.181.132.33\";}', '', 0),
(2120, 35, 1652290422, 'users', 'N', 'session', '', 'a:3:{s:4:\"user\";s:43:\"Ruan Silva; ruanwdssilveira@gmail.com (#35)\";s:2:\"id\";s:2:\"35\";s:10:\"ip_address\";s:13:\"45.181.132.33\";}', '', 0);
INSERT INTO `partiushop_logs` (`log_id`, `user_id`, `timestamp`, `type`, `event_type`, `action`, `object`, `content`, `backtrace`, `company_id`) VALUES
(2121, 30, 1652290433, 'requests', 'N', 'http', '', 'a:3:{s:3:\"url\";s:37:\"https://updates.cs-cart.com/index.php\";s:7:\"request\";s:925:\"\'dispatch=product_updates.check_available&request=%3C%3Fxml+version%3D%221.0%22+encoding%3D%22UTF-8%22%3F%3E%3CRequest+action%3D%22check_license%22+api%3D%223%22%3E%3Ctoken%3E625962263%3C%2Ftoken%3E%3Cstore_key%3E3568101368%3Bpartiushop.com.br%3C%2Fstore_key%3E%3Cdomains%3Epartiushop.com.br%2Ctest%3C%2Fdomains%3E%3Clicense_number%3ECS-MV-ULT-44IK-K8V8-0137-88WL%3C%2Flicense_number%3E%3Cver%3E4.14.2.SP1%3C%2Fver%3E%3Cproduct_status%3E%3C%2Fproduct_status%3E%3Cproduct_build%3E%3C%2Fproduct_build%3E%3Cedition%3EMULTIVENDOR%3C%2Fedition%3E%3Clang%3EPT%3C%2Flang%3E%3Cstore_uri%3Ehttp%3A%2F%2Fpartiushop.com.br%2F%3C%2Fstore_uri%3E%3Csecure_store_uri%3Ehttps%3A%2F%2Fpartiushop.com.br%2F%3C%2Fsecure_store_uri%3E%3Chttps_enabled%3EN%3C%2Fhttps_enabled%3E%3Cadmin_uri%3Ehttp%3A%2F%2Fpartiushop.com.br%2F%3C%2Fadmin_uri%3E%3Cstore_ip%3E177.70.195.83%3C%2Fstore_ip%3E%3Cstore_mode%3EULTIMATE%3C%2Fstore_mode%3E%3C%2FRequest%3E\'\";s:8:\"response\";s:124:\"<?xml version=\"1.0\" encoding=\"UTF-8\"?><Response><License>ACTIVE</License><Updates></Updates><Messages></Messages></Response>\";}', '', 0),
(2122, 35, 1652290455, 'orders', 'N', 'create', '', 'a:2:{s:5:\"order\";s:5:\"# 152\";s:2:\"id\";i:152;}', '', 4),
(2123, 35, 1652290455, 'orders', 'N', 'status', '', 'a:3:{s:5:\"order\";s:5:\"# 152\";s:2:\"id\";i:152;s:6:\"status\";s:20:\"Incompleto -> Aberto\";}', '', 4),
(2124, 35, 1652290455, 'users', 'N', 'update', '', 'a:2:{s:4:\"user\";s:43:\"Ruan Silva; ruanwdssilveira@gmail.com (#35)\";s:2:\"id\";s:2:\"35\";}', '', 0),
(2125, 30, 1652290490, 'orders', 'N', 'status', '', 'a:3:{s:5:\"order\";s:5:\"# 152\";s:2:\"id\";s:3:\"152\";s:6:\"status\";s:17:\"Aberto -> Enviado\";}', '', 4),
(2126, 0, 1652290558, 'users', 'W', 'failed_login', '', 'a:2:{s:4:\"user\";s:20:\"customer@example.com\";s:10:\"ip_address\";s:13:\"177.70.195.83\";}', '', 0),
(2127, 0, 1652290563, 'users', 'W', 'failed_login', '', 'a:2:{s:4:\"user\";s:20:\"customer@example.com\";s:10:\"ip_address\";s:13:\"177.70.195.83\";}', '', 0),
(2128, 0, 1652290589, 'users', 'W', 'failed_login', '', 'a:2:{s:4:\"user\";s:32:\"eduardo.santos@partiushop.com.br\";s:10:\"ip_address\";s:13:\"177.70.195.83\";}', '', 0),
(2129, 30, 1652290610, 'users', 'N', 'update', '', 'a:2:{s:4:\"user\";s:54:\"Eduardo Santos; eduardo.santos@partiushop.com.br (#34)\";s:2:\"id\";s:2:\"34\";}', '', 0),
(2130, 34, 1652290624, 'users', 'N', 'session', '', 'a:3:{s:4:\"user\";s:54:\"Eduardo Santos; eduardo.santos@partiushop.com.br (#34)\";s:2:\"id\";s:2:\"34\";s:10:\"ip_address\";s:13:\"177.70.195.83\";}', '', 0),
(2131, 35, 1652290650, 'orders', 'N', 'create', '', 'a:2:{s:5:\"order\";s:5:\"# 153\";s:2:\"id\";i:153;}', '', 4),
(2132, 35, 1652290650, 'orders', 'N', 'status', '', 'a:3:{s:5:\"order\";s:5:\"# 153\";s:2:\"id\";i:153;s:6:\"status\";s:20:\"Incompleto -> Aberto\";}', '', 4),
(2133, 35, 1652290650, 'users', 'N', 'update', '', 'a:2:{s:4:\"user\";s:43:\"Ruan Silva; ruanwdssilveira@gmail.com (#35)\";s:2:\"id\";s:2:\"35\";}', '', 0),
(2134, 30, 1652290695, 'orders', 'N', 'status', '', 'a:3:{s:5:\"order\";s:5:\"# 153\";s:2:\"id\";s:3:\"153\";s:6:\"status\";s:17:\"Aberto -> Enviado\";}', '', 4),
(2135, 35, 1652290788, 'orders', 'N', 'create', '', 'a:2:{s:5:\"order\";s:5:\"# 154\";s:2:\"id\";i:154;}', '', 4),
(2136, 35, 1652290788, 'orders', 'N', 'status', '', 'a:3:{s:5:\"order\";s:5:\"# 154\";s:2:\"id\";i:154;s:6:\"status\";s:20:\"Incompleto -> Aberto\";}', '', 4),
(2137, 35, 1652290788, 'users', 'N', 'update', '', 'a:2:{s:4:\"user\";s:43:\"Ruan Silva; ruanwdssilveira@gmail.com (#35)\";s:2:\"id\";s:2:\"35\";}', '', 0),
(2138, 30, 1652290821, 'orders', 'N', 'status', '', 'a:3:{s:5:\"order\";s:5:\"# 154\";s:2:\"id\";s:3:\"154\";s:6:\"status\";s:17:\"Aberto -> Enviado\";}', '', 4),
(2139, 34, 1652293313, 'users', 'N', 'session', '', 'a:5:{s:4:\"user\";s:54:\"Eduardo Santos; eduardo.santos@partiushop.com.br (#34)\";s:2:\"id\";s:2:\"34\";s:10:\"ip_address\";s:13:\"177.70.195.83\";s:13:\"loggedin_time\";s:22:\"9 |hours| 19 |minutes|\";s:7:\"timeout\";b:1;}', '', 0),
(2140, 34, 1652293403, 'users', 'N', 'update', '', 'a:2:{s:4:\"user\";s:38:\"eduardo.santos@partiushop.com.br (#34)\";s:2:\"id\";s:2:\"34\";}', '', 0),
(2141, 35, 1652296436, 'users', 'N', 'session', '', 'a:5:{s:4:\"user\";s:43:\"Ruan Silva; ruanwdssilveira@gmail.com (#35)\";s:2:\"id\";s:2:\"35\";s:10:\"ip_address\";s:13:\"45.181.132.33\";s:13:\"loggedin_time\";s:22:\"8 |hours| 27 |minutes|\";s:7:\"timeout\";b:1;}', '', 0),
(2142, 30, 1652359731, 'users', 'N', 'session', '', 'a:5:{s:4:\"user\";s:69:\"Giovanni Vinicius de Figueiredo; giovannivinicius1997@gmail.com (#30)\";s:2:\"id\";s:2:\"30\";s:10:\"ip_address\";s:13:\"177.70.195.83\";s:13:\"loggedin_time\";s:22:\"4 |hours| 52 |minutes|\";s:7:\"timeout\";b:1;}', '', 0),
(2143, 30, 1652359735, 'requests', 'N', 'http', '', 'a:3:{s:3:\"url\";s:37:\"https://updates.cs-cart.com/index.php\";s:7:\"request\";s:926:\"\'dispatch=product_updates.check_available&request=%3C%3Fxml+version%3D%221.0%22+encoding%3D%22UTF-8%22%3F%3E%3CRequest+action%3D%22check_license%22+api%3D%223%22%3E%3Ctoken%3E3160180340%3C%2Ftoken%3E%3Cstore_key%3E3568101368%3Bpartiushop.com.br%3C%2Fstore_key%3E%3Cdomains%3Epartiushop.com.br%2Ctest%3C%2Fdomains%3E%3Clicense_number%3ECS-MV-ULT-44IK-K8V8-0137-88WL%3C%2Flicense_number%3E%3Cver%3E4.14.2.SP1%3C%2Fver%3E%3Cproduct_status%3E%3C%2Fproduct_status%3E%3Cproduct_build%3E%3C%2Fproduct_build%3E%3Cedition%3EMULTIVENDOR%3C%2Fedition%3E%3Clang%3EPT%3C%2Flang%3E%3Cstore_uri%3Ehttp%3A%2F%2Fpartiushop.com.br%2F%3C%2Fstore_uri%3E%3Csecure_store_uri%3Ehttps%3A%2F%2Fpartiushop.com.br%2F%3C%2Fsecure_store_uri%3E%3Chttps_enabled%3EN%3C%2Fhttps_enabled%3E%3Cadmin_uri%3Ehttp%3A%2F%2Fpartiushop.com.br%2F%3C%2Fadmin_uri%3E%3Cstore_ip%3E177.70.195.83%3C%2Fstore_ip%3E%3Cstore_mode%3EULTIMATE%3C%2Fstore_mode%3E%3C%2FRequest%3E\'\";s:8:\"response\";s:124:\"<?xml version=\"1.0\" encoding=\"UTF-8\"?><Response><License>ACTIVE</License><Updates></Updates><Messages></Messages></Response>\";}', '', 0),
(2144, 30, 1652377216, 'users', 'N', 'session', '', 'a:3:{s:4:\"user\";s:69:\"Giovanni Vinicius de Figueiredo; giovannivinicius1997@gmail.com (#30)\";s:2:\"id\";s:2:\"30\";s:10:\"ip_address\";s:13:\"45.181.132.33\";}', '', 0),
(2145, 35, 1652377774, 'users', 'N', 'session', '', 'a:5:{s:4:\"user\";s:43:\"Ruan Silva; ruanwdssilveira@gmail.com (#35)\";s:2:\"id\";s:2:\"35\";s:10:\"ip_address\";s:13:\"45.181.132.33\";s:13:\"loggedin_time\";s:11:\"3 |minutes|\";s:7:\"timeout\";b:1;}', '', 0),
(2146, 35, 1652377978, 'users', 'N', 'session', '', 'a:5:{s:4:\"user\";s:43:\"Ruan Silva; ruanwdssilveira@gmail.com (#35)\";s:2:\"id\";s:2:\"35\";s:10:\"ip_address\";s:13:\"45.181.132.33\";s:13:\"loggedin_time\";s:23:\"18 |hours| 32 |minutes|\";s:7:\"timeout\";b:1;}', '', 0),
(2147, 30, 1652444636, 'users', 'N', 'session', '', 'a:3:{s:4:\"user\";s:69:\"Giovanni Vinicius de Figueiredo; giovannivinicius1997@gmail.com (#30)\";s:2:\"id\";s:2:\"30\";s:10:\"ip_address\";s:13:\"177.70.195.83\";}', '', 0),
(2148, 0, 1652444891, 'users', 'W', 'failed_login', '', 'a:2:{s:4:\"user\";s:32:\"eduardo.santos@partiushop.com.br\";s:10:\"ip_address\";s:13:\"177.70.195.83\";}', '', 0),
(2149, 0, 1652444924, 'users', 'W', 'failed_login', '', 'a:2:{s:4:\"user\";s:27:\"eduardohenriquest@gmail.com\";s:10:\"ip_address\";s:13:\"177.70.195.83\";}', '', 0),
(2150, 0, 1652444933, 'users', 'W', 'failed_login', '', 'a:2:{s:4:\"user\";s:27:\"eduardohenriquest@gmail.com\";s:10:\"ip_address\";s:13:\"177.70.195.83\";}', '', 0),
(2151, 30, 1652444963, 'users', 'N', 'update', '', 'a:2:{s:4:\"user\";s:55:\"Eduardo H Dos Santos; eduardohenriquest@gmail.com (#33)\";s:2:\"id\";s:2:\"33\";}', '', 0),
(2152, 33, 1652444971, 'users', 'N', 'session', '', 'a:5:{s:4:\"user\";s:55:\"Eduardo H Dos Santos; eduardohenriquest@gmail.com (#33)\";s:2:\"id\";s:2:\"33\";s:10:\"ip_address\";s:13:\"177.70.195.83\";s:13:\"loggedin_time\";s:22:\"4 |hours| 22 |minutes|\";s:7:\"timeout\";b:1;}', '', 0),
(2153, 30, 1652460637, 'users', 'N', 'session', '', 'a:5:{s:4:\"user\";s:69:\"Giovanni Vinicius de Figueiredo; giovannivinicius1997@gmail.com (#30)\";s:2:\"id\";s:2:\"30\";s:10:\"ip_address\";s:13:\"45.181.132.33\";s:13:\"loggedin_time\";s:23:\"22 |hours| 34 |minutes|\";s:7:\"timeout\";b:1;}', '', 0),
(2154, 33, 1652464432, 'users', 'N', 'session', '', 'a:5:{s:4:\"user\";s:55:\"Eduardo H Dos Santos; eduardohenriquest@gmail.com (#33)\";s:2:\"id\";s:2:\"33\";s:10:\"ip_address\";s:13:\"177.70.195.83\";s:13:\"loggedin_time\";s:11:\"8 |minutes|\";s:7:\"timeout\";b:1;}', '', 0),
(2155, 33, 1652464881, 'users', 'N', 'session', '', 'a:5:{s:4:\"user\";s:55:\"Eduardo H Dos Santos; eduardohenriquest@gmail.com (#33)\";s:2:\"id\";s:2:\"33\";s:10:\"ip_address\";s:13:\"177.70.195.83\";s:13:\"loggedin_time\";s:23:\"21 |hours| 24 |minutes|\";s:7:\"timeout\";b:1;}', '', 0),
(2156, 35, 1652465000, 'users', 'N', 'session', '', 'a:5:{s:4:\"user\";s:43:\"Ruan Silva; ruanwdssilveira@gmail.com (#35)\";s:2:\"id\";s:2:\"35\";s:10:\"ip_address\";s:13:\"45.181.132.33\";s:13:\"loggedin_time\";s:24:\"599 |hours| 43 |minutes|\";s:7:\"timeout\";b:1;}', '', 0),
(2157, 30, 1652725403, 'users', 'N', 'session', '', 'a:5:{s:4:\"user\";s:69:\"Giovanni Vinicius de Figueiredo; giovannivinicius1997@gmail.com (#30)\";s:2:\"id\";s:2:\"30\";s:10:\"ip_address\";s:13:\"177.70.195.83\";s:13:\"loggedin_time\";s:22:\"28 |hours| 5 |minutes|\";s:7:\"timeout\";b:1;}', '', 0),
(2158, 30, 1652725406, 'requests', 'N', 'http', '', 'a:3:{s:3:\"url\";s:37:\"https://updates.cs-cart.com/index.php\";s:7:\"request\";s:926:\"\'dispatch=product_updates.check_available&request=%3C%3Fxml+version%3D%221.0%22+encoding%3D%22UTF-8%22%3F%3E%3CRequest+action%3D%22check_license%22+api%3D%223%22%3E%3Ctoken%3E2584270749%3C%2Ftoken%3E%3Cstore_key%3E3568101368%3Bpartiushop.com.br%3C%2Fstore_key%3E%3Cdomains%3Epartiushop.com.br%2Ctest%3C%2Fdomains%3E%3Clicense_number%3ECS-MV-ULT-44IK-K8V8-0137-88WL%3C%2Flicense_number%3E%3Cver%3E4.14.2.SP1%3C%2Fver%3E%3Cproduct_status%3E%3C%2Fproduct_status%3E%3Cproduct_build%3E%3C%2Fproduct_build%3E%3Cedition%3EMULTIVENDOR%3C%2Fedition%3E%3Clang%3EPT%3C%2Flang%3E%3Cstore_uri%3Ehttp%3A%2F%2Fpartiushop.com.br%2F%3C%2Fstore_uri%3E%3Csecure_store_uri%3Ehttps%3A%2F%2Fpartiushop.com.br%2F%3C%2Fsecure_store_uri%3E%3Chttps_enabled%3EN%3C%2Fhttps_enabled%3E%3Cadmin_uri%3Ehttp%3A%2F%2Fpartiushop.com.br%2F%3C%2Fadmin_uri%3E%3Cstore_ip%3E177.70.195.83%3C%2Fstore_ip%3E%3Cstore_mode%3EULTIMATE%3C%2Fstore_mode%3E%3C%2FRequest%3E\'\";s:8:\"response\";s:124:\"<?xml version=\"1.0\" encoding=\"UTF-8\"?><Response><License>ACTIVE</License><Updates></Updates><Messages></Messages></Response>\";}', '', 0),
(2159, 33, 1652742654, 'users', 'N', 'session', '', 'a:5:{s:4:\"user\";s:55:\"Eduardo H Dos Santos; eduardohenriquest@gmail.com (#33)\";s:2:\"id\";s:2:\"33\";s:10:\"ip_address\";s:13:\"177.70.195.83\";s:13:\"loggedin_time\";s:23:\"13 |hours| 23 |minutes|\";s:7:\"timeout\";b:1;}', '', 0),
(2160, 33, 1652742770, 'users', 'N', 'update', '', 'a:2:{s:4:\"user\";s:33:\"eduardohenriquest@gmail.com (#33)\";s:2:\"id\";s:2:\"33\";}', '', 0),
(2161, 33, 1652798528, 'users', 'N', 'session', '', 'a:5:{s:4:\"user\";s:33:\"eduardohenriquest@gmail.com (#33)\";s:2:\"id\";s:2:\"33\";s:10:\"ip_address\";s:13:\"177.70.195.83\";s:13:\"loggedin_time\";s:21:\"4 |hours| 2 |minutes|\";s:7:\"timeout\";b:1;}', '', 0),
(2162, 30, 1653057891, 'users', 'N', 'session', '', 'a:5:{s:4:\"user\";s:69:\"Giovanni Vinicius de Figueiredo; giovannivinicius1997@gmail.com (#30)\";s:2:\"id\";s:2:\"30\";s:10:\"ip_address\";s:13:\"177.70.195.83\";s:13:\"loggedin_time\";s:23:\"15 |hours| 20 |minutes|\";s:7:\"timeout\";b:1;}', '', 0),
(2163, 30, 1653057895, 'requests', 'N', 'http', '', 'a:3:{s:3:\"url\";s:37:\"https://updates.cs-cart.com/index.php\";s:7:\"request\";s:926:\"\'dispatch=product_updates.check_available&request=%3C%3Fxml+version%3D%221.0%22+encoding%3D%22UTF-8%22%3F%3E%3CRequest+action%3D%22check_license%22+api%3D%223%22%3E%3Ctoken%3E2877904038%3C%2Ftoken%3E%3Cstore_key%3E3568101368%3Bpartiushop.com.br%3C%2Fstore_key%3E%3Cdomains%3Epartiushop.com.br%2Ctest%3C%2Fdomains%3E%3Clicense_number%3ECS-MV-ULT-44IK-K8V8-0137-88WL%3C%2Flicense_number%3E%3Cver%3E4.14.2.SP1%3C%2Fver%3E%3Cproduct_status%3E%3C%2Fproduct_status%3E%3Cproduct_build%3E%3C%2Fproduct_build%3E%3Cedition%3EMULTIVENDOR%3C%2Fedition%3E%3Clang%3EPT%3C%2Flang%3E%3Cstore_uri%3Ehttp%3A%2F%2Fpartiushop.com.br%2F%3C%2Fstore_uri%3E%3Csecure_store_uri%3Ehttps%3A%2F%2Fpartiushop.com.br%2F%3C%2Fsecure_store_uri%3E%3Chttps_enabled%3EN%3C%2Fhttps_enabled%3E%3Cadmin_uri%3Ehttp%3A%2F%2Fpartiushop.com.br%2F%3C%2Fadmin_uri%3E%3Cstore_ip%3E177.70.195.83%3C%2Fstore_ip%3E%3Cstore_mode%3EULTIMATE%3C%2Fstore_mode%3E%3C%2FRequest%3E\'\";s:8:\"response\";s:133:\"<?xml version=\"1.0\" encoding=\"UTF-8\"?><Response><License>ACTIVE</License><Updates>AVAILABLE</Updates><Messages></Messages></Response>\";}', '', 0),
(2164, 33, 1653058109, 'users', 'N', 'session', '', 'a:5:{s:4:\"user\";s:33:\"eduardohenriquest@gmail.com (#33)\";s:2:\"id\";s:2:\"33\";s:10:\"ip_address\";s:13:\"177.70.195.83\";s:13:\"loggedin_time\";s:22:\"4 |hours| 26 |minutes|\";s:7:\"timeout\";b:1;}', '', 0),
(2165, 30, 1653155507, 'users', 'N', 'session', '', 'a:3:{s:4:\"user\";s:69:\"Giovanni Vinicius de Figueiredo; giovannivinicius1997@gmail.com (#30)\";s:2:\"id\";s:2:\"30\";s:10:\"ip_address\";s:14:\"45.169.124.134\";}', '', 0),
(2166, 30, 1653155510, 'database', 'E', 'error', '', 'a:2:{s:5:\"error\";s:68:\"Table \'partiushopcom_br.cscart_products\' doesn\'t exist <b>(1146)</b>\";s:5:\"query\";s:98:\"SELECT DISTINCT `company_id` FROM `cscart_products` WHERE `plan_id` IS NOT NULL AND `status` = \'A\'\";}', 'a:8:{i:0;a:3:{s:4:\"file\";s:20:\"CvmORvU06X1SNEBE.php\";s:4:\"line\";i:27;s:8:\"function\";s:11:\"fn_dispatch\";}i:1;a:3:{s:4:\"file\";s:28:\"app/functions/fn.control.php\";s:4:\"line\";i:458;s:8:\"function\";s:17:\"fn_run_controller\";}i:2;a:3:{s:4:\"file\";s:28:\"app/functions/fn.control.php\";s:4:\"line\";i:722;s:8:\"function\";s:7:\"include\";}i:3;a:3:{s:4:\"file\";s:79:\"app/addons/partiuhub_planos_vendedores/controllers/backend/vendor_plans.pre.php\";s:4:\"line\";i:14;s:8:\"function\";s:14:\"verifyPayments\";}i:4;a:3:{s:4:\"file\";s:100:\"app/addons/partiuhub_planos_vendedores/Tygh/Addons/PartiuhubPlanosVendedores/PeriodicityPayments.php\";s:4:\"line\";i:28;s:8:\"function\";s:12:\"db_get_array\";}i:5;a:3:{s:4:\"file\";s:29:\"app/functions/fn.database.php\";s:4:\"line\";i:35;s:8:\"function\";s:8:\"getArray\";}i:6;a:3:{s:4:\"file\";s:32:\"app/Tygh/Database/Connection.php\";s:4:\"line\";i:307;s:8:\"function\";s:5:\"query\";}i:7;a:3:{s:4:\"file\";s:32:\"app/Tygh/Database/Connection.php\";s:4:\"line\";i:690;s:8:\"function\";s:10:\"throwError\";}}', 0),
(2167, 30, 1653155510, 'requests', 'N', 'http', '', 'a:3:{s:3:\"url\";s:37:\"https://updates.cs-cart.com/index.php\";s:7:\"request\";s:926:\"\'dispatch=product_updates.check_available&request=%3C%3Fxml+version%3D%221.0%22+encoding%3D%22UTF-8%22%3F%3E%3CRequest+action%3D%22check_license%22+api%3D%223%22%3E%3Ctoken%3E657524401%3C%2Ftoken%3E%3Cstore_key%3E3568101368%3Bpartiushop.com.br%3C%2Fstore_key%3E%3Cdomains%3Epartiushop.com.br%2Ctest%3C%2Fdomains%3E%3Clicense_number%3ECS-MV-ULT-44IK-K8V8-0137-88WL%3C%2Flicense_number%3E%3Cver%3E4.14.2.SP1%3C%2Fver%3E%3Cproduct_status%3E%3C%2Fproduct_status%3E%3Cproduct_build%3E%3C%2Fproduct_build%3E%3Cedition%3EMULTIVENDOR%3C%2Fedition%3E%3Clang%3EPT%3C%2Flang%3E%3Cstore_uri%3Ehttp%3A%2F%2Fpartiushop.com.br%2F%3C%2Fstore_uri%3E%3Csecure_store_uri%3Ehttps%3A%2F%2Fpartiushop.com.br%2F%3C%2Fsecure_store_uri%3E%3Chttps_enabled%3EN%3C%2Fhttps_enabled%3E%3Cadmin_uri%3Ehttp%3A%2F%2Fpartiushop.com.br%2F%3C%2Fadmin_uri%3E%3Cstore_ip%3E45.169.124.134%3C%2Fstore_ip%3E%3Cstore_mode%3EULTIMATE%3C%2Fstore_mode%3E%3C%2FRequest%3E\'\";s:8:\"response\";s:133:\"<?xml version=\"1.0\" encoding=\"UTF-8\"?><Response><License>ACTIVE</License><Updates>AVAILABLE</Updates><Messages></Messages></Response>\";}', '', 0),
(2168, 30, 1653155884, 'users', 'N', 'session', '', 'a:3:{s:4:\"user\";s:69:\"Giovanni Vinicius de Figueiredo; giovannivinicius1997@gmail.com (#30)\";s:2:\"id\";s:2:\"30\";s:10:\"ip_address\";s:14:\"45.169.124.134\";}', '', 0),
(2169, 30, 1653156649, 'users', 'N', 'session', '', 'a:5:{s:4:\"user\";s:69:\"Giovanni Vinicius de Figueiredo; giovannivinicius1997@gmail.com (#30)\";s:2:\"id\";s:2:\"30\";s:10:\"ip_address\";s:13:\"177.70.195.83\";s:13:\"loggedin_time\";s:22:\"2 |hours| 53 |minutes|\";s:7:\"timeout\";b:1;}', '', 0),
(2170, 30, 1653156651, 'database', 'E', 'error', '', 'a:2:{s:5:\"error\";s:68:\"Table \'partiushopcom_br.cscart_products\' doesn\'t exist <b>(1146)</b>\";s:5:\"query\";s:98:\"SELECT DISTINCT `company_id` FROM `cscart_products` WHERE `plan_id` IS NOT NULL AND `status` = \'A\'\";}', 'a:8:{i:0;a:3:{s:4:\"file\";s:20:\"CvmORvU06X1SNEBE.php\";s:4:\"line\";i:27;s:8:\"function\";s:11:\"fn_dispatch\";}i:1;a:3:{s:4:\"file\";s:28:\"app/functions/fn.control.php\";s:4:\"line\";i:458;s:8:\"function\";s:17:\"fn_run_controller\";}i:2;a:3:{s:4:\"file\";s:28:\"app/functions/fn.control.php\";s:4:\"line\";i:722;s:8:\"function\";s:7:\"include\";}i:3;a:3:{s:4:\"file\";s:79:\"app/addons/partiuhub_planos_vendedores/controllers/backend/vendor_plans.pre.php\";s:4:\"line\";i:14;s:8:\"function\";s:14:\"verifyPayments\";}i:4;a:3:{s:4:\"file\";s:100:\"app/addons/partiuhub_planos_vendedores/Tygh/Addons/PartiuhubPlanosVendedores/PeriodicityPayments.php\";s:4:\"line\";i:28;s:8:\"function\";s:12:\"db_get_array\";}i:5;a:3:{s:4:\"file\";s:29:\"app/functions/fn.database.php\";s:4:\"line\";i:35;s:8:\"function\";s:8:\"getArray\";}i:6;a:3:{s:4:\"file\";s:32:\"app/Tygh/Database/Connection.php\";s:4:\"line\";i:307;s:8:\"function\";s:5:\"query\";}i:7;a:3:{s:4:\"file\";s:32:\"app/Tygh/Database/Connection.php\";s:4:\"line\";i:690;s:8:\"function\";s:10:\"throwError\";}}', 0),
(2171, 30, 1653156651, 'requests', 'N', 'http', '', 'a:3:{s:3:\"url\";s:37:\"https://updates.cs-cart.com/index.php\";s:7:\"request\";s:925:\"\'dispatch=product_updates.check_available&request=%3C%3Fxml+version%3D%221.0%22+encoding%3D%22UTF-8%22%3F%3E%3CRequest+action%3D%22check_license%22+api%3D%223%22%3E%3Ctoken%3E951470614%3C%2Ftoken%3E%3Cstore_key%3E3568101368%3Bpartiushop.com.br%3C%2Fstore_key%3E%3Cdomains%3Epartiushop.com.br%2Ctest%3C%2Fdomains%3E%3Clicense_number%3ECS-MV-ULT-44IK-K8V8-0137-88WL%3C%2Flicense_number%3E%3Cver%3E4.14.2.SP1%3C%2Fver%3E%3Cproduct_status%3E%3C%2Fproduct_status%3E%3Cproduct_build%3E%3C%2Fproduct_build%3E%3Cedition%3EMULTIVENDOR%3C%2Fedition%3E%3Clang%3EPT%3C%2Flang%3E%3Cstore_uri%3Ehttp%3A%2F%2Fpartiushop.com.br%2F%3C%2Fstore_uri%3E%3Csecure_store_uri%3Ehttps%3A%2F%2Fpartiushop.com.br%2F%3C%2Fsecure_store_uri%3E%3Chttps_enabled%3EN%3C%2Fhttps_enabled%3E%3Cadmin_uri%3Ehttp%3A%2F%2Fpartiushop.com.br%2F%3C%2Fadmin_uri%3E%3Cstore_ip%3E177.70.195.83%3C%2Fstore_ip%3E%3Cstore_mode%3EULTIMATE%3C%2Fstore_mode%3E%3C%2FRequest%3E\'\";s:8:\"response\";s:133:\"<?xml version=\"1.0\" encoding=\"UTF-8\"?><Response><License>ACTIVE</License><Updates>AVAILABLE</Updates><Messages></Messages></Response>\";}', '', 0),
(2172, 30, 1653677041, 'users', 'N', 'session', '', 'a:5:{s:4:\"user\";s:69:\"Giovanni Vinicius de Figueiredo; giovannivinicius1997@gmail.com (#30)\";s:2:\"id\";s:2:\"30\";s:10:\"ip_address\";s:13:\"177.70.195.83\";s:13:\"loggedin_time\";s:22:\"7 |hours| 34 |minutes|\";s:7:\"timeout\";b:1;}', '', 0),
(2173, 30, 1653677046, 'database', 'E', 'error', '', 'a:2:{s:5:\"error\";s:68:\"Table \'partiushopcom_br.cscart_products\' doesn\'t exist <b>(1146)</b>\";s:5:\"query\";s:98:\"SELECT DISTINCT `company_id` FROM `cscart_products` WHERE `plan_id` IS NOT NULL AND `status` = \'A\'\";}', 'a:8:{i:0;a:3:{s:4:\"file\";s:20:\"CvmORvU06X1SNEBE.php\";s:4:\"line\";i:27;s:8:\"function\";s:11:\"fn_dispatch\";}i:1;a:3:{s:4:\"file\";s:28:\"app/functions/fn.control.php\";s:4:\"line\";i:458;s:8:\"function\";s:17:\"fn_run_controller\";}i:2;a:3:{s:4:\"file\";s:28:\"app/functions/fn.control.php\";s:4:\"line\";i:722;s:8:\"function\";s:7:\"include\";}i:3;a:3:{s:4:\"file\";s:79:\"app/addons/partiuhub_planos_vendedores/controllers/backend/vendor_plans.pre.php\";s:4:\"line\";i:14;s:8:\"function\";s:14:\"verifyPayments\";}i:4;a:3:{s:4:\"file\";s:100:\"app/addons/partiuhub_planos_vendedores/Tygh/Addons/PartiuhubPlanosVendedores/PeriodicityPayments.php\";s:4:\"line\";i:28;s:8:\"function\";s:12:\"db_get_array\";}i:5;a:3:{s:4:\"file\";s:29:\"app/functions/fn.database.php\";s:4:\"line\";i:35;s:8:\"function\";s:8:\"getArray\";}i:6;a:3:{s:4:\"file\";s:32:\"app/Tygh/Database/Connection.php\";s:4:\"line\";i:307;s:8:\"function\";s:5:\"query\";}i:7;a:3:{s:4:\"file\";s:32:\"app/Tygh/Database/Connection.php\";s:4:\"line\";i:690;s:8:\"function\";s:10:\"throwError\";}}', 0),
(2174, 30, 1653677045, 'requests', 'N', 'http', '', 'a:3:{s:3:\"url\";s:37:\"https://updates.cs-cart.com/index.php\";s:7:\"request\";s:926:\"\'dispatch=product_updates.check_available&request=%3C%3Fxml+version%3D%221.0%22+encoding%3D%22UTF-8%22%3F%3E%3CRequest+action%3D%22check_license%22+api%3D%223%22%3E%3Ctoken%3E3033931611%3C%2Ftoken%3E%3Cstore_key%3E3568101368%3Bpartiushop.com.br%3C%2Fstore_key%3E%3Cdomains%3Epartiushop.com.br%2Ctest%3C%2Fdomains%3E%3Clicense_number%3ECS-MV-ULT-44IK-K8V8-0137-88WL%3C%2Flicense_number%3E%3Cver%3E4.14.2.SP1%3C%2Fver%3E%3Cproduct_status%3E%3C%2Fproduct_status%3E%3Cproduct_build%3E%3C%2Fproduct_build%3E%3Cedition%3EMULTIVENDOR%3C%2Fedition%3E%3Clang%3EPT%3C%2Flang%3E%3Cstore_uri%3Ehttp%3A%2F%2Fpartiushop.com.br%2F%3C%2Fstore_uri%3E%3Csecure_store_uri%3Ehttps%3A%2F%2Fpartiushop.com.br%2F%3C%2Fsecure_store_uri%3E%3Chttps_enabled%3EN%3C%2Fhttps_enabled%3E%3Cadmin_uri%3Ehttp%3A%2F%2Fpartiushop.com.br%2F%3C%2Fadmin_uri%3E%3Cstore_ip%3E177.70.195.83%3C%2Fstore_ip%3E%3Cstore_mode%3EULTIMATE%3C%2Fstore_mode%3E%3C%2FRequest%3E\'\";s:8:\"response\";s:133:\"<?xml version=\"1.0\" encoding=\"UTF-8\"?><Response><License>ACTIVE</License><Updates>AVAILABLE</Updates><Messages></Messages></Response>\";}', '', 0),
(2175, 35, 1653678299, 'users', 'N', 'update', '', 'a:2:{s:4:\"user\";s:31:\"ruanwdssilveira@gmail.com (#35)\";s:2:\"id\";s:2:\"35\";}', '', 0),
(2176, 35, 1653678338, 'users', 'N', 'update', '', 'a:2:{s:4:\"user\";s:31:\"ruanwdssilveira@gmail.com (#35)\";s:2:\"id\";s:2:\"35\";}', '', 0),
(2177, 30, 1653917888, 'users', 'N', 'session', '', 'a:5:{s:4:\"user\";s:69:\"Giovanni Vinicius de Figueiredo; giovannivinicius1997@gmail.com (#30)\";s:2:\"id\";s:2:\"30\";s:10:\"ip_address\";s:13:\"177.70.195.83\";s:13:\"loggedin_time\";s:23:\"11 |hours| 12 |minutes|\";s:7:\"timeout\";b:1;}', '', 0),
(2178, 30, 1653917897, 'database', 'E', 'error', '', 'a:2:{s:5:\"error\";s:68:\"Table \'partiushopcom_br.cscart_products\' doesn\'t exist <b>(1146)</b>\";s:5:\"query\";s:98:\"SELECT DISTINCT `company_id` FROM `cscart_products` WHERE `plan_id` IS NOT NULL AND `status` = \'A\'\";}', 'a:8:{i:0;a:3:{s:4:\"file\";s:20:\"CvmORvU06X1SNEBE.php\";s:4:\"line\";i:27;s:8:\"function\";s:11:\"fn_dispatch\";}i:1;a:3:{s:4:\"file\";s:28:\"app/functions/fn.control.php\";s:4:\"line\";i:458;s:8:\"function\";s:17:\"fn_run_controller\";}i:2;a:3:{s:4:\"file\";s:28:\"app/functions/fn.control.php\";s:4:\"line\";i:722;s:8:\"function\";s:7:\"include\";}i:3;a:3:{s:4:\"file\";s:79:\"app/addons/partiuhub_planos_vendedores/controllers/backend/vendor_plans.pre.php\";s:4:\"line\";i:14;s:8:\"function\";s:14:\"verifyPayments\";}i:4;a:3:{s:4:\"file\";s:100:\"app/addons/partiuhub_planos_vendedores/Tygh/Addons/PartiuhubPlanosVendedores/PeriodicityPayments.php\";s:4:\"line\";i:28;s:8:\"function\";s:12:\"db_get_array\";}i:5;a:3:{s:4:\"file\";s:29:\"app/functions/fn.database.php\";s:4:\"line\";i:35;s:8:\"function\";s:8:\"getArray\";}i:6;a:3:{s:4:\"file\";s:32:\"app/Tygh/Database/Connection.php\";s:4:\"line\";i:307;s:8:\"function\";s:5:\"query\";}i:7;a:3:{s:4:\"file\";s:32:\"app/Tygh/Database/Connection.php\";s:4:\"line\";i:690;s:8:\"function\";s:10:\"throwError\";}}', 0),
(2179, 30, 1653917901, 'requests', 'N', 'http', '', 'a:3:{s:3:\"url\";s:37:\"https://updates.cs-cart.com/index.php\";s:7:\"request\";s:143:\"\'dispatch=product_updates.get_available&ver=4.14.2.SP1&edition=MULTIVENDOR&lang=pt&product_build=&license_number=CS-MV-ULT-44IK-K8V8-0137-88WL\'\";s:8:\"response\";s:1650:\"<?xml version=\"1.0\"?>\n<upgrade>\n	<packages>\n		<item id=\"387411\">\n			<file md5=\"7ac1c417d66d36585fc759da2a60fcab\">upgrade_4.14.2.SP1_mve-4.14.3_mve.zip</file>\n			<name>Upgrade 4.14.2.SP1 - 4.14.3</name>\n			<description>&lt;p&gt;&lt;strong&gt;Multi-Vendor 4.14.3&lt;/strong&gt; brings the following changes and improvements:&lt;/p&gt;&lt;ul&gt;&lt;li&gt;Improvements of the interface and performance as well as multiple fixes in the Product Bundles add-on.&lt;/li&gt;&lt;li&gt;Now the variation image changes when choosing features for a product from a bundle. Products with both options and features can be added to the bundle.&lt;/li&gt;&lt;li&gt;CS-Cart is now translated into 25 languages&lt;/li&gt;&lt;li&gt;Administrators can now add product reviews.&lt;/li&gt;&lt;li&gt;Fields for keys to configure the Google reCAPTCHA version is now required if this reCAPTCHA version is selected in the &quot;Antibot&quot; protection section.&lt;/li&gt;&lt;li&gt;Fixes in the Warehouses add-on related to the calculation of the product quantity in warehouses.&lt;/li&gt;&lt;li&gt;Now the sitemap can be regenerated automatically at certain time intervals by adding a special command to CRON.&lt;/li&gt;&lt;/ul&gt;&lt;p&gt;To see the full list of changes, &lt;a href=&quot;https://docs.cs-cart.com/4.14.x/history/4143.html&quot; target=&quot;_blank&quot;&gt;check the changelog&lt;/a&gt;.&lt;/p&gt;</description>\n			<from_version>4.14.2.SP1</from_version>\n			<to_version>4.14.3</to_version>\n			<timestamp>1650455331</timestamp>\n			<size>14000961</size>\n			<is_avail>Y</is_avail>\n			<purchase_time_limit>N</purchase_time_limit>\n		</item>\n	</packages>\n</upgrade>\";}', '', 0),
(2180, 30, 1653918510, 'requests', 'N', 'http', '', 'a:3:{s:3:\"url\";s:37:\"https://updates.cs-cart.com/index.php\";s:7:\"request\";s:143:\"\'dispatch=product_updates.get_available&ver=4.14.2.SP1&edition=MULTIVENDOR&lang=pt&product_build=&license_number=CS-MV-ULT-44IK-K8V8-0137-88WL\'\";s:8:\"response\";s:1650:\"<?xml version=\"1.0\"?>\n<upgrade>\n	<packages>\n		<item id=\"387411\">\n			<file md5=\"7ac1c417d66d36585fc759da2a60fcab\">upgrade_4.14.2.SP1_mve-4.14.3_mve.zip</file>\n			<name>Upgrade 4.14.2.SP1 - 4.14.3</name>\n			<description>&lt;p&gt;&lt;strong&gt;Multi-Vendor 4.14.3&lt;/strong&gt; brings the following changes and improvements:&lt;/p&gt;&lt;ul&gt;&lt;li&gt;Improvements of the interface and performance as well as multiple fixes in the Product Bundles add-on.&lt;/li&gt;&lt;li&gt;Now the variation image changes when choosing features for a product from a bundle. Products with both options and features can be added to the bundle.&lt;/li&gt;&lt;li&gt;CS-Cart is now translated into 25 languages&lt;/li&gt;&lt;li&gt;Administrators can now add product reviews.&lt;/li&gt;&lt;li&gt;Fields for keys to configure the Google reCAPTCHA version is now required if this reCAPTCHA version is selected in the &quot;Antibot&quot; protection section.&lt;/li&gt;&lt;li&gt;Fixes in the Warehouses add-on related to the calculation of the product quantity in warehouses.&lt;/li&gt;&lt;li&gt;Now the sitemap can be regenerated automatically at certain time intervals by adding a special command to CRON.&lt;/li&gt;&lt;/ul&gt;&lt;p&gt;To see the full list of changes, &lt;a href=&quot;https://docs.cs-cart.com/4.14.x/history/4143.html&quot; target=&quot;_blank&quot;&gt;check the changelog&lt;/a&gt;.&lt;/p&gt;</description>\n			<from_version>4.14.2.SP1</from_version>\n			<to_version>4.14.3</to_version>\n			<timestamp>1650455331</timestamp>\n			<size>14000961</size>\n			<is_avail>Y</is_avail>\n			<purchase_time_limit>N</purchase_time_limit>\n		</item>\n	</packages>\n</upgrade>\";}', '', 0),
(2181, 30, 1653918536, 'requests', 'N', 'http', '', 'a:3:{s:3:\"url\";s:37:\"https://updates.cs-cart.com/index.php\";s:7:\"request\";s:926:\"\'dispatch=product_updates.check_available&request=%3C%3Fxml+version%3D%221.0%22+encoding%3D%22UTF-8%22%3F%3E%3CRequest+action%3D%22check_license%22+api%3D%223%22%3E%3Ctoken%3E1438197243%3C%2Ftoken%3E%3Cstore_key%3E3568101368%3Bpartiushop.com.br%3C%2Fstore_key%3E%3Cdomains%3Epartiushop.com.br%2Ctest%3C%2Fdomains%3E%3Clicense_number%3ECS-MV-ULT-44IK-K8V8-0137-88WL%3C%2Flicense_number%3E%3Cver%3E4.14.2.SP1%3C%2Fver%3E%3Cproduct_status%3E%3C%2Fproduct_status%3E%3Cproduct_build%3E%3C%2Fproduct_build%3E%3Cedition%3EMULTIVENDOR%3C%2Fedition%3E%3Clang%3EPT%3C%2Flang%3E%3Cstore_uri%3Ehttp%3A%2F%2Fpartiushop.com.br%2F%3C%2Fstore_uri%3E%3Csecure_store_uri%3Ehttps%3A%2F%2Fpartiushop.com.br%2F%3C%2Fsecure_store_uri%3E%3Chttps_enabled%3EN%3C%2Fhttps_enabled%3E%3Cadmin_uri%3Ehttp%3A%2F%2Fpartiushop.com.br%2F%3C%2Fadmin_uri%3E%3Cstore_ip%3E177.70.195.83%3C%2Fstore_ip%3E%3Cstore_mode%3EULTIMATE%3C%2Fstore_mode%3E%3C%2FRequest%3E\'\";s:8:\"response\";s:133:\"<?xml version=\"1.0\" encoding=\"UTF-8\"?><Response><License>ACTIVE</License><Updates>AVAILABLE</Updates><Messages></Messages></Response>\";}', '', 0),
(2182, 1, 1654021576, 'users', 'N', 'session', '', 'a:5:{s:4:\"user\";s:45:\"Edison Antunes; eantunes@fastcore.com.br (#1)\";s:2:\"id\";s:1:\"1\";s:10:\"ip_address\";s:13:\"189.62.151.64\";s:13:\"loggedin_time\";s:12:\"26 |minutes|\";s:7:\"timeout\";b:1;}', '', 0),
(2183, 1, 1654023594, 'users', 'N', 'session', '', 'a:5:{s:4:\"user\";s:45:\"Edison Antunes; eantunes@fastcore.com.br (#1)\";s:2:\"id\";s:1:\"1\";s:10:\"ip_address\";s:13:\"189.62.151.64\";s:13:\"loggedin_time\";s:23:\"17 |hours| 14 |minutes|\";s:7:\"timeout\";b:1;}', '', 0),
(2184, 30, 1654023682, 'users', 'N', 'session', '', 'a:5:{s:4:\"user\";s:69:\"Giovanni Vinicius de Figueiredo; giovannivinicius1997@gmail.com (#30)\";s:2:\"id\";s:2:\"30\";s:10:\"ip_address\";s:13:\"189.62.151.64\";s:13:\"loggedin_time\";s:23:\"17 |hours| 13 |minutes|\";s:7:\"timeout\";b:1;}', '', 0),
(2185, 30, 1654023684, 'database', 'E', 'error', '', 'a:2:{s:5:\"error\";s:68:\"Table \'partiushopcom_br.cscart_products\' doesn\'t exist <b>(1146)</b>\";s:5:\"query\";s:98:\"SELECT DISTINCT `company_id` FROM `cscart_products` WHERE `plan_id` IS NOT NULL AND `status` = \'A\'\";}', 'a:8:{i:0;a:3:{s:4:\"file\";s:20:\"CvmORvU06X1SNEBE.php\";s:4:\"line\";i:27;s:8:\"function\";s:11:\"fn_dispatch\";}i:1;a:3:{s:4:\"file\";s:28:\"app/functions/fn.control.php\";s:4:\"line\";i:458;s:8:\"function\";s:17:\"fn_run_controller\";}i:2;a:3:{s:4:\"file\";s:28:\"app/functions/fn.control.php\";s:4:\"line\";i:722;s:8:\"function\";s:7:\"include\";}i:3;a:3:{s:4:\"file\";s:79:\"app/addons/partiuhub_planos_vendedores/controllers/backend/vendor_plans.pre.php\";s:4:\"line\";i:14;s:8:\"function\";s:14:\"verifyPayments\";}i:4;a:3:{s:4:\"file\";s:100:\"app/addons/partiuhub_planos_vendedores/Tygh/Addons/PartiuhubPlanosVendedores/PeriodicityPayments.php\";s:4:\"line\";i:28;s:8:\"function\";s:12:\"db_get_array\";}i:5;a:3:{s:4:\"file\";s:29:\"app/functions/fn.database.php\";s:4:\"line\";i:35;s:8:\"function\";s:8:\"getArray\";}i:6;a:3:{s:4:\"file\";s:32:\"app/Tygh/Database/Connection.php\";s:4:\"line\";i:307;s:8:\"function\";s:5:\"query\";}i:7;a:3:{s:4:\"file\";s:32:\"app/Tygh/Database/Connection.php\";s:4:\"line\";i:690;s:8:\"function\";s:10:\"throwError\";}}', 0),
(2186, 30, 1654023684, 'requests', 'N', 'http', '', 'a:3:{s:3:\"url\";s:37:\"https://updates.cs-cart.com/index.php\";s:7:\"request\";s:926:\"\'dispatch=product_updates.check_available&request=%3C%3Fxml+version%3D%221.0%22+encoding%3D%22UTF-8%22%3F%3E%3CRequest+action%3D%22check_license%22+api%3D%223%22%3E%3Ctoken%3E2614495021%3C%2Ftoken%3E%3Cstore_key%3E3568101368%3Bpartiushop.com.br%3C%2Fstore_key%3E%3Cdomains%3Epartiushop.com.br%2Ctest%3C%2Fdomains%3E%3Clicense_number%3ECS-MV-ULT-44IK-K8V8-0137-88WL%3C%2Flicense_number%3E%3Cver%3E4.14.2.SP1%3C%2Fver%3E%3Cproduct_status%3E%3C%2Fproduct_status%3E%3Cproduct_build%3E%3C%2Fproduct_build%3E%3Cedition%3EMULTIVENDOR%3C%2Fedition%3E%3Clang%3EPT%3C%2Flang%3E%3Cstore_uri%3Ehttp%3A%2F%2Fpartiushop.com.br%2F%3C%2Fstore_uri%3E%3Csecure_store_uri%3Ehttps%3A%2F%2Fpartiushop.com.br%2F%3C%2Fsecure_store_uri%3E%3Chttps_enabled%3EN%3C%2Fhttps_enabled%3E%3Cadmin_uri%3Ehttp%3A%2F%2Fpartiushop.com.br%2F%3C%2Fadmin_uri%3E%3Cstore_ip%3E189.62.151.64%3C%2Fstore_ip%3E%3Cstore_mode%3EULTIMATE%3C%2Fstore_mode%3E%3C%2FRequest%3E\'\";s:8:\"response\";s:133:\"<?xml version=\"1.0\" encoding=\"UTF-8\"?><Response><License>ACTIVE</License><Updates>AVAILABLE</Updates><Messages></Messages></Response>\";}', '', 0),
(2187, 30, 1654269296, 'users', 'N', 'session', '', 'a:5:{s:4:\"user\";s:69:\"Giovanni Vinicius de Figueiredo; giovannivinicius1997@gmail.com (#30)\";s:2:\"id\";s:2:\"30\";s:10:\"ip_address\";s:13:\"177.70.195.83\";s:13:\"loggedin_time\";s:22:\"7 |hours| 13 |minutes|\";s:7:\"timeout\";b:1;}', '', 0),
(2188, 30, 1654269298, 'database', 'E', 'error', '', 'a:2:{s:5:\"error\";s:68:\"Table \'partiushopcom_br.cscart_products\' doesn\'t exist <b>(1146)</b>\";s:5:\"query\";s:98:\"SELECT DISTINCT `company_id` FROM `cscart_products` WHERE `plan_id` IS NOT NULL AND `status` = \'A\'\";}', 'a:8:{i:0;a:3:{s:4:\"file\";s:20:\"CvmORvU06X1SNEBE.php\";s:4:\"line\";i:27;s:8:\"function\";s:11:\"fn_dispatch\";}i:1;a:3:{s:4:\"file\";s:28:\"app/functions/fn.control.php\";s:4:\"line\";i:458;s:8:\"function\";s:17:\"fn_run_controller\";}i:2;a:3:{s:4:\"file\";s:28:\"app/functions/fn.control.php\";s:4:\"line\";i:722;s:8:\"function\";s:7:\"include\";}i:3;a:3:{s:4:\"file\";s:79:\"app/addons/partiuhub_planos_vendedores/controllers/backend/vendor_plans.pre.php\";s:4:\"line\";i:14;s:8:\"function\";s:14:\"verifyPayments\";}i:4;a:3:{s:4:\"file\";s:100:\"app/addons/partiuhub_planos_vendedores/Tygh/Addons/PartiuhubPlanosVendedores/PeriodicityPayments.php\";s:4:\"line\";i:28;s:8:\"function\";s:12:\"db_get_array\";}i:5;a:3:{s:4:\"file\";s:29:\"app/functions/fn.database.php\";s:4:\"line\";i:35;s:8:\"function\";s:8:\"getArray\";}i:6;a:3:{s:4:\"file\";s:32:\"app/Tygh/Database/Connection.php\";s:4:\"line\";i:307;s:8:\"function\";s:5:\"query\";}i:7;a:3:{s:4:\"file\";s:32:\"app/Tygh/Database/Connection.php\";s:4:\"line\";i:690;s:8:\"function\";s:10:\"throwError\";}}', 0),
(2189, 30, 1654269298, 'requests', 'N', 'http', '', 'a:3:{s:3:\"url\";s:37:\"https://updates.cs-cart.com/index.php\";s:7:\"request\";s:926:\"\'dispatch=product_updates.check_available&request=%3C%3Fxml+version%3D%221.0%22+encoding%3D%22UTF-8%22%3F%3E%3CRequest+action%3D%22check_license%22+api%3D%223%22%3E%3Ctoken%3E2063277448%3C%2Ftoken%3E%3Cstore_key%3E3568101368%3Bpartiushop.com.br%3C%2Fstore_key%3E%3Cdomains%3Epartiushop.com.br%2Ctest%3C%2Fdomains%3E%3Clicense_number%3ECS-MV-ULT-44IK-K8V8-0137-88WL%3C%2Flicense_number%3E%3Cver%3E4.14.2.SP1%3C%2Fver%3E%3Cproduct_status%3E%3C%2Fproduct_status%3E%3Cproduct_build%3E%3C%2Fproduct_build%3E%3Cedition%3EMULTIVENDOR%3C%2Fedition%3E%3Clang%3EPT%3C%2Flang%3E%3Cstore_uri%3Ehttp%3A%2F%2Fpartiushop.com.br%2F%3C%2Fstore_uri%3E%3Csecure_store_uri%3Ehttps%3A%2F%2Fpartiushop.com.br%2F%3C%2Fsecure_store_uri%3E%3Chttps_enabled%3EN%3C%2Fhttps_enabled%3E%3Cadmin_uri%3Ehttp%3A%2F%2Fpartiushop.com.br%2F%3C%2Fadmin_uri%3E%3Cstore_ip%3E177.70.195.83%3C%2Fstore_ip%3E%3Cstore_mode%3EULTIMATE%3C%2Fstore_mode%3E%3C%2FRequest%3E\'\";s:8:\"response\";s:133:\"<?xml version=\"1.0\" encoding=\"UTF-8\"?><Response><License>ACTIVE</License><Updates>AVAILABLE</Updates><Messages></Messages></Response>\";}', '', 0),
(2190, 30, 1654269312, 'requests', 'N', 'http', '', 'a:3:{s:3:\"url\";s:37:\"https://updates.cs-cart.com/index.php\";s:7:\"request\";s:143:\"\'dispatch=product_updates.get_available&ver=4.14.2.SP1&edition=MULTIVENDOR&lang=pt&product_build=&license_number=CS-MV-ULT-44IK-K8V8-0137-88WL\'\";s:8:\"response\";s:1650:\"<?xml version=\"1.0\"?>\n<upgrade>\n	<packages>\n		<item id=\"387411\">\n			<file md5=\"7ac1c417d66d36585fc759da2a60fcab\">upgrade_4.14.2.SP1_mve-4.14.3_mve.zip</file>\n			<name>Upgrade 4.14.2.SP1 - 4.14.3</name>\n			<description>&lt;p&gt;&lt;strong&gt;Multi-Vendor 4.14.3&lt;/strong&gt; brings the following changes and improvements:&lt;/p&gt;&lt;ul&gt;&lt;li&gt;Improvements of the interface and performance as well as multiple fixes in the Product Bundles add-on.&lt;/li&gt;&lt;li&gt;Now the variation image changes when choosing features for a product from a bundle. Products with both options and features can be added to the bundle.&lt;/li&gt;&lt;li&gt;CS-Cart is now translated into 25 languages&lt;/li&gt;&lt;li&gt;Administrators can now add product reviews.&lt;/li&gt;&lt;li&gt;Fields for keys to configure the Google reCAPTCHA version is now required if this reCAPTCHA version is selected in the &quot;Antibot&quot; protection section.&lt;/li&gt;&lt;li&gt;Fixes in the Warehouses add-on related to the calculation of the product quantity in warehouses.&lt;/li&gt;&lt;li&gt;Now the sitemap can be regenerated automatically at certain time intervals by adding a special command to CRON.&lt;/li&gt;&lt;/ul&gt;&lt;p&gt;To see the full list of changes, &lt;a href=&quot;https://docs.cs-cart.com/4.14.x/history/4143.html&quot; target=&quot;_blank&quot;&gt;check the changelog&lt;/a&gt;.&lt;/p&gt;</description>\n			<from_version>4.14.2.SP1</from_version>\n			<to_version>4.14.3</to_version>\n			<timestamp>1650455331</timestamp>\n			<size>14000961</size>\n			<is_avail>Y</is_avail>\n			<purchase_time_limit>N</purchase_time_limit>\n		</item>\n	</packages>\n</upgrade>\";}', '', 0),
(2191, 30, 1654552677, 'users', 'N', 'session', '', 'a:5:{s:4:\"user\";s:69:\"Giovanni Vinicius de Figueiredo; giovannivinicius1997@gmail.com (#30)\";s:2:\"id\";s:2:\"30\";s:10:\"ip_address\";s:13:\"177.70.195.83\";s:13:\"loggedin_time\";s:23:\"36 |hours| 15 |minutes|\";s:7:\"timeout\";b:1;}', '', 0),
(2192, 30, 1654552681, 'database', 'E', 'error', '', 'a:2:{s:5:\"error\";s:68:\"Table \'partiushopcom_br.cscart_products\' doesn\'t exist <b>(1146)</b>\";s:5:\"query\";s:98:\"SELECT DISTINCT `company_id` FROM `cscart_products` WHERE `plan_id` IS NOT NULL AND `status` = \'A\'\";}', 'a:8:{i:0;a:3:{s:4:\"file\";s:20:\"CvmORvU06X1SNEBE.php\";s:4:\"line\";i:27;s:8:\"function\";s:11:\"fn_dispatch\";}i:1;a:3:{s:4:\"file\";s:28:\"app/functions/fn.control.php\";s:4:\"line\";i:458;s:8:\"function\";s:17:\"fn_run_controller\";}i:2;a:3:{s:4:\"file\";s:28:\"app/functions/fn.control.php\";s:4:\"line\";i:722;s:8:\"function\";s:7:\"include\";}i:3;a:3:{s:4:\"file\";s:79:\"app/addons/partiuhub_planos_vendedores/controllers/backend/vendor_plans.pre.php\";s:4:\"line\";i:14;s:8:\"function\";s:14:\"verifyPayments\";}i:4;a:3:{s:4:\"file\";s:100:\"app/addons/partiuhub_planos_vendedores/Tygh/Addons/PartiuhubPlanosVendedores/PeriodicityPayments.php\";s:4:\"line\";i:28;s:8:\"function\";s:12:\"db_get_array\";}i:5;a:3:{s:4:\"file\";s:29:\"app/functions/fn.database.php\";s:4:\"line\";i:35;s:8:\"function\";s:8:\"getArray\";}i:6;a:3:{s:4:\"file\";s:32:\"app/Tygh/Database/Connection.php\";s:4:\"line\";i:307;s:8:\"function\";s:5:\"query\";}i:7;a:3:{s:4:\"file\";s:32:\"app/Tygh/Database/Connection.php\";s:4:\"line\";i:690;s:8:\"function\";s:10:\"throwError\";}}', 0),
(2193, 30, 1654552681, 'requests', 'N', 'http', '', 'a:3:{s:3:\"url\";s:37:\"https://updates.cs-cart.com/index.php\";s:7:\"request\";s:926:\"\'dispatch=product_updates.check_available&request=%3C%3Fxml+version%3D%221.0%22+encoding%3D%22UTF-8%22%3F%3E%3CRequest+action%3D%22check_license%22+api%3D%223%22%3E%3Ctoken%3E3249107013%3C%2Ftoken%3E%3Cstore_key%3E3568101368%3Bpartiushop.com.br%3C%2Fstore_key%3E%3Cdomains%3Epartiushop.com.br%2Ctest%3C%2Fdomains%3E%3Clicense_number%3ECS-MV-ULT-44IK-K8V8-0137-88WL%3C%2Flicense_number%3E%3Cver%3E4.14.2.SP1%3C%2Fver%3E%3Cproduct_status%3E%3C%2Fproduct_status%3E%3Cproduct_build%3E%3C%2Fproduct_build%3E%3Cedition%3EMULTIVENDOR%3C%2Fedition%3E%3Clang%3EPT%3C%2Flang%3E%3Cstore_uri%3Ehttp%3A%2F%2Fpartiushop.com.br%2F%3C%2Fstore_uri%3E%3Csecure_store_uri%3Ehttps%3A%2F%2Fpartiushop.com.br%2F%3C%2Fsecure_store_uri%3E%3Chttps_enabled%3EN%3C%2Fhttps_enabled%3E%3Cadmin_uri%3Ehttp%3A%2F%2Fpartiushop.com.br%2F%3C%2Fadmin_uri%3E%3Cstore_ip%3E177.70.195.83%3C%2Fstore_ip%3E%3Cstore_mode%3EULTIMATE%3C%2Fstore_mode%3E%3C%2FRequest%3E\'\";s:8:\"response\";s:133:\"<?xml version=\"1.0\" encoding=\"UTF-8\"?><Response><License>ACTIVE</License><Updates>AVAILABLE</Updates><Messages></Messages></Response>\";}', '', 0),
(2194, 30, 1654719646, 'users', 'N', 'session', '', 'a:5:{s:4:\"user\";s:69:\"Giovanni Vinicius de Figueiredo; giovannivinicius1997@gmail.com (#30)\";s:2:\"id\";s:2:\"30\";s:10:\"ip_address\";s:13:\"177.70.195.83\";s:13:\"loggedin_time\";s:22:\"6 |hours| 45 |minutes|\";s:7:\"timeout\";b:1;}', '', 0),
(2195, 30, 1654719649, 'database', 'E', 'error', '', 'a:2:{s:5:\"error\";s:68:\"Table \'partiushopcom_br.cscart_products\' doesn\'t exist <b>(1146)</b>\";s:5:\"query\";s:98:\"SELECT DISTINCT `company_id` FROM `cscart_products` WHERE `plan_id` IS NOT NULL AND `status` = \'A\'\";}', 'a:8:{i:0;a:3:{s:4:\"file\";s:20:\"CvmORvU06X1SNEBE.php\";s:4:\"line\";i:27;s:8:\"function\";s:11:\"fn_dispatch\";}i:1;a:3:{s:4:\"file\";s:28:\"app/functions/fn.control.php\";s:4:\"line\";i:458;s:8:\"function\";s:17:\"fn_run_controller\";}i:2;a:3:{s:4:\"file\";s:28:\"app/functions/fn.control.php\";s:4:\"line\";i:722;s:8:\"function\";s:7:\"include\";}i:3;a:3:{s:4:\"file\";s:79:\"app/addons/partiuhub_planos_vendedores/controllers/backend/vendor_plans.pre.php\";s:4:\"line\";i:14;s:8:\"function\";s:14:\"verifyPayments\";}i:4;a:3:{s:4:\"file\";s:100:\"app/addons/partiuhub_planos_vendedores/Tygh/Addons/PartiuhubPlanosVendedores/PeriodicityPayments.php\";s:4:\"line\";i:28;s:8:\"function\";s:12:\"db_get_array\";}i:5;a:3:{s:4:\"file\";s:29:\"app/functions/fn.database.php\";s:4:\"line\";i:35;s:8:\"function\";s:8:\"getArray\";}i:6;a:3:{s:4:\"file\";s:32:\"app/Tygh/Database/Connection.php\";s:4:\"line\";i:307;s:8:\"function\";s:5:\"query\";}i:7;a:3:{s:4:\"file\";s:32:\"app/Tygh/Database/Connection.php\";s:4:\"line\";i:690;s:8:\"function\";s:10:\"throwError\";}}', 0),
(2196, 30, 1654719649, 'requests', 'N', 'http', '', 'a:3:{s:3:\"url\";s:37:\"https://updates.cs-cart.com/index.php\";s:7:\"request\";s:926:\"\'dispatch=product_updates.check_available&request=%3C%3Fxml+version%3D%221.0%22+encoding%3D%22UTF-8%22%3F%3E%3CRequest+action%3D%22check_license%22+api%3D%223%22%3E%3Ctoken%3E2828615730%3C%2Ftoken%3E%3Cstore_key%3E3568101368%3Bpartiushop.com.br%3C%2Fstore_key%3E%3Cdomains%3Epartiushop.com.br%2Ctest%3C%2Fdomains%3E%3Clicense_number%3ECS-MV-ULT-44IK-K8V8-0137-88WL%3C%2Flicense_number%3E%3Cver%3E4.14.2.SP1%3C%2Fver%3E%3Cproduct_status%3E%3C%2Fproduct_status%3E%3Cproduct_build%3E%3C%2Fproduct_build%3E%3Cedition%3EMULTIVENDOR%3C%2Fedition%3E%3Clang%3EPT%3C%2Flang%3E%3Cstore_uri%3Ehttp%3A%2F%2Fpartiushop.com.br%2F%3C%2Fstore_uri%3E%3Csecure_store_uri%3Ehttps%3A%2F%2Fpartiushop.com.br%2F%3C%2Fsecure_store_uri%3E%3Chttps_enabled%3EN%3C%2Fhttps_enabled%3E%3Cadmin_uri%3Ehttp%3A%2F%2Fpartiushop.com.br%2F%3C%2Fadmin_uri%3E%3Cstore_ip%3E177.70.195.83%3C%2Fstore_ip%3E%3Cstore_mode%3EULTIMATE%3C%2Fstore_mode%3E%3C%2FRequest%3E\'\";s:8:\"response\";s:133:\"<?xml version=\"1.0\" encoding=\"UTF-8\"?><Response><License>ACTIVE</License><Updates>AVAILABLE</Updates><Messages></Messages></Response>\";}', '', 0),
(2197, 30, 1654783853, 'users', 'N', 'session', '', 'a:5:{s:4:\"user\";s:69:\"Giovanni Vinicius de Figueiredo; giovannivinicius1997@gmail.com (#30)\";s:2:\"id\";s:2:\"30\";s:10:\"ip_address\";s:13:\"177.70.195.83\";s:13:\"loggedin_time\";s:22:\"2 |hours| 42 |minutes|\";s:7:\"timeout\";b:1;}', '', 0),
(2198, 30, 1654783856, 'database', 'E', 'error', '', 'a:2:{s:5:\"error\";s:68:\"Table \'partiushopcom_br.cscart_products\' doesn\'t exist <b>(1146)</b>\";s:5:\"query\";s:98:\"SELECT DISTINCT `company_id` FROM `cscart_products` WHERE `plan_id` IS NOT NULL AND `status` = \'A\'\";}', 'a:8:{i:0;a:3:{s:4:\"file\";s:20:\"CvmORvU06X1SNEBE.php\";s:4:\"line\";i:27;s:8:\"function\";s:11:\"fn_dispatch\";}i:1;a:3:{s:4:\"file\";s:28:\"app/functions/fn.control.php\";s:4:\"line\";i:458;s:8:\"function\";s:17:\"fn_run_controller\";}i:2;a:3:{s:4:\"file\";s:28:\"app/functions/fn.control.php\";s:4:\"line\";i:722;s:8:\"function\";s:7:\"include\";}i:3;a:3:{s:4:\"file\";s:79:\"app/addons/partiuhub_planos_vendedores/controllers/backend/vendor_plans.pre.php\";s:4:\"line\";i:14;s:8:\"function\";s:14:\"verifyPayments\";}i:4;a:3:{s:4:\"file\";s:100:\"app/addons/partiuhub_planos_vendedores/Tygh/Addons/PartiuhubPlanosVendedores/PeriodicityPayments.php\";s:4:\"line\";i:28;s:8:\"function\";s:12:\"db_get_array\";}i:5;a:3:{s:4:\"file\";s:29:\"app/functions/fn.database.php\";s:4:\"line\";i:35;s:8:\"function\";s:8:\"getArray\";}i:6;a:3:{s:4:\"file\";s:32:\"app/Tygh/Database/Connection.php\";s:4:\"line\";i:307;s:8:\"function\";s:5:\"query\";}i:7;a:3:{s:4:\"file\";s:32:\"app/Tygh/Database/Connection.php\";s:4:\"line\";i:690;s:8:\"function\";s:10:\"throwError\";}}', 0),
(2199, 30, 1654783856, 'requests', 'N', 'http', '', 'a:3:{s:3:\"url\";s:37:\"https://updates.cs-cart.com/index.php\";s:7:\"request\";s:926:\"\'dispatch=product_updates.check_available&request=%3C%3Fxml+version%3D%221.0%22+encoding%3D%22UTF-8%22%3F%3E%3CRequest+action%3D%22check_license%22+api%3D%223%22%3E%3Ctoken%3E1652312824%3C%2Ftoken%3E%3Cstore_key%3E3568101368%3Bpartiushop.com.br%3C%2Fstore_key%3E%3Cdomains%3Epartiushop.com.br%2Ctest%3C%2Fdomains%3E%3Clicense_number%3ECS-MV-ULT-44IK-K8V8-0137-88WL%3C%2Flicense_number%3E%3Cver%3E4.14.2.SP1%3C%2Fver%3E%3Cproduct_status%3E%3C%2Fproduct_status%3E%3Cproduct_build%3E%3C%2Fproduct_build%3E%3Cedition%3EMULTIVENDOR%3C%2Fedition%3E%3Clang%3EPT%3C%2Flang%3E%3Cstore_uri%3Ehttp%3A%2F%2Fpartiushop.com.br%2F%3C%2Fstore_uri%3E%3Csecure_store_uri%3Ehttps%3A%2F%2Fpartiushop.com.br%2F%3C%2Fsecure_store_uri%3E%3Chttps_enabled%3EN%3C%2Fhttps_enabled%3E%3Cadmin_uri%3Ehttp%3A%2F%2Fpartiushop.com.br%2F%3C%2Fadmin_uri%3E%3Cstore_ip%3E177.70.195.83%3C%2Fstore_ip%3E%3Cstore_mode%3EULTIMATE%3C%2Fstore_mode%3E%3C%2FRequest%3E\'\";s:8:\"response\";s:133:\"<?xml version=\"1.0\" encoding=\"UTF-8\"?><Response><License>ACTIVE</License><Updates>AVAILABLE</Updates><Messages></Messages></Response>\";}', '', 0),
(2200, 30, 1654863840, 'users', 'N', 'session', '', 'a:3:{s:4:\"user\";s:69:\"Giovanni Vinicius de Figueiredo; giovannivinicius1997@gmail.com (#30)\";s:2:\"id\";s:2:\"30\";s:10:\"ip_address\";s:13:\"177.70.195.83\";}', '', 0),
(2201, 30, 1654863843, 'database', 'E', 'error', '', 'a:2:{s:5:\"error\";s:68:\"Table \'partiushopcom_br.cscart_products\' doesn\'t exist <b>(1146)</b>\";s:5:\"query\";s:98:\"SELECT DISTINCT `company_id` FROM `cscart_products` WHERE `plan_id` IS NOT NULL AND `status` = \'A\'\";}', 'a:8:{i:0;a:3:{s:4:\"file\";s:20:\"CvmORvU06X1SNEBE.php\";s:4:\"line\";i:27;s:8:\"function\";s:11:\"fn_dispatch\";}i:1;a:3:{s:4:\"file\";s:28:\"app/functions/fn.control.php\";s:4:\"line\";i:458;s:8:\"function\";s:17:\"fn_run_controller\";}i:2;a:3:{s:4:\"file\";s:28:\"app/functions/fn.control.php\";s:4:\"line\";i:722;s:8:\"function\";s:7:\"include\";}i:3;a:3:{s:4:\"file\";s:79:\"app/addons/partiuhub_planos_vendedores/controllers/backend/vendor_plans.pre.php\";s:4:\"line\";i:14;s:8:\"function\";s:14:\"verifyPayments\";}i:4;a:3:{s:4:\"file\";s:100:\"app/addons/partiuhub_planos_vendedores/Tygh/Addons/PartiuhubPlanosVendedores/PeriodicityPayments.php\";s:4:\"line\";i:28;s:8:\"function\";s:12:\"db_get_array\";}i:5;a:3:{s:4:\"file\";s:29:\"app/functions/fn.database.php\";s:4:\"line\";i:35;s:8:\"function\";s:8:\"getArray\";}i:6;a:3:{s:4:\"file\";s:32:\"app/Tygh/Database/Connection.php\";s:4:\"line\";i:307;s:8:\"function\";s:5:\"query\";}i:7;a:3:{s:4:\"file\";s:32:\"app/Tygh/Database/Connection.php\";s:4:\"line\";i:690;s:8:\"function\";s:10:\"throwError\";}}', 0),
(2202, 30, 1654863843, 'requests', 'N', 'http', '', 'a:3:{s:3:\"url\";s:37:\"https://updates.cs-cart.com/index.php\";s:7:\"request\";s:926:\"\'dispatch=product_updates.check_available&request=%3C%3Fxml+version%3D%221.0%22+encoding%3D%22UTF-8%22%3F%3E%3CRequest+action%3D%22check_license%22+api%3D%223%22%3E%3Ctoken%3E2763453915%3C%2Ftoken%3E%3Cstore_key%3E3568101368%3Bpartiushop.com.br%3C%2Fstore_key%3E%3Cdomains%3Epartiushop.com.br%2Ctest%3C%2Fdomains%3E%3Clicense_number%3ECS-MV-ULT-44IK-K8V8-0137-88WL%3C%2Flicense_number%3E%3Cver%3E4.14.2.SP1%3C%2Fver%3E%3Cproduct_status%3E%3C%2Fproduct_status%3E%3Cproduct_build%3E%3C%2Fproduct_build%3E%3Cedition%3EMULTIVENDOR%3C%2Fedition%3E%3Clang%3EPT%3C%2Flang%3E%3Cstore_uri%3Ehttp%3A%2F%2Fpartiushop.com.br%2F%3C%2Fstore_uri%3E%3Csecure_store_uri%3Ehttps%3A%2F%2Fpartiushop.com.br%2F%3C%2Fsecure_store_uri%3E%3Chttps_enabled%3EN%3C%2Fhttps_enabled%3E%3Cadmin_uri%3Ehttp%3A%2F%2Fpartiushop.com.br%2F%3C%2Fadmin_uri%3E%3Cstore_ip%3E177.70.195.83%3C%2Fstore_ip%3E%3Cstore_mode%3EULTIMATE%3C%2Fstore_mode%3E%3C%2FRequest%3E\'\";s:8:\"response\";s:133:\"<?xml version=\"1.0\" encoding=\"UTF-8\"?><Response><License>ACTIVE</License><Updates>AVAILABLE</Updates><Messages></Messages></Response>\";}', '', 0),
(2203, 30, 1654870955, 'users', 'N', 'session', '', 'a:5:{s:4:\"user\";s:69:\"Giovanni Vinicius de Figueiredo; giovannivinicius1997@gmail.com (#30)\";s:2:\"id\";s:2:\"30\";s:10:\"ip_address\";s:13:\"177.70.195.83\";s:13:\"loggedin_time\";s:22:\"4 |hours| 58 |minutes|\";s:7:\"timeout\";b:1;}', '', 0);
INSERT INTO `partiushop_logs` (`log_id`, `user_id`, `timestamp`, `type`, `event_type`, `action`, `object`, `content`, `backtrace`, `company_id`) VALUES
(2204, 30, 1654870957, 'database', 'E', 'error', '', 'a:2:{s:5:\"error\";s:68:\"Table \'partiushopcom_br.cscart_products\' doesn\'t exist <b>(1146)</b>\";s:5:\"query\";s:98:\"SELECT DISTINCT `company_id` FROM `cscart_products` WHERE `plan_id` IS NOT NULL AND `status` = \'A\'\";}', 'a:8:{i:0;a:3:{s:4:\"file\";s:20:\"CvmORvU06X1SNEBE.php\";s:4:\"line\";i:27;s:8:\"function\";s:11:\"fn_dispatch\";}i:1;a:3:{s:4:\"file\";s:28:\"app/functions/fn.control.php\";s:4:\"line\";i:458;s:8:\"function\";s:17:\"fn_run_controller\";}i:2;a:3:{s:4:\"file\";s:28:\"app/functions/fn.control.php\";s:4:\"line\";i:722;s:8:\"function\";s:7:\"include\";}i:3;a:3:{s:4:\"file\";s:79:\"app/addons/partiuhub_planos_vendedores/controllers/backend/vendor_plans.pre.php\";s:4:\"line\";i:14;s:8:\"function\";s:14:\"verifyPayments\";}i:4;a:3:{s:4:\"file\";s:100:\"app/addons/partiuhub_planos_vendedores/Tygh/Addons/PartiuhubPlanosVendedores/PeriodicityPayments.php\";s:4:\"line\";i:28;s:8:\"function\";s:12:\"db_get_array\";}i:5;a:3:{s:4:\"file\";s:29:\"app/functions/fn.database.php\";s:4:\"line\";i:35;s:8:\"function\";s:8:\"getArray\";}i:6;a:3:{s:4:\"file\";s:32:\"app/Tygh/Database/Connection.php\";s:4:\"line\";i:307;s:8:\"function\";s:5:\"query\";}i:7;a:3:{s:4:\"file\";s:32:\"app/Tygh/Database/Connection.php\";s:4:\"line\";i:690;s:8:\"function\";s:10:\"throwError\";}}', 0),
(2205, 30, 1654870956, 'requests', 'N', 'http', '', 'a:3:{s:3:\"url\";s:37:\"https://updates.cs-cart.com/index.php\";s:7:\"request\";s:926:\"\'dispatch=product_updates.check_available&request=%3C%3Fxml+version%3D%221.0%22+encoding%3D%22UTF-8%22%3F%3E%3CRequest+action%3D%22check_license%22+api%3D%223%22%3E%3Ctoken%3E1536119277%3C%2Ftoken%3E%3Cstore_key%3E3568101368%3Bpartiushop.com.br%3C%2Fstore_key%3E%3Cdomains%3Epartiushop.com.br%2Ctest%3C%2Fdomains%3E%3Clicense_number%3ECS-MV-ULT-44IK-K8V8-0137-88WL%3C%2Flicense_number%3E%3Cver%3E4.14.2.SP1%3C%2Fver%3E%3Cproduct_status%3E%3C%2Fproduct_status%3E%3Cproduct_build%3E%3C%2Fproduct_build%3E%3Cedition%3EMULTIVENDOR%3C%2Fedition%3E%3Clang%3EPT%3C%2Flang%3E%3Cstore_uri%3Ehttp%3A%2F%2Fpartiushop.com.br%2F%3C%2Fstore_uri%3E%3Csecure_store_uri%3Ehttps%3A%2F%2Fpartiushop.com.br%2F%3C%2Fsecure_store_uri%3E%3Chttps_enabled%3EN%3C%2Fhttps_enabled%3E%3Cadmin_uri%3Ehttp%3A%2F%2Fpartiushop.com.br%2F%3C%2Fadmin_uri%3E%3Cstore_ip%3E177.70.195.83%3C%2Fstore_ip%3E%3Cstore_mode%3EULTIMATE%3C%2Fstore_mode%3E%3C%2FRequest%3E\'\";s:8:\"response\";s:133:\"<?xml version=\"1.0\" encoding=\"UTF-8\"?><Response><License>ACTIVE</License><Updates>AVAILABLE</Updates><Messages></Messages></Response>\";}', '', 0),
(2206, 30, 1655132878, 'users', 'N', 'session', '', 'a:5:{s:4:\"user\";s:69:\"Giovanni Vinicius de Figueiredo; giovannivinicius1997@gmail.com (#30)\";s:2:\"id\";s:2:\"30\";s:10:\"ip_address\";s:13:\"177.70.195.83\";s:13:\"loggedin_time\";s:22:\"2 |hours| 23 |minutes|\";s:7:\"timeout\";b:1;}', '', 0),
(2207, 30, 1655132882, 'database', 'E', 'error', '', 'a:2:{s:5:\"error\";s:68:\"Table \'partiushopcom_br.cscart_products\' doesn\'t exist <b>(1146)</b>\";s:5:\"query\";s:98:\"SELECT DISTINCT `company_id` FROM `cscart_products` WHERE `plan_id` IS NOT NULL AND `status` = \'A\'\";}', 'a:8:{i:0;a:3:{s:4:\"file\";s:20:\"CvmORvU06X1SNEBE.php\";s:4:\"line\";i:27;s:8:\"function\";s:11:\"fn_dispatch\";}i:1;a:3:{s:4:\"file\";s:28:\"app/functions/fn.control.php\";s:4:\"line\";i:458;s:8:\"function\";s:17:\"fn_run_controller\";}i:2;a:3:{s:4:\"file\";s:28:\"app/functions/fn.control.php\";s:4:\"line\";i:722;s:8:\"function\";s:7:\"include\";}i:3;a:3:{s:4:\"file\";s:79:\"app/addons/partiuhub_planos_vendedores/controllers/backend/vendor_plans.pre.php\";s:4:\"line\";i:14;s:8:\"function\";s:14:\"verifyPayments\";}i:4;a:3:{s:4:\"file\";s:100:\"app/addons/partiuhub_planos_vendedores/Tygh/Addons/PartiuhubPlanosVendedores/PeriodicityPayments.php\";s:4:\"line\";i:28;s:8:\"function\";s:12:\"db_get_array\";}i:5;a:3:{s:4:\"file\";s:29:\"app/functions/fn.database.php\";s:4:\"line\";i:35;s:8:\"function\";s:8:\"getArray\";}i:6;a:3:{s:4:\"file\";s:32:\"app/Tygh/Database/Connection.php\";s:4:\"line\";i:307;s:8:\"function\";s:5:\"query\";}i:7;a:3:{s:4:\"file\";s:32:\"app/Tygh/Database/Connection.php\";s:4:\"line\";i:690;s:8:\"function\";s:10:\"throwError\";}}', 0),
(2208, 30, 1655132881, 'requests', 'N', 'http', '', 'a:3:{s:3:\"url\";s:37:\"https://updates.cs-cart.com/index.php\";s:7:\"request\";s:926:\"\'dispatch=product_updates.check_available&request=%3C%3Fxml+version%3D%221.0%22+encoding%3D%22UTF-8%22%3F%3E%3CRequest+action%3D%22check_license%22+api%3D%223%22%3E%3Ctoken%3E2555968037%3C%2Ftoken%3E%3Cstore_key%3E3568101368%3Bpartiushop.com.br%3C%2Fstore_key%3E%3Cdomains%3Epartiushop.com.br%2Ctest%3C%2Fdomains%3E%3Clicense_number%3ECS-MV-ULT-44IK-K8V8-0137-88WL%3C%2Flicense_number%3E%3Cver%3E4.14.2.SP1%3C%2Fver%3E%3Cproduct_status%3E%3C%2Fproduct_status%3E%3Cproduct_build%3E%3C%2Fproduct_build%3E%3Cedition%3EMULTIVENDOR%3C%2Fedition%3E%3Clang%3EPT%3C%2Flang%3E%3Cstore_uri%3Ehttp%3A%2F%2Fpartiushop.com.br%2F%3C%2Fstore_uri%3E%3Csecure_store_uri%3Ehttps%3A%2F%2Fpartiushop.com.br%2F%3C%2Fsecure_store_uri%3E%3Chttps_enabled%3EN%3C%2Fhttps_enabled%3E%3Cadmin_uri%3Ehttp%3A%2F%2Fpartiushop.com.br%2F%3C%2Fadmin_uri%3E%3Cstore_ip%3E177.70.195.83%3C%2Fstore_ip%3E%3Cstore_mode%3EULTIMATE%3C%2Fstore_mode%3E%3C%2FRequest%3E\'\";s:8:\"response\";s:133:\"<?xml version=\"1.0\" encoding=\"UTF-8\"?><Response><License>ACTIVE</License><Updates>AVAILABLE</Updates><Messages></Messages></Response>\";}', '', 0),
(2209, 30, 1655142948, 'users', 'N', 'session', '', 'a:5:{s:4:\"user\";s:69:\"Giovanni Vinicius de Figueiredo; giovannivinicius1997@gmail.com (#30)\";s:2:\"id\";s:2:\"30\";s:10:\"ip_address\";s:13:\"177.70.195.83\";s:13:\"loggedin_time\";s:22:\"3 |hours| 20 |minutes|\";s:7:\"timeout\";b:1;}', '', 0),
(2210, 30, 1655142950, 'database', 'E', 'error', '', 'a:2:{s:5:\"error\";s:68:\"Table \'partiushopcom_br.cscart_products\' doesn\'t exist <b>(1146)</b>\";s:5:\"query\";s:98:\"SELECT DISTINCT `company_id` FROM `cscart_products` WHERE `plan_id` IS NOT NULL AND `status` = \'A\'\";}', 'a:8:{i:0;a:3:{s:4:\"file\";s:20:\"CvmORvU06X1SNEBE.php\";s:4:\"line\";i:27;s:8:\"function\";s:11:\"fn_dispatch\";}i:1;a:3:{s:4:\"file\";s:28:\"app/functions/fn.control.php\";s:4:\"line\";i:458;s:8:\"function\";s:17:\"fn_run_controller\";}i:2;a:3:{s:4:\"file\";s:28:\"app/functions/fn.control.php\";s:4:\"line\";i:722;s:8:\"function\";s:7:\"include\";}i:3;a:3:{s:4:\"file\";s:79:\"app/addons/partiuhub_planos_vendedores/controllers/backend/vendor_plans.pre.php\";s:4:\"line\";i:14;s:8:\"function\";s:14:\"verifyPayments\";}i:4;a:3:{s:4:\"file\";s:100:\"app/addons/partiuhub_planos_vendedores/Tygh/Addons/PartiuhubPlanosVendedores/PeriodicityPayments.php\";s:4:\"line\";i:28;s:8:\"function\";s:12:\"db_get_array\";}i:5;a:3:{s:4:\"file\";s:29:\"app/functions/fn.database.php\";s:4:\"line\";i:35;s:8:\"function\";s:8:\"getArray\";}i:6;a:3:{s:4:\"file\";s:32:\"app/Tygh/Database/Connection.php\";s:4:\"line\";i:307;s:8:\"function\";s:5:\"query\";}i:7;a:3:{s:4:\"file\";s:32:\"app/Tygh/Database/Connection.php\";s:4:\"line\";i:690;s:8:\"function\";s:10:\"throwError\";}}', 0),
(2211, 30, 1655142949, 'requests', 'N', 'http', '', 'a:3:{s:3:\"url\";s:37:\"https://updates.cs-cart.com/index.php\";s:7:\"request\";s:926:\"\'dispatch=product_updates.check_available&request=%3C%3Fxml+version%3D%221.0%22+encoding%3D%22UTF-8%22%3F%3E%3CRequest+action%3D%22check_license%22+api%3D%223%22%3E%3Ctoken%3E3509075573%3C%2Ftoken%3E%3Cstore_key%3E3568101368%3Bpartiushop.com.br%3C%2Fstore_key%3E%3Cdomains%3Epartiushop.com.br%2Ctest%3C%2Fdomains%3E%3Clicense_number%3ECS-MV-ULT-44IK-K8V8-0137-88WL%3C%2Flicense_number%3E%3Cver%3E4.14.2.SP1%3C%2Fver%3E%3Cproduct_status%3E%3C%2Fproduct_status%3E%3Cproduct_build%3E%3C%2Fproduct_build%3E%3Cedition%3EMULTIVENDOR%3C%2Fedition%3E%3Clang%3EPT%3C%2Flang%3E%3Cstore_uri%3Ehttp%3A%2F%2Fpartiushop.com.br%2F%3C%2Fstore_uri%3E%3Csecure_store_uri%3Ehttps%3A%2F%2Fpartiushop.com.br%2F%3C%2Fsecure_store_uri%3E%3Chttps_enabled%3EN%3C%2Fhttps_enabled%3E%3Cadmin_uri%3Ehttp%3A%2F%2Fpartiushop.com.br%2F%3C%2Fadmin_uri%3E%3Cstore_ip%3E177.70.195.83%3C%2Fstore_ip%3E%3Cstore_mode%3EULTIMATE%3C%2Fstore_mode%3E%3C%2FRequest%3E\'\";s:8:\"response\";s:133:\"<?xml version=\"1.0\" encoding=\"UTF-8\"?><Response><License>ACTIVE</License><Updates>AVAILABLE</Updates><Messages></Messages></Response>\";}', '', 0),
(2212, 30, 1655730779, 'users', 'N', 'session', '', 'a:5:{s:4:\"user\";s:69:\"Giovanni Vinicius de Figueiredo; giovannivinicius1997@gmail.com (#30)\";s:2:\"id\";s:2:\"30\";s:10:\"ip_address\";s:13:\"177.70.195.83\";s:13:\"loggedin_time\";s:22:\"4 |hours| 38 |minutes|\";s:7:\"timeout\";b:1;}', '', 0),
(2213, 30, 1655730784, 'database', 'E', 'error', '', 'a:2:{s:5:\"error\";s:68:\"Table \'partiushopcom_br.cscart_products\' doesn\'t exist <b>(1146)</b>\";s:5:\"query\";s:98:\"SELECT DISTINCT `company_id` FROM `cscart_products` WHERE `plan_id` IS NOT NULL AND `status` = \'A\'\";}', 'a:8:{i:0;a:3:{s:4:\"file\";s:20:\"CvmORvU06X1SNEBE.php\";s:4:\"line\";i:27;s:8:\"function\";s:11:\"fn_dispatch\";}i:1;a:3:{s:4:\"file\";s:28:\"app/functions/fn.control.php\";s:4:\"line\";i:458;s:8:\"function\";s:17:\"fn_run_controller\";}i:2;a:3:{s:4:\"file\";s:28:\"app/functions/fn.control.php\";s:4:\"line\";i:722;s:8:\"function\";s:7:\"include\";}i:3;a:3:{s:4:\"file\";s:79:\"app/addons/partiuhub_planos_vendedores/controllers/backend/vendor_plans.pre.php\";s:4:\"line\";i:14;s:8:\"function\";s:14:\"verifyPayments\";}i:4;a:3:{s:4:\"file\";s:100:\"app/addons/partiuhub_planos_vendedores/Tygh/Addons/PartiuhubPlanosVendedores/PeriodicityPayments.php\";s:4:\"line\";i:28;s:8:\"function\";s:12:\"db_get_array\";}i:5;a:3:{s:4:\"file\";s:29:\"app/functions/fn.database.php\";s:4:\"line\";i:35;s:8:\"function\";s:8:\"getArray\";}i:6;a:3:{s:4:\"file\";s:32:\"app/Tygh/Database/Connection.php\";s:4:\"line\";i:307;s:8:\"function\";s:5:\"query\";}i:7;a:3:{s:4:\"file\";s:32:\"app/Tygh/Database/Connection.php\";s:4:\"line\";i:690;s:8:\"function\";s:10:\"throwError\";}}', 0),
(2214, 30, 1655730784, 'requests', 'N', 'http', '', 'a:3:{s:3:\"url\";s:37:\"https://updates.cs-cart.com/index.php\";s:7:\"request\";s:926:\"\'dispatch=product_updates.check_available&request=%3C%3Fxml+version%3D%221.0%22+encoding%3D%22UTF-8%22%3F%3E%3CRequest+action%3D%22check_license%22+api%3D%223%22%3E%3Ctoken%3E3437961843%3C%2Ftoken%3E%3Cstore_key%3E3568101368%3Bpartiushop.com.br%3C%2Fstore_key%3E%3Cdomains%3Epartiushop.com.br%2Ctest%3C%2Fdomains%3E%3Clicense_number%3ECS-MV-ULT-44IK-K8V8-0137-88WL%3C%2Flicense_number%3E%3Cver%3E4.14.2.SP1%3C%2Fver%3E%3Cproduct_status%3E%3C%2Fproduct_status%3E%3Cproduct_build%3E%3C%2Fproduct_build%3E%3Cedition%3EMULTIVENDOR%3C%2Fedition%3E%3Clang%3EPT%3C%2Flang%3E%3Cstore_uri%3Ehttp%3A%2F%2Fpartiushop.com.br%2F%3C%2Fstore_uri%3E%3Csecure_store_uri%3Ehttps%3A%2F%2Fpartiushop.com.br%2F%3C%2Fsecure_store_uri%3E%3Chttps_enabled%3EN%3C%2Fhttps_enabled%3E%3Cadmin_uri%3Ehttp%3A%2F%2Fpartiushop.com.br%2F%3C%2Fadmin_uri%3E%3Cstore_ip%3E177.70.195.83%3C%2Fstore_ip%3E%3Cstore_mode%3EULTIMATE%3C%2Fstore_mode%3E%3C%2FRequest%3E\'\";s:8:\"response\";s:133:\"<?xml version=\"1.0\" encoding=\"UTF-8\"?><Response><License>ACTIVE</License><Updates>AVAILABLE</Updates><Messages></Messages></Response>\";}', '', 0),
(2215, 30, 1655753422, 'users', 'N', 'session', '', 'a:5:{s:4:\"user\";s:69:\"Giovanni Vinicius de Figueiredo; giovannivinicius1997@gmail.com (#30)\";s:2:\"id\";s:2:\"30\";s:10:\"ip_address\";s:13:\"177.70.195.83\";s:13:\"loggedin_time\";s:22:\"2 |hours| 30 |minutes|\";s:7:\"timeout\";b:1;}', '', 0),
(2216, 30, 1655753424, 'database', 'E', 'error', '', 'a:2:{s:5:\"error\";s:68:\"Table \'partiushopcom_br.cscart_products\' doesn\'t exist <b>(1146)</b>\";s:5:\"query\";s:98:\"SELECT DISTINCT `company_id` FROM `cscart_products` WHERE `plan_id` IS NOT NULL AND `status` = \'A\'\";}', 'a:8:{i:0;a:3:{s:4:\"file\";s:20:\"CvmORvU06X1SNEBE.php\";s:4:\"line\";i:27;s:8:\"function\";s:11:\"fn_dispatch\";}i:1;a:3:{s:4:\"file\";s:28:\"app/functions/fn.control.php\";s:4:\"line\";i:458;s:8:\"function\";s:17:\"fn_run_controller\";}i:2;a:3:{s:4:\"file\";s:28:\"app/functions/fn.control.php\";s:4:\"line\";i:722;s:8:\"function\";s:7:\"include\";}i:3;a:3:{s:4:\"file\";s:79:\"app/addons/partiuhub_planos_vendedores/controllers/backend/vendor_plans.pre.php\";s:4:\"line\";i:14;s:8:\"function\";s:14:\"verifyPayments\";}i:4;a:3:{s:4:\"file\";s:100:\"app/addons/partiuhub_planos_vendedores/Tygh/Addons/PartiuhubPlanosVendedores/PeriodicityPayments.php\";s:4:\"line\";i:28;s:8:\"function\";s:12:\"db_get_array\";}i:5;a:3:{s:4:\"file\";s:29:\"app/functions/fn.database.php\";s:4:\"line\";i:35;s:8:\"function\";s:8:\"getArray\";}i:6;a:3:{s:4:\"file\";s:32:\"app/Tygh/Database/Connection.php\";s:4:\"line\";i:307;s:8:\"function\";s:5:\"query\";}i:7;a:3:{s:4:\"file\";s:32:\"app/Tygh/Database/Connection.php\";s:4:\"line\";i:690;s:8:\"function\";s:10:\"throwError\";}}', 0),
(2217, 30, 1655753423, 'requests', 'N', 'http', '', 'a:3:{s:3:\"url\";s:37:\"https://updates.cs-cart.com/index.php\";s:7:\"request\";s:926:\"\'dispatch=product_updates.check_available&request=%3C%3Fxml+version%3D%221.0%22+encoding%3D%22UTF-8%22%3F%3E%3CRequest+action%3D%22check_license%22+api%3D%223%22%3E%3Ctoken%3E3842536089%3C%2Ftoken%3E%3Cstore_key%3E3568101368%3Bpartiushop.com.br%3C%2Fstore_key%3E%3Cdomains%3Epartiushop.com.br%2Ctest%3C%2Fdomains%3E%3Clicense_number%3ECS-MV-ULT-44IK-K8V8-0137-88WL%3C%2Flicense_number%3E%3Cver%3E4.14.2.SP1%3C%2Fver%3E%3Cproduct_status%3E%3C%2Fproduct_status%3E%3Cproduct_build%3E%3C%2Fproduct_build%3E%3Cedition%3EMULTIVENDOR%3C%2Fedition%3E%3Clang%3EPT%3C%2Flang%3E%3Cstore_uri%3Ehttp%3A%2F%2Fpartiushop.com.br%2F%3C%2Fstore_uri%3E%3Csecure_store_uri%3Ehttps%3A%2F%2Fpartiushop.com.br%2F%3C%2Fsecure_store_uri%3E%3Chttps_enabled%3EN%3C%2Fhttps_enabled%3E%3Cadmin_uri%3Ehttp%3A%2F%2Fpartiushop.com.br%2F%3C%2Fadmin_uri%3E%3Cstore_ip%3E177.70.195.83%3C%2Fstore_ip%3E%3Cstore_mode%3EULTIMATE%3C%2Fstore_mode%3E%3C%2FRequest%3E\'\";s:8:\"response\";s:133:\"<?xml version=\"1.0\" encoding=\"UTF-8\"?><Response><License>ACTIVE</License><Updates>AVAILABLE</Updates><Messages></Messages></Response>\";}', '', 0),
(2218, 30, 1655841976, 'users', 'N', 'session', '', 'a:5:{s:4:\"user\";s:69:\"Giovanni Vinicius de Figueiredo; giovannivinicius1997@gmail.com (#30)\";s:2:\"id\";s:2:\"30\";s:10:\"ip_address\";s:13:\"45.181.132.33\";s:13:\"loggedin_time\";s:21:\"2 |hours| 9 |minutes|\";s:7:\"timeout\";b:1;}', '', 0),
(2219, 30, 1655841985, 'database', 'E', 'error', '', 'a:2:{s:5:\"error\";s:68:\"Table \'partiushopcom_br.cscart_products\' doesn\'t exist <b>(1146)</b>\";s:5:\"query\";s:98:\"SELECT DISTINCT `company_id` FROM `cscart_products` WHERE `plan_id` IS NOT NULL AND `status` = \'A\'\";}', 'a:8:{i:0;a:3:{s:4:\"file\";s:20:\"CvmORvU06X1SNEBE.php\";s:4:\"line\";i:27;s:8:\"function\";s:11:\"fn_dispatch\";}i:1;a:3:{s:4:\"file\";s:28:\"app/functions/fn.control.php\";s:4:\"line\";i:458;s:8:\"function\";s:17:\"fn_run_controller\";}i:2;a:3:{s:4:\"file\";s:28:\"app/functions/fn.control.php\";s:4:\"line\";i:722;s:8:\"function\";s:7:\"include\";}i:3;a:3:{s:4:\"file\";s:79:\"app/addons/partiuhub_planos_vendedores/controllers/backend/vendor_plans.pre.php\";s:4:\"line\";i:14;s:8:\"function\";s:14:\"verifyPayments\";}i:4;a:3:{s:4:\"file\";s:100:\"app/addons/partiuhub_planos_vendedores/Tygh/Addons/PartiuhubPlanosVendedores/PeriodicityPayments.php\";s:4:\"line\";i:28;s:8:\"function\";s:12:\"db_get_array\";}i:5;a:3:{s:4:\"file\";s:29:\"app/functions/fn.database.php\";s:4:\"line\";i:35;s:8:\"function\";s:8:\"getArray\";}i:6;a:3:{s:4:\"file\";s:32:\"app/Tygh/Database/Connection.php\";s:4:\"line\";i:307;s:8:\"function\";s:5:\"query\";}i:7;a:3:{s:4:\"file\";s:32:\"app/Tygh/Database/Connection.php\";s:4:\"line\";i:690;s:8:\"function\";s:10:\"throwError\";}}', 0),
(2220, 30, 1655992023, 'users', 'N', 'session', '', 'a:5:{s:4:\"user\";s:69:\"Giovanni Vinicius de Figueiredo; giovannivinicius1997@gmail.com (#30)\";s:2:\"id\";s:2:\"30\";s:10:\"ip_address\";s:14:\"177.70.195.143\";s:13:\"loggedin_time\";s:22:\"2 |hours| 50 |minutes|\";s:7:\"timeout\";b:1;}', '', 0),
(2221, 30, 1655992026, 'database', 'E', 'error', '', 'a:2:{s:5:\"error\";s:68:\"Table \'partiushopcom_br.cscart_products\' doesn\'t exist <b>(1146)</b>\";s:5:\"query\";s:98:\"SELECT DISTINCT `company_id` FROM `cscart_products` WHERE `plan_id` IS NOT NULL AND `status` = \'A\'\";}', 'a:8:{i:0;a:3:{s:4:\"file\";s:20:\"CvmORvU06X1SNEBE.php\";s:4:\"line\";i:27;s:8:\"function\";s:11:\"fn_dispatch\";}i:1;a:3:{s:4:\"file\";s:28:\"app/functions/fn.control.php\";s:4:\"line\";i:458;s:8:\"function\";s:17:\"fn_run_controller\";}i:2;a:3:{s:4:\"file\";s:28:\"app/functions/fn.control.php\";s:4:\"line\";i:722;s:8:\"function\";s:7:\"include\";}i:3;a:3:{s:4:\"file\";s:79:\"app/addons/partiuhub_planos_vendedores/controllers/backend/vendor_plans.pre.php\";s:4:\"line\";i:14;s:8:\"function\";s:14:\"verifyPayments\";}i:4;a:3:{s:4:\"file\";s:100:\"app/addons/partiuhub_planos_vendedores/Tygh/Addons/PartiuhubPlanosVendedores/PeriodicityPayments.php\";s:4:\"line\";i:28;s:8:\"function\";s:12:\"db_get_array\";}i:5;a:3:{s:4:\"file\";s:29:\"app/functions/fn.database.php\";s:4:\"line\";i:35;s:8:\"function\";s:8:\"getArray\";}i:6;a:3:{s:4:\"file\";s:32:\"app/Tygh/Database/Connection.php\";s:4:\"line\";i:307;s:8:\"function\";s:5:\"query\";}i:7;a:3:{s:4:\"file\";s:32:\"app/Tygh/Database/Connection.php\";s:4:\"line\";i:690;s:8:\"function\";s:10:\"throwError\";}}', 0),
(2222, 30, 1655992026, 'requests', 'N', 'http', '', 'a:3:{s:3:\"url\";s:37:\"https://updates.cs-cart.com/index.php\";s:7:\"request\";s:927:\"\'dispatch=product_updates.check_available&request=%3C%3Fxml+version%3D%221.0%22+encoding%3D%22UTF-8%22%3F%3E%3CRequest+action%3D%22check_license%22+api%3D%223%22%3E%3Ctoken%3E3921599008%3C%2Ftoken%3E%3Cstore_key%3E3568101368%3Bpartiushop.com.br%3C%2Fstore_key%3E%3Cdomains%3Epartiushop.com.br%2Ctest%3C%2Fdomains%3E%3Clicense_number%3ECS-MV-ULT-44IK-K8V8-0137-88WL%3C%2Flicense_number%3E%3Cver%3E4.14.2.SP1%3C%2Fver%3E%3Cproduct_status%3E%3C%2Fproduct_status%3E%3Cproduct_build%3E%3C%2Fproduct_build%3E%3Cedition%3EMULTIVENDOR%3C%2Fedition%3E%3Clang%3EPT%3C%2Flang%3E%3Cstore_uri%3Ehttp%3A%2F%2Fpartiushop.com.br%2F%3C%2Fstore_uri%3E%3Csecure_store_uri%3Ehttps%3A%2F%2Fpartiushop.com.br%2F%3C%2Fsecure_store_uri%3E%3Chttps_enabled%3EN%3C%2Fhttps_enabled%3E%3Cadmin_uri%3Ehttp%3A%2F%2Fpartiushop.com.br%2F%3C%2Fadmin_uri%3E%3Cstore_ip%3E177.70.195.143%3C%2Fstore_ip%3E%3Cstore_mode%3EULTIMATE%3C%2Fstore_mode%3E%3C%2FRequest%3E\'\";s:8:\"response\";s:133:\"<?xml version=\"1.0\" encoding=\"UTF-8\"?><Response><License>ACTIVE</License><Updates>AVAILABLE</Updates><Messages></Messages></Response>\";}', '', 0),
(2223, 30, 1656016705, 'users', 'N', 'session', '', 'a:5:{s:4:\"user\";s:69:\"Giovanni Vinicius de Figueiredo; giovannivinicius1997@gmail.com (#30)\";s:2:\"id\";s:2:\"30\";s:10:\"ip_address\";s:14:\"177.70.195.143\";s:13:\"loggedin_time\";s:22:\"2 |hours| 37 |minutes|\";s:7:\"timeout\";b:1;}', '', 0),
(2224, 30, 1656016707, 'database', 'E', 'error', '', 'a:2:{s:5:\"error\";s:68:\"Table \'partiushopcom_br.cscart_products\' doesn\'t exist <b>(1146)</b>\";s:5:\"query\";s:98:\"SELECT DISTINCT `company_id` FROM `cscart_products` WHERE `plan_id` IS NOT NULL AND `status` = \'A\'\";}', 'a:8:{i:0;a:3:{s:4:\"file\";s:20:\"CvmORvU06X1SNEBE.php\";s:4:\"line\";i:27;s:8:\"function\";s:11:\"fn_dispatch\";}i:1;a:3:{s:4:\"file\";s:28:\"app/functions/fn.control.php\";s:4:\"line\";i:458;s:8:\"function\";s:17:\"fn_run_controller\";}i:2;a:3:{s:4:\"file\";s:28:\"app/functions/fn.control.php\";s:4:\"line\";i:722;s:8:\"function\";s:7:\"include\";}i:3;a:3:{s:4:\"file\";s:79:\"app/addons/partiuhub_planos_vendedores/controllers/backend/vendor_plans.pre.php\";s:4:\"line\";i:14;s:8:\"function\";s:14:\"verifyPayments\";}i:4;a:3:{s:4:\"file\";s:100:\"app/addons/partiuhub_planos_vendedores/Tygh/Addons/PartiuhubPlanosVendedores/PeriodicityPayments.php\";s:4:\"line\";i:28;s:8:\"function\";s:12:\"db_get_array\";}i:5;a:3:{s:4:\"file\";s:29:\"app/functions/fn.database.php\";s:4:\"line\";i:35;s:8:\"function\";s:8:\"getArray\";}i:6;a:3:{s:4:\"file\";s:32:\"app/Tygh/Database/Connection.php\";s:4:\"line\";i:307;s:8:\"function\";s:5:\"query\";}i:7;a:3:{s:4:\"file\";s:32:\"app/Tygh/Database/Connection.php\";s:4:\"line\";i:690;s:8:\"function\";s:10:\"throwError\";}}', 0),
(2225, 30, 1656016706, 'requests', 'N', 'http', '', 'a:3:{s:3:\"url\";s:37:\"https://updates.cs-cart.com/index.php\";s:7:\"request\";s:927:\"\'dispatch=product_updates.check_available&request=%3C%3Fxml+version%3D%221.0%22+encoding%3D%22UTF-8%22%3F%3E%3CRequest+action%3D%22check_license%22+api%3D%223%22%3E%3Ctoken%3E3465880523%3C%2Ftoken%3E%3Cstore_key%3E3568101368%3Bpartiushop.com.br%3C%2Fstore_key%3E%3Cdomains%3Epartiushop.com.br%2Ctest%3C%2Fdomains%3E%3Clicense_number%3ECS-MV-ULT-44IK-K8V8-0137-88WL%3C%2Flicense_number%3E%3Cver%3E4.14.2.SP1%3C%2Fver%3E%3Cproduct_status%3E%3C%2Fproduct_status%3E%3Cproduct_build%3E%3C%2Fproduct_build%3E%3Cedition%3EMULTIVENDOR%3C%2Fedition%3E%3Clang%3EPT%3C%2Flang%3E%3Cstore_uri%3Ehttp%3A%2F%2Fpartiushop.com.br%2F%3C%2Fstore_uri%3E%3Csecure_store_uri%3Ehttps%3A%2F%2Fpartiushop.com.br%2F%3C%2Fsecure_store_uri%3E%3Chttps_enabled%3EN%3C%2Fhttps_enabled%3E%3Cadmin_uri%3Ehttp%3A%2F%2Fpartiushop.com.br%2F%3C%2Fadmin_uri%3E%3Cstore_ip%3E177.70.195.143%3C%2Fstore_ip%3E%3Cstore_mode%3EULTIMATE%3C%2Fstore_mode%3E%3C%2FRequest%3E\'\";s:8:\"response\";s:133:\"<?xml version=\"1.0\" encoding=\"UTF-8\"?><Response><License>ACTIVE</License><Updates>AVAILABLE</Updates><Messages></Messages></Response>\";}', '', 0),
(2226, 30, 1656510721, 'users', 'N', 'session', '', 'a:5:{s:4:\"user\";s:69:\"Giovanni Vinicius de Figueiredo; giovannivinicius1997@gmail.com (#30)\";s:2:\"id\";s:2:\"30\";s:10:\"ip_address\";s:14:\"177.70.195.143\";s:13:\"loggedin_time\";s:22:\"3 |hours| 41 |minutes|\";s:7:\"timeout\";b:1;}', '', 0),
(2227, 30, 1656510725, 'database', 'E', 'error', '', 'a:2:{s:5:\"error\";s:68:\"Table \'partiushopcom_br.cscart_products\' doesn\'t exist <b>(1146)</b>\";s:5:\"query\";s:98:\"SELECT DISTINCT `company_id` FROM `cscart_products` WHERE `plan_id` IS NOT NULL AND `status` = \'A\'\";}', 'a:8:{i:0;a:3:{s:4:\"file\";s:20:\"CvmORvU06X1SNEBE.php\";s:4:\"line\";i:27;s:8:\"function\";s:11:\"fn_dispatch\";}i:1;a:3:{s:4:\"file\";s:28:\"app/functions/fn.control.php\";s:4:\"line\";i:458;s:8:\"function\";s:17:\"fn_run_controller\";}i:2;a:3:{s:4:\"file\";s:28:\"app/functions/fn.control.php\";s:4:\"line\";i:722;s:8:\"function\";s:7:\"include\";}i:3;a:3:{s:4:\"file\";s:79:\"app/addons/partiuhub_planos_vendedores/controllers/backend/vendor_plans.pre.php\";s:4:\"line\";i:14;s:8:\"function\";s:14:\"verifyPayments\";}i:4;a:3:{s:4:\"file\";s:100:\"app/addons/partiuhub_planos_vendedores/Tygh/Addons/PartiuhubPlanosVendedores/PeriodicityPayments.php\";s:4:\"line\";i:28;s:8:\"function\";s:12:\"db_get_array\";}i:5;a:3:{s:4:\"file\";s:29:\"app/functions/fn.database.php\";s:4:\"line\";i:35;s:8:\"function\";s:8:\"getArray\";}i:6;a:3:{s:4:\"file\";s:32:\"app/Tygh/Database/Connection.php\";s:4:\"line\";i:307;s:8:\"function\";s:5:\"query\";}i:7;a:3:{s:4:\"file\";s:32:\"app/Tygh/Database/Connection.php\";s:4:\"line\";i:690;s:8:\"function\";s:10:\"throwError\";}}', 0),
(2228, 30, 1656510725, 'requests', 'N', 'http', '', 'a:3:{s:3:\"url\";s:37:\"https://updates.cs-cart.com/index.php\";s:7:\"request\";s:927:\"\'dispatch=product_updates.check_available&request=%3C%3Fxml+version%3D%221.0%22+encoding%3D%22UTF-8%22%3F%3E%3CRequest+action%3D%22check_license%22+api%3D%223%22%3E%3Ctoken%3E1511512211%3C%2Ftoken%3E%3Cstore_key%3E3568101368%3Bpartiushop.com.br%3C%2Fstore_key%3E%3Cdomains%3Epartiushop.com.br%2Ctest%3C%2Fdomains%3E%3Clicense_number%3ECS-MV-ULT-44IK-K8V8-0137-88WL%3C%2Flicense_number%3E%3Cver%3E4.14.2.SP1%3C%2Fver%3E%3Cproduct_status%3E%3C%2Fproduct_status%3E%3Cproduct_build%3E%3C%2Fproduct_build%3E%3Cedition%3EMULTIVENDOR%3C%2Fedition%3E%3Clang%3EPT%3C%2Flang%3E%3Cstore_uri%3Ehttp%3A%2F%2Fpartiushop.com.br%2F%3C%2Fstore_uri%3E%3Csecure_store_uri%3Ehttps%3A%2F%2Fpartiushop.com.br%2F%3C%2Fsecure_store_uri%3E%3Chttps_enabled%3EN%3C%2Fhttps_enabled%3E%3Cadmin_uri%3Ehttp%3A%2F%2Fpartiushop.com.br%2F%3C%2Fadmin_uri%3E%3Cstore_ip%3E177.70.195.143%3C%2Fstore_ip%3E%3Cstore_mode%3EULTIMATE%3C%2Fstore_mode%3E%3C%2FRequest%3E\'\";s:8:\"response\";s:133:\"<?xml version=\"1.0\" encoding=\"UTF-8\"?><Response><License>ACTIVE</License><Updates>AVAILABLE</Updates><Messages></Messages></Response>\";}', '', 0),
(2229, 30, 1656548401, 'users', 'N', 'session', '', 'a:5:{s:4:\"user\";s:69:\"Giovanni Vinicius de Figueiredo; giovannivinicius1997@gmail.com (#30)\";s:2:\"id\";s:2:\"30\";s:10:\"ip_address\";s:13:\"45.181.132.33\";s:13:\"loggedin_time\";s:22:\"3 |hours| 15 |minutes|\";s:7:\"timeout\";b:1;}', '', 0),
(2230, 30, 1656548404, 'database', 'E', 'error', '', 'a:2:{s:5:\"error\";s:68:\"Table \'partiushopcom_br.cscart_products\' doesn\'t exist <b>(1146)</b>\";s:5:\"query\";s:98:\"SELECT DISTINCT `company_id` FROM `cscart_products` WHERE `plan_id` IS NOT NULL AND `status` = \'A\'\";}', 'a:8:{i:0;a:3:{s:4:\"file\";s:20:\"CvmORvU06X1SNEBE.php\";s:4:\"line\";i:27;s:8:\"function\";s:11:\"fn_dispatch\";}i:1;a:3:{s:4:\"file\";s:28:\"app/functions/fn.control.php\";s:4:\"line\";i:458;s:8:\"function\";s:17:\"fn_run_controller\";}i:2;a:3:{s:4:\"file\";s:28:\"app/functions/fn.control.php\";s:4:\"line\";i:722;s:8:\"function\";s:7:\"include\";}i:3;a:3:{s:4:\"file\";s:79:\"app/addons/partiuhub_planos_vendedores/controllers/backend/vendor_plans.pre.php\";s:4:\"line\";i:14;s:8:\"function\";s:14:\"verifyPayments\";}i:4;a:3:{s:4:\"file\";s:100:\"app/addons/partiuhub_planos_vendedores/Tygh/Addons/PartiuhubPlanosVendedores/PeriodicityPayments.php\";s:4:\"line\";i:28;s:8:\"function\";s:12:\"db_get_array\";}i:5;a:3:{s:4:\"file\";s:29:\"app/functions/fn.database.php\";s:4:\"line\";i:35;s:8:\"function\";s:8:\"getArray\";}i:6;a:3:{s:4:\"file\";s:32:\"app/Tygh/Database/Connection.php\";s:4:\"line\";i:307;s:8:\"function\";s:5:\"query\";}i:7;a:3:{s:4:\"file\";s:32:\"app/Tygh/Database/Connection.php\";s:4:\"line\";i:690;s:8:\"function\";s:10:\"throwError\";}}', 0),
(2231, 30, 1656548407, 'requests', 'N', 'http', '', 'a:3:{s:3:\"url\";s:37:\"https://updates.cs-cart.com/index.php\";s:7:\"request\";s:926:\"\'dispatch=product_updates.check_available&request=%3C%3Fxml+version%3D%221.0%22+encoding%3D%22UTF-8%22%3F%3E%3CRequest+action%3D%22check_license%22+api%3D%223%22%3E%3Ctoken%3E3798894819%3C%2Ftoken%3E%3Cstore_key%3E3568101368%3Bpartiushop.com.br%3C%2Fstore_key%3E%3Cdomains%3Epartiushop.com.br%2Ctest%3C%2Fdomains%3E%3Clicense_number%3ECS-MV-ULT-44IK-K8V8-0137-88WL%3C%2Flicense_number%3E%3Cver%3E4.14.2.SP1%3C%2Fver%3E%3Cproduct_status%3E%3C%2Fproduct_status%3E%3Cproduct_build%3E%3C%2Fproduct_build%3E%3Cedition%3EMULTIVENDOR%3C%2Fedition%3E%3Clang%3EPT%3C%2Flang%3E%3Cstore_uri%3Ehttp%3A%2F%2Fpartiushop.com.br%2F%3C%2Fstore_uri%3E%3Csecure_store_uri%3Ehttps%3A%2F%2Fpartiushop.com.br%2F%3C%2Fsecure_store_uri%3E%3Chttps_enabled%3EN%3C%2Fhttps_enabled%3E%3Cadmin_uri%3Ehttp%3A%2F%2Fpartiushop.com.br%2F%3C%2Fadmin_uri%3E%3Cstore_ip%3E45.181.132.33%3C%2Fstore_ip%3E%3Cstore_mode%3EULTIMATE%3C%2Fstore_mode%3E%3C%2FRequest%3E\'\";s:8:\"response\";s:133:\"<?xml version=\"1.0\" encoding=\"UTF-8\"?><Response><License>ACTIVE</License><Updates>AVAILABLE</Updates><Messages></Messages></Response>\";}', '', 0),
(2232, 30, 1656616784, 'users', 'N', 'session', '', 'a:5:{s:4:\"user\";s:69:\"Giovanni Vinicius de Figueiredo; giovannivinicius1997@gmail.com (#30)\";s:2:\"id\";s:2:\"30\";s:10:\"ip_address\";s:13:\"45.181.132.33\";s:13:\"loggedin_time\";s:22:\"3 |hours| 53 |minutes|\";s:7:\"timeout\";b:1;}', '', 0),
(2233, 30, 1656616787, 'database', 'E', 'error', '', 'a:2:{s:5:\"error\";s:68:\"Table \'partiushopcom_br.cscart_products\' doesn\'t exist <b>(1146)</b>\";s:5:\"query\";s:98:\"SELECT DISTINCT `company_id` FROM `cscart_products` WHERE `plan_id` IS NOT NULL AND `status` = \'A\'\";}', 'a:8:{i:0;a:3:{s:4:\"file\";s:20:\"CvmORvU06X1SNEBE.php\";s:4:\"line\";i:27;s:8:\"function\";s:11:\"fn_dispatch\";}i:1;a:3:{s:4:\"file\";s:28:\"app/functions/fn.control.php\";s:4:\"line\";i:458;s:8:\"function\";s:17:\"fn_run_controller\";}i:2;a:3:{s:4:\"file\";s:28:\"app/functions/fn.control.php\";s:4:\"line\";i:722;s:8:\"function\";s:7:\"include\";}i:3;a:3:{s:4:\"file\";s:79:\"app/addons/partiuhub_planos_vendedores/controllers/backend/vendor_plans.pre.php\";s:4:\"line\";i:14;s:8:\"function\";s:14:\"verifyPayments\";}i:4;a:3:{s:4:\"file\";s:100:\"app/addons/partiuhub_planos_vendedores/Tygh/Addons/PartiuhubPlanosVendedores/PeriodicityPayments.php\";s:4:\"line\";i:28;s:8:\"function\";s:12:\"db_get_array\";}i:5;a:3:{s:4:\"file\";s:29:\"app/functions/fn.database.php\";s:4:\"line\";i:35;s:8:\"function\";s:8:\"getArray\";}i:6;a:3:{s:4:\"file\";s:32:\"app/Tygh/Database/Connection.php\";s:4:\"line\";i:307;s:8:\"function\";s:5:\"query\";}i:7;a:3:{s:4:\"file\";s:32:\"app/Tygh/Database/Connection.php\";s:4:\"line\";i:690;s:8:\"function\";s:10:\"throwError\";}}', 0),
(2234, 30, 1656616787, 'requests', 'N', 'http', '', 'a:3:{s:3:\"url\";s:37:\"https://updates.cs-cart.com/index.php\";s:7:\"request\";s:926:\"\'dispatch=product_updates.check_available&request=%3C%3Fxml+version%3D%221.0%22+encoding%3D%22UTF-8%22%3F%3E%3CRequest+action%3D%22check_license%22+api%3D%223%22%3E%3Ctoken%3E3902474112%3C%2Ftoken%3E%3Cstore_key%3E3568101368%3Bpartiushop.com.br%3C%2Fstore_key%3E%3Cdomains%3Epartiushop.com.br%2Ctest%3C%2Fdomains%3E%3Clicense_number%3ECS-MV-ULT-44IK-K8V8-0137-88WL%3C%2Flicense_number%3E%3Cver%3E4.14.2.SP1%3C%2Fver%3E%3Cproduct_status%3E%3C%2Fproduct_status%3E%3Cproduct_build%3E%3C%2Fproduct_build%3E%3Cedition%3EMULTIVENDOR%3C%2Fedition%3E%3Clang%3EPT%3C%2Flang%3E%3Cstore_uri%3Ehttp%3A%2F%2Fpartiushop.com.br%2F%3C%2Fstore_uri%3E%3Csecure_store_uri%3Ehttps%3A%2F%2Fpartiushop.com.br%2F%3C%2Fsecure_store_uri%3E%3Chttps_enabled%3EN%3C%2Fhttps_enabled%3E%3Cadmin_uri%3Ehttp%3A%2F%2Fpartiushop.com.br%2F%3C%2Fadmin_uri%3E%3Cstore_ip%3E45.181.132.33%3C%2Fstore_ip%3E%3Cstore_mode%3EULTIMATE%3C%2Fstore_mode%3E%3C%2FRequest%3E\'\";s:8:\"response\";s:133:\"<?xml version=\"1.0\" encoding=\"UTF-8\"?><Response><License>ACTIVE</License><Updates>AVAILABLE</Updates><Messages></Messages></Response>\";}', '', 0),
(2235, 30, 1656695463, 'users', 'N', 'session', '', 'a:5:{s:4:\"user\";s:69:\"Giovanni Vinicius de Figueiredo; giovannivinicius1997@gmail.com (#30)\";s:2:\"id\";s:2:\"30\";s:10:\"ip_address\";s:13:\"45.181.132.33\";s:13:\"loggedin_time\";s:22:\"6 |hours| 56 |minutes|\";s:7:\"timeout\";b:1;}', '', 0),
(2236, 30, 1656695467, 'database', 'E', 'error', '', 'a:2:{s:5:\"error\";s:68:\"Table \'partiushopcom_br.cscart_products\' doesn\'t exist <b>(1146)</b>\";s:5:\"query\";s:98:\"SELECT DISTINCT `company_id` FROM `cscart_products` WHERE `plan_id` IS NOT NULL AND `status` = \'A\'\";}', 'a:8:{i:0;a:3:{s:4:\"file\";s:20:\"CvmORvU06X1SNEBE.php\";s:4:\"line\";i:27;s:8:\"function\";s:11:\"fn_dispatch\";}i:1;a:3:{s:4:\"file\";s:28:\"app/functions/fn.control.php\";s:4:\"line\";i:458;s:8:\"function\";s:17:\"fn_run_controller\";}i:2;a:3:{s:4:\"file\";s:28:\"app/functions/fn.control.php\";s:4:\"line\";i:722;s:8:\"function\";s:7:\"include\";}i:3;a:3:{s:4:\"file\";s:79:\"app/addons/partiuhub_planos_vendedores/controllers/backend/vendor_plans.pre.php\";s:4:\"line\";i:14;s:8:\"function\";s:14:\"verifyPayments\";}i:4;a:3:{s:4:\"file\";s:100:\"app/addons/partiuhub_planos_vendedores/Tygh/Addons/PartiuhubPlanosVendedores/PeriodicityPayments.php\";s:4:\"line\";i:28;s:8:\"function\";s:12:\"db_get_array\";}i:5;a:3:{s:4:\"file\";s:29:\"app/functions/fn.database.php\";s:4:\"line\";i:35;s:8:\"function\";s:8:\"getArray\";}i:6;a:3:{s:4:\"file\";s:32:\"app/Tygh/Database/Connection.php\";s:4:\"line\";i:307;s:8:\"function\";s:5:\"query\";}i:7;a:3:{s:4:\"file\";s:32:\"app/Tygh/Database/Connection.php\";s:4:\"line\";i:690;s:8:\"function\";s:10:\"throwError\";}}', 0),
(2237, 30, 1656962329, 'users', 'N', 'session', '', 'a:5:{s:4:\"user\";s:69:\"Giovanni Vinicius de Figueiredo; giovannivinicius1997@gmail.com (#30)\";s:2:\"id\";s:2:\"30\";s:10:\"ip_address\";s:13:\"45.181.132.33\";s:13:\"loggedin_time\";s:21:\"8 |hours| 2 |minutes|\";s:7:\"timeout\";b:1;}', '', 0),
(2238, 30, 1656962333, 'database', 'E', 'error', '', 'a:2:{s:5:\"error\";s:68:\"Table \'partiushopcom_br.cscart_products\' doesn\'t exist <b>(1146)</b>\";s:5:\"query\";s:98:\"SELECT DISTINCT `company_id` FROM `cscart_products` WHERE `plan_id` IS NOT NULL AND `status` = \'A\'\";}', 'a:8:{i:0;a:3:{s:4:\"file\";s:20:\"CvmORvU06X1SNEBE.php\";s:4:\"line\";i:27;s:8:\"function\";s:11:\"fn_dispatch\";}i:1;a:3:{s:4:\"file\";s:28:\"app/functions/fn.control.php\";s:4:\"line\";i:458;s:8:\"function\";s:17:\"fn_run_controller\";}i:2;a:3:{s:4:\"file\";s:28:\"app/functions/fn.control.php\";s:4:\"line\";i:722;s:8:\"function\";s:7:\"include\";}i:3;a:3:{s:4:\"file\";s:79:\"app/addons/partiuhub_planos_vendedores/controllers/backend/vendor_plans.pre.php\";s:4:\"line\";i:14;s:8:\"function\";s:14:\"verifyPayments\";}i:4;a:3:{s:4:\"file\";s:100:\"app/addons/partiuhub_planos_vendedores/Tygh/Addons/PartiuhubPlanosVendedores/PeriodicityPayments.php\";s:4:\"line\";i:28;s:8:\"function\";s:12:\"db_get_array\";}i:5;a:3:{s:4:\"file\";s:29:\"app/functions/fn.database.php\";s:4:\"line\";i:35;s:8:\"function\";s:8:\"getArray\";}i:6;a:3:{s:4:\"file\";s:32:\"app/Tygh/Database/Connection.php\";s:4:\"line\";i:307;s:8:\"function\";s:5:\"query\";}i:7;a:3:{s:4:\"file\";s:32:\"app/Tygh/Database/Connection.php\";s:4:\"line\";i:690;s:8:\"function\";s:10:\"throwError\";}}', 0);

-- --------------------------------------------------------

--
-- Table structure for table `partiushop_mailing_lists`
--

CREATE TABLE `partiushop_mailing_lists` (
  `list_id` mediumint(8) UNSIGNED NOT NULL,
  `timestamp` int(11) UNSIGNED NOT NULL DEFAULT 0,
  `from_email` varchar(64) NOT NULL DEFAULT '',
  `from_name` varchar(128) NOT NULL DEFAULT '',
  `reply_to` varchar(64) NOT NULL DEFAULT '',
  `show_on_checkout` tinyint(3) UNSIGNED NOT NULL DEFAULT 0,
  `show_on_registration` tinyint(3) UNSIGNED NOT NULL DEFAULT 0,
  `status` char(1) NOT NULL DEFAULT 'D',
  `register_autoresponder` mediumint(8) UNSIGNED NOT NULL DEFAULT 0
) ENGINE=InnoDB DEFAULT CHARSET=utf8;

--
-- Dumping data for table `partiushop_mailing_lists`
--

INSERT INTO `partiushop_mailing_lists` (`list_id`, `timestamp`, `from_email`, `from_name`, `reply_to`, `show_on_checkout`, `show_on_registration`, `status`, `register_autoresponder`) VALUES
(1, 0, 'no-reply@example.com', 'Acme', 'no-reply@example.com', 1, 1, 'A', 0);

-- --------------------------------------------------------

--
-- Table structure for table `partiushop_master_products_storefront_min_price`
--

CREATE TABLE `partiushop_master_products_storefront_min_price` (
  `storefront_id` int(11) UNSIGNED NOT NULL,
  `product_id` int(11) UNSIGNED NOT NULL,
  `price` decimal(12,2) UNSIGNED NOT NULL DEFAULT 0.00
) ENGINE=MyISAM DEFAULT CHARSET=utf8;

-- --------------------------------------------------------

--
-- Table structure for table `partiushop_master_products_storefront_offers_count`
--

CREATE TABLE `partiushop_master_products_storefront_offers_count` (
  `storefront_id` int(11) UNSIGNED NOT NULL,
  `product_id` int(11) UNSIGNED NOT NULL,
  `count` int(11) UNSIGNED NOT NULL DEFAULT 0
) ENGINE=MyISAM DEFAULT CHARSET=utf8;

--
-- Dumping data for table `partiushop_master_products_storefront_offers_count`
--

INSERT INTO `partiushop_master_products_storefront_offers_count` (`storefront_id`, `product_id`, `count`) VALUES
(2, 307, 1),
(1, 307, 1);

-- --------------------------------------------------------

--
-- Table structure for table `partiushop_menus`
--

CREATE TABLE `partiushop_menus` (
  `menu_id` mediumint(8) UNSIGNED NOT NULL,
  `status` char(1) NOT NULL DEFAULT 'A',
  `company_id` int(11) UNSIGNED NOT NULL DEFAULT 0
) ENGINE=InnoDB DEFAULT CHARSET=utf8;

--
-- Dumping data for table `partiushop_menus`
--

INSERT INTO `partiushop_menus` (`menu_id`, `status`, `company_id`) VALUES
(1, 'A', 0),
(2, 'A', 0),
(3, 'A', 0),
(4, 'A', 0),
(9, 'A', 0),
(11, 'A', 0),
(12, 'A', 0),
(13, 'A', 0);

-- --------------------------------------------------------

--
-- Table structure for table `partiushop_menus_descriptions`
--

CREATE TABLE `partiushop_menus_descriptions` (
  `menu_id` mediumint(8) UNSIGNED NOT NULL DEFAULT 0,
  `lang_code` char(2) NOT NULL DEFAULT '',
  `name` varchar(255) NOT NULL DEFAULT ''
) ENGINE=InnoDB DEFAULT CHARSET=utf8;

--
-- Dumping data for table `partiushop_menus_descriptions`
--

INSERT INTO `partiushop_menus_descriptions` (`menu_id`, `lang_code`, `name`) VALUES
(1, 'da', 'Quick links'),
(1, 'de', 'Quick links'),
(1, 'el', 'Quick links'),
(1, 'en', 'Quick links'),
(1, 'es', 'Quick links'),
(1, 'fr', 'Quick links'),
(1, 'it', 'Quick links'),
(1, 'nl', 'Quick links'),
(1, 'no', 'Quick links'),
(1, 'pt', 'Quick links'),
(1, 'ro', 'Quick links'),
(1, 'ru', 'Быстрые ссылки'),
(2, 'da', 'Main menu'),
(2, 'de', 'Main menu'),
(2, 'el', 'Main menu'),
(2, 'en', 'Main menu'),
(2, 'es', 'Main menu'),
(2, 'fr', 'Main menu'),
(2, 'it', 'Main menu'),
(2, 'nl', 'Main menu'),
(2, 'no', 'Main menu'),
(2, 'pt', 'Main menu'),
(2, 'ro', 'Main menu'),
(2, 'ru', 'Главное меню'),
(3, 'da', 'Shop (footer)'),
(3, 'de', 'Shop (footer)'),
(3, 'el', 'Shop (footer)'),
(3, 'en', 'Shop (footer)'),
(3, 'es', 'Shop (footer)'),
(3, 'fr', 'Shop (footer)'),
(3, 'it', 'Shop (footer)'),
(3, 'nl', 'Shop (footer)'),
(3, 'no', 'Shop (footer)'),
(3, 'pt', 'Shop (footer)'),
(3, 'ro', 'Shop (footer)'),
(3, 'ru', 'Магазин (нижняя часть сайта)'),
(4, 'da', 'Create orders (footer)'),
(4, 'de', 'Create orders (footer)'),
(4, 'el', 'Create orders (footer)'),
(4, 'en', 'Create orders (footer)'),
(4, 'es', 'Create orders (footer)'),
(4, 'fr', 'Create orders (footer)'),
(4, 'it', 'Create orders (footer)'),
(4, 'nl', 'Create orders (footer)'),
(4, 'no', 'Create orders (footer)'),
(4, 'pt', 'Create orders (footer)'),
(4, 'ro', 'Create orders (footer)'),
(4, 'ru', 'Оформление заказа (нижняя часть сайта)'),
(9, 'da', 'Princiapal_PartiuShop'),
(9, 'de', 'Princiapal_PartiuShop'),
(9, 'el', 'Princiapal_PartiuShop'),
(9, 'en', 'Princiapal_PartiuShop'),
(9, 'es', 'Princiapal_PartiuShop'),
(9, 'fr', 'Princiapal_PartiuShop'),
(9, 'it', 'Princiapal_PartiuShop'),
(9, 'nl', 'Princiapal_PartiuShop'),
(9, 'no', 'Princiapal_PartiuShop'),
(9, 'pt', 'Principal_PartiuShop'),
(9, 'ro', 'Princiapal_PartiuShop'),
(9, 'ru', 'Princiapal_PartiuShop'),
(11, 'da', 'Top left menu - VIVAshop'),
(11, 'de', 'Top left menu - VIVAshop'),
(11, 'el', 'Top left menu - VIVAshop'),
(11, 'en', 'Top left menu - VIVAshop'),
(11, 'es', 'Top left menu - VIVAshop'),
(11, 'fr', 'Top left menu - VIVAshop'),
(11, 'it', 'Top left menu - VIVAshop'),
(11, 'nl', 'Top left menu - VIVAshop'),
(11, 'no', 'Top left menu - VIVAshop'),
(11, 'pt', 'Top left menu - VIVAshop'),
(11, 'ro', 'Top left menu - VIVAshop'),
(11, 'ru', 'Top left menu - VIVAshop'),
(12, 'da', 'Top right menu - VIVAshop'),
(12, 'de', 'Top right menu - VIVAshop'),
(12, 'el', 'Top right menu - VIVAshop'),
(12, 'en', 'Top right menu - VIVAshop'),
(12, 'es', 'Top right menu - VIVAshop'),
(12, 'fr', 'Top right menu - VIVAshop'),
(12, 'it', 'Top right menu - VIVAshop'),
(12, 'nl', 'Top right menu - VIVAshop'),
(12, 'no', 'Top right menu - VIVAshop'),
(12, 'pt', 'Top right menu - VIVAshop'),
(12, 'ro', 'Top right menu - VIVAshop'),
(12, 'ru', 'Top right menu - VIVAshop'),
(13, 'da', 'Main menu - VIVAshop'),
(13, 'de', 'Main menu - VIVAshop'),
(13, 'el', 'Main menu - VIVAshop'),
(13, 'en', 'Main menu - VIVAshop'),
(13, 'es', 'Main menu - VIVAshop'),
(13, 'fr', 'Main menu - VIVAshop'),
(13, 'it', 'Main menu - VIVAshop'),
(13, 'nl', 'Main menu - VIVAshop'),
(13, 'no', 'Main menu - VIVAshop'),
(13, 'pt', 'Main menu - VIVAshop'),
(13, 'ro', 'Main menu - VIVAshop'),
(13, 'ru', 'Main menu - VIVAshop');

-- --------------------------------------------------------

--
-- Table structure for table `partiushop_mobile_app_notification_subscriptions`
--

CREATE TABLE `partiushop_mobile_app_notification_subscriptions` (
  `subscription_id` int(11) UNSIGNED NOT NULL,
  `user_id` mediumint(8) UNSIGNED NOT NULL DEFAULT 0,
  `device_id` varchar(256) NOT NULL DEFAULT '',
  `platform` varchar(32) NOT NULL DEFAULT '',
  `token` varchar(256) NOT NULL DEFAULT '',
  `locale` varchar(10) NOT NULL DEFAULT '',
  `storefront_id` int(11) NOT NULL DEFAULT 0
) ENGINE=MyISAM DEFAULT CHARSET=utf8;

--
-- Dumping data for table `partiushop_mobile_app_notification_subscriptions`
--

INSERT INTO `partiushop_mobile_app_notification_subscriptions` (`subscription_id`, `user_id`, `device_id`, `platform`, `token`, `locale`, `storefront_id`) VALUES
(1, 30, '17f31500bd9', 'android', 'fxTaBUy8RIi4HJmRjdKHv6:APA91bEAGp9LbwCXv9Iae4w_uZByQAiaX8oZWrdl6tatMU_SAssSl2KbqPut6KLf2lggG77BelXgXxHdkr64a9VVrig0TN-8YjY2LetuKr1APGb1iu0IenDiyrp1qjrcpxry4D3t_jUT', 'pt', 1);

-- --------------------------------------------------------

--
-- Table structure for table `partiushop_newsletters`
--

CREATE TABLE `partiushop_newsletters` (
  `newsletter_id` mediumint(8) UNSIGNED NOT NULL,
  `campaign_id` mediumint(8) UNSIGNED NOT NULL DEFAULT 0,
  `sent_date` int(11) UNSIGNED NOT NULL DEFAULT 0,
  `status` char(1) NOT NULL DEFAULT 'A',
  `type` char(1) NOT NULL DEFAULT 'N',
  `mailing_lists` varchar(255) NOT NULL DEFAULT '',
  `users` text DEFAULT NULL,
  `abandoned_type` varchar(10) NOT NULL DEFAULT 'both',
  `abandoned_days` int(11) NOT NULL DEFAULT 0,
  `abandoned_company_id` int(11) NOT NULL DEFAULT 0
) ENGINE=InnoDB DEFAULT CHARSET=utf8;

--
-- Dumping data for table `partiushop_newsletters`
--

INSERT INTO `partiushop_newsletters` (`newsletter_id`, `campaign_id`, `sent_date`, `status`, `type`, `mailing_lists`, `users`, `abandoned_type`, `abandoned_days`, `abandoned_company_id`) VALUES
(1, 0, 0, 'A', 'N', '', NULL, 'both', 0, 0),
(2, 0, 0, 'A', 'T', '', NULL, 'both', 0, 0);

-- --------------------------------------------------------

--
-- Table structure for table `partiushop_newsletter_batch_recipients`
--

CREATE TABLE `partiushop_newsletter_batch_recipients` (
  `send_list_id` mediumint(8) UNSIGNED NOT NULL,
  `newsletter_id` mediumint(8) UNSIGNED NOT NULL DEFAULT 0,
  `user_id` mediumint(8) UNSIGNED NOT NULL DEFAULT 0,
  `list_id` mediumint(8) UNSIGNED NOT NULL DEFAULT 0,
  `subscriber_id` mediumint(8) UNSIGNED NOT NULL DEFAULT 0,
  `email` varchar(128) NOT NULL DEFAULT '',
  `send_key` varchar(128) NOT NULL DEFAULT '',
  `lang_code` char(2) NOT NULL DEFAULT ''
) ENGINE=InnoDB DEFAULT CHARSET=utf8;

-- --------------------------------------------------------

--
-- Table structure for table `partiushop_newsletter_campaigns`
--

CREATE TABLE `partiushop_newsletter_campaigns` (
  `campaign_id` mediumint(8) UNSIGNED NOT NULL,
  `timestamp` int(11) UNSIGNED NOT NULL DEFAULT 0,
  `status` char(1) NOT NULL DEFAULT 'D'
) ENGINE=InnoDB DEFAULT CHARSET=utf8;

-- --------------------------------------------------------

--
-- Table structure for table `partiushop_newsletter_descriptions`
--

CREATE TABLE `partiushop_newsletter_descriptions` (
  `newsletter_id` mediumint(8) UNSIGNED NOT NULL DEFAULT 0,
  `newsletter` varchar(255) NOT NULL DEFAULT '',
  `newsletter_multiple` text DEFAULT NULL,
  `body_html` mediumtext DEFAULT NULL,
  `lang_code` char(2) NOT NULL DEFAULT ''
) ENGINE=InnoDB DEFAULT CHARSET=utf8;

--
-- Dumping data for table `partiushop_newsletter_descriptions`
--

INSERT INTO `partiushop_newsletter_descriptions` (`newsletter_id`, `newsletter`, `newsletter_multiple`, `body_html`, `lang_code`) VALUES
(1, 'Xbox One is coming!', '', 'The groundbreaking nextgen gaming console is already coming to the stores. Be the first to order this extraordinary gadget!', 'da'),
(1, 'Xbox One is coming!', '', 'The groundbreaking nextgen gaming console is already coming to the stores. Be the first to order this extraordinary gadget!', 'de'),
(1, 'Xbox One is coming!', '', 'The groundbreaking nextgen gaming console is already coming to the stores. Be the first to order this extraordinary gadget!', 'el'),
(1, 'Xbox One is coming!', '', 'The groundbreaking nextgen gaming console is already coming to the stores. Be the first to order this extraordinary gadget!', 'en'),
(1, 'Xbox One is coming!', '', 'The groundbreaking nextgen gaming console is already coming to the stores. Be the first to order this extraordinary gadget!', 'es'),
(1, 'Xbox One is coming!', '', 'The groundbreaking nextgen gaming console is already coming to the stores. Be the first to order this extraordinary gadget!', 'fr'),
(1, 'Xbox One is coming!', '', 'The groundbreaking nextgen gaming console is already coming to the stores. Be the first to order this extraordinary gadget!', 'it'),
(1, 'Xbox One is coming!', '', 'The groundbreaking nextgen gaming console is already coming to the stores. Be the first to order this extraordinary gadget!', 'nl'),
(1, 'Xbox One is coming!', '', 'The groundbreaking nextgen gaming console is already coming to the stores. Be the first to order this extraordinary gadget!', 'no'),
(1, 'Xbox One is coming!', '', 'The groundbreaking nextgen gaming console is already coming to the stores. Be the first to order this extraordinary gadget!', 'pt'),
(1, 'Xbox One is coming!', '', 'The groundbreaking nextgen gaming console is already coming to the stores. Be the first to order this extraordinary gadget!', 'ro'),
(1, 'Xbox One уже на горизинте!', '', 'Игровая консоль нового поколения скоро в продаже. Будьте первым!', 'ru'),
(2, 'Sample layout', '', '<h2>Hello,</h2>\r\n\r\n[your text]\r\n\r\nThank you!\r\nYou can unsubscribe from the newsletter by using this link:\r\n%UNSUBSCRIBE_LINK\r\n\r\n%COMPANY_NAME.', 'da'),
(2, 'Sample layout', '', '<h2>Hello,</h2>\r\n\r\n[your text]\r\n\r\nThank you!\r\nYou can unsubscribe from the newsletter by using this link:\r\n%UNSUBSCRIBE_LINK\r\n\r\n%COMPANY_NAME.', 'de'),
(2, 'Sample layout', '', '<h2>Hello,</h2>\r\n\r\n[your text]\r\n\r\nThank you!\r\nYou can unsubscribe from the newsletter by using this link:\r\n%UNSUBSCRIBE_LINK\r\n\r\n%COMPANY_NAME.', 'el'),
(2, 'Sample layout', '', '<h2>Hello,</h2>\r\n\r\n[your text]\r\n\r\nThank you!\r\nYou can unsubscribe from the newsletter by using this link:\r\n%UNSUBSCRIBE_LINK\r\n\r\n%COMPANY_NAME.', 'en'),
(2, 'Sample layout', '', '<h2>Hello,</h2>\r\n\r\n[your text]\r\n\r\nThank you!\r\nYou can unsubscribe from the newsletter by using this link:\r\n%UNSUBSCRIBE_LINK\r\n\r\n%COMPANY_NAME.', 'es'),
(2, 'Sample layout', '', '<h2>Hello,</h2>\r\n\r\n[your text]\r\n\r\nThank you!\r\nYou can unsubscribe from the newsletter by using this link:\r\n%UNSUBSCRIBE_LINK\r\n\r\n%COMPANY_NAME.', 'fr'),
(2, 'Sample layout', '', '<h2>Hello,</h2>\r\n\r\n[your text]\r\n\r\nThank you!\r\nYou can unsubscribe from the newsletter by using this link:\r\n%UNSUBSCRIBE_LINK\r\n\r\n%COMPANY_NAME.', 'it'),
(2, 'Sample layout', '', '<h2>Hello,</h2>\r\n\r\n[your text]\r\n\r\nThank you!\r\nYou can unsubscribe from the newsletter by using this link:\r\n%UNSUBSCRIBE_LINK\r\n\r\n%COMPANY_NAME.', 'nl'),
(2, 'Sample layout', '', '<h2>Hello,</h2>\r\n\r\n[your text]\r\n\r\nThank you!\r\nYou can unsubscribe from the newsletter by using this link:\r\n%UNSUBSCRIBE_LINK\r\n\r\n%COMPANY_NAME.', 'no'),
(2, 'Sample layout', '', '<h2>Hello,</h2>\r\n\r\n[your text]\r\n\r\nThank you!\r\nYou can unsubscribe from the newsletter by using this link:\r\n%UNSUBSCRIBE_LINK\r\n\r\n%COMPANY_NAME.', 'pt'),
(2, 'Sample layout', '', '<h2>Hello,</h2>\r\n\r\n[your text]\r\n\r\nThank you!\r\nYou can unsubscribe from the newsletter by using this link:\r\n%UNSUBSCRIBE_LINK\r\n\r\n%COMPANY_NAME.', 'ro'),
(2, 'Пример', '', '<h2>Hello,</h2>\r\n\r\n[Ваш текст]\r\n\r\nБольшое спасибо!\r\nВы можете отписаться от рассылки, используя эту ссылку:\r\n%UNSUBSCRIBE_LINK\r\n\r\n%COMPANY_NAME.', 'ru');

-- --------------------------------------------------------

--
-- Table structure for table `partiushop_newsletter_links`
--

CREATE TABLE `partiushop_newsletter_links` (
  `link_id` mediumint(8) UNSIGNED NOT NULL,
  `campaign_id` mediumint(8) UNSIGNED NOT NULL DEFAULT 0,
  `newsletter_id` mediumint(8) UNSIGNED NOT NULL DEFAULT 0,
  `url` varchar(255) NOT NULL DEFAULT '',
  `clicks` mediumint(8) UNSIGNED DEFAULT NULL
) ENGINE=InnoDB DEFAULT CHARSET=utf8;

-- --------------------------------------------------------

--
-- Table structure for table `partiushop_notifications`
--

CREATE TABLE `partiushop_notifications` (
  `notification_id` int(11) UNSIGNED NOT NULL,
  `user_id` int(11) UNSIGNED NOT NULL DEFAULT 0 COMMENT 'Notification receiver',
  `title` varchar(256) NOT NULL DEFAULT '' COMMENT 'Notification title',
  `message` text NOT NULL COMMENT 'Notification text',
  `severity` char(1) NOT NULL DEFAULT 'N' COMMENT 'Notification severity: E(rror), W(arning), N(otice), I(nfo)',
  `section` varchar(128) NOT NULL DEFAULT 'other' COMMENT 'Section of the Notifications center to display the notification in',
  `tag` varchar(32) NOT NULL DEFAULT 'other' COMMENT 'Tag of the notifications',
  `area` char(1) NOT NULL DEFAULT 'A' COMMENT 'Area to display the notification in',
  `action_url` varchar(256) NOT NULL DEFAULT '' COMMENT 'Dispatch to open when clicking on the notification',
  `is_read` tinyint(3) UNSIGNED NOT NULL DEFAULT 0 COMMENT 'Whether the notification has been read',
  `timestamp` int(11) UNSIGNED NOT NULL DEFAULT 0 COMMENT 'Time when the notification was created',
  `pinned` tinyint(1) NOT NULL DEFAULT 0 COMMENT 'Whether the notification has been pinned',
  `remind` tinyint(1) NOT NULL DEFAULT 0 COMMENT 'Determines if a remind notification is needed'
) ENGINE=InnoDB DEFAULT CHARSET=utf8 COMMENT='Stores notifications of the Notifications center';

--
-- Dumping data for table `partiushop_notifications`
--

INSERT INTO `partiushop_notifications` (`notification_id`, `user_id`, `title`, `message`, `severity`, `section`, `tag`, `area`, `action_url`, `is_read`, `timestamp`, `pinned`, `remind`) VALUES
(14, 12, 'Your product has been approved', '\"Calça Adidas\" has been approved by the store administration and added to the product catalog. Click here to view this product.', 'N', 'products', 'vendor_data_premoderation', 'A', 'products.manage?pid=292', 1, 1587513183, 0, 0),
(15, 5, 'Simtech has a new message from Edison Antunes', 'Click this notification to see the message', 'N', 'communication', 'vendor_communication', 'A', 'https://partiushop.com.br/vendor.php?dispatch=vendor_communication.view&thread_id=1', 0, 1587589134, 0, 0),
(17, 12, 'Test has a new message from Edison Antunes', 'Click this notification to see the message', 'N', 'communication', 'vendor_communication', 'A', 'https://partiushop.com.br/vendor.php?dispatch=vendor_communication.view&thread_id=2', 1, 1589324088, 0, 0),
(20, 12, 'Test has a new message from Edison Antunes', 'Click this notification to see the message', 'N', 'communication', 'vendor_communication', 'A', 'https://partiushop.com.br/vendor.php?dispatch=vendor_communication.view&thread_id=2', 1, 1589324170, 0, 0),
(23, 12, 'Test has a new message from Edison Antunes', 'Click this notification to see the message', 'N', 'communication', 'vendor_communication', 'A', 'https://partiushop.com.br/vendor.php?dispatch=vendor_communication.view&thread_id=2', 1, 1589324263, 0, 0),
(25, 12, 'Test has a new message from Guilherme De Melo', 'Click this notification to see the message', 'N', 'communication', 'vendor_communication', 'A', 'https://partiushop.com.br/vendor.php?dispatch=vendor_communication.view&thread_id=3', 1, 1589324617, 0, 0),
(27, 12, 'Upgrade available', 'A new version of Multi-Vendor is available. If you want to upgrade to the latest version now, click here.', 'N', 'administration', 'update', 'A', 'https://partiushop.com.br/vendor.php?dispatch=upgrade_center.manage', 0, 1589835624, 0, 0),
(29, 12, 'Upgrade available', 'A new version of Multi-Vendor is available. If you want to upgrade to the latest version now, click here.', 'N', 'administration', 'update', 'A', 'https://partiushop.com.br/vendor.php?dispatch=upgrade_center.manage', 0, 1589930055, 0, 0),
(33, 18, 'Your status has been changed to Ativado', 'All your active products will now appear in the store', 'N', 'administration', 'vendor_status', 'A', '', 0, 1589934598, 0, 0),
(34, 18, 'Your product has been approved', '\"Notebook Lenovo I615\" has been approved by the store administration and added to the product catalog. Click here to view this product.', 'N', 'products', 'vendor_data_premoderation', 'A', 'products.manage?pid=294', 0, 1589934856, 0, 0),
(35, 18, 'Your product has been approved', '\"Notebook Lenovo I615\" has been approved by the store administration and added to the product catalog. Click here to view this product.', 'N', 'products', 'vendor_data_premoderation', 'A', 'products.manage?pid=294', 0, 1589935458, 0, 0),
(42, 19, 'Upgrade available', 'A new version of Multi-Vendor is available. If you want to upgrade to the latest version now, click here.', 'N', 'administration', 'update', 'A', 'https://partiushop.com.br/CvmORvU06X1SNEBE.php?dispatch=upgrade_center.manage', 0, 1590615119, 0, 0),
(43, 14, 'Upgrade available', 'A new version of Multi-Vendor is available. If you want to upgrade to the latest version now, click here.', 'N', 'administration', 'update', 'A', 'https://partiushop.com.br/CvmORvU06X1SNEBE.php?dispatch=upgrade_center.manage', 0, 1590871698, 0, 0),
(46, 12, 'Upgrade available', 'A new version of Multi-Vendor is available. If you want to upgrade to the latest version now, click here.', 'N', 'administration', 'update', 'A', 'https://partiushop.com.br/vendor.php?dispatch=upgrade_center.manage', 0, 1591140220, 0, 0),
(47, 14, 'Upgrade available', 'A new version of Multi-Vendor is available. If you want to upgrade to the latest version now, click here.', 'N', 'administration', 'update', 'A', 'https://partiushop.com.br/CvmORvU06X1SNEBE.php?dispatch=upgrade_center.manage', 0, 1591140484, 0, 0),
(52, 1, 'Upgrade available', 'A new version of Multi-Vendor is available. If you want to upgrade to the latest version now, click here.', 'N', 'administration', 'update', 'A', 'https://partiushop.com.br/CvmORvU06X1SNEBE.php?dispatch=upgrade_center.manage', 0, 1599665388, 0, 0),
(53, 1, 'Upgrade available', 'A new version of Multi-Vendor is available. If you want to upgrade to the latest version now, click here.', 'N', 'administration', 'update', 'A', 'https://partiushop.com.br/CvmORvU06X1SNEBE.php?dispatch=upgrade_center.manage', 0, 1599673232, 0, 0),
(54, 1, 'Upgrade available', 'A new version of Multi-Vendor is available. If you want to upgrade to the latest version now, click here.', 'N', 'administration', 'update', 'A', 'https://partiushop.com.br/CvmORvU06X1SNEBE.php?dispatch=upgrade_center.manage', 1, 1599756255, 0, 0),
(55, 1, 'Tell us how we are doing', '<p>&nbsp;</p><div id=\'hd-survey-sid-26\'><div id=\'hd-survey-qid-27\' class=\'hd-survey-sq-26\'><div style=\'margin: 5px;\'>On a scale from 0 to 10, how likely is it that you would recommend CS-Cart to a friend or colleague?</div><div><button class=\'btn hd-survey-btn\' style=\'margin: 5px;\' onclick=\"$.ajax({\n    url: \'https://helpdesk.cs-cart.com/index.php?dispatch=surveys.send_answer\',\n    type: \'POST\',\n    data: {\n        rid: 1292350,\n        qid: 27,\n        value: \'0\'\n    }\n});\n$(\'#hd-survey-qid-27\').fadeOut(400, function() {\n    $(\'#hd-survey-qid-27\').remove();\n    var Array = $(\'.hd-survey-sq-26\');\n    if (Array.length === 1) {\n        Array.fadeIn(200);\n    }\n    if (!Array.length) {\n        var icon = $(\'#hd-survey-sid-26\').closest(\'.cc-notification\').find(\'.cc-delete\').get(0);\n        if (icon !== undefined) {\n            var eventTest = document.createEvent(\'MouseEvents\');\n            eventTest.initEvent(\'mouseup\', true, true);\n            icon.dispatchEvent(eventTest);\n        } else {\n            $(\'#hd-survey-sid-26\').closest(\'.cm-notification-content\').find(\'.cm-notification-close\').click();\n        }\n    }\n});\">0</button><button class=\'btn hd-survey-btn\' style=\'margin: 5px;\' onclick=\"$.ajax({\n    url: \'https://helpdesk.cs-cart.com/index.php?dispatch=surveys.send_answer\',\n    type: \'POST\',\n    data: {\n        rid: 1292350,\n        qid: 27,\n        value: \'1\'\n    }\n});\n$(\'#hd-survey-qid-27\').fadeOut(400, function() {\n    $(\'#hd-survey-qid-27\').remove();\n    var Array = $(\'.hd-survey-sq-26\');\n    if (Array.length === 1) {\n        Array.fadeIn(200);\n    }\n    if (!Array.length) {\n        var icon = $(\'#hd-survey-sid-26\').closest(\'.cc-notification\').find(\'.cc-delete\').get(0);\n        if (icon !== undefined) {\n            var eventTest = document.createEvent(\'MouseEvents\');\n            eventTest.initEvent(\'mouseup\', true, true);\n            icon.dispatchEvent(eventTest);\n        } else {\n            $(\'#hd-survey-sid-26\').closest(\'.cm-notification-content\').find(\'.cm-notification-close\').click();\n        }\n    }\n});\">1</button><button class=\'btn hd-survey-btn\' style=\'margin: 5px;\' onclick=\"$.ajax({\n    url: \'https://helpdesk.cs-cart.com/index.php?dispatch=surveys.send_answer\',\n    type: \'POST\',\n    data: {\n        rid: 1292350,\n        qid: 27,\n        value: \'2\'\n    }\n});\n$(\'#hd-survey-qid-27\').fadeOut(400, function() {\n    $(\'#hd-survey-qid-27\').remove();\n    var Array = $(\'.hd-survey-sq-26\');\n    if (Array.length === 1) {\n        Array.fadeIn(200);\n    }\n    if (!Array.length) {\n        var icon = $(\'#hd-survey-sid-26\').closest(\'.cc-notification\').find(\'.cc-delete\').get(0);\n        if (icon !== undefined) {\n            var eventTest = document.createEvent(\'MouseEvents\');\n            eventTest.initEvent(\'mouseup\', true, true);\n            icon.dispatchEvent(eventTest);\n        } else {\n            $(\'#hd-survey-sid-26\').closest(\'.cm-notification-content\').find(\'.cm-notification-close\').click();\n        }\n    }\n});\">2</button><button class=\'btn hd-survey-btn\' style=\'margin: 5px;\' onclick=\"$.ajax({\n    url: \'https://helpdesk.cs-cart.com/index.php?dispatch=surveys.send_answer\',\n    type: \'POST\',\n    data: {\n        rid: 1292350,\n        qid: 27,\n        value: \'3\'\n    }\n});\n$(\'#hd-survey-qid-27\').fadeOut(400, function() {\n    $(\'#hd-survey-qid-27\').remove();\n    var Array = $(\'.hd-survey-sq-26\');\n    if (Array.length === 1) {\n        Array.fadeIn(200);\n    }\n    if (!Array.length) {\n        var icon = $(\'#hd-survey-sid-26\').closest(\'.cc-notification\').find(\'.cc-delete\').get(0);\n        if (icon !== undefined) {\n            var eventTest = document.createEvent(\'MouseEvents\');\n            eventTest.initEvent(\'mouseup\', true, true);\n            icon.dispatchEvent(eventTest);\n        } else {\n            $(\'#hd-survey-sid-26\').closest(\'.cm-notification-content\').find(\'.cm-notification-close\').click();\n        }\n    }\n});\">3</button><button class=\'btn hd-survey-btn\' style=\'margin: 5px;\' onclick=\"$.ajax({\n    url: \'https://helpdesk.cs-cart.com/index.php?dispatch=surveys.send_answer\',\n    type: \'POST\',\n    data: {\n        rid: 1292350,\n        qid: 27,\n        value: \'4\'\n    }\n});\n$(\'#hd-survey-qid-27\').fadeOut(400, function() {\n    $(\'#hd-survey-qid-27\').remove();\n    var Array = $(\'.hd-survey-sq-26\');\n    if (Array.length === 1) {\n        Array.fadeIn(200);\n    }\n    if (!Array.length) {\n        var icon = $(\'#hd-survey-sid-26\').closest(\'.cc-notification\').find(\'.cc-delete\').get(0);\n        if (icon !== undefined) {\n            var eventTest = document.createEvent(\'MouseEvents\');\n            eventTest.initEvent(\'mouseup\', true, true);\n            icon.dispatchEvent(eventTest);\n        } else {\n            $(\'#hd-survey-sid-26\').closest(\'.cm-notification-content\').find(\'.cm-notification-close\').click();\n        }\n    }\n});\">4</button><button class=\'btn hd-survey-btn\' style=\'margin: 5px;\' onclick=\"$.ajax({\n    url: \'https://helpdesk.cs-cart.com/index.php?dispatch=surveys.send_answer\',\n    type: \'POST\',\n    data: {\n        rid: 1292350,\n        qid: 27,\n        value: \'5\'\n    }\n});\n$(\'#hd-survey-qid-27\').fadeOut(400, function() {\n    $(\'#hd-survey-qid-27\').remove();\n    var Array = $(\'.hd-survey-sq-26\');\n    if (Array.length === 1) {\n        Array.fadeIn(200);\n    }\n    if (!Array.length) {\n        var icon = $(\'#hd-survey-sid-26\').closest(\'.cc-notification\').find(\'.cc-delete\').get(0);\n        if (icon !== undefined) {\n            var eventTest = document.createEvent(\'MouseEvents\');\n            eventTest.initEvent(\'mouseup\', true, true);\n            icon.dispatchEvent(eventTest);\n        } else {\n            $(\'#hd-survey-sid-26\').closest(\'.cm-notification-content\').find(\'.cm-notification-close\').click();\n        }\n    }\n});\">5</button><button class=\'btn hd-survey-btn\' style=\'margin: 5px;\' onclick=\"$.ajax({\n    url: \'https://helpdesk.cs-cart.com/index.php?dispatch=surveys.send_answer\',\n    type: \'POST\',\n    data: {\n        rid: 1292350,\n        qid: 27,\n        value: \'6\'\n    }\n});\n$(\'#hd-survey-qid-27\').fadeOut(400, function() {\n    $(\'#hd-survey-qid-27\').remove();\n    var Array = $(\'.hd-survey-sq-26\');\n    if (Array.length === 1) {\n        Array.fadeIn(200);\n    }\n    if (!Array.length) {\n        var icon = $(\'#hd-survey-sid-26\').closest(\'.cc-notification\').find(\'.cc-delete\').get(0);\n        if (icon !== undefined) {\n            var eventTest = document.createEvent(\'MouseEvents\');\n            eventTest.initEvent(\'mouseup\', true, true);\n            icon.dispatchEvent(eventTest);\n        } else {\n            $(\'#hd-survey-sid-26\').closest(\'.cm-notification-content\').find(\'.cm-notification-close\').click();\n        }\n    }\n});\">6</button><button class=\'btn hd-survey-btn\' style=\'margin: 5px;\' onclick=\"$.ajax({\n    url: \'https://helpdesk.cs-cart.com/index.php?dispatch=surveys.send_answer\',\n    type: \'POST\',\n    data: {\n        rid: 1292350,\n        qid: 27,\n        value: \'7\'\n    }\n});\n$(\'#hd-survey-qid-27\').fadeOut(400, function() {\n    $(\'#hd-survey-qid-27\').remove();\n    var Array = $(\'.hd-survey-sq-26\');\n    if (Array.length === 1) {\n        Array.fadeIn(200);\n    }\n    if (!Array.length) {\n        var icon = $(\'#hd-survey-sid-26\').closest(\'.cc-notification\').find(\'.cc-delete\').get(0);\n        if (icon !== undefined) {\n            var eventTest = document.createEvent(\'MouseEvents\');\n            eventTest.initEvent(\'mouseup\', true, true);\n            icon.dispatchEvent(eventTest);\n        } else {\n            $(\'#hd-survey-sid-26\').closest(\'.cm-notification-content\').find(\'.cm-notification-close\').click();\n        }\n    }\n});\">7</button><button class=\'btn hd-survey-btn\' style=\'margin: 5px;\' onclick=\"$.ajax({\n    url: \'https://helpdesk.cs-cart.com/index.php?dispatch=surveys.send_answer\',\n    type: \'POST\',\n    data: {\n        rid: 1292350,\n        qid: 27,\n        value: \'8\'\n    }\n});\n$(\'#hd-survey-qid-27\').fadeOut(400, function() {\n    $(\'#hd-survey-qid-27\').remove();\n    var Array = $(\'.hd-survey-sq-26\');\n    if (Array.length === 1) {\n        Array.fadeIn(200);\n    }\n    if (!Array.length) {\n        var icon = $(\'#hd-survey-sid-26\').closest(\'.cc-notification\').find(\'.cc-delete\').get(0);\n        if (icon !== undefined) {\n            var eventTest = document.createEvent(\'MouseEvents\');\n            eventTest.initEvent(\'mouseup\', true, true);\n            icon.dispatchEvent(eventTest);\n        } else {\n            $(\'#hd-survey-sid-26\').closest(\'.cm-notification-content\').find(\'.cm-notification-close\').click();\n        }\n    }\n});\">8</button><button class=\'btn hd-survey-btn\' style=\'margin: 5px;\' onclick=\"$.ajax({\n    url: \'https://helpdesk.cs-cart.com/index.php?dispatch=surveys.send_answer\',\n    type: \'POST\',\n    data: {\n        rid: 1292350,\n        qid: 27,\n        value: \'9\'\n    }\n});\n$(\'#hd-survey-qid-27\').fadeOut(400, function() {\n    $(\'#hd-survey-qid-27\').remove();\n    var Array = $(\'.hd-survey-sq-26\');\n    if (Array.length === 1) {\n        Array.fadeIn(200);\n    }\n    if (!Array.length) {\n        var icon = $(\'#hd-survey-sid-26\').closest(\'.cc-notification\').find(\'.cc-delete\').get(0);\n        if (icon !== undefined) {\n            var eventTest = document.createEvent(\'MouseEvents\');\n            eventTest.initEvent(\'mouseup\', true, true);\n            icon.dispatchEvent(eventTest);\n        } else {\n            $(\'#hd-survey-sid-26\').closest(\'.cm-notification-content\').find(\'.cm-notification-close\').click();\n        }\n    }\n});\">9</button><button class=\'btn hd-survey-btn\' style=\'margin: 5px;\' onclick=\"$.ajax({\n    url: \'https://helpdesk.cs-cart.com/index.php?dispatch=surveys.send_answer\',\n    type: \'POST\',\n    data: {\n        rid: 1292350,\n        qid: 27,\n        value: \'10\'\n    }\n});\n$(\'#hd-survey-qid-27\').fadeOut(400, function() {\n    $(\'#hd-survey-qid-27\').remove();\n    var Array = $(\'.hd-survey-sq-26\');\n    if (Array.length === 1) {\n        Array.fadeIn(200);\n    }\n    if (!Array.length) {\n        var icon = $(\'#hd-survey-sid-26\').closest(\'.cc-notification\').find(\'.cc-delete\').get(0);\n        if (icon !== undefined) {\n            var eventTest = document.createEvent(\'MouseEvents\');\n            eventTest.initEvent(\'mouseup\', true, true);\n            icon.dispatchEvent(eventTest);\n        } else {\n            $(\'#hd-survey-sid-26\').closest(\'.cm-notification-content\').find(\'.cm-notification-close\').click();\n        }\n    }\n});\">10</button></div><br></div><div id=\'hd-survey-qid-28\' class=\'hd-survey-sq-26\' style=\'display: none;\'><div style=\'margin: 5px;\'>How can we improve your experience?</div><div><textarea id=\'hd-survey-ta-qid-28\' style=\'margin: 5px; width: 100%;\'></textarea><button class=\'btn hd-survey-btn\' style=\'margin: 5px; width: 100%;\' onclick=\"var value = $(\'#hd-survey-ta-qid-28\').val();\n$.ajax({\n    url: \'https://helpdesk.cs-cart.com/index.php?dispatch=surveys.send_answer\',\n    type: \'POST\',\n    data: {\n        rid: 1292350,\n        qid: 28,\n        value: value\n    }\n});\n$(\'#hd-survey-qid-28\').fadeOut(400, function() {\n    $(\'#hd-survey-qid-28\').remove();\n    if (!$(\'.hd-survey-sq-26\').length) {\n        var icon = $(\'#hd-survey-sid-26\').closest(\'.cc-notification\').find(\'.cc-delete\').get(0);\n        if (icon !== undefined) {\n            var eventTest = document.createEvent(\'MouseEvents\');\n            eventTest.initEvent(\'mouseup\', true, true);\n            icon.dispatchEvent(eventTest);\n        } else {\n            $(\'#hd-survey-sid-26\').closest(\'.cm-notification-content\').find(\'.cm-notification-close\').click();\n        }\n    }\n});\">Submit</button></div><br></div></div><script>\nif (typeof notice_displaying_time !== \'undefined\') {\n    notice_displaying_time = 1000000;\n} else {\n    setTimeout(function() {\n        var ofadeOut = jQuery.fn.fadeOut;\n        jQuery.fn.fadeOut = function() {\n            if($(this).hasClass(\'cm-auto-hide\')) {\n                return false;\n            } else {\n                return ofadeOut.apply(this, arguments);\n            }\n        };\n    }, 50);\n}\n</script>', 'N', 'other', 'other', 'A', '', 1, 1604992890, 0, 0),
(56, 1, 'Tell us how we are doing', '<div id=\'hd-survey-sid-26\'><div id=\'hd-survey-qid-27\' class=\'hd-survey-sq-26\'><div style=\'margin: 5px;\'>On a scale from 0 to 10, how likely is it that you would recommend CS-Cart to a friend or colleague?</div><div><button class=\'btn hd-survey-btn\' style=\'margin: 5px;\' onclick=\"$.ajax({\n    url: \'https://helpdesk.cs-cart.com/index.php?dispatch=surveys.send_answer\',\n    type: \'POST\',\n    data: {\n        rid: 1294243,\n        qid: 27,\n        value: \'0\'\n    }\n});\n$(\'#hd-survey-qid-27\').fadeOut(400, function() {\n    $(\'#hd-survey-qid-27\').remove();\n    var Array = $(\'.hd-survey-sq-26\');\n    if (Array.length === 1) {\n        Array.fadeIn(200);\n    }\n    if (!Array.length) {\n        var icon = $(\'#hd-survey-sid-26\').closest(\'.cc-notification\').find(\'.cc-delete\').get(0);\n        if (icon !== undefined) {\n            var eventTest = document.createEvent(\'MouseEvents\');\n            eventTest.initEvent(\'mouseup\', true, true);\n            icon.dispatchEvent(eventTest);\n        } else {\n            $(\'#hd-survey-sid-26\').closest(\'.cm-notification-content\').find(\'.cm-notification-close\').click();\n        }\n    }\n});\">0</button><button class=\'btn hd-survey-btn\' style=\'margin: 5px;\' onclick=\"$.ajax({\n    url: \'https://helpdesk.cs-cart.com/index.php?dispatch=surveys.send_answer\',\n    type: \'POST\',\n    data: {\n        rid: 1294243,\n        qid: 27,\n        value: \'1\'\n    }\n});\n$(\'#hd-survey-qid-27\').fadeOut(400, function() {\n    $(\'#hd-survey-qid-27\').remove();\n    var Array = $(\'.hd-survey-sq-26\');\n    if (Array.length === 1) {\n        Array.fadeIn(200);\n    }\n    if (!Array.length) {\n        var icon = $(\'#hd-survey-sid-26\').closest(\'.cc-notification\').find(\'.cc-delete\').get(0);\n        if (icon !== undefined) {\n            var eventTest = document.createEvent(\'MouseEvents\');\n            eventTest.initEvent(\'mouseup\', true, true);\n            icon.dispatchEvent(eventTest);\n        } else {\n            $(\'#hd-survey-sid-26\').closest(\'.cm-notification-content\').find(\'.cm-notification-close\').click();\n        }\n    }\n});\">1</button><button class=\'btn hd-survey-btn\' style=\'margin: 5px;\' onclick=\"$.ajax({\n    url: \'https://helpdesk.cs-cart.com/index.php?dispatch=surveys.send_answer\',\n    type: \'POST\',\n    data: {\n        rid: 1294243,\n        qid: 27,\n        value: \'2\'\n    }\n});\n$(\'#hd-survey-qid-27\').fadeOut(400, function() {\n    $(\'#hd-survey-qid-27\').remove();\n    var Array = $(\'.hd-survey-sq-26\');\n    if (Array.length === 1) {\n        Array.fadeIn(200);\n    }\n    if (!Array.length) {\n        var icon = $(\'#hd-survey-sid-26\').closest(\'.cc-notification\').find(\'.cc-delete\').get(0);\n        if (icon !== undefined) {\n            var eventTest = document.createEvent(\'MouseEvents\');\n            eventTest.initEvent(\'mouseup\', true, true);\n            icon.dispatchEvent(eventTest);\n        } else {\n            $(\'#hd-survey-sid-26\').closest(\'.cm-notification-content\').find(\'.cm-notification-close\').click();\n        }\n    }\n});\">2</button><button class=\'btn hd-survey-btn\' style=\'margin: 5px;\' onclick=\"$.ajax({\n    url: \'https://helpdesk.cs-cart.com/index.php?dispatch=surveys.send_answer\',\n    type: \'POST\',\n    data: {\n        rid: 1294243,\n        qid: 27,\n        value: \'3\'\n    }\n});\n$(\'#hd-survey-qid-27\').fadeOut(400, function() {\n    $(\'#hd-survey-qid-27\').remove();\n    var Array = $(\'.hd-survey-sq-26\');\n    if (Array.length === 1) {\n        Array.fadeIn(200);\n    }\n    if (!Array.length) {\n        var icon = $(\'#hd-survey-sid-26\').closest(\'.cc-notification\').find(\'.cc-delete\').get(0);\n        if (icon !== undefined) {\n            var eventTest = document.createEvent(\'MouseEvents\');\n            eventTest.initEvent(\'mouseup\', true, true);\n            icon.dispatchEvent(eventTest);\n        } else {\n            $(\'#hd-survey-sid-26\').closest(\'.cm-notification-content\').find(\'.cm-notification-close\').click();\n        }\n    }\n});\">3</button><button class=\'btn hd-survey-btn\' style=\'margin: 5px;\' onclick=\"$.ajax({\n    url: \'https://helpdesk.cs-cart.com/index.php?dispatch=surveys.send_answer\',\n    type: \'POST\',\n    data: {\n        rid: 1294243,\n        qid: 27,\n        value: \'4\'\n    }\n});\n$(\'#hd-survey-qid-27\').fadeOut(400, function() {\n    $(\'#hd-survey-qid-27\').remove();\n    var Array = $(\'.hd-survey-sq-26\');\n    if (Array.length === 1) {\n        Array.fadeIn(200);\n    }\n    if (!Array.length) {\n        var icon = $(\'#hd-survey-sid-26\').closest(\'.cc-notification\').find(\'.cc-delete\').get(0);\n        if (icon !== undefined) {\n            var eventTest = document.createEvent(\'MouseEvents\');\n            eventTest.initEvent(\'mouseup\', true, true);\n            icon.dispatchEvent(eventTest);\n        } else {\n            $(\'#hd-survey-sid-26\').closest(\'.cm-notification-content\').find(\'.cm-notification-close\').click();\n        }\n    }\n});\">4</button><button class=\'btn hd-survey-btn\' style=\'margin: 5px;\' onclick=\"$.ajax({\n    url: \'https://helpdesk.cs-cart.com/index.php?dispatch=surveys.send_answer\',\n    type: \'POST\',\n    data: {\n        rid: 1294243,\n        qid: 27,\n        value: \'5\'\n    }\n});\n$(\'#hd-survey-qid-27\').fadeOut(400, function() {\n    $(\'#hd-survey-qid-27\').remove();\n    var Array = $(\'.hd-survey-sq-26\');\n    if (Array.length === 1) {\n        Array.fadeIn(200);\n    }\n    if (!Array.length) {\n        var icon = $(\'#hd-survey-sid-26\').closest(\'.cc-notification\').find(\'.cc-delete\').get(0);\n        if (icon !== undefined) {\n            var eventTest = document.createEvent(\'MouseEvents\');\n            eventTest.initEvent(\'mouseup\', true, true);\n            icon.dispatchEvent(eventTest);\n        } else {\n            $(\'#hd-survey-sid-26\').closest(\'.cm-notification-content\').find(\'.cm-notification-close\').click();\n        }\n    }\n});\">5</button><button class=\'btn hd-survey-btn\' style=\'margin: 5px;\' onclick=\"$.ajax({\n    url: \'https://helpdesk.cs-cart.com/index.php?dispatch=surveys.send_answer\',\n    type: \'POST\',\n    data: {\n        rid: 1294243,\n        qid: 27,\n        value: \'6\'\n    }\n});\n$(\'#hd-survey-qid-27\').fadeOut(400, function() {\n    $(\'#hd-survey-qid-27\').remove();\n    var Array = $(\'.hd-survey-sq-26\');\n    if (Array.length === 1) {\n        Array.fadeIn(200);\n    }\n    if (!Array.length) {\n        var icon = $(\'#hd-survey-sid-26\').closest(\'.cc-notification\').find(\'.cc-delete\').get(0);\n        if (icon !== undefined) {\n            var eventTest = document.createEvent(\'MouseEvents\');\n            eventTest.initEvent(\'mouseup\', true, true);\n            icon.dispatchEvent(eventTest);\n        } else {\n            $(\'#hd-survey-sid-26\').closest(\'.cm-notification-content\').find(\'.cm-notification-close\').click();\n        }\n    }\n});\">6</button><button class=\'btn hd-survey-btn\' style=\'margin: 5px;\' onclick=\"$.ajax({\n    url: \'https://helpdesk.cs-cart.com/index.php?dispatch=surveys.send_answer\',\n    type: \'POST\',\n    data: {\n        rid: 1294243,\n        qid: 27,\n        value: \'7\'\n    }\n});\n$(\'#hd-survey-qid-27\').fadeOut(400, function() {\n    $(\'#hd-survey-qid-27\').remove();\n    var Array = $(\'.hd-survey-sq-26\');\n    if (Array.length === 1) {\n        Array.fadeIn(200);\n    }\n    if (!Array.length) {\n        var icon = $(\'#hd-survey-sid-26\').closest(\'.cc-notification\').find(\'.cc-delete\').get(0);\n        if (icon !== undefined) {\n            var eventTest = document.createEvent(\'MouseEvents\');\n            eventTest.initEvent(\'mouseup\', true, true);\n            icon.dispatchEvent(eventTest);\n        } else {\n            $(\'#hd-survey-sid-26\').closest(\'.cm-notification-content\').find(\'.cm-notification-close\').click();\n        }\n    }\n});\">7</button><button class=\'btn hd-survey-btn\' style=\'margin: 5px;\' onclick=\"$.ajax({\n    url: \'https://helpdesk.cs-cart.com/index.php?dispatch=surveys.send_answer\',\n    type: \'POST\',\n    data: {\n        rid: 1294243,\n        qid: 27,\n        value: \'8\'\n    }\n});\n$(\'#hd-survey-qid-27\').fadeOut(400, function() {\n    $(\'#hd-survey-qid-27\').remove();\n    var Array = $(\'.hd-survey-sq-26\');\n    if (Array.length === 1) {\n        Array.fadeIn(200);\n    }\n    if (!Array.length) {\n        var icon = $(\'#hd-survey-sid-26\').closest(\'.cc-notification\').find(\'.cc-delete\').get(0);\n        if (icon !== undefined) {\n            var eventTest = document.createEvent(\'MouseEvents\');\n            eventTest.initEvent(\'mouseup\', true, true);\n            icon.dispatchEvent(eventTest);\n        } else {\n            $(\'#hd-survey-sid-26\').closest(\'.cm-notification-content\').find(\'.cm-notification-close\').click();\n        }\n    }\n});\">8</button><button class=\'btn hd-survey-btn\' style=\'margin: 5px;\' onclick=\"$.ajax({\n    url: \'https://helpdesk.cs-cart.com/index.php?dispatch=surveys.send_answer\',\n    type: \'POST\',\n    data: {\n        rid: 1294243,\n        qid: 27,\n        value: \'9\'\n    }\n});\n$(\'#hd-survey-qid-27\').fadeOut(400, function() {\n    $(\'#hd-survey-qid-27\').remove();\n    var Array = $(\'.hd-survey-sq-26\');\n    if (Array.length === 1) {\n        Array.fadeIn(200);\n    }\n    if (!Array.length) {\n        var icon = $(\'#hd-survey-sid-26\').closest(\'.cc-notification\').find(\'.cc-delete\').get(0);\n        if (icon !== undefined) {\n            var eventTest = document.createEvent(\'MouseEvents\');\n            eventTest.initEvent(\'mouseup\', true, true);\n            icon.dispatchEvent(eventTest);\n        } else {\n            $(\'#hd-survey-sid-26\').closest(\'.cm-notification-content\').find(\'.cm-notification-close\').click();\n        }\n    }\n});\">9</button><button class=\'btn hd-survey-btn\' style=\'margin: 5px;\' onclick=\"$.ajax({\n    url: \'https://helpdesk.cs-cart.com/index.php?dispatch=surveys.send_answer\',\n    type: \'POST\',\n    data: {\n        rid: 1294243,\n        qid: 27,\n        value: \'10\'\n    }\n});\n$(\'#hd-survey-qid-27\').fadeOut(400, function() {\n    $(\'#hd-survey-qid-27\').remove();\n    var Array = $(\'.hd-survey-sq-26\');\n    if (Array.length === 1) {\n        Array.fadeIn(200);\n    }\n    if (!Array.length) {\n        var icon = $(\'#hd-survey-sid-26\').closest(\'.cc-notification\').find(\'.cc-delete\').get(0);\n        if (icon !== undefined) {\n            var eventTest = document.createEvent(\'MouseEvents\');\n            eventTest.initEvent(\'mouseup\', true, true);\n            icon.dispatchEvent(eventTest);\n        } else {\n            $(\'#hd-survey-sid-26\').closest(\'.cm-notification-content\').find(\'.cm-notification-close\').click();\n        }\n    }\n});\">10</button></div><br></div><div id=\'hd-survey-qid-28\' class=\'hd-survey-sq-26\' style=\'display: none;\'><div style=\'margin: 5px;\'>How can we improve your experience?</div><div><textarea id=\'hd-survey-ta-qid-28\' style=\'margin: 5px; width: 100%;\'></textarea><button class=\'btn hd-survey-btn\' style=\'margin: 5px; width: 100%;\' onclick=\"var value = $(\'#hd-survey-ta-qid-28\').val();\n$.ajax({\n    url: \'https://helpdesk.cs-cart.com/index.php?dispatch=surveys.send_answer\',\n    type: \'POST\',\n    data: {\n        rid: 1294243,\n        qid: 28,\n        value: value\n    }\n});\n$(\'#hd-survey-qid-28\').fadeOut(400, function() {\n    $(\'#hd-survey-qid-28\').remove();\n    if (!$(\'.hd-survey-sq-26\').length) {\n        var icon = $(\'#hd-survey-sid-26\').closest(\'.cc-notification\').find(\'.cc-delete\').get(0);\n        if (icon !== undefined) {\n            var eventTest = document.createEvent(\'MouseEvents\');\n            eventTest.initEvent(\'mouseup\', true, true);\n            icon.dispatchEvent(eventTest);\n        } else {\n            $(\'#hd-survey-sid-26\').closest(\'.cm-notification-content\').find(\'.cm-notification-close\').click();\n        }\n    }\n});\">Submit</button></div><br></div></div>', 'I', 'other', 'other', 'A', '', 1, 1604996108, 0, 0),
(57, 1, 'Tell us how we are doing', '<p>&nbsp;</p><div id=\'hd-survey-sid-28\'><div id=\'hd-survey-qid-31\' class=\'hd-survey-sq-28\'><div style=\'margin: 5px;\'>On a scale from 0 to 10, how likely is it that you would recommend CS-Cart to a friend or colleague?</div><div><button class=\'btn hd-survey-btn\' style=\'margin: 5px;\' onclick=\"$.ajax({\n    url: \'https://helpdesk.cs-cart.com/index.php?dispatch=surveys.send_answer\',\n    type: \'POST\',\n    data: {\n        rid: 1312664,\n        qid: 31,\n        value: \'0\'\n    }\n});\n$(\'#hd-survey-qid-31\').fadeOut(400, function() {\n    $(\'#hd-survey-qid-31\').remove();\n    var Array = $(\'.hd-survey-sq-28\');\n    if (Array.length === 1) {\n        Array.fadeIn(200);\n    }\n    if (!Array.length) {\n        var icon = $(\'#hd-survey-sid-28\').closest(\'.cc-notification\').find(\'.cc-delete\').get(0);\n        if (icon !== undefined) {\n            var eventTest = document.createEvent(\'MouseEvents\');\n            eventTest.initEvent(\'mouseup\', true, true);\n            icon.dispatchEvent(eventTest);\n        } else {\n            $(\'#hd-survey-sid-28\').closest(\'.cm-notification-content\').find(\'.cm-notification-close\').click();\n        }\n    }\n});\">0</button><button class=\'btn hd-survey-btn\' style=\'margin: 5px;\' onclick=\"$.ajax({\n    url: \'https://helpdesk.cs-cart.com/index.php?dispatch=surveys.send_answer\',\n    type: \'POST\',\n    data: {\n        rid: 1312664,\n        qid: 31,\n        value: \'1\'\n    }\n});\n$(\'#hd-survey-qid-31\').fadeOut(400, function() {\n    $(\'#hd-survey-qid-31\').remove();\n    var Array = $(\'.hd-survey-sq-28\');\n    if (Array.length === 1) {\n        Array.fadeIn(200);\n    }\n    if (!Array.length) {\n        var icon = $(\'#hd-survey-sid-28\').closest(\'.cc-notification\').find(\'.cc-delete\').get(0);\n        if (icon !== undefined) {\n            var eventTest = document.createEvent(\'MouseEvents\');\n            eventTest.initEvent(\'mouseup\', true, true);\n            icon.dispatchEvent(eventTest);\n        } else {\n            $(\'#hd-survey-sid-28\').closest(\'.cm-notification-content\').find(\'.cm-notification-close\').click();\n        }\n    }\n});\">1</button><button class=\'btn hd-survey-btn\' style=\'margin: 5px;\' onclick=\"$.ajax({\n    url: \'https://helpdesk.cs-cart.com/index.php?dispatch=surveys.send_answer\',\n    type: \'POST\',\n    data: {\n        rid: 1312664,\n        qid: 31,\n        value: \'2\'\n    }\n});\n$(\'#hd-survey-qid-31\').fadeOut(400, function() {\n    $(\'#hd-survey-qid-31\').remove();\n    var Array = $(\'.hd-survey-sq-28\');\n    if (Array.length === 1) {\n        Array.fadeIn(200);\n    }\n    if (!Array.length) {\n        var icon = $(\'#hd-survey-sid-28\').closest(\'.cc-notification\').find(\'.cc-delete\').get(0);\n        if (icon !== undefined) {\n            var eventTest = document.createEvent(\'MouseEvents\');\n            eventTest.initEvent(\'mouseup\', true, true);\n            icon.dispatchEvent(eventTest);\n        } else {\n            $(\'#hd-survey-sid-28\').closest(\'.cm-notification-content\').find(\'.cm-notification-close\').click();\n        }\n    }\n});\">2</button><button class=\'btn hd-survey-btn\' style=\'margin: 5px;\' onclick=\"$.ajax({\n    url: \'https://helpdesk.cs-cart.com/index.php?dispatch=surveys.send_answer\',\n    type: \'POST\',\n    data: {\n        rid: 1312664,\n        qid: 31,\n        value: \'3\'\n    }\n});\n$(\'#hd-survey-qid-31\').fadeOut(400, function() {\n    $(\'#hd-survey-qid-31\').remove();\n    var Array = $(\'.hd-survey-sq-28\');\n    if (Array.length === 1) {\n        Array.fadeIn(200);\n    }\n    if (!Array.length) {\n        var icon = $(\'#hd-survey-sid-28\').closest(\'.cc-notification\').find(\'.cc-delete\').get(0);\n        if (icon !== undefined) {\n            var eventTest = document.createEvent(\'MouseEvents\');\n            eventTest.initEvent(\'mouseup\', true, true);\n            icon.dispatchEvent(eventTest);\n        } else {\n            $(\'#hd-survey-sid-28\').closest(\'.cm-notification-content\').find(\'.cm-notification-close\').click();\n        }\n    }\n});\">3</button><button class=\'btn hd-survey-btn\' style=\'margin: 5px;\' onclick=\"$.ajax({\n    url: \'https://helpdesk.cs-cart.com/index.php?dispatch=surveys.send_answer\',\n    type: \'POST\',\n    data: {\n        rid: 1312664,\n        qid: 31,\n        value: \'4\'\n    }\n});\n$(\'#hd-survey-qid-31\').fadeOut(400, function() {\n    $(\'#hd-survey-qid-31\').remove();\n    var Array = $(\'.hd-survey-sq-28\');\n    if (Array.length === 1) {\n        Array.fadeIn(200);\n    }\n    if (!Array.length) {\n        var icon = $(\'#hd-survey-sid-28\').closest(\'.cc-notification\').find(\'.cc-delete\').get(0);\n        if (icon !== undefined) {\n            var eventTest = document.createEvent(\'MouseEvents\');\n            eventTest.initEvent(\'mouseup\', true, true);\n            icon.dispatchEvent(eventTest);\n        } else {\n            $(\'#hd-survey-sid-28\').closest(\'.cm-notification-content\').find(\'.cm-notification-close\').click();\n        }\n    }\n});\">4</button><button class=\'btn hd-survey-btn\' style=\'margin: 5px;\' onclick=\"$.ajax({\n    url: \'https://helpdesk.cs-cart.com/index.php?dispatch=surveys.send_answer\',\n    type: \'POST\',\n    data: {\n        rid: 1312664,\n        qid: 31,\n        value: \'5\'\n    }\n});\n$(\'#hd-survey-qid-31\').fadeOut(400, function() {\n    $(\'#hd-survey-qid-31\').remove();\n    var Array = $(\'.hd-survey-sq-28\');\n    if (Array.length === 1) {\n        Array.fadeIn(200);\n    }\n    if (!Array.length) {\n        var icon = $(\'#hd-survey-sid-28\').closest(\'.cc-notification\').find(\'.cc-delete\').get(0);\n        if (icon !== undefined) {\n            var eventTest = document.createEvent(\'MouseEvents\');\n            eventTest.initEvent(\'mouseup\', true, true);\n            icon.dispatchEvent(eventTest);\n        } else {\n            $(\'#hd-survey-sid-28\').closest(\'.cm-notification-content\').find(\'.cm-notification-close\').click();\n        }\n    }\n});\">5</button><button class=\'btn hd-survey-btn\' style=\'margin: 5px;\' onclick=\"$.ajax({\n    url: \'https://helpdesk.cs-cart.com/index.php?dispatch=surveys.send_answer\',\n    type: \'POST\',\n    data: {\n        rid: 1312664,\n        qid: 31,\n        value: \'6\'\n    }\n});\n$(\'#hd-survey-qid-31\').fadeOut(400, function() {\n    $(\'#hd-survey-qid-31\').remove();\n    var Array = $(\'.hd-survey-sq-28\');\n    if (Array.length === 1) {\n        Array.fadeIn(200);\n    }\n    if (!Array.length) {\n        var icon = $(\'#hd-survey-sid-28\').closest(\'.cc-notification\').find(\'.cc-delete\').get(0);\n        if (icon !== undefined) {\n            var eventTest = document.createEvent(\'MouseEvents\');\n            eventTest.initEvent(\'mouseup\', true, true);\n            icon.dispatchEvent(eventTest);\n        } else {\n            $(\'#hd-survey-sid-28\').closest(\'.cm-notification-content\').find(\'.cm-notification-close\').click();\n        }\n    }\n});\">6</button><button class=\'btn hd-survey-btn\' style=\'margin: 5px;\' onclick=\"$.ajax({\n    url: \'https://helpdesk.cs-cart.com/index.php?dispatch=surveys.send_answer\',\n    type: \'POST\',\n    data: {\n        rid: 1312664,\n        qid: 31,\n        value: \'7\'\n    }\n});\n$(\'#hd-survey-qid-31\').fadeOut(400, function() {\n    $(\'#hd-survey-qid-31\').remove();\n    var Array = $(\'.hd-survey-sq-28\');\n    if (Array.length === 1) {\n        Array.fadeIn(200);\n    }\n    if (!Array.length) {\n        var icon = $(\'#hd-survey-sid-28\').closest(\'.cc-notification\').find(\'.cc-delete\').get(0);\n        if (icon !== undefined) {\n            var eventTest = document.createEvent(\'MouseEvents\');\n            eventTest.initEvent(\'mouseup\', true, true);\n            icon.dispatchEvent(eventTest);\n        } else {\n            $(\'#hd-survey-sid-28\').closest(\'.cm-notification-content\').find(\'.cm-notification-close\').click();\n        }\n    }\n});\">7</button><button class=\'btn hd-survey-btn\' style=\'margin: 5px;\' onclick=\"$.ajax({\n    url: \'https://helpdesk.cs-cart.com/index.php?dispatch=surveys.send_answer\',\n    type: \'POST\',\n    data: {\n        rid: 1312664,\n        qid: 31,\n        value: \'8\'\n    }\n});\n$(\'#hd-survey-qid-31\').fadeOut(400, function() {\n    $(\'#hd-survey-qid-31\').remove();\n    var Array = $(\'.hd-survey-sq-28\');\n    if (Array.length === 1) {\n        Array.fadeIn(200);\n    }\n    if (!Array.length) {\n        var icon = $(\'#hd-survey-sid-28\').closest(\'.cc-notification\').find(\'.cc-delete\').get(0);\n        if (icon !== undefined) {\n            var eventTest = document.createEvent(\'MouseEvents\');\n            eventTest.initEvent(\'mouseup\', true, true);\n            icon.dispatchEvent(eventTest);\n        } else {\n            $(\'#hd-survey-sid-28\').closest(\'.cm-notification-content\').find(\'.cm-notification-close\').click();\n        }\n    }\n});\">8</button><button class=\'btn hd-survey-btn\' style=\'margin: 5px;\' onclick=\"$.ajax({\n    url: \'https://helpdesk.cs-cart.com/index.php?dispatch=surveys.send_answer\',\n    type: \'POST\',\n    data: {\n        rid: 1312664,\n        qid: 31,\n        value: \'9\'\n    }\n});\n$(\'#hd-survey-qid-31\').fadeOut(400, function() {\n    $(\'#hd-survey-qid-31\').remove();\n    var Array = $(\'.hd-survey-sq-28\');\n    if (Array.length === 1) {\n        Array.fadeIn(200);\n    }\n    if (!Array.length) {\n        var icon = $(\'#hd-survey-sid-28\').closest(\'.cc-notification\').find(\'.cc-delete\').get(0);\n        if (icon !== undefined) {\n            var eventTest = document.createEvent(\'MouseEvents\');\n            eventTest.initEvent(\'mouseup\', true, true);\n            icon.dispatchEvent(eventTest);\n        } else {\n            $(\'#hd-survey-sid-28\').closest(\'.cm-notification-content\').find(\'.cm-notification-close\').click();\n        }\n    }\n});\">9</button><button class=\'btn hd-survey-btn\' style=\'margin: 5px;\' onclick=\"$.ajax({\n    url: \'https://helpdesk.cs-cart.com/index.php?dispatch=surveys.send_answer\',\n    type: \'POST\',\n    data: {\n        rid: 1312664,\n        qid: 31,\n        value: \'10\'\n    }\n});\n$(\'#hd-survey-qid-31\').fadeOut(400, function() {\n    $(\'#hd-survey-qid-31\').remove();\n    var Array = $(\'.hd-survey-sq-28\');\n    if (Array.length === 1) {\n        Array.fadeIn(200);\n    }\n    if (!Array.length) {\n        var icon = $(\'#hd-survey-sid-28\').closest(\'.cc-notification\').find(\'.cc-delete\').get(0);\n        if (icon !== undefined) {\n            var eventTest = document.createEvent(\'MouseEvents\');\n            eventTest.initEvent(\'mouseup\', true, true);\n            icon.dispatchEvent(eventTest);\n        } else {\n            $(\'#hd-survey-sid-28\').closest(\'.cm-notification-content\').find(\'.cm-notification-close\').click();\n        }\n    }\n});\">10</button></div><br></div><div id=\'hd-survey-qid-32\' class=\'hd-survey-sq-28\' style=\'display: none;\'><div style=\'margin: 5px;\'>How can we improve your experience?</div><div><textarea id=\'hd-survey-ta-qid-32\' style=\'margin: 5px; width: 100%;\'></textarea><button class=\'btn hd-survey-btn\' style=\'margin: 5px; width: 100%;\' onclick=\"var value = $(\'#hd-survey-ta-qid-32\').val();\n$.ajax({\n    url: \'https://helpdesk.cs-cart.com/index.php?dispatch=surveys.send_answer\',\n    type: \'POST\',\n    data: {\n        rid: 1312664,\n        qid: 32,\n        value: value\n    }\n});\n$(\'#hd-survey-qid-32\').fadeOut(400, function() {\n    $(\'#hd-survey-qid-32\').remove();\n    if (!$(\'.hd-survey-sq-28\').length) {\n        var icon = $(\'#hd-survey-sid-28\').closest(\'.cc-notification\').find(\'.cc-delete\').get(0);\n        if (icon !== undefined) {\n            var eventTest = document.createEvent(\'MouseEvents\');\n            eventTest.initEvent(\'mouseup\', true, true);\n            icon.dispatchEvent(eventTest);\n        } else {\n            $(\'#hd-survey-sid-28\').closest(\'.cm-notification-content\').find(\'.cm-notification-close\').click();\n        }\n    }\n});\">Submit</button></div><br></div></div><script>\nif (typeof notice_displaying_time !== \'undefined\') {\n    notice_displaying_time = 1000000;\n} else {\n    setTimeout(function() {\n        var ofadeOut = jQuery.fn.fadeOut;\n        jQuery.fn.fadeOut = function() {\n            if($(this).hasClass(\'cm-auto-hide\')) {\n                return false;\n            } else {\n                return ofadeOut.apply(this, arguments);\n            }\n        };\n    }, 50);\n}\n</script>', 'N', 'other', 'other', 'A', '', 1, 1605104785, 0, 0),
(58, 1, 'Some vendors are pending approval', 'Você tem fornecedores que exigem a sua aprovação. Por favor <a href=\"https://partiushop.com.br/CvmORvU06X1SNEBE.php?dispatch=companies.manage&status[]=N&status[]=P\">siga este link</a> para rever estes fornecedores.', 'W', 'administration', 'vendor_status', 'A', '', 1, 1605654306, 0, 0),
(59, 1, 'Some vendors are pending approval', 'Você tem fornecedores que exigem a sua aprovação. Por favor <a href=\"https://partiushop.com.br/CvmORvU06X1SNEBE.php?dispatch=companies.manage&status[]=N&status[]=P\">siga este link</a> para rever estes fornecedores.', 'W', 'administration', 'vendor_status', 'A', '', 1, 1605654442, 0, 0),
(60, 1, 'Some vendors are pending approval', 'Você tem fornecedores que exigem a sua aprovação. Por favor <a href=\"https://partiushop.com.br/CvmORvU06X1SNEBE.php?dispatch=companies.manage&status[]=N&status[]=P\">siga este link</a> para rever estes fornecedores.', 'W', 'administration', 'vendor_status', 'A', '', 1, 1605655237, 0, 0),
(61, 1, 'Some vendors are pending approval', 'Você tem fornecedores que exigem a sua aprovação. Por favor <a href=\"https://partiushop.com.br/CvmORvU06X1SNEBE.php?dispatch=companies.manage&status[]=N&status[]=P\">siga este link</a> para rever estes fornecedores.', 'W', 'administration', 'vendor_status', 'A', '', 1, 1606259674, 0, 0),
(62, 1, 'Some vendors are pending approval', 'Você tem fornecedores que exigem a sua aprovação. Por favor <a href=\"https://partiushop.com.br/CvmORvU06X1SNEBE.php?dispatch=companies.manage&status[]=N&status[]=P\">siga este link</a> para rever estes fornecedores.', 'W', 'administration', 'vendor_status', 'A', '', 1, 1606865781, 0, 0),
(63, 1, 'Some vendors are pending approval', 'Você tem fornecedores que exigem a sua aprovação. Por favor <a href=\"https://partiushop.com.br/CvmORvU06X1SNEBE.php?dispatch=companies.manage&status[]=N&status[]=P\">siga este link</a> para rever estes fornecedores.', 'W', 'administration', 'vendor_status', 'A', '', 1, 1606954780, 0, 0),
(64, 1, 'Some vendors are pending approval', 'Você tem fornecedores que exigem a sua aprovação. Por favor <a href=\"https://partiushop.com.br/CvmORvU06X1SNEBE.php?dispatch=companies.manage&status[]=N&status[]=P\">siga este link</a> para rever estes fornecedores.', 'W', 'administration', 'vendor_status', 'A', '', 1, 1607112068, 0, 0),
(65, 1, 'Upgrade available', 'A new version of Multi-Vendor is available. If you want to upgrade to the latest version now, click here.', 'N', 'administration', 'update', 'A', 'https://partiushop.com.br/CvmORvU06X1SNEBE.php?dispatch=upgrade_center.manage', 0, 1607112072, 0, 0),
(66, 14, 'Some vendors are pending approval', 'You have vendors that require your approval. Please <a href=\"https://partiushop.com.br/CvmORvU06X1SNEBE.php?dispatch=companies.manage&status[]=N&status[]=P\">follow this link</a> to review these vendors.', 'W', 'administration', 'vendor_status', 'A', '', 1, 1607113823, 0, 0),
(67, 14, 'Upgrade available', 'A new version of Multi-Vendor is available. If you want to upgrade to the latest version now, click here.', 'N', 'administration', 'update', 'A', 'https://partiushop.com.br/CvmORvU06X1SNEBE.php?dispatch=upgrade_center.manage', 0, 1607113827, 0, 0),
(69, 1, 'Some vendors are pending approval', 'Você tem fornecedores que exigem a sua aprovação. Por favor <a href=\"https://partiushop.com.br/CvmORvU06X1SNEBE.php?dispatch=companies.manage&status[]=N&status[]=P\">siga este link</a> para rever estes fornecedores.', 'W', 'administration', 'vendor_status', 'A', '', 1, 1607206620, 0, 0),
(70, 1, 'Some vendors are pending approval', 'Você tem fornecedores que exigem a sua aprovação. Por favor <a href=\"https://partiushop.com.br/CvmORvU06X1SNEBE.php?dispatch=companies.manage&status[]=N&status[]=P\">siga este link</a> para rever estes fornecedores.', 'W', 'administration', 'vendor_status', 'A', '', 1, 1607530134, 0, 0),
(71, 1, 'Upgrade available', 'A new version of Multi-Vendor is available. If you want to upgrade to the latest version now, click here.', 'N', 'administration', 'update', 'A', 'https://partiushop.com.br/CvmORvU06X1SNEBE.php?dispatch=upgrade_center.manage', 0, 1607530138, 0, 0),
(72, 25, 'Some vendors are pending approval', 'You have vendors that require your approval. Please <a href=\"https://partiushop.com.br/CvmORvU06X1SNEBE.php?dispatch=companies.manage&status[]=N&status[]=P\">follow this link</a> to review these vendors.', 'W', 'administration', 'vendor_status', 'A', '', 0, 1608645365, 0, 0),
(73, 25, 'Upgrade available', 'A new version of Multi-Vendor is available. If you want to upgrade to the latest version now, click here.', 'N', 'administration', 'update', 'A', 'https://partiushop.com.br/CvmORvU06X1SNEBE.php?dispatch=upgrade_center.manage', 0, 1608645369, 0, 0),
(74, 1, 'Some vendors are pending approval', 'Você tem fornecedores que exigem a sua aprovação. Por favor <a href=\"https://partiushop.com.br/CvmORvU06X1SNEBE.php?dispatch=companies.manage&status[]=N&status[]=P\">siga este link</a> para rever estes fornecedores.', 'W', 'administration', 'vendor_status', 'A', '', 1, 1608663120, 0, 0),
(75, 1, 'Some vendors are pending approval', 'Você tem fornecedores que exigem a sua aprovação. Por favor <a href=\"https://partiushop.com.br/CvmORvU06X1SNEBE.php?dispatch=companies.manage&status[]=N&status[]=P\">siga este link</a> para rever estes fornecedores.', 'W', 'administration', 'vendor_status', 'A', '', 1, 1608670042, 0, 0),
(76, 14, 'Some vendors are pending approval', 'You have vendors that require your approval. Please <a href=\"https://partiushop.com.br/CvmORvU06X1SNEBE.php?dispatch=companies.manage&status[]=N&status[]=P\">follow this link</a> to review these vendors.', 'W', 'administration', 'vendor_status', 'A', '', 1, 1608670060, 0, 0),
(77, 14, 'Upgrade available', 'A new version of Multi-Vendor is available. If you want to upgrade to the latest version now, click here.', 'N', 'administration', 'update', 'A', 'https://partiushop.com.br/CvmORvU06X1SNEBE.php?dispatch=upgrade_center.manage', 0, 1608670064, 0, 0),
(78, 28, 'Your status has been changed to Active', 'All your active products will now appear in the store', 'N', 'administration', 'vendor_status', 'A', '', 0, 1608670115, 0, 0),
(79, 14, 'Some vendors are pending approval', 'You have vendors that require your approval. Please <a href=\"https://partiushop.com.br/CvmORvU06X1SNEBE.php?dispatch=companies.manage&status[]=N&status[]=P\">follow this link</a> to review these vendors.', 'W', 'administration', 'vendor_status', 'A', '', 1, 1608748182, 0, 0),
(80, 14, 'Upgrade available', 'A new version of Multi-Vendor is available. If you want to upgrade to the latest version now, click here.', 'N', 'administration', 'update', 'A', 'https://partiushop.com.br/CvmORvU06X1SNEBE.php?dispatch=upgrade_center.manage', 0, 1608748185, 0, 0),
(81, 29, 'Your status has been changed to Ativado', 'All your active products will now appear in the store', 'N', 'administration', 'vendor_status', 'A', '', 1, 1608748836, 0, 0);
INSERT INTO `partiushop_notifications` (`notification_id`, `user_id`, `title`, `message`, `severity`, `section`, `tag`, `area`, `action_url`, `is_read`, `timestamp`, `pinned`, `remind`) VALUES
(82, 1, 'Upgrade available', 'A new version of Multi-Vendor is available. If you want to upgrade to the latest version now, click here.', 'N', 'administration', 'update', 'A', 'https://partiushop.com.br/CvmORvU06X1SNEBE.php?dispatch=upgrade_center.manage', 0, 1608750764, 0, 0),
(83, 25, 'Upgrade available', 'A new version of Multi-Vendor is available. If you want to upgrade to the latest version now, click here.', 'N', 'administration', 'update', 'A', 'https://partiushop.com.br/CvmORvU06X1SNEBE.php?dispatch=upgrade_center.manage', 0, 1609872288, 0, 0),
(84, 1, 'Upgrade available', 'A new version of Multi-Vendor is available. If you want to upgrade to the latest version now, click here.', 'N', 'administration', 'update', 'A', 'https://partiushop.com.br/CvmORvU06X1SNEBE.php?dispatch=upgrade_center.manage', 0, 1610458404, 0, 0),
(85, 1, 'Upgrade available', 'A new version of Multi-Vendor is available. If you want to upgrade to the latest version now, click here.', 'N', 'administration', 'update', 'A', 'https://partiushop.com.br/CvmORvU06X1SNEBE.php?dispatch=upgrade_center.manage', 0, 1610732377, 0, 0),
(86, 14, 'Upgrade available', 'A new version of Multi-Vendor is available. If you want to upgrade to the latest version now, click here.', 'N', 'administration', 'update', 'A', 'https://partiushop.com.br/CvmORvU06X1SNEBE.php?dispatch=upgrade_center.manage', 0, 1611781692, 0, 0),
(87, 1, 'Upgrade available', 'A new version of Multi-Vendor is available. If you want to upgrade to the latest version now, click here.', 'N', 'administration', 'update', 'A', 'https://partiushop.com.br/CvmORvU06X1SNEBE.php?dispatch=upgrade_center.manage', 0, 1611782076, 0, 0),
(88, 1, 'Upgrade available', 'A new version of Multi-Vendor is available. If you want to upgrade to the latest version now, click here.', 'N', 'administration', 'update', 'A', 'https://partiushop.com.br/CvmORvU06X1SNEBE.php?dispatch=upgrade_center.manage', 0, 1611863949, 0, 0),
(89, 1, 'Upgrade available', 'A new version of Multi-Vendor is available. If you want to upgrade to the latest version now, click here.', 'N', 'administration', 'update', 'A', 'https://partiushop.com.br/CvmORvU06X1SNEBE.php?dispatch=upgrade_center.manage', 0, 1611869699, 0, 0),
(90, 1, 'Upgrade available', 'A new version of Multi-Vendor is available. If you want to upgrade to the latest version now, click here.', 'N', 'administration', 'update', 'A', 'https://partiushop.com.br/CvmORvU06X1SNEBE.php?dispatch=upgrade_center.manage', 0, 1611941694, 0, 0),
(92, 1, 'Upgrade available', 'A new version of Multi-Vendor is available. If you want to upgrade to the latest version now, click here.', 'N', 'administration', 'update', 'A', 'https://partiushop.com.br/CvmORvU06X1SNEBE.php?dispatch=upgrade_center.manage', 0, 1612018419, 0, 0),
(93, 1, 'Upgrade available', 'A new version of Multi-Vendor is available. If you want to upgrade to the latest version now, click here.', 'N', 'administration', 'update', 'A', 'https://partiushop.com.br/CvmORvU06X1SNEBE.php?dispatch=upgrade_center.manage', 0, 1612213470, 0, 0),
(94, 1, 'Upgrade available', 'A new version of Multi-Vendor is available. If you want to upgrade to the latest version now, click here.', 'N', 'administration', 'update', 'A', 'https://partiushop.com.br/CvmORvU06X1SNEBE.php?dispatch=upgrade_center.manage', 0, 1612453604, 0, 0),
(95, 1, 'Upgrade available', 'A new version of Multi-Vendor is available. If you want to upgrade to the latest version now, click here.', 'N', 'administration', 'update', 'A', 'https://partiushop.com.br/CvmORvU06X1SNEBE.php?dispatch=upgrade_center.manage', 0, 1612973751, 0, 0),
(96, 1, 'Upgrade available', 'A new version of Multi-Vendor is available. If you want to upgrade to the latest version now, click here.', 'N', 'administration', 'update', 'A', 'https://partiushop.com.br/CvmORvU06X1SNEBE.php?dispatch=upgrade_center.manage', 0, 1613085709, 0, 0),
(98, 1, 'Upgrade available', 'A new version of Multi-Vendor is available. If you want to upgrade to the latest version now, click here.', 'N', 'administration', 'update', 'A', 'https://partiushop.com.br/CvmORvU06X1SNEBE.php?dispatch=upgrade_center.manage', 0, 1613517421, 0, 0),
(99, 1, 'Upgrade available', 'A new version of Multi-Vendor is available. If you want to upgrade to the latest version now, click here.', 'N', 'administration', 'update', 'A', 'https://partiushop.com.br/CvmORvU06X1SNEBE.php?dispatch=upgrade_center.manage', 0, 1613518568, 0, 0),
(101, 1, 'Decide the roadmap of Multi-Vendor', '<p><a href=\"https://docs.google.com/forms/d/e/1FAIpQLSdkqF1IuQaOr2XWpk8kFqgYemQNDQXm2w9xAT_hSo-82PSN8w/viewform?usp=pp_url&amp;entry.1685087120=from+the+admin+panel\" target=\"_blank\">Take part in a survey</a> to affect what we do next. We can\'t promise to implement everything, but we\'ll read all that you have to say. You can answer as few or as many questions as you like; every answer helps!</p>\n<p>P.S. This is the same survey that we announced via email before.</p>', 'I', 'other', 'other', 'A', '', 1, 1614601597, 0, 0),
(102, 1, 'Decide the roadmap of Multi-Vendor', '<p><a href=\"https://docs.google.com/forms/d/e/1FAIpQLSdkqF1IuQaOr2XWpk8kFqgYemQNDQXm2w9xAT_hSo-82PSN8w/viewform?usp=pp_url&amp;entry.1685087120=from+the+admin+panel\" target=\"_blank\">Take part in a survey</a> to affect what we do next. We can\'t promise to implement everything, but we\'ll read all that you have to say. You can answer as few or as many questions as you like; every answer helps!</p>\n<p>P.S. This is the same survey that we announced via email before.</p>', 'I', 'other', 'other', 'A', '', 1, 1614607205, 0, 0),
(103, 14, 'Upgrade available', 'A new version of Multi-Vendor is available. If you want to upgrade to the latest version now, click here.', 'N', 'administration', 'update', 'A', 'https://partiushop.com.br/CvmORvU06X1SNEBE.php?dispatch=upgrade_center.manage', 0, 1615303998, 0, 0),
(105, 1, 'Upgrade available', 'A new version of Multi-Vendor is available. If you want to upgrade to the latest version now, click here.', 'N', 'administration', 'update', 'A', 'https://partiushop.com.br/CvmORvU06X1SNEBE.php?dispatch=upgrade_center.manage', 0, 1619718543, 0, 0),
(106, 1, 'Upgrade available', 'A new version of Multi-Vendor is available. If you want to upgrade to the latest version now, click here.', 'N', 'administration', 'update', 'A', 'https://partiushop.com.br/CvmORvU06X1SNEBE.php?dispatch=upgrade_center.manage', 0, 1619985288, 0, 0),
(107, 1, 'Upgrade available', 'A new version of Multi-Vendor is available. If you want to upgrade to the latest version now, click here.', 'N', 'administration', 'update', 'A', 'https://partiushop.com.br/CvmORvU06X1SNEBE.php?dispatch=upgrade_center.manage', 0, 1620217248, 0, 0),
(109, 31, 'Upgrade available', 'A new version of Multi-Vendor is available. If you want to upgrade to the latest version now, click here.', 'N', 'administration', 'update', 'A', 'https://partiushop.com.br/CvmORvU06X1SNEBE.php?dispatch=upgrade_center.manage', 1, 1620307692, 0, 0),
(110, 31, 'Upgrade available', 'A new version of Multi-Vendor is available. If you want to upgrade to the latest version now, click here.', 'N', 'administration', 'update', 'A', 'https://partiushop.com.br/CvmORvU06X1SNEBE.php?dispatch=upgrade_center.manage', 0, 1620354700, 0, 0),
(131, 1, 'Upgrade available', 'A new version of Multi-Vendor is available. If you want to upgrade to the latest version now, click here.', 'N', 'administration', 'update', 'A', 'http://partiushop.com.br/CvmORvU06X1SNEBE.php?dispatch=upgrade_center.manage', 0, 1627574599, 0, 0),
(134, 1, 'Upgrade available', 'A new version of Multi-Vendor is available. If you want to upgrade to the latest version now, click here.', 'N', 'administration', 'update', 'A', 'http://partiushop.com.br/CvmORvU06X1SNEBE.php?dispatch=upgrade_center.manage', 0, 1627669148, 0, 0),
(147, 1, 'New review posted for a product', 'A new review has been posted for product iPhone 12 v2. Click this notification to see the review.', 'N', 'products', 'product_reviews.new_post', 'A', 'http://dev.partiushop.com.br/CvmORvU06X1SNEBE.php?dispatch=product_reviews.update&product_review_id=1', 0, 1629156930, 0, 0),
(148, 12, 'New review posted for a product', 'A new review has been posted for product iPhone 12 v2. Click this notification to see the review.', 'N', 'products', 'product_reviews.new_post', 'A', 'http://dev.partiushop.com.br/vendor.php?dispatch=product_reviews.update&product_review_id=1', 0, 1629156930, 0, 0),
(149, 1, 'Take a look at the new admin panel for vendors', '<p>&nbsp;</p><p>The vendor panel will improve in CS-Cart Multi-Vendor 4.14.1. <a href=\"https://docs.google.com/forms/d/e/1FAIpQLSfFAsxgC8w42NT_LrUoQYg92s8vW8__McbzXcX6GKUpaAATVw/viewform?usp=sf_link\" target=\"_blank\">Find out more, try it yourself, and let us know what you think!</a></p><script>\nif (typeof notice_displaying_time !== \'undefined\') {\n    notice_displaying_time = 1000000;\n} else {\n    setTimeout(function() {\n        var ofadeOut = jQuery.fn.fadeOut;\n        jQuery.fn.fadeOut = function() {\n            if($(this).hasClass(\'cm-auto-hide\')) {\n                return false;\n            } else {\n                return ofadeOut.apply(this, arguments);\n            }\n        };\n    }, 50);\n}\n</script>', 'N', 'other', 'other', 'A', '', 1, 1629187174, 0, 0),
(150, 12, 'Your account is suspended', 'To lift the suspension, please contact us.', 'N', 'administration', 'vendor_status', 'A', '', 0, 1630066777, 0, 0),
(151, 1, 'Loja 01: Status changed to Suspended', 'The debt of R$217,85 that hasn\'t been paid until 26/08/2021, 16:34.', 'N', 'administration', 'vendor_debt_payout', 'A', 'http://partiushop.com.br/CvmORvU06X1SNEBE.php?dispatch=companies.update&company_id=4', 0, 1630066777, 0, 0),
(152, 12, 'Your account is suspended', 'To lift the suspension, please contact us.', 'N', 'administration', 'vendor_status', 'A', '', 0, 1631574437, 0, 0),
(153, 1, 'Loja 01: Status changed to Suspended', 'The debt of R$217,85 that hasn\'t been paid until 12/09/2021, 10:05.', 'N', 'administration', 'vendor_debt_payout', 'A', 'http://partiushop.com.br/CvmORvU06X1SNEBE.php?dispatch=companies.update&company_id=4', 0, 1631574438, 0, 0),
(156, 1, 'Upgrade available', 'A new version of Multi-Vendor is available. If you want to upgrade to the latest version now, click here.', 'N', 'administration', 'update', 'A', 'http://partiushop.com.br/CvmORvU06X1SNEBE.php?dispatch=upgrade_center.manage', 1, 1634586433, 0, 0),
(163, 12, 'Your product has been approved', '\"Celular 01\" has been approved by the store administration and added to the product catalog. Click here to view this product.', 'N', 'products', 'vendor_data_premoderation', 'A', 'products.manage?pid=308', 0, 1635426249, 0, 0),
(169, 1, 'Upgrade available', 'A new version of Multi-Vendor is available. If you want to upgrade to the latest version now, click here.', 'N', 'administration', 'update', 'A', 'http://partiushop.com.br/CvmORvU06X1SNEBE.php?dispatch=upgrade_center.manage', 1, 1636412461, 0, 0),
(173, 1, 'Decide Multi-Vendor roadmap for 2022', '<p>&nbsp;</p><p><a href=\"https://docs.google.com/forms/d/e/1FAIpQLSfRxute6q8TjzKw6hUXgoJ7Eoa-Xou2wNKGxT6knALvBl7jbw/viewform?usp=pp_url&amp;entry.1685087120=from+the+admin+panel\" target=\"_blank\">Take part in a survey</a> to affect what we do next. We can\'t promise to implement everything, but we\'ll read all that you have to say. You can answer as few or as many questions as you like; every answer helps!</p>\n<p>P.S. This is the same survey that you may have received by email.</p><script>\nif (typeof notice_displaying_time !== \'undefined\') {\n    notice_displaying_time = 1000000;\n} else {\n    setTimeout(function() {\n        var ofadeOut = jQuery.fn.fadeOut;\n        jQuery.fn.fadeOut = function() {\n            if($(this).hasClass(\'cm-auto-hide\')) {\n                return false;\n            } else {\n                return ofadeOut.apply(this, arguments);\n            }\n        };\n    }, 50);\n}\n</script>', 'N', 'other', 'other', 'A', '', 0, 1644479356, 1, 0),
(196, 1, 'Loja 01 tem uma nova mensagem de Ruan Silva', 'Clique nesta notificação para ver a mensagem', 'N', 'communication', 'vendor_communication', 'A', 'vendor_communication.view?thread_id=5&communication_type=vendor_to_customer', 0, 1651182389, 0, 0),
(197, 12, 'Loja 01 tem uma nova mensagem de Ruan Silva', 'Clique nesta notificação para ver a mensagem', 'N', 'communication', 'vendor_communication', 'A', 'vendor_communication.view?thread_id=5&communication_type=vendor_to_customer', 0, 1651182390, 0, 0),
(198, 12, 'Loja 01 tem uma nova mensagem de Partiu Shop', 'Clique nesta notificação para ver a mensagem', 'N', 'communication', 'vendor_communication', 'A', 'vendor_communication.view?thread_id=5&communication_type=vendor_to_customer', 0, 1651182420, 0, 0),
(200, 12, 'Loja 01 tem uma nova mensagem de Partiu Shop', 'Clique nesta notificação para ver a mensagem', 'N', 'communication', 'vendor_communication', 'A', 'vendor_communication.view?thread_id=5&communication_type=vendor_to_customer', 0, 1651250713, 0, 0),
(222, 30, 'Upgrade available', 'A new version of Multi-Vendor is available. If you want to upgrade to the latest version now, click here.', 'N', 'administration', 'update', 'A', 'http://partiushop.com.br/CvmORvU06X1SNEBE.php?dispatch=upgrade_center.manage', 0, 1655730785, 0, 0),
(223, 30, 'Upgrade available', 'A new version of Multi-Vendor is available. If you want to upgrade to the latest version now, click here.', 'N', 'administration', 'update', 'A', 'http://partiushop.com.br/CvmORvU06X1SNEBE.php?dispatch=upgrade_center.manage', 0, 1655753425, 0, 0),
(224, 30, 'Upgrade available', 'A new version of Multi-Vendor is available. If you want to upgrade to the latest version now, click here.', 'N', 'administration', 'update', 'A', 'http://partiushop.com.br/CvmORvU06X1SNEBE.php?dispatch=upgrade_center.manage', 0, 1655992028, 0, 0),
(225, 30, 'Upgrade available', 'A new version of Multi-Vendor is available. If you want to upgrade to the latest version now, click here.', 'N', 'administration', 'update', 'A', 'http://partiushop.com.br/CvmORvU06X1SNEBE.php?dispatch=upgrade_center.manage', 0, 1656016708, 0, 0),
(227, 30, 'Upgrade available', 'A new version of Multi-Vendor is available. If you want to upgrade to the latest version now, click here.', 'N', 'administration', 'update', 'A', 'http://partiushop.com.br/CvmORvU06X1SNEBE.php?dispatch=upgrade_center.manage', 0, 1656548408, 0, 0),
(228, 30, 'Upgrade available', 'A new version of Multi-Vendor is available. If you want to upgrade to the latest version now, click here.', 'N', 'administration', 'update', 'A', 'http://partiushop.com.br/CvmORvU06X1SNEBE.php?dispatch=upgrade_center.manage', 0, 1656616788, 0, 0);

-- --------------------------------------------------------

--
