-- Table structure for table `partiushop_template_snippet_descriptions`
--

CREATE TABLE `partiushop_template_snippet_descriptions` (
  `snippet_id` int(11) UNSIGNED NOT NULL,
  `lang_code` varchar(2) NOT NULL DEFAULT '',
  `name` varchar(255) NOT NULL DEFAULT ''
) ENGINE=InnoDB DEFAULT CHARSET=utf8;

--
-- Dumping data for table `partiushop_template_snippet_descriptions`
--

INSERT INTO `partiushop_template_snippet_descriptions` (`snippet_id`, `lang_code`, `name`) VALUES
(1, 'da', 'Footer'),
(1, 'de', 'Footer'),
(1, 'el', 'Footer'),
(1, 'en', 'Footer'),
(1, 'es', 'Footer'),
(1, 'fr', 'Footer'),
(1, 'it', 'Footer'),
(1, 'nl', 'Footer'),
(1, 'no', 'Footer'),
(1, 'pt', 'Footer'),
(1, 'ro', 'Footer'),
(1, 'ru', 'Footer'),
(2, 'da', 'Header'),
(2, 'de', 'Header'),
(2, 'el', 'Header'),
(2, 'en', 'Header'),
(2, 'es', 'Header'),
(2, 'fr', 'Header'),
(2, 'it', 'Header'),
(2, 'nl', 'Header'),
(2, 'no', 'Header'),
(2, 'pt', 'Header'),
(2, 'ro', 'Header'),
(2, 'ru', 'Header'),
(3, 'da', 'Bill to'),
(3, 'de', 'Bill to'),
(3, 'el', 'Bill to'),
(3, 'en', 'Bill to'),
(3, 'es', 'Bill to'),
(3, 'fr', 'Bill to'),
(3, 'it', 'Bill to'),
(3, 'nl', 'Bill to'),
(3, 'no', 'Bill to'),
(3, 'pt', 'Bill to'),
(3, 'ro', 'Bill to'),
(3, 'ru', 'Плательщик'),
(4, 'da', 'Company address'),
(4, 'de', 'Company address'),
(4, 'el', 'Company address'),
(4, 'en', 'Company address'),
(4, 'es', 'Company address'),
(4, 'fr', 'Company address'),
(4, 'it', 'Company address'),
(4, 'nl', 'Company address'),
(4, 'no', 'Company address'),
(4, 'pt', 'Company address'),
(4, 'ro', 'Company address'),
(4, 'ru', 'Адрес компании'),
(5, 'da', 'Products table'),
(5, 'de', 'Products table'),
(5, 'el', 'Products table'),
(5, 'en', 'Products table'),
(5, 'es', 'Products table'),
(5, 'fr', 'Products table'),
(5, 'it', 'Products table'),
(5, 'nl', 'Products table'),
(5, 'no', 'Products table'),
(5, 'pt', 'Products table'),
(5, 'ro', 'Products table'),
(5, 'ru', 'Таблица товаров'),
(6, 'da', 'Shipping address'),
(6, 'de', 'Shipping address'),
(6, 'el', 'Shipping address'),
(6, 'en', 'Shipping address'),
(6, 'es', 'Shipping address'),
(6, 'fr', 'Shipping address'),
(6, 'it', 'Shipping address'),
(6, 'nl', 'Shipping address'),
(6, 'no', 'Shipping address'),
(6, 'pt', 'Shipping address'),
(6, 'ro', 'Shipping address'),
(6, 'ru', 'Адрес доставки'),
(7, 'da', 'Pickup point'),
(7, 'de', 'Pickup point'),
(7, 'el', 'Pickup point'),
(7, 'en', 'Pickup point'),
(7, 'es', 'Pickup point'),
(7, 'fr', 'Pickup point'),
(7, 'it', 'Pickup point'),
(7, 'nl', 'Pickup point'),
(7, 'no', 'Pickup point'),
(7, 'pt', 'Pickup point'),
(7, 'ro', 'Pickup point'),
(7, 'ru', 'Пункт выдачи'),
(8, 'da', 'Products table'),
(8, 'de', 'Products table'),
(8, 'el', 'Products table'),
(8, 'en', 'Products table'),
(8, 'es', 'Products table'),
(8, 'fr', 'Products table'),
(8, 'it', 'Products table'),
(8, 'nl', 'Products table'),
(8, 'no', 'Products table'),
(8, 'pt', 'Products table'),
(8, 'ro', 'Products table'),
(8, 'ru', 'Таблица товаров'),
(9, 'da', 'Shipping address'),
(9, 'de', 'Shipping address'),
(9, 'el', 'Shipping address'),
(9, 'en', 'Shipping address'),
(9, 'es', 'Shipping address'),
(9, 'fr', 'Shipping address'),
(9, 'it', 'Shipping address'),
(9, 'nl', 'Shipping address'),
(9, 'no', 'Shipping address'),
(9, 'pt', 'Shipping address'),
(9, 'ro', 'Shipping address'),
(9, 'ru', 'Адрес доставки'),
(10, 'da', 'Pickup point'),
(10, 'de', 'Pickup point'),
(10, 'el', 'Pickup point'),
(10, 'en', 'Pickup point'),
(10, 'es', 'Pickup point'),
(10, 'fr', 'Pickup point'),
(10, 'it', 'Pickup point'),
(10, 'nl', 'Pickup point'),
(10, 'no', 'Pickup point'),
(10, 'pt', 'Pickup point'),
(10, 'ro', 'Pickup point'),
(10, 'ru', 'Пункт выдачи'),
(11, 'da', 'Bill to'),
(11, 'de', 'Bill to'),
(11, 'el', 'Bill to'),
(11, 'en', 'Bill to'),
(11, 'es', 'Bill to'),
(11, 'fr', 'Bill to'),
(11, 'it', 'Bill to'),
(11, 'nl', 'Bill to'),
(11, 'no', 'Bill to'),
(11, 'pt', 'Bill to'),
(11, 'ro', 'Bill to'),
(11, 'ru', 'Плательщик'),
(12, 'da', 'Company address'),
(12, 'de', 'Company address'),
(12, 'el', 'Company address'),
(12, 'en', 'Company address'),
(12, 'es', 'Company address'),
(12, 'fr', 'Company address'),
(12, 'it', 'Company address'),
(12, 'nl', 'Company address'),
(12, 'no', 'Company address'),
(12, 'pt', 'Company address'),
(12, 'ro', 'Company address'),
(12, 'ru', 'Адрес компании'),
(13, 'da', 'Company info'),
(13, 'de', 'Company info'),
(13, 'el', 'Company info'),
(13, 'en', 'Company info'),
(13, 'es', 'Company info'),
(13, 'fr', 'Company info'),
(13, 'it', 'Company info'),
(13, 'nl', 'Company info'),
(13, 'no', 'Company info'),
(13, 'pt', 'Company info'),
(13, 'ro', 'Company info'),
(13, 'ru', 'Информация о компании'),
(14, 'da', 'Order date'),
(14, 'de', 'Order date'),
(14, 'el', 'Order date'),
(14, 'en', 'Order date'),
(14, 'es', 'Order date'),
(14, 'fr', 'Order date'),
(14, 'it', 'Order date'),
(14, 'nl', 'Order date'),
(14, 'no', 'Order date'),
(14, 'pt', 'Order date'),
(14, 'ro', 'Order date'),
(14, 'ru', 'Дата заказа'),
(15, 'da', 'Order info'),
(15, 'de', 'Order info'),
(15, 'el', 'Order info'),
(15, 'en', 'Order info'),
(15, 'es', 'Order info'),
(15, 'fr', 'Order info'),
(15, 'it', 'Order info'),
(15, 'nl', 'Order info'),
(15, 'no', 'Order info'),
(15, 'pt', 'Order info'),
(15, 'ro', 'Order info'),
(15, 'ru', 'Информация о заказе'),
(16, 'da', 'Packing slip notes'),
(16, 'de', 'Packing slip notes'),
(16, 'el', 'Packing slip notes'),
(16, 'en', 'Packing slip notes'),
(16, 'es', 'Packing slip notes'),
(16, 'fr', 'Packing slip notes'),
(16, 'it', 'Packing slip notes'),
(16, 'nl', 'Packing slip notes'),
(16, 'no', 'Packing slip notes'),
(16, 'pt', 'Packing slip notes'),
(16, 'ro', 'Packing slip notes'),
(16, 'ru', 'Примечания'),
(17, 'da', 'Products table'),
(17, 'de', 'Products table'),
(17, 'el', 'Products table'),
(17, 'en', 'Products table'),
(17, 'es', 'Products table'),
(17, 'fr', 'Products table'),
(17, 'it', 'Products table'),
(17, 'nl', 'Products table'),
(17, 'no', 'Products table'),
(17, 'pt', 'Products table'),
(17, 'ro', 'Products table'),
(17, 'ru', 'Таблица товаров'),
(18, 'da', 'Shipping address'),
(18, 'de', 'Shipping address'),
(18, 'el', 'Shipping address'),
(18, 'en', 'Shipping address'),
(18, 'es', 'Shipping address'),
(18, 'fr', 'Shipping address'),
(18, 'it', 'Shipping address'),
(18, 'nl', 'Shipping address'),
(18, 'no', 'Shipping address'),
(18, 'pt', 'Shipping address'),
(18, 'ro', 'Shipping address'),
(18, 'ru', 'Адрес доставки'),
(19, 'da', 'Pickup point'),
(19, 'de', 'Pickup point'),
(19, 'el', 'Pickup point'),
(19, 'en', 'Pickup point'),
(19, 'es', 'Pickup point'),
(19, 'fr', 'Pickup point'),
(19, 'it', 'Pickup point'),
(19, 'nl', 'Pickup point'),
(19, 'no', 'Pickup point'),
(19, 'pt', 'Pickup point'),
(19, 'ro', 'Pickup point'),
(19, 'ru', 'Пункт выдачи'),
(20, 'da', 'Vendor plans: plan details'),
(20, 'de', 'Vendor plans: plan details'),
(20, 'el', 'Vendor plans: plan details'),
(20, 'en', 'Vendor plans: plan details'),
(20, 'es', 'Vendor plans: plan details'),
(20, 'fr', 'Vendor plans: plan details'),
(20, 'it', 'Vendor plans: plan details'),
(20, 'nl', 'Vendor plans: plan details'),
(20, 'no', 'Vendor plans: plan details'),
(20, 'pt', 'Vendor plans: plan details'),
(20, 'ro', 'Vendor plans: plan details'),
(20, 'ru', 'Vendor plans: plan details'),
(21, 'da', 'Info'),
(21, 'de', 'Info'),
(21, 'el', 'Info'),
(21, 'en', 'Info'),
(21, 'es', 'Info'),
(21, 'fr', 'Info'),
(21, 'it', 'Info'),
(21, 'nl', 'Info'),
(21, 'no', 'Info'),
(21, 'pt', 'Info'),
(21, 'ro', 'Info'),
(21, 'ru', 'Информация'),
(22, 'da', 'Products table'),
(22, 'de', 'Products table'),
(22, 'el', 'Products table'),
(22, 'en', 'Products table'),
(22, 'es', 'Products table'),
(22, 'fr', 'Products table'),
(22, 'it', 'Products table'),
(22, 'nl', 'Products table'),
(22, 'no', 'Products table'),
(22, 'pt', 'Products table'),
(22, 'ro', 'Products table'),
(22, 'ru', 'Таблица товаров'),
(23, 'da', 'Bill to'),
(23, 'de', 'Bill to'),
(23, 'el', 'Bill to'),
(23, 'en', 'Bill to'),
(23, 'es', 'Bill to'),
(23, 'fr', 'Bill to'),
(23, 'it', 'Bill to'),
(23, 'nl', 'Bill to'),
(23, 'no', 'Bill to'),
(23, 'pt', 'Bill to'),
(23, 'ro', 'Bill to'),
(23, 'ru', 'Плательщик'),
(24, 'da', 'Company address'),
(24, 'de', 'Company address'),
(24, 'el', 'Company address'),
(24, 'en', 'Company address'),
(24, 'es', 'Company address'),
(24, 'fr', 'Company address'),
(24, 'it', 'Company address'),
(24, 'nl', 'Company address'),
(24, 'no', 'Company address'),
(24, 'pt', 'Company address'),
(24, 'ro', 'Company address'),
(24, 'ru', 'Адрес компании'),
(25, 'da', 'Company info'),
(25, 'de', 'Company info'),
(25, 'el', 'Company info'),
(25, 'en', 'Company info'),
(25, 'es', 'Company info'),
(25, 'fr', 'Company info'),
(25, 'it', 'Company info'),
(25, 'nl', 'Company info'),
(25, 'no', 'Company info'),
(25, 'pt', 'Company info'),
(25, 'ro', 'Company info'),
(25, 'ru', 'Информация о компании'),
(26, 'da', 'Products table'),
(26, 'de', 'Products table'),
(26, 'el', 'Products table'),
(26, 'en', 'Products table'),
(26, 'es', 'Products table'),
(26, 'fr', 'Products table'),
(26, 'it', 'Products table'),
(26, 'nl', 'Products table'),
(26, 'no', 'Products table'),
(26, 'pt', 'Products table'),
(26, 'ro', 'Products table'),
(26, 'ru', 'Таблица товаров'),
(27, 'da', 'Shipping address'),
(27, 'de', 'Shipping address'),
(27, 'el', 'Shipping address'),
(27, 'en', 'Shipping address'),
(27, 'es', 'Shipping address'),
(27, 'fr', 'Shipping address'),
(27, 'it', 'Shipping address'),
(27, 'nl', 'Shipping address'),
(27, 'no', 'Shipping address'),
(27, 'pt', 'Shipping address'),
(27, 'ro', 'Shipping address'),
(27, 'ru', 'Адрес доставки'),
(28, 'da', 'Pickup point'),
(28, 'de', 'Pickup point'),
(28, 'el', 'Pickup point'),
(28, 'en', 'Pickup point'),
(28, 'es', 'Pickup point'),
(28, 'fr', 'Pickup point'),
(28, 'it', 'Pickup point'),
(28, 'nl', 'Pickup point'),
(28, 'no', 'Pickup point'),
(28, 'pt', 'Pickup point'),
(28, 'ro', 'Pickup point'),
(28, 'ru', 'Пункт выдачи'),
(29, 'da', 'Returned products table'),
(29, 'de', 'Returned products table'),
(29, 'el', 'Returned products table'),
(29, 'en', 'Returned products table'),
(29, 'es', 'Returned products table'),
(29, 'fr', 'Returned products table'),
(29, 'it', 'Returned products table'),
(29, 'nl', 'Returned products table'),
(29, 'no', 'Returned products table'),
(29, 'pt', 'Returned products table'),
(29, 'ro', 'Returned products table'),
(29, 'ru', 'Таблица товаров на возврат'),
(30, 'da', 'Returned products table'),
(30, 'de', 'Returned products table'),
(30, 'el', 'Returned products table'),
(30, 'en', 'Returned products table'),
(30, 'es', 'Returned products table'),
(30, 'fr', 'Returned products table'),
(30, 'it', 'Returned products table'),
(30, 'nl', 'Returned products table'),
(30, 'no', 'Returned products table'),
(30, 'pt', 'Returned products table'),
(30, 'ro', 'Returned products table'),
(30, 'ru', 'Таблица товаров на возврат'),
(31, 'da', 'Bill to'),
(31, 'de', 'Bill to'),
(31, 'el', 'Bill to'),
(31, 'en', 'Bill to'),
(31, 'es', 'Bill to'),
(31, 'fr', 'Bill to'),
(31, 'it', 'Bill to'),
(31, 'nl', 'Bill to'),
(31, 'no', 'Bill to'),
(31, 'pt', 'Bill to'),
(31, 'ro', 'Bill to'),
(31, 'ru', 'Плательщик'),
(32, 'da', 'Products table'),
(32, 'de', 'Products table'),
(32, 'el', 'Products table'),
(32, 'en', 'Products table'),
(32, 'es', 'Products table'),
(32, 'fr', 'Products table'),
(32, 'it', 'Products table'),
(32, 'nl', 'Products table'),
(32, 'no', 'Products table'),
(32, 'pt', 'Products table'),
(32, 'ro', 'Products table'),
(32, 'ru', 'Таблица товаров'),
(33, 'da', 'Shipping address'),
(33, 'de', 'Shipping address'),
(33, 'el', 'Shipping address'),
(33, 'en', 'Shipping address'),
(33, 'es', 'Shipping address'),
(33, 'fr', 'Shipping address'),
(33, 'it', 'Shipping address'),
(33, 'nl', 'Shipping address'),
(33, 'no', 'Shipping address'),
(33, 'pt', 'Shipping address'),
(33, 'ro', 'Shipping address'),
(33, 'ru', 'Адрес доставки'),
(34, 'da', 'Pickup point'),
(34, 'de', 'Pickup point'),
(34, 'el', 'Pickup point'),
(34, 'en', 'Pickup point'),
(34, 'es', 'Pickup point'),
(34, 'fr', 'Pickup point'),
(34, 'it', 'Pickup point'),
(34, 'nl', 'Pickup point'),
(34, 'no', 'Pickup point'),
(34, 'pt', 'Pickup point'),
(34, 'ro', 'Pickup point'),
(34, 'ru', 'Пункт выдачи'),
(35, 'da', 'Supplier info'),
(35, 'de', 'Supplier info'),
(35, 'el', 'Supplier info'),
(35, 'en', 'Supplier info'),
(35, 'es', 'Supplier info'),
(35, 'fr', 'Supplier info'),
(35, 'it', 'Supplier info'),
(35, 'nl', 'Supplier info'),
(35, 'no', 'Supplier info'),
(35, 'pt', 'Supplier info'),
(35, 'ro', 'Supplier info'),
(35, 'ru', 'Информация о поставщике'),
(40, 'da', 'Bill to'),
(40, 'de', 'Bill to'),
(40, 'el', 'Bill to'),
(40, 'en', 'Bill to'),
(40, 'es', 'Bill to'),
(40, 'fr', 'Bill to'),
(40, 'it', 'Bill to'),
(40, 'nl', 'Bill to'),
(40, 'no', 'Bill to'),
(40, 'pt', 'Bill to'),
(40, 'ro', 'Bill to'),
(40, 'ru', 'Плательщик'),
(41, 'da', 'Company address'),
(41, 'de', 'Company address'),
(41, 'el', 'Company address'),
(41, 'en', 'Company address'),
(41, 'es', 'Company address'),
(41, 'fr', 'Company address'),
(41, 'it', 'Company address'),
(41, 'nl', 'Company address'),
(41, 'no', 'Company address'),
(41, 'pt', 'Company address'),
(41, 'ro', 'Company address'),
(41, 'ru', 'Адрес компании'),
(42, 'da', 'Pickup point'),
(42, 'de', 'Pickup point'),
(42, 'el', 'Pickup point'),
(42, 'en', 'Pickup point'),
(42, 'es', 'Pickup point'),
(42, 'fr', 'Pickup point'),
(42, 'it', 'Pickup point'),
(42, 'nl', 'Pickup point'),
(42, 'no', 'Pickup point'),
(42, 'pt', 'Pickup point'),
(42, 'ro', 'Pickup point'),
(42, 'ru', 'Пункт выдачи'),
(43, 'da', 'Products table'),
(43, 'de', 'Products table'),
(43, 'el', 'Products table'),
(43, 'en', 'Products table'),
(43, 'es', 'Products table'),
(43, 'fr', 'Products table'),
(43, 'it', 'Products table'),
(43, 'nl', 'Products table'),
(43, 'no', 'Products table'),
(43, 'pt', 'Products table'),
(43, 'ro', 'Products table'),
(43, 'ru', 'Таблица товаров'),
(44, 'da', 'Returned products table'),
(44, 'de', 'Returned products table'),
(44, 'el', 'Returned products table'),
(44, 'en', 'Returned products table'),
(44, 'es', 'Returned products table'),
(44, 'fr', 'Returned products table'),
(44, 'it', 'Returned products table'),
(44, 'nl', 'Returned products table'),
(44, 'no', 'Returned products table'),
(44, 'pt', 'Returned products table'),
(44, 'ro', 'Returned products table'),
(44, 'ru', 'Таблица товаров на возврат'),
(45, 'da', 'Shipping address'),
(45, 'de', 'Shipping address'),
(45, 'el', 'Shipping address'),
(45, 'en', 'Shipping address'),
(45, 'es', 'Shipping address'),
(45, 'fr', 'Shipping address'),
(45, 'it', 'Shipping address'),
(45, 'nl', 'Shipping address'),
(45, 'no', 'Shipping address'),
(45, 'pt', 'Shipping address'),
(45, 'ro', 'Shipping address'),
(45, 'ru', 'Адрес доставки'),
(52, 'da', 'Bill to'),
(52, 'de', 'Bill to'),
(52, 'el', 'Bill to'),
(52, 'en', 'Bill to'),
(52, 'es', 'Bill to'),
(52, 'fr', 'Bill to'),
(52, 'it', 'Bill to'),
(52, 'nl', 'Bill to'),
(52, 'no', 'Bill to'),
(52, 'pt', 'Bill to'),
(52, 'ro', 'Bill to'),
(52, 'ru', 'Плательщик'),
(53, 'da', 'Company address'),
(53, 'de', 'Company address'),
(53, 'el', 'Company address'),
(53, 'en', 'Company address'),
(53, 'es', 'Company address'),
(53, 'fr', 'Company address'),
(53, 'it', 'Company address'),
(53, 'nl', 'Company address'),
(53, 'no', 'Company address'),
(53, 'pt', 'Company address'),
(53, 'ro', 'Company address'),
(53, 'ru', 'Адрес компании'),
(54, 'da', 'Pickup point'),
(54, 'de', 'Pickup point'),
(54, 'el', 'Pickup point'),
(54, 'en', 'Pickup point'),
(54, 'es', 'Pickup point'),
(54, 'fr', 'Pickup point'),
(54, 'it', 'Pickup point'),
(54, 'nl', 'Pickup point'),
(54, 'no', 'Pickup point'),
(54, 'pt', 'Pickup point'),
(54, 'ro', 'Pickup point'),
(54, 'ru', 'Пункт выдачи'),
(55, 'da', 'Products table'),
(55, 'de', 'Products table'),
(55, 'el', 'Products table'),
(55, 'en', 'Products table'),
(55, 'es', 'Products table'),
(55, 'fr', 'Products table'),
(55, 'it', 'Products table'),
(55, 'nl', 'Products table'),
(55, 'no', 'Products table'),
(55, 'pt', 'Products table'),
(55, 'ro', 'Products table'),
(55, 'ru', 'Таблица товаров'),
(56, 'da', 'Returned products table'),
(56, 'de', 'Returned products table'),
(56, 'el', 'Returned products table'),
(56, 'en', 'Returned products table'),
(56, 'es', 'Returned products table'),
(56, 'fr', 'Returned products table'),
(56, 'it', 'Returned products table'),
(56, 'nl', 'Returned products table'),
(56, 'no', 'Returned products table'),
(56, 'pt', 'Returned products table'),
(56, 'ro', 'Returned products table'),
(56, 'ru', 'Таблица товаров на возврат'),
(57, 'da', 'Shipping address'),
(57, 'de', 'Shipping address'),
(57, 'el', 'Shipping address'),
(57, 'en', 'Shipping address'),
(57, 'es', 'Shipping address'),
(57, 'fr', 'Shipping address'),
(57, 'it', 'Shipping address'),
(57, 'nl', 'Shipping address'),
(57, 'no', 'Shipping address'),
(57, 'pt', 'Shipping address'),
(57, 'ro', 'Shipping address'),
(57, 'ru', 'Адрес доставки');

-- --------------------------------------------------------

--
-- Table structure for table `partiushop_template_table_columns`
--

CREATE TABLE `partiushop_template_table_columns` (
  `column_id` int(11) UNSIGNED NOT NULL,
  `code` varchar(128) DEFAULT NULL,
  `snippet_code` varchar(128) NOT NULL DEFAULT '',
  `snippet_type` varchar(32) NOT NULL DEFAULT '',
  `status` char(1) NOT NULL DEFAULT '',
  `position` smallint(5) UNSIGNED NOT NULL DEFAULT 0,
  `template` text DEFAULT NULL,
  `default_template` text DEFAULT NULL,
  `addon` varchar(32) NOT NULL DEFAULT ''
) ENGINE=InnoDB DEFAULT CHARSET=utf8;

--
-- Dumping data for table `partiushop_template_table_columns`
--

INSERT INTO `partiushop_template_table_columns` (`column_id`, `code`, `snippet_code`, `snippet_type`, `status`, `position`, `template`, `default_template`, `addon`) VALUES
(1, 'product', 'products_table', 'order_invoice', 'A', 0, '<table>\r\n<tbody>\r\n<tr>\r\n    <td rowspan=\"2\" style=\"padding-right: 20px; font-family: Helvetica, Arial, sans-serif;\" width=\"20%\">{{ p.image }}\r\n    </td>\r\n    <td style=\"vertical-align: middle; text-align: left;\" width=\"80%\"><span style=\"font-family: Helvetica, Arial, sans-serif; text-transfrom: uppercase; \"><strong style=\"font-weight: 600;\"><a href=\"{{ p.product_url }}\">{{ p.name }}</a></strong></span>\r\n    </td>\r\n</tr>\r\n<tr>\r\n    <td style=\"vertical-align: top; text-align: left; font-family: Helvetica, Arial, sans-serif;\"><span style=\"font-size: 11px; font-weight: 400; font-family: Helvetica, Arial, sans-serif; color: #a8a8a8; \">{% if p.product_code %}{{ p.product_code }}<br> {% endif %}{% if p.options %}{{ p.options }}{%  endif %}</span>\r\n    </td>\r\n</tr>\r\n</tbody>\r\n</table>', '<table>\n<tbody>\n<tr>\n    <td rowspan=\"2\" style=\"padding-right: 20px; font-family: Helvetica, Arial, sans-serif;\" width=\"20%\">{{ p.image }}\n    </td>\n    <td style=\"vertical-align: middle; text-align: left;\" width=\"80%\"><span style=\"font-family: Helvetica, Arial, sans-serif; text-transfrom: uppercase; \"><strong style=\"font-weight: 600;\"><a href=\"{{ p.product_url }}\">{{ p.name }}</a></strong></span>\n    </td>\n</tr>\n<tr>\n    <td style=\"vertical-align: top; text-align: left; font-family: Helvetica, Arial, sans-serif;\"><span style=\"font-size: 11px; font-weight: 400; font-family: Helvetica, Arial, sans-serif; color: #a8a8a8; \">{% if p.product_code %}{{ p.product_code }}<br> {% endif %}{% if p.options %}{{ p.options }}{%  endif %}</span>\n    </td>\n</tr>\n</tbody>\n</table>', ''),
(2, 'amount', 'products_table', 'order_invoice', 'A', 1, NULL, '<p style=\"text-align: center; font-family: Helvetica, Arial, sans-serif;\"><strong style=\"font-weight:600;\">{{ p.amount }}</strong></p>', ''),
(3, 'original_price', 'products_table', 'order_invoice', 'A', 2, NULL, '<p style=\"text-align: center; font-family: Helvetica, Arial, sans-serif;\"><strong style=\"font-weight:600;\">{{ p.original_price }}</strong></p>', ''),
(4, 'discount', 'products_table', 'order_invoice', 'A', 3, NULL, '<p style=\"text-align: center; font-family: Helvetica, Arial, sans-serif;\"><strong style=\"font-weight:600;\">{{ p.discount }}</strong></p>', ''),
(5, 'tax', 'products_table', 'order_invoice', 'A', 4, NULL, '<p style=\"text-align: center; font-family: Helvetica, Arial, sans-serif;\"><strong style=\"font-weight:600;\">{{ p.tax }}</strong></p>', ''),
(6, 'display_subtotal', 'products_table', 'order_invoice', 'A', 5, NULL, '<p style=\"text-align: center; font-family: Helvetica, Arial, sans-serif;\"><strong style=\"font-weight:600;\">{{ p.display_subtotal }}</strong></p>', ''),
(13, 'name', 'products_table', 'packing_slip_default', 'A', 100, NULL, '<p style=\"font-family: Helvetica, Arial, sans-serif;\">{{ p.name }}</p>', ''),
(14, 'product_code', 'products_table', 'packing_slip_default', 'A', 100, '<p>{{ p.amount }}</p>', '<p style=\"text-align: center; font-family: Helvetica, Arial, sans-serif;\">{{ p.product_code }}</p>', ''),
(15, 'amount', 'products_table', 'packing_slip_default', 'A', 100, '<p>{{ p.price }}</p>', '<p style=\"text-align: center; font-family: Helvetica, Arial, sans-serif;\">{{ p.amount }}</p>', ''),
(16, 'name', 'products_table', 'gift_certificate_default', 'A', 10, NULL, '<p><a href=\"{{ p.url }}\">{{ p.name }}</a> {% if p.options %}<br>{{ p.options }}<br>{% endif %}</p>', 'gift_certificates'),
(17, 'amount', 'products_table', 'gift_certificate_default', 'A', 20, NULL, '<p style=\"text-align: center;\">{{ p.amount }}</p>', 'gift_certificates'),
(18, 'code', 'products_table', 'rma_packing_slip_default', 'A', 20, NULL, '<p style=\"font-family: Helvetica, Arial, sans-serif;\">{{ p.code }}</p>', 'rma'),
(19, 'name', 'products_table', 'rma_packing_slip_default', 'A', 30, NULL, '<p style=\"font-family: Helvetica, Arial, sans-serif;\">{{ p.name }}</p>', 'rma'),
(20, 'price', 'products_table', 'rma_packing_slip_default', 'A', 40, NULL, '<p style=\"font-family: Helvetica, Arial, sans-serif;\">{{ p.price }}</p>', 'rma'),
(21, 'amount', 'products_table', 'rma_packing_slip_default', 'A', 50, NULL, '<p style=\"text-align:center; font-family: Helvetica, Arial, sans-serif;\">{{ p.amount }}</p>', 'rma'),
(22, 'reason', 'products_table', 'rma_packing_slip_default', 'A', 60, NULL, '<p style=\"font-family: Helvetica, Arial, sans-serif;\">{{ p.reason_text }}</p>', 'rma'),
(23, 'code', 'returned_products_table', 'order_invoice', 'A', 10, NULL, '<p>{{ p.product_code }}</p>', 'rma'),
(24, 'name', 'returned_products_table', 'order_invoice', 'A', 20, NULL, '<div style=\"float:left;\">{{ p.image }}</div><div><p>{{ p.name }}</p><p>{{ p.options }}</p></div>', 'rma'),
(25, 'amount', 'returned_products_table', 'order_invoice', 'A', 30, NULL, '<p>{{ p.amount }}</p>', 'rma'),
(26, 'subtotal', 'returned_products_table', 'order_invoice', 'A', 40, NULL, '<p>{{ p.display_subtotal }}</p>', 'rma'),
(31, 'code', 'products_table', 'supplier_order_invoice', 'A', 10, NULL, '<p style=\"font-family: Helvetica, Arial, sans-serif;\">{{ p.product_code }}</p>', 'suppliers'),
(32, 'name', 'products_table', 'supplier_order_invoice', 'A', 20, NULL, '<p style=\"font-family: Helvetica, Arial, sans-serif;\">{{ p.name }}</p>{% if p.options %}<p style=\"font-family: Helvetica, Arial, sans-serif;\">{{ p.options }}<br></p>{% endif %}', 'suppliers'),
(33, 'amount', 'products_table', 'supplier_order_invoice', 'A', 30, NULL, '<p style=\"text-align: center; font-family: Helvetica, Arial, sans-serif;\">{{ p.amount }}</p>', 'suppliers'),
(37, 'product', 'products_table', 'order_summary', 'A', 0, NULL, '<table>\n<tbody>\n<tr>\n    <td rowspan=\"2\" style=\"padding-right: 20px; font-family: Helvetica, Arial, sans-serif;\" width=\"20%\">{{ p.image }}\n    </td>\n    <td style=\"vertical-align: middle; text-align: left;\" width=\"80%\"><span style=\"font-family: Helvetica, Arial, sans-serif; text-transfrom: uppercase; \"><strong style=\"font-weight: 600;\"><a href=\"{{ p.product_url }}\">{{ p.name }}</a></strong></span>\n    </td>\n</tr>\n<tr>\n    <td style=\"vertical-align: top; text-align: left; font-family: Helvetica, Arial, sans-serif;\"><span style=\"font-size: 11px; font-weight: 400; font-family: Helvetica, Arial, sans-serif; color: #a8a8a8; \">{% if p.product_code %}{{ p.product_code }}<br> {% endif %}{% if p.options %}{{ p.options }}{%  endif %}</span>\n    </td>\n</tr>\n</tbody>\n</table>', ''),
(38, 'amount', 'products_table', 'order_summary', 'A', 1, NULL, '<p style=\"text-align: center; font-family: Helvetica, Arial, sans-serif;\"><strong style=\"font-weight:600;\">{{ p.amount }}</strong></p>', ''),
(39, 'original_price', 'products_table', 'order_summary', 'A', 2, NULL, '<p style=\"text-align: center; font-family: Helvetica, Arial, sans-serif;\"><strong style=\"font-weight:600;\">{{ p.original_price }}</strong></p>', ''),
(40, 'discount', 'products_table', 'order_summary', 'D', 3, NULL, '<p style=\"text-align: center; font-family: Helvetica, Arial, sans-serif;\"><strong style=\"font-weight:600;\">{{ p.discount }}</strong></p>', ''),
(41, 'tax', 'products_table', 'order_summary', 'D', 4, NULL, '<p style=\"text-align: center; font-family: Helvetica, Arial, sans-serif;\"><strong style=\"font-weight:600;\">{{ p.tax }}</strong></p>', ''),
(42, 'display_subtotal', 'products_table', 'order_summary', 'A', 5, NULL, '<p style=\"text-align: center; font-family: Helvetica, Arial, sans-serif;\"><strong style=\"font-weight:600;\">{{ p.display_subtotal }}</strong></p>', ''),
(43, 'code', 'returned_products_table', 'order_summary', 'A', 10, NULL, '<p>{{ p.product_code }}</p>', 'rma'),
(44, 'name', 'returned_products_table', 'order_summary', 'A', 20, '<div style=\"float:left;\">{{ p.image }}</div>\n<div><p>{{ p.name }}</p><p>{{ p.options }}</p></div>', '<div style=\"float:left;\">{{ p.image }}</div><div><p>{{ p.name }}</p><p>{{ p.options }}</p></div>', 'rma'),
(45, 'amount', 'returned_products_table', 'order_summary', 'A', 30, NULL, '<p>{{ p.amount }}</p>', 'rma'),
(46, 'subtotal', 'returned_products_table', 'order_summary', 'A', 40, NULL, '<p>{{ p.display_subtotal }}</p>', 'rma'),
(67, 'product', 'products_table', 'product_imagem', 'A', 0, NULL, '<table>\n<tbody>\n<tr>\n    <td rowspan=\"2\" style=\"padding-right: 20px; font-family: Helvetica, Arial, sans-serif;\" width=\"20%\">{{ p.image }}\n    </td>\n    <td style=\"vertical-align: middle; text-align: left;\" width=\"80%\"><span style=\"font-family: Helvetica, Arial, sans-serif; text-transfrom: uppercase; \"><strong style=\"font-weight: 600;\"><a href=\"{{ p.product_url }}\">{{ p.name }}</a></strong></span>\n    </td>\n</tr>\n<tr>\n    <td style=\"vertical-align: top; text-align: left; font-family: Helvetica, Arial, sans-serif;\"><span style=\"font-size: 11px; font-weight: 400; font-family: Helvetica, Arial, sans-serif; color: #a8a8a8; \">{% if p.product_code %}{{ p.product_code }}<br> {% endif %}{% if p.options %}{{ p.options }}{%  endif %}</span>\n    </td>\n</tr>\n</tbody>\n</table>', ''),
(68, 'amount', 'products_table', 'product_imagem', 'A', 1, NULL, '<p style=\"text-align: center; font-family: Helvetica, Arial, sans-serif;\"><strong style=\"font-weight:600;\">{{ p.amount }}</strong></p>', ''),
(69, 'original_price', 'products_table', 'product_imagem', 'A', 2, NULL, '<p style=\"text-align: center; font-family: Helvetica, Arial, sans-serif;\"><strong style=\"font-weight:600;\">{{ p.original_price }}</strong></p>', ''),
(70, 'discount', 'products_table', 'product_imagem', 'A', 3, NULL, '<p style=\"text-align: center; font-family: Helvetica, Arial, sans-serif;\"><strong style=\"font-weight:600;\">{{ p.discount }}</strong></p>', ''),
(71, 'tax', 'products_table', 'product_imagem', 'A', 4, NULL, '<p style=\"text-align: center; font-family: Helvetica, Arial, sans-serif;\"><strong style=\"font-weight:600;\">{{ p.tax }}</strong></p>', ''),
(72, 'display_subtotal', 'products_table', 'product_imagem', 'A', 5, NULL, '<p style=\"text-align: center; font-family: Helvetica, Arial, sans-serif;\"><strong style=\"font-weight:600;\">{{ p.display_subtotal }}</strong></p>', ''),
(73, 'code', 'returned_products_table', 'product_imagem', 'A', 10, NULL, '<p>{{ p.product_code }}</p>', 'rma'),
(74, 'name', 'returned_products_table', 'product_imagem', 'A', 20, NULL, '<div style=\"float:left;\">{{ p.image }}</div><div><p>{{ p.name }}</p><p>{{ p.options }}</p></div>', 'rma'),
(75, 'amount', 'returned_products_table', 'product_imagem', 'A', 30, NULL, '<p>{{ p.amount }}</p>', 'rma'),
(76, 'subtotal', 'returned_products_table', 'product_imagem', 'A', 40, NULL, '<p>{{ p.display_subtotal }}</p>', 'rma'),
(88, 'product', 'products_table', 'order_image_product', 'A', 0, '<table>\r\n<tbody>\r\n<tr>\r\n    <td rowspan=\"2\" style=\"padding-right: 20px; font-family: Helvetica, Arial, sans-serif;\" width=\"20%\">{{ p.image }}\r\n    </td>\r\n    <td style=\"vertical-align: middle; text-align: left;\" width=\"80%\"><span style=\"font-family: Helvetica, Arial, sans-serif; text-transfrom: uppercase; \"><strong style=\"font-weight: 600;\"><a href=\"{{ p.product_url }}\">{{ p.name }}</a></strong></span>\r\n    </td>\r\n</tr>\r\n<tr>\r\n    <td style=\"vertical-align: top; text-align: left; font-family: Helvetica, Arial, sans-serif;\"><span style=\"font-size: 11px;\">Quantidade: {{p.amount}}</span></td>\r\n</tr>\r\n</tbody>\r\n</table>', '<table>\n<tbody>\n<tr>\n    <td rowspan=\"2\" style=\"padding-right: 20px; font-family: Helvetica, Arial, sans-serif;\" width=\"20%\">{{ p.image }}\n    </td>\n    <td style=\"vertical-align: middle; text-align: left;\" width=\"80%\"><span style=\"font-family: Helvetica, Arial, sans-serif; text-transfrom: uppercase; \"><strong style=\"font-weight: 600;\"><a href=\"{{ p.product_url }}\">{{ p.name }}</a></strong></span>\n    </td>\n</tr>\n<tr>\n    <td style=\"vertical-align: top; text-align: left; font-family: Helvetica, Arial, sans-serif;\"><span style=\"font-size: 11px; font-weight: 400; font-family: Helvetica, Arial, sans-serif; color: #a8a8a8; \">{% if p.product_code %}{{ p.product_code }}<br> {% endif %}{% if p.options %}{{ p.options }}{%  endif %}</span>\n    </td>\n</tr>\n</tbody>\n</table>', ''),
(94, 'code', 'returned_products_table', 'order_image_product', 'A', 10, NULL, '<p>{{ p.product_code }}</p>', 'rma'),
(95, 'name', 'returned_products_table', 'order_image_product', 'A', 20, NULL, '<div style=\"float:left;\">{{ p.image }}</div><div><p>{{ p.name }}</p><p>{{ p.options }}</p></div>', 'rma'),
(96, 'amount', 'returned_products_table', 'order_image_product', 'A', 30, NULL, '<p>{{ p.amount }}</p>', 'rma'),
(97, 'subtotal', 'returned_products_table', 'order_image_product', 'A', 40, NULL, '<p>{{ p.display_subtotal }}</p>', 'rma');

-- --------------------------------------------------------

--
-- Table structure for table `partiushop_template_table_column_descriptions`
--

CREATE TABLE `partiushop_template_table_column_descriptions` (
  `column_id` int(11) UNSIGNED NOT NULL,
  `lang_code` char(2) NOT NULL DEFAULT '',
  `name` varchar(255) NOT NULL DEFAULT ''
) ENGINE=InnoDB DEFAULT CHARSET=utf8;

--
-- Dumping data for table `partiushop_template_table_column_descriptions`
--

INSERT INTO `partiushop_template_table_column_descriptions` (`column_id`, `lang_code`, `name`) VALUES
(1, 'da', 'Item description'),
(1, 'de', 'Item description'),
(1, 'el', 'Item description'),
(1, 'en', 'Item description'),
(1, 'es', 'Item description'),
(1, 'fr', 'Item description'),
(1, 'it', 'Item description'),
(1, 'nl', 'Item description'),
(1, 'no', 'Item description'),
(1, 'pt', 'Descrição'),
(1, 'ro', 'Item description'),
(1, 'ru', 'Описание'),
(2, 'da', 'Qty'),
(2, 'de', 'Qty'),
(2, 'el', 'Qty'),
(2, 'en', 'Qty'),
(2, 'es', 'Qty'),
(2, 'fr', 'Qty'),
(2, 'it', 'Qty'),
(2, 'nl', 'Qty'),
(2, 'no', 'Qty'),
(2, 'pt', 'Quant.'),
(2, 'ro', 'Qty'),
(2, 'ru', 'Кол-во'),
(3, 'da', 'Price'),
(3, 'de', 'Price'),
(3, 'el', 'Price'),
(3, 'en', 'Price'),
(3, 'es', 'Price'),
(3, 'fr', 'Price'),
(3, 'it', 'Price'),
(3, 'nl', 'Price'),
(3, 'no', 'Price'),
(3, 'pt', 'Preço'),
(3, 'ro', 'Price'),
(3, 'ru', 'Цена'),
(4, 'da', 'Discount'),
(4, 'de', 'Discount'),
(4, 'el', 'Discount'),
(4, 'en', 'Discount'),
(4, 'es', 'Discount'),
(4, 'fr', 'Discount'),
(4, 'it', 'Discount'),
(4, 'nl', 'Discount'),
(4, 'no', 'Discount'),
(4, 'pt', 'Desconto'),
(4, 'ro', 'Discount'),
(4, 'ru', 'Скидка'),
(5, 'da', 'Tax'),
(5, 'de', 'Tax'),
(5, 'el', 'Tax'),
(5, 'en', 'Tax'),
(5, 'es', 'Tax'),
(5, 'fr', 'Tax'),
(5, 'it', 'Tax'),
(5, 'nl', 'Tax'),
(5, 'no', 'Tax'),
(5, 'pt', 'Impostos'),
(5, 'ro', 'Tax'),
(5, 'ru', 'Налог'),
(6, 'da', 'Item total'),
(6, 'de', 'Item total'),
(6, 'el', 'Item total'),
(6, 'en', 'Item total'),
(6, 'es', 'Item total'),
(6, 'fr', 'Item total'),
(6, 'it', 'Item total'),
(6, 'nl', 'Item total'),
(6, 'no', 'Item total'),
(6, 'pt', 'Total'),
(6, 'ro', 'Item total'),
(6, 'ru', 'Сумма'),
(13, 'da', 'Product'),
(13, 'de', 'Product'),
(13, 'el', 'Product'),
(13, 'en', 'Product'),
(13, 'es', 'Product'),
(13, 'fr', 'Product'),
(13, 'it', 'Product'),
(13, 'nl', 'Product'),
(13, 'no', 'Product'),
(13, 'pt', 'Product'),
(13, 'ro', 'Product'),
(13, 'ru', 'Товар'),
(14, 'da', 'Code'),
(14, 'de', 'Code'),
(14, 'el', 'Code'),
(14, 'en', 'Code'),
(14, 'es', 'Code'),
(14, 'fr', 'Code'),
(14, 'it', 'Code'),
(14, 'nl', 'Code'),
(14, 'no', 'Code'),
(14, 'pt', 'quantidade'),
(14, 'ro', 'Code'),
(14, 'ru', 'Код'),
(15, 'da', 'Quantity'),
(15, 'de', 'Quantity'),
(15, 'el', 'Quantity'),
(15, 'en', 'Quantity'),
(15, 'es', 'Quantity'),
(15, 'fr', 'Quantity'),
(15, 'it', 'Quantity'),
(15, 'nl', 'Quantity'),
(15, 'no', 'Quantity'),
(15, 'pt', 'price'),
(15, 'ro', 'Quantity'),
(15, 'ru', 'Кол-во'),
(16, 'da', 'Free Products'),
(16, 'de', 'Free Products'),
(16, 'el', 'Free Products'),
(16, 'en', 'Free Products'),
(16, 'es', 'Free Products'),
(16, 'fr', 'Free Products'),
(16, 'it', 'Free Products'),
(16, 'nl', 'Free Products'),
(16, 'no', 'Free Products'),
(16, 'pt', 'Free Products'),
(16, 'ro', 'Free Products'),
(16, 'ru', 'Бесплатные товары'),
(17, 'da', 'Quantity'),
(17, 'de', 'Quantity'),
(17, 'el', 'Quantity'),
(17, 'en', 'Quantity'),
(17, 'es', 'Quantity'),
(17, 'fr', 'Quantity'),
(17, 'it', 'Quantity'),
(17, 'nl', 'Quantity'),
(17, 'no', 'Quantity'),
(17, 'pt', 'Quantity'),
(17, 'ro', 'Quantity'),
(17, 'ru', 'Кол-во'),
(18, 'da', 'Code'),
(18, 'de', 'Code'),
(18, 'el', 'Code'),
(18, 'en', 'Code'),
(18, 'es', 'Code'),
(18, 'fr', 'Code'),
(18, 'it', 'Code'),
(18, 'nl', 'Code'),
(18, 'no', 'Code'),
(18, 'pt', 'Code'),
(18, 'ro', 'Code'),
(18, 'ru', 'Код'),
(19, 'da', 'Product'),
(19, 'de', 'Product'),
(19, 'el', 'Product'),
(19, 'en', 'Product'),
(19, 'es', 'Product'),
(19, 'fr', 'Product'),
(19, 'it', 'Product'),
(19, 'nl', 'Product'),
(19, 'no', 'Product'),
(19, 'pt', 'Product'),
(19, 'ro', 'Product'),
(19, 'ru', 'Товар'),
(20, 'da', 'Price'),
(20, 'de', 'Price'),
(20, 'el', 'Price'),
(20, 'en', 'Price'),
(20, 'es', 'Price'),
(20, 'fr', 'Price'),
(20, 'it', 'Price'),
(20, 'nl', 'Price'),
(20, 'no', 'Price'),
(20, 'pt', 'Price'),
(20, 'ro', 'Price'),
(20, 'ru', 'Цена'),
(21, 'da', 'Amount'),
(21, 'de', 'Amount'),
(21, 'el', 'Amount'),
(21, 'en', 'Amount'),
(21, 'es', 'Amount'),
(21, 'fr', 'Amount'),
(21, 'it', 'Amount'),
(21, 'nl', 'Amount'),
(21, 'no', 'Amount'),
(21, 'pt', 'Amount'),
(21, 'ro', 'Amount'),
(21, 'ru', 'Кол-во'),
(22, 'da', 'Reason'),
(22, 'de', 'Reason'),
(22, 'el', 'Reason'),
(22, 'en', 'Reason'),
(22, 'es', 'Reason'),
(22, 'fr', 'Reason'),
(22, 'it', 'Reason'),
(22, 'nl', 'Reason'),
(22, 'no', 'Reason'),
(22, 'pt', 'Reason'),
(22, 'ro', 'Reason'),
(22, 'ru', 'Причина'),
(23, 'da', 'Code'),
(23, 'de', 'Code'),
(23, 'el', 'Code'),
(23, 'en', 'Code'),
(23, 'es', 'Code'),
(23, 'fr', 'Code'),
(23, 'it', 'Code'),
(23, 'nl', 'Code'),
(23, 'no', 'Code'),
(23, 'pt', 'Code'),
(23, 'ro', 'Code'),
(23, 'ru', 'Код'),
(24, 'da', 'Returned product'),
(24, 'de', 'Returned product'),
(24, 'el', 'Returned product'),
(24, 'en', 'Returned product'),
(24, 'es', 'Returned product'),
(24, 'fr', 'Returned product'),
(24, 'it', 'Returned product'),
(24, 'nl', 'Returned product'),
(24, 'no', 'Returned product'),
(24, 'pt', 'Returned product'),
(24, 'ro', 'Returned product'),
(24, 'ru', 'Возвращаемый товар'),
(25, 'da', 'Quantity'),
(25, 'de', 'Quantity'),
(25, 'el', 'Quantity'),
(25, 'en', 'Quantity'),
(25, 'es', 'Quantity'),
(25, 'fr', 'Quantity'),
(25, 'it', 'Quantity'),
(25, 'nl', 'Quantity'),
(25, 'no', 'Quantity'),
(25, 'pt', 'Quantity'),
(25, 'ro', 'Quantity'),
(25, 'ru', 'Кол-во'),
(26, 'da', 'Subtotal'),
(26, 'de', 'Subtotal'),
(26, 'el', 'Subtotal'),
(26, 'en', 'Subtotal'),
(26, 'es', 'Subtotal'),
(26, 'fr', 'Subtotal'),
(26, 'it', 'Subtotal'),
(26, 'nl', 'Subtotal'),
(26, 'no', 'Subtotal'),
(26, 'pt', 'Subtotal'),
(26, 'ro', 'Subtotal'),
(26, 'ru', 'Подытог'),
(31, 'da', 'Code'),
(31, 'de', 'Code'),
(31, 'el', 'Code'),
(31, 'en', 'Code'),
(31, 'es', 'Code'),
(31, 'fr', 'Code'),
(31, 'it', 'Code'),
(31, 'nl', 'Code'),
(31, 'no', 'Code'),
(31, 'pt', 'Code'),
(31, 'ro', 'Code'),
(31, 'ru', 'Код'),
(32, 'da', 'Product'),
(32, 'de', 'Product'),
(32, 'el', 'Product'),
(32, 'en', 'Product'),
(32, 'es', 'Product'),
(32, 'fr', 'Product'),
(32, 'it', 'Product'),
(32, 'nl', 'Product'),
(32, 'no', 'Product'),
(32, 'pt', 'Product'),
(32, 'ro', 'Product'),
(32, 'ru', 'Товар'),
(33, 'da', 'Amount'),
(33, 'de', 'Amount'),
(33, 'el', 'Amount'),
(33, 'en', 'Amount'),
(33, 'es', 'Amount'),
(33, 'fr', 'Amount'),
(33, 'it', 'Amount'),
(33, 'nl', 'Amount'),
(33, 'no', 'Amount'),
(33, 'pt', 'Amount'),
(33, 'ro', 'Amount'),
(33, 'ru', 'Кол-во'),
(37, 'da', 'Item description'),
(37, 'de', 'Item description'),
(37, 'el', 'Item description'),
(37, 'en', 'Item description'),
(37, 'es', 'Item description'),
(37, 'fr', 'Item description'),
(37, 'it', 'Item description'),
(37, 'nl', 'Item description'),
(37, 'no', 'Item description'),
(37, 'pt', 'Descrição'),
(37, 'ro', 'Item description'),
(37, 'ru', 'Описание'),
(38, 'da', 'Qty'),
(38, 'de', 'Qty'),
(38, 'el', 'Qty'),
(38, 'en', 'Qty'),
(38, 'es', 'Qty'),
(38, 'fr', 'Qty'),
(38, 'it', 'Qty'),
(38, 'nl', 'Qty'),
(38, 'no', 'Qty'),
(38, 'pt', 'Quant.'),
(38, 'ro', 'Qty'),
(38, 'ru', 'Кол-во'),
(39, 'da', 'Price'),
(39, 'de', 'Price'),
(39, 'el', 'Price'),
(39, 'en', 'Price'),
(39, 'es', 'Price'),
(39, 'fr', 'Price'),
(39, 'it', 'Price'),
(39, 'nl', 'Price'),
(39, 'no', 'Price'),
(39, 'pt', 'Preço'),
(39, 'ro', 'Price'),
(39, 'ru', 'Цена'),
(40, 'da', 'Discount'),
(40, 'de', 'Discount'),
(40, 'el', 'Discount'),
(40, 'en', 'Discount'),
(40, 'es', 'Discount'),
(40, 'fr', 'Discount'),
(40, 'it', 'Discount'),
(40, 'nl', 'Discount'),
(40, 'no', 'Discount'),
(40, 'pt', 'Discount'),
(40, 'ro', 'Discount'),
(40, 'ru', 'Скидка'),
(41, 'da', 'Tax'),
(41, 'de', 'Tax'),
(41, 'el', 'Tax'),
(41, 'en', 'Tax'),
(41, 'es', 'Tax'),
(41, 'fr', 'Tax'),
(41, 'it', 'Tax'),
(41, 'nl', 'Tax'),
(41, 'no', 'Tax'),
(41, 'pt', 'Tax'),
(41, 'ro', 'Tax'),
(41, 'ru', 'Налог'),
(42, 'da', 'Item total'),
(42, 'de', 'Item total'),
(42, 'el', 'Item total'),
(42, 'en', 'Item total'),
(42, 'es', 'Item total'),
(42, 'fr', 'Item total'),
(42, 'it', 'Item total'),
(42, 'nl', 'Item total'),
(42, 'no', 'Item total'),
(42, 'pt', 'Total'),
(42, 'ro', 'Item total'),
(42, 'ru', 'Сумма'),
(43, 'da', 'Code'),
(43, 'de', 'Code'),
(43, 'el', 'Code'),
(43, 'en', 'Code'),
(43, 'es', 'Code'),
(43, 'fr', 'Code'),
(43, 'it', 'Code'),
(43, 'nl', 'Code'),
(43, 'no', 'Code'),
(43, 'pt', 'Código'),
(43, 'ro', 'Code'),
(43, 'ru', 'Код'),
(44, 'da', 'Returned product'),
(44, 'de', 'Returned product'),
(44, 'el', 'Returned product'),
(44, 'en', 'Returned product'),
(44, 'es', 'Returned product'),
(44, 'fr', 'Returned product'),
(44, 'it', 'Returned product'),
(44, 'nl', 'Returned product'),
(44, 'no', 'Returned product'),
(44, 'pt', 'Produto devolvido'),
(44, 'ro', 'Returned product'),
(44, 'ru', 'Возвращаемый товар'),
(45, 'da', 'Quantity'),
(45, 'de', 'Quantity'),
(45, 'el', 'Quantity'),
(45, 'en', 'Quantity'),
(45, 'es', 'Quantity'),
(45, 'fr', 'Quantity'),
(45, 'it', 'Quantity'),
(45, 'nl', 'Quantity'),
(45, 'no', 'Quantity'),
(45, 'pt', 'Quant.'),
(45, 'ro', 'Quantity'),
(45, 'ru', 'Кол-во'),
(46, 'da', 'Subtotal'),
(46, 'de', 'Subtotal'),
(46, 'el', 'Subtotal'),
(46, 'en', 'Subtotal'),
(46, 'es', 'Subtotal'),
(46, 'fr', 'Subtotal'),
(46, 'it', 'Subtotal'),
(46, 'nl', 'Subtotal'),
(46, 'no', 'Subtotal'),
(46, 'pt', 'Subtotal'),
(46, 'ro', 'Subtotal'),
(46, 'ru', 'Подытог'),
(67, 'da', 'Item description'),
(67, 'de', 'Item description'),
(67, 'el', 'Item description'),
(67, 'en', 'Item description'),
(67, 'es', 'Item description'),
(67, 'fr', 'Item description'),
(67, 'it', 'Item description'),
(67, 'nl', 'Item description'),
(67, 'no', 'Item description'),
(67, 'pt', 'Descrição'),
(67, 'ro', 'Item description'),
(67, 'ru', 'Описание'),
(68, 'da', 'Qty'),
(68, 'de', 'Qty'),
(68, 'el', 'Qty'),
(68, 'en', 'Qty'),
(68, 'es', 'Qty'),
(68, 'fr', 'Qty'),
(68, 'it', 'Qty'),
(68, 'nl', 'Qty'),
(68, 'no', 'Qty'),
(68, 'pt', 'Quant.'),
(68, 'ro', 'Qty'),
(68, 'ru', 'Кол-во'),
(69, 'da', 'Price'),
(69, 'de', 'Price'),
(69, 'el', 'Price'),
(69, 'en', 'Price'),
(69, 'es', 'Price'),
(69, 'fr', 'Price'),
(69, 'it', 'Price'),
(69, 'nl', 'Price'),
(69, 'no', 'Price'),
(69, 'pt', 'Preço'),
(69, 'ro', 'Price'),
(69, 'ru', 'Цена'),
(70, 'da', 'Discount'),
(70, 'de', 'Discount'),
(70, 'el', 'Discount'),
(70, 'en', 'Discount'),
(70, 'es', 'Discount'),
(70, 'fr', 'Discount'),
(70, 'it', 'Discount'),
(70, 'nl', 'Discount'),
(70, 'no', 'Discount'),
(70, 'pt', 'Desconto'),
(70, 'ro', 'Discount'),
(70, 'ru', 'Скидка'),
(71, 'da', 'Tax'),
(71, 'de', 'Tax'),
(71, 'el', 'Tax'),
(71, 'en', 'Tax'),
(71, 'es', 'Tax'),
(71, 'fr', 'Tax'),
(71, 'it', 'Tax'),
(71, 'nl', 'Tax'),
(71, 'no', 'Tax'),
(71, 'pt', 'Impostos'),
(71, 'ro', 'Tax'),
(71, 'ru', 'Налог'),
(72, 'da', 'Item total'),
(72, 'de', 'Item total'),
(72, 'el', 'Item total'),
(72, 'en', 'Item total'),
(72, 'es', 'Item total'),
(72, 'fr', 'Item total'),
(72, 'it', 'Item total'),
(72, 'nl', 'Item total'),
(72, 'no', 'Item total'),
(72, 'pt', 'Total'),
(72, 'ro', 'Item total'),
(72, 'ru', 'Сумма'),
(73, 'da', 'Code'),
(73, 'de', 'Code'),
(73, 'el', 'Code'),
(73, 'en', 'Code'),
(73, 'es', 'Code'),
(73, 'fr', 'Code'),
(73, 'it', 'Code'),
(73, 'nl', 'Code'),
(73, 'no', 'Code'),
(73, 'pt', 'Code'),
(73, 'ro', 'Code'),
(73, 'ru', 'Код'),
(74, 'da', 'Returned product'),
(74, 'de', 'Returned product'),
(74, 'el', 'Returned product'),
(74, 'en', 'Returned product'),
(74, 'es', 'Returned product'),
(74, 'fr', 'Returned product'),
(74, 'it', 'Returned product'),
(74, 'nl', 'Returned product'),
(74, 'no', 'Returned product'),
(74, 'pt', 'Returned product'),
(74, 'ro', 'Returned product'),
(74, 'ru', 'Возвращаемый товар'),
(75, 'da', 'Quantity'),
(75, 'de', 'Quantity'),
(75, 'el', 'Quantity'),
(75, 'en', 'Quantity'),
(75, 'es', 'Quantity'),
(75, 'fr', 'Quantity'),
(75, 'it', 'Quantity'),
(75, 'nl', 'Quantity'),
(75, 'no', 'Quantity'),
(75, 'pt', 'Quantity'),
(75, 'ro', 'Quantity'),
(75, 'ru', 'Кол-во'),
(76, 'da', 'Subtotal'),
(76, 'de', 'Subtotal'),
(76, 'el', 'Subtotal'),
(76, 'en', 'Subtotal'),
(76, 'es', 'Subtotal'),
(76, 'fr', 'Subtotal'),
(76, 'it', 'Subtotal'),
(76, 'nl', 'Subtotal'),
(76, 'no', 'Subtotal'),
(76, 'pt', 'Subtotal'),
(76, 'ro', 'Subtotal'),
(76, 'ru', 'Подытог'),
(88, 'da', 'Item description'),
(88, 'de', 'Item description'),
(88, 'el', 'Item description'),
(88, 'en', 'Item description'),
(88, 'es', 'Item description'),
(88, 'fr', 'Item description'),
(88, 'it', 'Item description'),
(88, 'nl', 'Item description'),
(88, 'no', 'Item description'),
(88, 'pt', 'Produtos'),
(88, 'ro', 'Item description'),
(88, 'ru', 'Описание'),
(94, 'da', 'Code'),
(94, 'de', 'Code'),
(94, 'el', 'Code'),
(94, 'en', 'Code'),
(94, 'es', 'Code'),
(94, 'fr', 'Code'),
(94, 'it', 'Code'),
(94, 'nl', 'Code'),
(94, 'no', 'Code'),
(94, 'pt', 'Code'),
(94, 'ro', 'Code'),
(94, 'ru', 'Код'),
(95, 'da', 'Returned product'),
(95, 'de', 'Returned product'),
(95, 'el', 'Returned product'),
(95, 'en', 'Returned product'),
(95, 'es', 'Returned product'),
(95, 'fr', 'Returned product'),
(95, 'it', 'Returned product'),
(95, 'nl', 'Returned product'),
(95, 'no', 'Returned product'),
(95, 'pt', 'Returned product'),
(95, 'ro', 'Returned product'),
(95, 'ru', 'Возвращаемый товар'),
(96, 'da', 'Quantity'),
(96, 'de', 'Quantity'),
(96, 'el', 'Quantity'),
(96, 'en', 'Quantity'),
(96, 'es', 'Quantity'),
(96, 'fr', 'Quantity'),
(96, 'it', 'Quantity'),
(96, 'nl', 'Quantity'),
(96, 'no', 'Quantity'),
(96, 'pt', 'Quantity'),
(96, 'ro', 'Quantity'),
(96, 'ru', 'Кол-во'),
(97, 'da', 'Subtotal'),
(97, 'de', 'Subtotal'),
(97, 'el', 'Subtotal'),
(97, 'en', 'Subtotal'),
(97, 'es', 'Subtotal'),
(97, 'fr', 'Subtotal'),
(97, 'it', 'Subtotal'),
(97, 'nl', 'Subtotal'),
(97, 'no', 'Subtotal'),
(97, 'pt', 'Subtotal'),
(97, 'ro', 'Subtotal'),
(97, 'ru', 'Подытог');

-- --------------------------------------------------------

--
-- Table structure for table `partiushop_usergroups`
--

CREATE TABLE `partiushop_usergroups` (
  `usergroup_id` mediumint(8) UNSIGNED NOT NULL,
  `status` char(1) NOT NULL DEFAULT '',
  `type` char(1) NOT NULL DEFAULT 'C',
  `company_id` int(11) UNSIGNED NOT NULL DEFAULT 0
) ENGINE=InnoDB DEFAULT CHARSET=utf8;

--
-- Dumping data for table `partiushop_usergroups`
--

INSERT INTO `partiushop_usergroups` (`usergroup_id`, `status`, `type`, `company_id`) VALUES
(3, 'A', 'C', 0),
(4, 'A', 'A', 0),
(5, 'A', 'V', 0);

-- --------------------------------------------------------

--
-- Table structure for table `partiushop_usergroup_descriptions`
--

CREATE TABLE `partiushop_usergroup_descriptions` (
  `usergroup_id` mediumint(8) UNSIGNED NOT NULL DEFAULT 0,
  `lang_code` char(2) NOT NULL DEFAULT '',
  `usergroup` varchar(255) NOT NULL DEFAULT ''
) ENGINE=InnoDB DEFAULT CHARSET=utf8;

--
-- Dumping data for table `partiushop_usergroup_descriptions`
--

INSERT INTO `partiushop_usergroup_descriptions` (`usergroup_id`, `lang_code`, `usergroup`) VALUES
(3, 'da', 'Wholesale'),
(3, 'de', 'Wholesale'),
(3, 'el', 'Χονδρική'),
(3, 'en', 'Wholesale'),
(3, 'es', 'Wholesale'),
(3, 'fr', 'Wholesale'),
(3, 'it', 'Wholesale'),
(3, 'nl', 'Wholesale'),
(3, 'no', 'Wholesale'),
(3, 'pt', 'Wholesale'),
(3, 'ro', 'Angro'),
(3, 'ru', 'Оптовый'),
(4, 'da', 'Administrator'),
(4, 'de', 'Administrator'),
(4, 'el', 'Διαχειριστής'),
(4, 'en', 'Administrator'),
(4, 'es', 'Administrator'),
(4, 'fr', 'Administrator'),
(4, 'it', 'Administrator'),
(4, 'nl', 'Administrator'),
(4, 'no', 'Administrator'),
(4, 'pt', 'Administrator'),
(4, 'ro', 'Administrator'),
(4, 'ru', 'Администратор'),
(5, 'da', 'Vendor'),
(5, 'de', 'Vendor'),
(5, 'el', 'Vendor'),
(5, 'en', 'Vendor'),
(5, 'es', 'Vendor'),
(5, 'fr', 'Vendor'),
(5, 'it', 'Vendor'),
(5, 'nl', 'Vendor'),
(5, 'no', 'Vendor'),
(5, 'pt', 'Vendor'),
(5, 'ro', 'Vendor'),
(5, 'ru', 'Продавец');

-- --------------------------------------------------------

--
-- Table structure for table `partiushop_usergroup_links`
--

CREATE TABLE `partiushop_usergroup_links` (
  `link_id` mediumint(8) UNSIGNED NOT NULL,
  `user_id` mediumint(8) UNSIGNED NOT NULL,
  `usergroup_id` mediumint(8) UNSIGNED NOT NULL,
  `status` char(1) NOT NULL DEFAULT 'D'
) ENGINE=InnoDB DEFAULT CHARSET=utf8;

-- --------------------------------------------------------

--
-- Table structure for table `partiushop_usergroup_privileges`
--

CREATE TABLE `partiushop_usergroup_privileges` (
  `usergroup_id` mediumint(8) UNSIGNED NOT NULL DEFAULT 0,
  `privilege` varchar(32) NOT NULL DEFAULT ''
) ENGINE=InnoDB DEFAULT CHARSET=utf8;

--
-- Dumping data for table `partiushop_usergroup_privileges`
--

INSERT INTO `partiushop_usergroup_privileges` (`usergroup_id`, `privilege`) VALUES
(4, 'backup_restore'),
(4, 'change_order_status'),
(4, 'create_order'),
(4, 'delete_orders'),
(4, 'edit_blocks'),
(4, 'edit_files'),
(4, 'edit_order'),
(4, 'manage_banners'),
(4, 'manage_currencies'),
(4, 'manage_design'),
(4, 'manage_document_templates'),
(4, 'manage_email_marketing'),
(4, 'manage_email_templates'),
(4, 'manage_internal_templates'),
(4, 'manage_languages'),
(4, 'manage_locations'),
(4, 'manage_newsletters'),
(4, 'manage_payments'),
(4, 'manage_promotions'),
(4, 'manage_shipping'),
(4, 'manage_sitemap'),
(4, 'manage_static_data'),
(4, 'manage_storage'),
(4, 'manage_taxes'),
(4, 'manage_themes'),
(4, 'manage_translation'),
(4, 'manage_users'),
(4, 'update_order_details'),
(4, 'update_settings'),
(4, 'upgrade_store'),
(4, 'view_banners'),
(4, 'view_catalog'),
(4, 'view_currencies'),
(4, 'view_email_marketing'),
(4, 'view_languages'),
(4, 'view_locations'),
(4, 'view_newsletters'),
(4, 'view_orders'),
(4, 'view_payments'),
(4, 'view_reports'),
(4, 'view_settings'),
(4, 'view_shipping'),
(4, 'view_static_data'),
(4, 'view_taxes'),
(4, 'view_usergroups'),
(4, 'view_users'),
(5, '1'),
(5, 'change_order_status'),
(5, 'delete_logs'),
(5, 'edit_blocks'),
(5, 'edit_files'),
(5, 'exim_access'),
(5, 'manage_call_requests'),
(5, 'manage_catalog'),
(5, 'manage_design'),
(5, 'manage_discussions'),
(5, 'manage_pages'),
(5, 'manage_payouts'),
(5, 'manage_shipping'),
(5, 'manage_store_locator'),
(5, 'manage_themes'),
(5, 'manage_users'),
(5, 'manage_vendors'),
(5, 'update_order_details'),
(5, 'view_call_requests'),
(5, 'view_catalog'),
(5, 'view_currencies'),
(5, 'view_discussions'),
(5, 'view_locations'),
(5, 'view_logs'),
(5, 'view_orders'),
(5, 'view_pages'),
(5, 'view_payouts'),
(5, 'view_reports'),
(5, 'view_rma'),
(5, 'view_shipping'),
(5, 'view_store_locator'),
(5, 'view_taxes'),
(5, 'view_users'),
(5, 'view_vendors'),
(5, 'view_vendor_communication');

-- --------------------------------------------------------

--
-- Table structure for table `partiushop_users`
--

CREATE TABLE `partiushop_users` (
  `user_id` mediumint(8) UNSIGNED NOT NULL,
  `status` char(1) NOT NULL DEFAULT 'A',
  `user_type` char(1) NOT NULL DEFAULT 'C',
  `user_login` varchar(255) NOT NULL DEFAULT '',
  `referer` varchar(255) NOT NULL DEFAULT '',
  `is_root` char(1) NOT NULL DEFAULT 'N',
  `company_id` int(11) UNSIGNED NOT NULL DEFAULT 0,
  `last_login` int(11) UNSIGNED NOT NULL DEFAULT 0,
  `timestamp` int(11) UNSIGNED NOT NULL DEFAULT 0,
  `password` varchar(255) NOT NULL DEFAULT '',
  `salt` varchar(10) NOT NULL DEFAULT '',
  `firstname` varchar(128) NOT NULL DEFAULT '',
  `lastname` varchar(128) NOT NULL DEFAULT '',
  `company` varchar(255) NOT NULL DEFAULT '',
  `email` varchar(128) NOT NULL DEFAULT '',
  `phone` varchar(128) NOT NULL DEFAULT '',
  `landline_phone` varchar(255) DEFAULT NULL,
  `fax` varchar(128) NOT NULL DEFAULT '',
  `url` varchar(128) NOT NULL DEFAULT '',
  `tax_exempt` char(1) NOT NULL DEFAULT 'N',
  `lang_code` char(2) NOT NULL DEFAULT '',
  `birthday` int(11) NOT NULL DEFAULT 0,
  `purchase_timestamp_from` int(11) NOT NULL DEFAULT 0,
  `purchase_timestamp_to` int(11) NOT NULL DEFAULT 0,
  `responsible_email` varchar(80) NOT NULL DEFAULT '',
  `password_change_timestamp` int(11) UNSIGNED NOT NULL DEFAULT 0,
  `api_key` varchar(255) NOT NULL DEFAULT '',
  `accept_terms` tinyint(1) NOT NULL DEFAULT 0,
  `autentique_seller_contract` varchar(255) DEFAULT NULL,
  `janrain_identifier` varchar(32) NOT NULL DEFAULT '',
  `last_activity` int(11) UNSIGNED NOT NULL DEFAULT 0,
  `helpdesk_user_id` int(11) UNSIGNED NOT NULL DEFAULT 0
) ENGINE=InnoDB DEFAULT CHARSET=utf8;

--
-- Dumping data for table `partiushop_users`
--

INSERT INTO `partiushop_users` (`user_id`, `status`, `user_type`, `user_login`, `referer`, `is_root`, `company_id`, `last_login`, `timestamp`, `password`, `salt`, `firstname`, `lastname`, `company`, `email`, `phone`, `landline_phone`, `fax`, `url`, `tax_exempt`, `lang_code`, `birthday`, `purchase_timestamp_from`, `purchase_timestamp_to`, `responsible_email`, `password_change_timestamp`, `api_key`, `accept_terms`, `autentique_seller_contract`, `janrain_identifier`, `last_activity`, `helpdesk_user_id`) VALUES
(1, 'A', 'A', 'admin', '', 'Y', 0, 1654023594, 1586347336, '$2y$10$YfVfrsrdilZRVbN9DxEZI.9Zcqbz3CoF.DbGJhmiVgRFUw89.RnGe', '', 'Edison', 'Antunes', 'Your company', 'eantunes@fastcore.com.br', '+55(11)99223-8646', NULL, '', '', 'N', 'pt', 0, 0, 0, '', 1627574558, '$2y$10$SAKrowQMhlcbfPx5dERCcOfw9yKKTTltL7mMUyOY.b3h1GjL42YEa', 0, NULL, '', 1654025248, 0),
(3, 'A', 'C', 'customer', '', 'N', 0, 1651851994, 1586347336, '$2y$10$Gen5oKxIzxSk/tyd8IX52.YTn.glhxrYHTB1ME6qlnFqi4uCRVO2O', '', 'Eduardo H', 'Santos', '', 'eduardohenriquest@outlook.com', '+55(44)99886-0473', NULL, '', '', 'N', 'pt', 0, 0, 0, '', 0, '', 0, NULL, '', 1651851994, 0),
(12, 'A', 'V', 'user_12', '', 'Y', 4, 1597189455, 1586399353, '4de8c90d879c2e28fe78d06731b92b4e', 'EWrg}quAMD', 'Guilherme De', 'Melo', '', 'guilhermedoyle@gmail.com', '+55(11)2582-2582', NULL, '', '', 'N', 'pt', 0, 0, 0, '', 1597189468, '', 0, NULL, '', 1654025966, 0),
(13, 'A', 'A', 'user_13', '', 'N', 0, 0, 1587088640, '57a0c23cc010f759dde515bfcb21df81', 'YvEj/r~a`^', 'Robson', 'Freitas', '', 'robson.freitas@fastcore.com.br', '', NULL, '', '', 'N', 'pt', 0, 0, 0, '', 1594257479, '', 0, NULL, '', 0, 0),
(14, 'A', 'A', 'user_14', '', 'N', 0, 1615303995, 1587245854, '89e00c1bc7b6eab085500ae439c6d046', 'x&D1i][,vF', '', '', '', 'guilherme.doyle@fastcore.com.br', '', NULL, '', '', 'N', 'pt', 0, 0, 0, '', 1, '', 0, NULL, '', 0, 0),
(16, 'D', 'A', 'user_16', '', 'N', 0, 1596516080, 1588607130, 'fae35544db17f04577ebae3f448edcea', 'aYE\\#*q8B*', '', '', '', 'support@webkul.com', '', NULL, '', '', 'N', 'pt', 0, 0, 0, '', 1596117149, '', 0, NULL, '', 0, 0),
(17, 'A', 'C', 'user_17', '', 'N', 0, 1589931067, 1589931067, '1fa2756c914c7575b8a3ac47a98a4116', '>S|4vGamxL', 'Guilherme', 'Pirulito', '', 'guidaaphro@gmail.com', '', NULL, '', '', 'N', 'pt', 0, 0, 0, '', 1, '', 0, NULL, '', 0, 0),
(22, 'D', 'A', 'user_22', '', 'N', 0, 1598532017, 1598029356, '1b5cdb7c093f2b6101c9ede6532d1e24', ']g:tlcoF]q', 'Andrey', 'Veprikov', '', 'av@rees46.com', '', NULL, '', '', 'N', 'pt', 0, 0, 0, '', 1598029369, '', 0, NULL, '', 0, 0),
(30, 'A', 'A', 'user_30', '', 'N', 0, 1656962329, 1610462028, '$2y$10$onf27gQwZQWWVapdU1.9xea9vahOL8YyPRF/MTqMXmdt.C/kvC9/m', '', 'Giovanni Vinicius de', 'Figueiredo', '', 'giovannivinicius1997@gmail.com', '', NULL, '', '', 'N', 'pt', 0, 0, 0, '', 1611941773, '$2y$10$gPU4/RadEDWnQtKRJa3jMeRH3k9TNl.LCFPHKTeIWJY8JiHn7hHua', 0, NULL, '', 1656962330, 0),
(31, 'A', 'A', 'user_31', '', 'N', 0, 1620354696, 1620307572, 'bafd4c2e34d4ecf7814b85d10b9fa9f8', ':kvA-i?@ao', '', '', '', 'eduardo.santos@fastcore.com.br', '', NULL, '', '', 'N', 'pt', 0, 0, 0, '', 1, '', 0, NULL, '', 0, 0),
(32, 'A', 'A', 'user_32', '', 'N', 0, 0, 1626980942, '4be4385a9cb4a41adca0536a760bf4e2', ')9:0/D\'LSQ', 'Api', 'PartiuShop', '', 'partiushop.api@fastcore.com.br', '', NULL, '', '', 'N', 'pt', 0, 0, 0, '', 1, '$2y$10$L2RFJytFLHMpCFn1dUNh../c4J8QsekWR3EYvoFMmCouw.D79GfES', 0, NULL, '', 0, 0),
(33, 'A', 'C', 'eduardohenriquest@gmail.com', '', 'N', 0, 1653058109, 1646401017, '$2y$10$/9nHzveNzPlw0x/d9m2.3uQRE8uUO/B7oV79jrQ8It8xVuzQlR9yG', '', '', '', '', 'eduardohenriquest@gmail.com', '+55(44)99886-0473', NULL, '', '', 'N', 'pt', 0, 0, 0, '', 1652444963, '', 0, NULL, '', 1653060805, 0),
(34, 'A', 'C', 'eduardo.santos@partiushop.com.br', '', 'N', 0, 1652293313, 1646403615, '$2y$10$PxIby9./VY7hnLK9OIbcoeXrzea7cBCwtMM1vAuIgHpnqVJmRYaBS', '', '', '', '', 'eduardo.santos@partiushop.com.br', '', NULL, '', '', 'N', 'pt', 0, 0, 0, '', 1652290610, '', 0, NULL, '', 1652298210, 0),
(35, 'A', 'C', 'user_35', '', 'N', 0, 1652465000, 1651086553, '$2y$10$Ok6t6AMFNVwPNVbW3PPnUO8GkL7YGZcvYKnkUT65bw8ikt8EcrXqW', '', '', '', '', 'ruanwdssilveira@gmail.com', '+55(51)99577-8391', '', '', '', 'N', 'pt', 946864800, 0, 0, '', 1651086553, '', 0, NULL, '', 1654612593, 0);

-- --------------------------------------------------------

--
-- Table structure for table `partiushop_user_data`
--

CREATE TABLE `partiushop_user_data` (
  `user_id` mediumint(8) UNSIGNED NOT NULL DEFAULT 0,
  `type` char(1) NOT NULL DEFAULT '',
  `data` text DEFAULT NULL
) ENGINE=InnoDB DEFAULT CHARSET=utf8;

--
-- Dumping data for table `partiushop_user_data`
--

INSERT INTO `partiushop_user_data` (`user_id`, `type`, `data`) VALUES
(1, 'L', 'a:10:{i:498476980;a:4:{s:4:\"func\";a:2:{i:0;s:19:\"fn_get_product_name\";i:1;s:3:\"298\";}s:3:\"url\";s:86:\"CvmORvU06X1SNEBE.php?dispatch=products.update&product_id=298&selected_section=detailed\";s:4:\"icon\";s:12:\"product-item\";s:4:\"text\";s:7:\"product\";}i:1789990690;a:4:{s:4:\"func\";a:2:{i:0;s:19:\"fn_get_product_name\";i:1;s:3:\"299\";}s:3:\"url\";s:86:\"CvmORvU06X1SNEBE.php?dispatch=products.update&product_id=299&selected_section=detailed\";s:4:\"icon\";s:12:\"product-item\";s:4:\"text\";s:7:\"product\";}i:3278733048;a:4:{s:4:\"func\";a:2:{i:0;s:19:\"fn_get_product_name\";i:1;s:3:\"300\";}s:3:\"url\";s:86:\"CvmORvU06X1SNEBE.php?dispatch=products.update&product_id=300&selected_section=detailed\";s:4:\"icon\";s:12:\"product-item\";s:4:\"text\";s:7:\"product\";}i:3026865774;a:4:{s:4:\"func\";a:2:{i:0;s:19:\"fn_get_product_name\";i:1;s:3:\"301\";}s:3:\"url\";s:86:\"CvmORvU06X1SNEBE.php?dispatch=products.update&product_id=301&selected_section=detailed\";s:4:\"icon\";s:12:\"product-item\";s:4:\"text\";s:7:\"product\";}i:761470932;a:4:{s:4:\"func\";a:2:{i:0;s:19:\"fn_get_product_name\";i:1;s:3:\"302\";}s:3:\"url\";s:86:\"CvmORvU06X1SNEBE.php?dispatch=products.update&product_id=302&selected_section=detailed\";s:4:\"icon\";s:12:\"product-item\";s:4:\"text\";s:7:\"product\";}i:4195224243;a:4:{s:4:\"func\";a:2:{i:0;s:19:\"fn_get_product_name\";i:1;s:3:\"296\";}s:3:\"url\";s:60:\"CvmORvU06X1SNEBE.php?dispatch=products.update&product_id=296\";s:4:\"icon\";s:12:\"product-item\";s:4:\"text\";s:7:\"product\";}i:1516515138;a:4:{s:4:\"func\";a:2:{i:0;s:19:\"fn_get_product_name\";i:1;s:3:\"303\";}s:3:\"url\";s:86:\"CvmORvU06X1SNEBE.php?dispatch=products.update&product_id=303&selected_section=detailed\";s:4:\"icon\";s:12:\"product-item\";s:4:\"text\";s:7:\"product\";}i:3288382177;a:4:{s:4:\"func\";a:2:{i:0;s:19:\"fn_get_product_name\";i:1;s:3:\"304\";}s:3:\"url\";s:86:\"CvmORvU06X1SNEBE.php?dispatch=products.update&product_id=304&selected_section=detailed\";s:4:\"icon\";s:12:\"product-item\";s:4:\"text\";s:7:\"product\";}i:3003615863;a:4:{s:4:\"func\";a:2:{i:0;s:19:\"fn_get_product_name\";i:1;s:3:\"305\";}s:3:\"url\";s:60:\"CvmORvU06X1SNEBE.php?dispatch=products.update&product_id=305\";s:4:\"icon\";s:12:\"product-item\";s:4:\"text\";s:7:\"product\";}i:705616845;a:4:{s:4:\"func\";a:2:{i:0;s:19:\"fn_get_product_name\";i:1;s:3:\"306\";}s:3:\"url\";s:86:\"CvmORvU06X1SNEBE.php?dispatch=products.update&product_id=306&selected_section=detailed\";s:4:\"icon\";s:12:\"product-item\";s:4:\"text\";s:7:\"product\";}}'),
(12, 'L', 'a:6:{i:679114870;a:4:{s:4:\"func\";a:2:{i:0;s:16:\"fn_get_page_name\";i:1;s:2:\"48\";}s:3:\"url\";s:54:\"vendor.php?dispatch=pages.update&page_id=48&come_from=\";s:4:\"icon\";s:0:\"\";s:4:\"text\";s:4:\"page\";}i:1685105495;a:4:{s:4:\"func\";a:2:{i:0;s:20:\"fn_get_shipping_name\";i:1;s:1:\"6\";}s:3:\"url\";s:50:\"vendor.php?dispatch=shippings.update&shipping_id=6\";s:4:\"icon\";s:0:\"\";s:4:\"text\";s:15:\"shipping_method\";}i:4195630836;a:4:{s:4:\"func\";a:2:{i:0;s:20:\"fn_get_shipping_name\";i:1;s:1:\"1\";}s:3:\"url\";s:50:\"vendor.php?dispatch=shippings.update&shipping_id=1\";s:4:\"icon\";s:0:\"\";s:4:\"text\";s:15:\"shipping_method\";}i:3210512398;a:4:{s:4:\"func\";a:2:{i:0;s:16:\"fn_get_user_name\";i:1;s:2:\"12\";}s:3:\"url\";s:46:\"vendor.php?dispatch=profiles.update&user_id=12\";s:4:\"icon\";s:0:\"\";s:4:\"text\";s:4:\"user\";}i:3451320010;a:4:{s:4:\"func\";a:2:{i:0;s:19:\"fn_get_product_name\";i:1;s:3:\"308\";}s:3:\"url\";s:76:\"vendor.php?dispatch=products.update&product_id=308&selected_section=detailed\";s:4:\"icon\";s:12:\"product-item\";s:4:\"text\";s:7:\"product\";}i:2257334299;a:4:{s:4:\"func\";a:2:{i:0;s:19:\"fn_get_company_name\";i:1;s:1:\"4\";}s:3:\"url\";s:49:\"vendor.php?dispatch=companies.update&company_id=4\";s:4:\"icon\";s:0:\"\";s:4:\"text\";s:6:\"vendor\";}}'),
(14, 'L', 'a:10:{i:1336670595;a:4:{s:4:\"func\";s:0:\"\";s:3:\"url\";s:45:\"CvmORvU06X1SNEBE.php?dispatch=payments.manage\";s:4:\"icon\";s:0:\"\";s:4:\"text\";s:15:\"payment_methods\";}i:335571871;a:4:{s:4:\"func\";a:2:{i:0;s:19:\"fn_get_product_name\";i:1;s:3:\"294\";}s:3:\"url\";s:60:\"CvmORvU06X1SNEBE.php?dispatch=products.update&product_id=294\";s:4:\"icon\";s:12:\"product-item\";s:4:\"text\";s:7:\"product\";}i:1940530787;a:4:{s:4:\"func\";a:2:{i:0;s:19:\"fn_get_product_name\";i:1;s:3:\"289\";}s:3:\"url\";s:86:\"CvmORvU06X1SNEBE.php?dispatch=products.update&product_id=289&selected_section=features\";s:4:\"icon\";s:12:\"product-item\";s:4:\"text\";s:7:\"product\";}i:78452469;a:4:{s:4:\"func\";a:2:{i:0;s:19:\"fn_get_product_name\";i:1;s:3:\"288\";}s:3:\"url\";s:93:\"CvmORvU06X1SNEBE.php?dispatch=products.update&product_id=288&page=1&selected_section=features\";s:4:\"icon\";s:12:\"product-item\";s:4:\"text\";s:7:\"product\";}i:3816221531;a:4:{s:4:\"func\";a:2:{i:0;s:16:\"fn_get_user_name\";i:1;s:2:\"23\";}s:3:\"url\";s:93:\"CvmORvU06X1SNEBE.php?dispatch=profiles.update&user_id=23&user_type=A&selected_section=general\";s:4:\"icon\";s:0:\"\";s:4:\"text\";s:4:\"user\";}i:1956917971;a:4:{s:4:\"func\";a:2:{i:0;s:16:\"fn_get_user_name\";i:1;s:2:\"28\";}s:3:\"url\";s:93:\"CvmORvU06X1SNEBE.php?dispatch=profiles.update&user_id=28&user_type=V&selected_section=general\";s:4:\"icon\";s:0:\"\";s:4:\"text\";s:4:\"user\";}i:61014597;a:4:{s:4:\"func\";a:2:{i:0;s:16:\"fn_get_user_name\";i:1;s:2:\"29\";}s:3:\"url\";s:68:\"CvmORvU06X1SNEBE.php?dispatch=profiles.update&user_id=29&user_type=V\";s:4:\"icon\";s:0:\"\";s:4:\"text\";s:4:\"user\";}i:3210512398;a:4:{s:4:\"func\";a:2:{i:0;s:16:\"fn_get_user_name\";i:1;s:2:\"12\";}s:3:\"url\";s:68:\"CvmORvU06X1SNEBE.php?dispatch=profiles.update&user_id=12&user_type=V\";s:4:\"icon\";s:0:\"\";s:4:\"text\";s:4:\"user\";}i:2468093908;a:4:{s:4:\"func\";a:2:{i:0;s:16:\"fn_get_user_name\";i:1;s:2:\"26\";}s:3:\"url\";s:68:\"CvmORvU06X1SNEBE.php?dispatch=profiles.update&user_id=26&user_type=A\";s:4:\"icon\";s:0:\"\";s:4:\"text\";s:4:\"user\";}i:4164766886;a:4:{s:4:\"func\";a:2:{i:0;s:19:\"fn_get_company_name\";i:1;s:1:\"9\";}s:3:\"url\";s:59:\"CvmORvU06X1SNEBE.php?dispatch=companies.update&company_id=9\";s:4:\"icon\";s:0:\"\";s:4:\"text\";s:6:\"vendor\";}}'),
(16, 'L', 'a:1:{i:2206427175;a:4:{s:4:\"func\";a:2:{i:0;s:16:\"fn_get_user_name\";i:1;s:1:\"1\";}s:3:\"url\";s:67:\"CvmORvU06X1SNEBE.php?dispatch=profiles.update&user_id=1&user_type=A\";s:4:\"icon\";s:0:\"\";s:4:\"text\";s:4:\"user\";}}'),
(22, 'L', 'a:0:{}'),
(30, 'L', 'a:10:{i:2257334299;a:4:{s:4:\"func\";a:2:{i:0;s:19:\"fn_get_company_name\";i:1;s:1:\"4\";}s:3:\"url\";s:93:\"CvmORvU06X1SNEBE.php?dispatch=companies.update&company_id=4&selected_section=shipping_methods\";s:4:\"icon\";s:0:\"\";s:4:\"text\";s:6:\"vendor\";}i:69063402;a:4:{s:4:\"func\";a:2:{i:0;s:17:\"fn_get_order_name\";i:1;s:3:\"149\";}s:3:\"url\";s:57:\"CvmORvU06X1SNEBE.php?dispatch=orders.details&order_id=149\";s:4:\"icon\";s:10:\"order-item\";s:4:\"text\";s:5:\"order\";}i:2579484593;a:4:{s:4:\"func\";a:2:{i:0;s:17:\"fn_get_order_name\";i:1;s:3:\"113\";}s:3:\"url\";s:57:\"CvmORvU06X1SNEBE.php?dispatch=orders.details&order_id=113\";s:4:\"icon\";s:10:\"order-item\";s:4:\"text\";s:5:\"order\";}i:1336670595;a:4:{s:4:\"func\";s:0:\"\";s:3:\"url\";s:45:\"CvmORvU06X1SNEBE.php?dispatch=payments.manage\";s:4:\"icon\";s:0:\"\";s:4:\"text\";s:15:\"payment_methods\";}i:2210956880;a:4:{s:4:\"func\";a:2:{i:0;s:20:\"fn_get_shipping_name\";i:1;s:1:\"8\";}s:3:\"url\";s:60:\"CvmORvU06X1SNEBE.php?dispatch=shippings.update&shipping_id=8\";s:4:\"icon\";s:0:\"\";s:4:\"text\";s:15:\"shipping_method\";}i:1324481818;a:4:{s:4:\"func\";a:2:{i:0;s:20:\"fn_get_shipping_name\";i:1;s:2:\"10\";}s:3:\"url\";s:61:\"CvmORvU06X1SNEBE.php?dispatch=shippings.update&shipping_id=10\";s:4:\"icon\";s:0:\"\";s:4:\"text\";s:15:\"shipping_method\";}i:2677445370;a:4:{s:4:\"func\";a:2:{i:0;s:23:\"fn_get_destination_name\";i:1;s:1:\"9\";}s:3:\"url\";s:66:\"CvmORvU06X1SNEBE.php?dispatch=destinations.update&destination_id=9\";s:4:\"icon\";s:0:\"\";s:4:\"text\";s:9:\"rate_area\";}i:1672978198;a:4:{s:4:\"func\";a:2:{i:0;s:17:\"fn_get_order_name\";i:1;s:3:\"154\";}s:3:\"url\";s:57:\"CvmORvU06X1SNEBE.php?dispatch=orders.details&order_id=154\";s:4:\"icon\";s:10:\"order-item\";s:4:\"text\";s:5:\"order\";}i:4195224243;a:4:{s:4:\"func\";a:2:{i:0;s:19:\"fn_get_product_name\";i:1;s:3:\"296\";}s:3:\"url\";s:60:\"CvmORvU06X1SNEBE.php?dispatch=products.update&product_id=296\";s:4:\"icon\";s:12:\"product-item\";s:4:\"text\";s:7:\"product\";}i:3278733048;a:4:{s:4:\"func\";a:2:{i:0;s:19:\"fn_get_product_name\";i:1;s:3:\"300\";}s:3:\"url\";s:60:\"CvmORvU06X1SNEBE.php?dispatch=products.update&product_id=300\";s:4:\"icon\";s:12:\"product-item\";s:4:\"text\";s:7:\"product\";}}'),
(31, 'L', 'a:0:{}');

-- --------------------------------------------------------

--
-- Table structure for table `partiushop_user_integrations`
--

CREATE TABLE `partiushop_user_integrations` (
  `integration_id` int(11) NOT NULL,
  `user_id` int(11) NOT NULL,
  `bling_api` varchar(255) DEFAULT NULL,
  `bling_loja` varchar(255) DEFAULT NULL,
  `bling_callback_estoque` varchar(255) DEFAULT NULL,
  `bling_callback_pedido` varchar(255) DEFAULT NULL,
  `bling_callback_nf` varchar(255) DEFAULT NULL
) ENGINE=MyISAM DEFAULT CHARSET=utf8;

-- --------------------------------------------------------

--
-- Table structure for table `partiushop_user_last_passwords`
--

CREATE TABLE `partiushop_user_last_passwords` (
  `user_id` int(11) UNSIGNED NOT NULL DEFAULT 0,
  `last_password` varchar(255) NOT NULL DEFAULT ''
) ENGINE=MyISAM DEFAULT CHARSET=utf8;

--
-- Dumping data for table `partiushop_user_last_passwords`
--

INSERT INTO `partiushop_user_last_passwords` (`user_id`, `last_password`) VALUES
(11, '5a41a0935f3b9cdd9a8b252106f2418f'),
(18, '6f31568786ee62970d90d290b17c5060'),
(34, '$2y$10$xzIfWDkCXUE7eNBc6SzNPu53vIRlAWa44Hz2DPXMdgRLpAbYSkX5e'),
(33, '$2y$10$1SsswGXn0MsB51mA/EZj6./m67OPnNHuA5Iatv1BNuDAscdI/FPKa');

-- --------------------------------------------------------

--
-- Table structure for table `partiushop_user_mailing_lists`
--

CREATE TABLE `partiushop_user_mailing_lists` (
  `subscriber_id` mediumint(8) UNSIGNED NOT NULL,
  `list_id` mediumint(8) UNSIGNED NOT NULL,
  `activation_key` varchar(32) NOT NULL DEFAULT '',
  `unsubscribe_key` varchar(32) NOT NULL DEFAULT '',
  `confirmed` tinyint(3) UNSIGNED NOT NULL DEFAULT 0,
  `timestamp` int(11) UNSIGNED NOT NULL DEFAULT 0
) ENGINE=InnoDB DEFAULT CHARSET=utf8;

--
-- Dumping data for table `partiushop_user_mailing_lists`
--

INSERT INTO `partiushop_user_mailing_lists` (`subscriber_id`, `list_id`, `activation_key`, `unsubscribe_key`, `confirmed`, `timestamp`) VALUES
(4, 1, 'e895ae9c23451d8193deda746408b697', 'c94375024809526db9119afa172588c7', 0, 1586638344),
(10, 1, '47f74682b41adffd07021d918098edaf', '52d4ea710c01bec91b9e028498b1ec00', 0, 1597188852);

-- --------------------------------------------------------

--
-- Table structure for table `partiushop_user_payment_info`
--

CREATE TABLE `partiushop_user_payment_info` (
  `id` int(11) NOT NULL,
  `user_id` int(11) NOT NULL,
  `global_token` varchar(255) NOT NULL,
  `cc_last_digit` varchar(255) NOT NULL,
  `updated_at` int(11) DEFAULT NULL,
  `created_at` int(11) NOT NULL
) ENGINE=MyISAM DEFAULT CHARSET=utf8;

--
-- Dumping data for table `partiushop_user_payment_info`
--

INSERT INTO `partiushop_user_payment_info` (`id`, `user_id`, `global_token`, `cc_last_digit`, `updated_at`, `created_at`) VALUES
(1, 3, 'YzIxOTg4MzAwZWVjNGIyNjU1ODYzMjBjMmJhMjg0Y2U2MzBmZTM0YQ==', 'MDE0OA==', NULL, 1635452516);

-- --------------------------------------------------------

--
-- Table structure for table `partiushop_user_profiles`
--

CREATE TABLE `partiushop_user_profiles` (
  `profile_id` mediumint(8) UNSIGNED NOT NULL,
  `user_id` mediumint(8) UNSIGNED NOT NULL DEFAULT 0,
  `profile_type` char(1) NOT NULL DEFAULT 'P',
  `b_firstname` varchar(128) NOT NULL DEFAULT '',
  `b_lastname` varchar(128) NOT NULL DEFAULT '',
  `b_address` varchar(255) NOT NULL DEFAULT '',
  `b_address_2` varchar(255) NOT NULL DEFAULT '',
  `b_city` varchar(64) NOT NULL DEFAULT '',
  `b_county` varchar(32) NOT NULL DEFAULT '',
  `b_state` varchar(32) NOT NULL DEFAULT '',
  `b_country` char(2) NOT NULL DEFAULT '',
  `b_zipcode` varchar(16) NOT NULL DEFAULT '',
  `b_phone` varchar(128) NOT NULL DEFAULT '',
  `s_firstname` varchar(128) NOT NULL DEFAULT '',
  `s_lastname` varchar(128) NOT NULL DEFAULT '',
  `s_address` varchar(255) NOT NULL DEFAULT '',
  `s_address_2` varchar(255) NOT NULL DEFAULT '',
  `s_city` varchar(255) NOT NULL DEFAULT '',
  `s_county` varchar(32) NOT NULL DEFAULT '',
  `s_state` varchar(32) NOT NULL DEFAULT '',
  `s_country` char(2) NOT NULL DEFAULT '',
  `s_zipcode` varchar(16) NOT NULL DEFAULT '',
  `s_phone` varchar(128) NOT NULL DEFAULT '',
  `s_address_type` varchar(255) NOT NULL DEFAULT '',
  `profile_name` varchar(32) NOT NULL DEFAULT '',
  `mothers_name` varchar(128) DEFAULT NULL,
  `habilitar_one_click` varchar(255) DEFAULT NULL,
  `one_click_pagamento` varchar(255) DEFAULT NULL,
  `profile_update_timestamp` int(11) UNSIGNED NOT NULL DEFAULT 0
) ENGINE=InnoDB DEFAULT CHARSET=utf8;

--
-- Dumping data for table `partiushop_user_profiles`
--

INSERT INTO `partiushop_user_profiles` (`profile_id`, `user_id`, `profile_type`, `b_firstname`, `b_lastname`, `b_address`, `b_address_2`, `b_city`, `b_county`, `b_state`, `b_country`, `b_zipcode`, `b_phone`, `s_firstname`, `s_lastname`, `s_address`, `s_address_2`, `s_city`, `s_county`, `s_state`, `s_country`, `s_zipcode`, `s_phone`, `s_address_type`, `profile_name`, `mothers_name`, `habilitar_one_click`, `one_click_pagamento`, `profile_update_timestamp`) VALUES
(2, 3, 'P', 'Eduardo', 'Santos', 'Rua Mergenthaler', '', 'Vila Leopoldina', '', '', 'BR', '05311900', '+55(44)99886-0473', 'Eduardo', 'Santos', 'Rua Mergenthaler', '', 'Vila Leopoldina', '', '', 'BR', '05311900', '+55(44)99886-0473', '', 'Main', NULL, '', '', 1651864279),
(6, 1, 'P', 'John', 'Doe', '44 Main street', 'test', 'São Paulo', '', 'MA', 'US', '02134', '', 'John', 'Doe', 'Av. Paulista, 2202', 'test', 'São Paulo', '', 'SP', 'BR', '01310200', '', 'residential', 'Main', NULL, NULL, NULL, 1627574558),
(13, 12, 'P', '', '', '3101 Collins Ave', '', 'Goioere', '', 'FL', 'US', '33140', '', '', '', 'Carlos Drummond de Andrade', '', 'Goioere', '', 'Parana', 'BR', '05311900', '', '', 'Principal', NULL, NULL, NULL, 1625111535),
(14, 13, 'P', '', '', '', '', 'São Paulo', '', '', '', '', '', '', '', '', '', '', '', 'MA', 'BR', '', '', '', 'Principal', NULL, NULL, NULL, 1594257479),
(15, 14, 'P', '', '', '', '', '', '', '', '', '', '', '', '', '', '', '', '', 'MA', 'US', '', '', '', 'Principal', NULL, NULL, NULL, 1587245873),
(17, 16, 'P', '', '', '', '', 'India', '', '', '', '', '', '', '', '', '', '', '', 'MA', 'US', '', '', '', 'Principal', NULL, NULL, NULL, 1596117149),
(18, 17, 'P', '', '', '', '', '', '', '', '', '', '', '', '', '', '', '', '', '', '', '', '', '', 'Principal', NULL, NULL, NULL, 1589931067),
(23, 22, 'P', '', '', '', '', 'Russia', '', '', '', '', '', '', '', '', '', '', '', 'MA', 'BR', '', '', '', 'Principal', NULL, NULL, NULL, 1598029369),
(31, 30, 'P', 'Giovanni Vinicius', 'de Figueiredo', 'Rua Carmona Peres', '', 'Douradina', '', '', 'BR', '87485000', '', 'Giovanni Vinicius', 'de Figueiredo', 'Rua Carmona Peres', '', 'Douradina', '', '', 'BR', '87485000', '', '', 'Principal', NULL, '', '', 1651086486),
(32, 31, 'P', '', '', '', '', 'Goioere', '', '', '', '', '', '', '', '', '', '', '', 'MA', 'US', '', '', '', 'Principal', NULL, NULL, NULL, 1620307572),
(33, 32, 'P', '', '', '', '', 'Goioere', '', 'MA', 'BR', '8736000', '', '', '', '', '', 'Goioere', '', 'MA', 'BR', '8736000', '', '', 'Main', NULL, NULL, NULL, 1626980963),
(34, 33, 'P', 'Eduardo', 'Dos Santos', 'sdasd', '', 'sadasd', '', 'PR', 'BR', '87360000', '', 'Eduardo', 'Dos Santos', 'sdasd', '', 'sadasd', '', 'PR', 'BR', '87360000', '', 'residential', 'Principal', NULL, NULL, NULL, 1652742770),
(35, 34, 'P', 'Eduardo', 'Santos', 'Rua Carlos Drummond de Andrade', '', 'Goioere', '', 'PR', 'BR', '87360000', '', 'Eduardo', 'Santos', 'Rua Carlos Drummond de Andrade', '', 'Goioere', '', 'PR', 'BR', '87360000', '', 'residential', 'Principal', NULL, NULL, NULL, 1652293403),
(36, 35, 'P', 'Ruan', 'Silva', 'Rua Cristiano Olsen', '', 'Jardim Sumaré', '', 'SP', 'BR', '16015244', '+55(51)99577-8391', 'Ruan', 'Silva', 'Rua Cristiano Olsen', '', 'Jardim Sumaré', '', 'SP', 'BR', '16015244', '+55(51)99577-8391', 'residential', 'Principal', '', '', '', 1653678338);

-- --------------------------------------------------------

--
-- Table structure for table `partiushop_user_session_products`
--

CREATE TABLE `partiushop_user_session_products` (
  `user_id` int(11) UNSIGNED NOT NULL DEFAULT 0,
  `timestamp` int(11) UNSIGNED NOT NULL DEFAULT 0,
  `type` char(1) NOT NULL DEFAULT 'C',
  `user_type` char(1) NOT NULL DEFAULT 'R',
  `item_id` int(11) UNSIGNED NOT NULL DEFAULT 0,
  `item_type` char(1) NOT NULL DEFAULT 'P',
  `product_id` mediumint(8) UNSIGNED NOT NULL DEFAULT 0,
  `amount` mediumint(8) UNSIGNED NOT NULL DEFAULT 1,
  `price` decimal(12,2) NOT NULL DEFAULT 0.00,
  `extra` blob DEFAULT NULL,
  `session_id` varchar(64) NOT NULL DEFAULT '',
  `ip_address` varbinary(40) NOT NULL DEFAULT '',
  `order_id` mediumint(8) UNSIGNED NOT NULL DEFAULT 0,
  `storefront_id` int(11) UNSIGNED NOT NULL DEFAULT 0,
  `position` smallint(5) UNSIGNED NOT NULL DEFAULT 0
) ENGINE=InnoDB DEFAULT CHARSET=utf8;

--
-- Dumping data for table `partiushop_user_session_products`
--

INSERT INTO `partiushop_user_session_products` (`user_id`, `timestamp`, `type`, `user_type`, `item_id`, `item_type`, `product_id`, `amount`, `price`, `extra`, `session_id`, `ip_address`, `order_id`, `storefront_id`, `position`) VALUES
(1, 1634586496, 'C', 'R', 3120223550, 'P', 303, 1, '5000.00', 0x[encoded data, 8654 characters], 'b111e6b1236a08ebff031d9d9d44b13b-C', 0x6264336539373430, 0, 1, 0),
(3, 1651851994, 'C', 'R', 664682653, 'P', 304, 1, '5000.00', 0x[encoded data, 7934 characters], '08d3c2e546f867df0ea4c41470f6348a-C', 0x6231343663333533, 0, 1, 0),
(3, 1647952905, 'C', 'R', 1352232971, 'P', 305, 1, '5000.00', 0x[encoded data, 8666 characters], '08d3c2e546f867df0ea4c41470f6348a-C', 0x6231343663333533, 0, 1, 10),
(14, 1615304109, 'C', 'R', 930177377, 'P', 145, 1, '79.99', 0x[encoded data, 7476 characters], '7fab9fb1fcdb6de8a038bbc4c6c8e2f5-C', 0x6235326338313462, 0, 1, 0),
(14, 1591140492, 'C', 'R', 1706372553, 'P', 248, 1, '372.27', 0x[encoded data, 7306 characters], '614ce0f3d0320eef1ce4b9da053ba7c2-C', 0x6235326338313635, 0, 1, 0);
INSERT INTO `partiushop_user_session_products` (`user_id`, `timestamp`, `type`, `user_type`, `item_id`, `item_type`, `product_id`, `amount`, `price`, `extra`, `session_id`, `ip_address`, `order_id`, `storefront_id`, `position`) VALUES
(30, 1653156096, 'C', 'R', 1855438937, 'P', 297, 2, '1100.00', 0x[encoded data, 10760 characters], '5fcbcc0d27f1abd96f2479757d12fc76-C', 0x3264613937633836, 0, 1, 0),
(33, 1653058353, 'C', 'R', 1352232971, 'P', 305, 1, '5000.00', 0x[encoded data, 8346 characters], '25ecd768adb856acb46bb98ca1eebea2-C', 0x6231343663333533, 0, 1, 0);

-- --------------------------------------------------------

--
-- Table structure for table `partiushop_vendor_communications`
--

CREATE TABLE `partiushop_vendor_communications` (
  `thread_id` int(11) UNSIGNED NOT NULL,
  `storefront_id` int(11) UNSIGNED NOT NULL DEFAULT 0,
  `status` char(1) NOT NULL DEFAULT 'N',
  `user_id` mediumint(8) UNSIGNED NOT NULL,
  `company_id` int(11) UNSIGNED NOT NULL,
  `object_id` int(11) UNSIGNED DEFAULT 0,
  `object_type` char(1) DEFAULT '',
  `created_at` int(11) UNSIGNED NOT NULL DEFAULT 0,
  `last_message` varchar(255) DEFAULT '',
  `last_message_user_id` mediumint(8) UNSIGNED NOT NULL DEFAULT 0,
  `last_message_user_type` char(1) NOT NULL DEFAULT '',
  `last_updated` int(11) UNSIGNED NOT NULL DEFAULT 0,
  `subject` varchar(255) NOT NULL DEFAULT '',
  `communication_type` varchar(40) NOT NULL DEFAULT ''
) ENGINE=InnoDB DEFAULT CHARSET=utf8;

--
-- Dumping data for table `partiushop_vendor_communications`
--

INSERT INTO `partiushop_vendor_communications` (`thread_id`, `storefront_id`, `status`, `user_id`, `company_id`, `object_id`, `object_type`, `created_at`, `last_message`, `last_message_user_id`, `last_message_user_type`, `last_updated`, `subject`, `communication_type`) VALUES
(1, 0, 'D', 15, 1, 278, 'P', 1587589133, 'Teste', 15, 'C', 1587589133, '', 'vendor_to_customer'),
(2, 0, 'D', 15, 4, 286, 'P', 1589324085, 'Teste 12/05', 15, 'C', 1589324632, '', 'vendor_to_customer'),
(3, 0, 'V', 12, 4, 4, 'C', 1589324615, 'meu telefone é 01169017379', 12, 'V', 1589324639, '', 'vendor_to_customer'),
(4, 1, 'V', 1, 4, 98, 'O', 1591287240, 'Oi vendedor', 12, 'V', 1587246818, '', 'vendor_to_customer'),
(5, 1, 'V', 35, 4, 113, 'O', 1651182368, 'teste', 30, 'A', 1651251224, '', 'vendor_to_customer');

-- --------------------------------------------------------

--
-- Table structure for table `partiushop_vendor_communication_messages`
--

CREATE TABLE `partiushop_vendor_communication_messages` (
  `message_id` int(11) UNSIGNED NOT NULL,
  `thread_id` int(11) UNSIGNED NOT NULL,
  `user_id` mediumint(8) UNSIGNED NOT NULL,
  `user_type` char(1) NOT NULL,
  `timestamp` int(11) UNSIGNED NOT NULL DEFAULT 0,
  `message` text DEFAULT NULL
) ENGINE=InnoDB DEFAULT CHARSET=utf8;

--
-- Dumping data for table `partiushop_vendor_communication_messages`
--

INSERT INTO `partiushop_vendor_communication_messages` (`message_id`, `thread_id`, `user_id`, `user_type`, `timestamp`, `message`) VALUES
(1, 1, 15, 'C', 1587589133, 'Teste'),
(2, 2, 15, 'C', 1589324085, 'Bolachinha o que tem pra comer hoje?\n'),
(3, 2, 12, 'V', 1589324145, 'Fatay'),
(4, 2, 15, 'C', 1589324168, 'Teste\n'),
(5, 2, 12, 'V', 1589324204, 'Qualquer coisa'),
(6, 2, 15, 'C', 1589324260, 'Teste 12/05'),
(7, 3, 12, 'V', 1589324615, 'meu telefone é 01169017379'),
(8, 4, 1, 'A', 1591287240, 'testetrsdudcjvghc'),
(9, 4, 12, 'V', 1587683782, 'Alo\r\n'),
(10, 4, 12, 'V', 1587683173, 'Ajuda!'),
(11, 4, 12, 'V', 1587247140, 'Tudo e voce?'),
(12, 4, 12, 'V', 1587246955, 'Tudo bem?'),
(13, 4, 12, 'V', 1587246900, 'Oi comprador'),
(14, 4, 12, 'V', 1587246818, 'Oi vendedor'),
(15, 5, 35, 'C', 1651182389, 'aaaaaaaaaaaaaaaaaaaaaaaaaaaaaaaaaaaaaaaaaaaaaaaaaaaaaaaaaaaaaaaaaaaaaaaaaaaaaaaaaaaaaaaaaaaaaaaaaaaaaaaaaaaaaaaaaaaaaaaaaaaaaaaaaaaaaaaaaaaaaaaaaaaaaaaaaaaaaaaaaaaaaaaaaaaaaaaaaaaaaaaaaaaaaaaaaaaaaaaaaaaaaaaaaaaaaaaaaaaaaaaaaaaaaaaaaaaaaaaaaaaaaaaaaaaaaaaaaaaaaaaaaaaaaaaaaaaaaaaaaaaaaaaaaaaaaaaaaaaaaaaaaaaaaaaaaaaaaaaaaaaaaaaaaaaaaaaaaaaaaaaaaaaaaaaaaaaaaaaaaaaaaaaaaaaaaaaaaaaaaaaaaaaaaaaaaaaa'),
(16, 5, 30, 'A', 1651182420, 'adadadasssssssssssss'),
(17, 5, 30, 'A', 1651250712, 'teste');

-- --------------------------------------------------------

--
-- Table structure for table `partiushop_vendor_invitations`
--

CREATE TABLE `partiushop_vendor_invitations` (
  `invitation_key` varchar(32) NOT NULL,
  `email` varchar(128) NOT NULL,
  `invited_at` int(11) UNSIGNED NOT NULL
) ENGINE=InnoDB DEFAULT CHARSET=utf8;

--
-- Dumping data for table `partiushop_vendor_invitations`
--

INSERT INTO `partiushop_vendor_invitations` (`invitation_key`, `email`, `invited_at`) VALUES
('c4873cd7b170bc6c00cdbea7d079ae10', 'devoto92@gmail.com', 1608748413);

-- --------------------------------------------------------

--
-- Table structure for table `partiushop_vendor_locations`
--

CREATE TABLE `partiushop_vendor_locations` (
  `company_id` int(11) NOT NULL DEFAULT 0,
  `place_id` varchar(512) NOT NULL DEFAULT '',
  `lat` float(10,6) NOT NULL,
  `lng` float(10,6) NOT NULL,
  `country` varchar(32) NOT NULL DEFAULT '',
  `state` varchar(64) NOT NULL DEFAULT '',
  `locality` varchar(64) NOT NULL DEFAULT '',
  `route` varchar(255) NOT NULL DEFAULT '',
  `postal_code` varchar(16) NOT NULL DEFAULT '',
  `street_number` varchar(16) NOT NULL DEFAULT '',
  `formatted_address` text DEFAULT NULL
) ENGINE=InnoDB DEFAULT CHARSET=utf8;

-- --------------------------------------------------------

--
-- Table structure for table `partiushop_vendor_payouts`
--

CREATE TABLE `partiushop_vendor_payouts` (
  `payout_id` mediumint(8) UNSIGNED NOT NULL,
  `company_id` int(11) UNSIGNED NOT NULL,
  `order_id` mediumint(8) UNSIGNED NOT NULL DEFAULT 0,
  `payout_date` int(11) UNSIGNED NOT NULL DEFAULT 0,
  `start_date` int(11) UNSIGNED NOT NULL DEFAULT 0 COMMENT 'deprecated',
  `end_date` int(11) UNSIGNED NOT NULL DEFAULT 0 COMMENT 'deprecated',
  `payout_amount` decimal(12,2) NOT NULL DEFAULT 0.00 COMMENT 'payout_amount - for payouts and withdrawals',
  `order_amount` decimal(12,2) NOT NULL DEFAULT 0.00 COMMENT 'order amount - for order placement, changes and refunds',
  `payment_method` varchar(255) NOT NULL DEFAULT '' COMMENT 'deprecated',
  `comments` text DEFAULT NULL,
  `payout_type` varchar(64) NOT NULL DEFAULT 'other' COMMENT 'affects income and balance calculations',
  `approval_status` char(1) NOT NULL DEFAULT 'P' COMMENT 'affects admin balance calculation',
  `plan_id` int(11) UNSIGNED DEFAULT NULL,
  `extra` mediumblob DEFAULT NULL,
  `commission_amount` decimal(12,2) NOT NULL DEFAULT 0.00,
  `commission` decimal(12,2) NOT NULL DEFAULT 0.00,
  `commission_type` char(1) NOT NULL DEFAULT 'A',
  `marketplace_profit` decimal(12,2) NOT NULL DEFAULT 0.00,
  `fixed_commission` decimal(12,2) NOT NULL DEFAULT 0.00
) ENGINE=InnoDB DEFAULT CHARSET=utf8;

--
-- Dumping data for table `partiushop_vendor_payouts`
--

INSERT INTO `partiushop_vendor_payouts` (`payout_id`, `company_id`, `order_id`, `payout_date`, `start_date`, `end_date`, `payout_amount`, `order_amount`, `payment_method`, `comments`, `payout_type`, `approval_status`, `plan_id`, `extra`, `commission_amount`, `commission`, `commission_type`, `marketplace_profit`, `fixed_commission`) VALUES
(1, 1, 0, 1586384571, 1586384571, 1586384571, '70.00', '0.00', '', 'Payout for the vendor plan: Unlimited', 'payout', 'P', 3, NULL, '0.00', '0.00', 'A', '0.00', '0.00'),
(2, 2, 0, 1586384571, 1586384571, 1586384571, '20.00', '0.00', '', 'Payout for the vendor plan: Premium', 'payout', 'P', 2, NULL, '0.00', '0.00', 'A', '0.00', '0.00'),
(3, 3, 0, 1586395867, 1586395867, 1586395867, '70.00', '0.00', '', 'Payout for the vendor plan: Unlimited', 'payout', 'C', 3, NULL, '0.00', '0.00', 'A', '0.00', '0.00'),
(4, 4, 0, 1586399685, 1586399685, 1586399685, '70.00', '0.00', '', 'Payout for the vendor plan: Unlimited', 'payout', 'C', 3, NULL, '0.00', '0.00', 'A', '0.00', '0.00'),
(5, 4, 98, 1587246718, 1587246718, 1587246718, '0.00', '20.00', '', NULL, 'order_placed', 'C', 3, 0x7b22636f6d6d697373696f6e5f616d6f756e74223a302c2270657263656e745f636f6d6d697373696f6e223a302c227375726368617267655f746f5f636f6d6d697373696f6e223a302c227368697070696e675f636f7374223a302c227461786573223a302c2266697865645f636f6d6d697373696f6e223a22302e3030222c22746f74616c223a2232302e3030222c22636f6d6d697373696f6e223a22302e3030227d, '0.00', '0.00', 'P', '0.00', '0.00'),
(6, 4, 99, 1587513335, 1587513335, 1587513335, '0.00', '37.00', '', NULL, 'order_placed', 'C', 3, 0x7b22636f6d6d697373696f6e5f616d6f756e74223a302c2270657263656e745f636f6d6d697373696f6e223a302c227375726368617267655f746f5f636f6d6d697373696f6e223a302c227368697070696e675f636f7374223a302c227461786573223a302c2266697865645f636f6d6d697373696f6e223a22302e3030222c22746f74616c223a2233372e3030222c22636f6d6d697373696f6e223a22302e3030227d, '0.00', '0.00', 'P', '0.00', '0.00'),
(7, 1, 0, 1588976571, 1588976571, 1588976571, '70.00', '0.00', '', 'Payout for the vendor plan: Unlimited', 'payout', 'P', 3, NULL, '0.00', '0.00', 'A', '0.00', '0.00'),
(8, 2, 0, 1588976571, 1588976571, 1588976571, '20.00', '0.00', '', 'Payout for the vendor plan: Premium', 'payout', 'P', 2, NULL, '0.00', '0.00', 'A', '0.00', '0.00'),
(9, 3, 0, 1588987867, 1588987867, 1588987867, '70.00', '0.00', '', 'Payout for the vendor plan: Unlimited', 'payout', 'P', 3, NULL, '0.00', '0.00', 'A', '0.00', '0.00'),
(10, 5, 0, 1589934596, 1589934596, 1589934596, '70.00', '0.00', '', 'Payout for the vendor plan: Unlimited', 'payout', 'P', 3, NULL, '0.00', '0.00', 'A', '0.00', '0.00'),
(11, 4, 0, 1590105335, 1590105335, 1590105335, '70.00', '0.00', '', 'Payout for the vendor plan: Unlimited', 'payout', 'P', 3, NULL, '0.00', '0.00', 'A', '0.00', '0.00'),
(12, 1, 0, 1591654971, 1591654971, 1591654971, '70.00', '0.00', '', 'Payout for the vendor plan: Unlimited', 'payout', 'P', 3, NULL, '0.00', '0.00', 'A', '0.00', '0.00'),
(13, 2, 0, 1591654971, 1591654971, 1591654971, '20.00', '0.00', '', 'Payout for the vendor plan: Premium', 'payout', 'P', 2, NULL, '0.00', '0.00', 'A', '0.00', '0.00'),
(14, 3, 0, 1591666267, 1591666267, 1591666267, '70.00', '0.00', '', 'Payout for the vendor plan: Unlimited', 'payout', 'P', 3, NULL, '0.00', '0.00', 'A', '0.00', '0.00'),
(15, 4, 0, 1592783735, 1592783735, 1592783735, '70.00', '0.00', '', 'Payout for the vendor plan: Unlimited', 'payout', 'P', 3, NULL, '0.00', '0.00', 'A', '0.00', '0.00'),
(16, 5, 0, 1592612996, 1592612996, 1592612996, '70.00', '0.00', '', 'Payout for the vendor plan: Unlimited', 'payout', 'P', 3, NULL, '0.00', '0.00', 'A', '0.00', '0.00'),
(17, 1, 0, 1594246971, 1594246971, 1594246971, '70.00', '0.00', '', 'Payout for the vendor plan: Unlimited', 'payout', 'P', 3, NULL, '0.00', '0.00', 'A', '0.00', '0.00'),
(18, 2, 0, 1594246971, 1594246971, 1594246971, '20.00', '0.00', '', 'Payout for the vendor plan: Premium', 'payout', 'P', 2, NULL, '0.00', '0.00', 'A', '0.00', '0.00'),
(19, 3, 0, 1594258267, 1594258267, 1594258267, '70.00', '0.00', '', 'Payout for the vendor plan: Unlimited', 'payout', 'P', 3, NULL, '0.00', '0.00', 'A', '0.00', '0.00'),
(20, 5, 0, 1595204996, 1595204996, 1595204996, '70.00', '0.00', '', 'Payout for the vendor plan: Unlimited', 'payout', 'C', 3, NULL, '0.00', '0.00', 'A', '0.00', '0.00'),
(21, 4, 0, 1595375735, 1595375735, 1595375735, '70.00', '0.00', '', 'Payout for the vendor plan: Unlimited', 'payout', 'C', 3, NULL, '0.00', '0.00', 'A', '0.00', '0.00'),
(22, 2, 0, 1596046918, 1596046918, 1596046918, '10.00', '0.00', '', 'Payout for the vendor plan: Teste ', 'payout', 'C', 10, NULL, '0.00', '0.00', 'A', '0.00', '0.00'),
(23, 6, 0, 1597189508, 1597189508, 1597189508, '1.00', '0.00', '', 'Payout for the vendor plan: Teste ', 'payout', 'C', 10, NULL, '0.00', '0.00', 'A', '0.00', '0.00'),
(24, 6, 0, 1599867908, 1599867908, 1599867908, '100.00', '0.00', '', 'Payout for the vendor plan: Imoveis', 'payout', 'C', 10, NULL, '0.00', '0.00', 'A', '0.00', '0.00'),
(25, 6, 0, 1602459908, 1602459908, 1602459908, '100.00', '0.00', '', 'Payout for the vendor plan: Imóveis', 'payout', 'C', 10, NULL, '0.00', '0.00', 'A', '0.00', '0.00'),
(26, 6, 0, 1605138308, 1605138308, 1605138308, '100.00', '0.00', '', 'Payout for the vendor plan: Imóveis', 'payout', 'C', 10, NULL, '0.00', '0.00', 'A', '0.00', '0.00'),
(27, 6, 0, 1607730308, 1607730308, 1607730308, '100.00', '0.00', '', 'Payout for the vendor plan: Imoveis ', 'payout', 'C', 10, NULL, '0.00', '0.00', 'A', '0.00', '0.00'),
(28, 8, 0, 1608670115, 1608670115, 1608670115, '20.00', '0.00', '', 'Payout for the vendor plan: Imoveis ', 'payout', 'C', 10, NULL, '0.00', '0.00', 'A', '0.00', '0.00'),
(29, 7, 0, 1608748836, 1608748836, 1608748836, '20.00', '0.00', '', 'Payout for the vendor plan: Imóveis', 'payout', 'C', 10, NULL, '0.00', '0.00', 'A', '0.00', '0.00'),
(30, 6, 0, 1610408708, 1610408708, 1610408708, '100.00', '0.00', '', 'Payout for the vendor plan: Imóveis', 'payout', 'C', 10, NULL, '0.00', '0.00', 'A', '0.00', '0.00'),
(31, 4, 0, 1611952582, 1611952582, 1611952582, '20.00', '0.00', '', 'Payout for the vendor plan: Imóveis', 'payout', 'P', 10, NULL, '0.00', '0.00', 'A', '0.00', '0.00'),
(32, 6, 0, 1613087108, 1613087108, 1613087108, '100.00', '0.00', '', 'Payout for the vendor plan: Imóveis', 'payout', 'P', 10, NULL, '0.00', '0.00', 'A', '0.00', '0.00'),
(33, 6, 0, 1615506308, 1615506308, 1615506308, '100.00', '0.00', '', 'Payout for the vendor plan: Imóveis', 'payout', 'P', 10, NULL, '0.00', '0.00', 'A', '0.00', '0.00'),
(34, 6, 0, 1618184708, 1618184708, 1618184708, '100.00', '0.00', '', 'Payout for the vendor plan: Imóveis', 'payout', 'P', 10, NULL, '0.00', '0.00', 'A', '0.00', '0.00'),
(35, 6, 0, 1620776708, 1620776708, 1620776708, '100.00', '0.00', '', 'Payout for the vendor plan: Imóveis', 'payout', 'P', 10, NULL, '0.00', '0.00', 'A', '0.00', '0.00'),
(36, 6, 0, 1623455108, 1623455108, 1623455108, '100.00', '0.00', '', 'Payout for the vendor plan: Imoveis ', 'payout', 'P', 10, NULL, '0.00', '0.00', 'A', '0.00', '0.00'),
(37, 4, 100, 1624901205, 1624901205, 1624901205, '0.00', '38.00', '', NULL, 'order_placed', 'C', 10, 0x7b22636f6d6d697373696f6e5f616d6f756e74223a302c2270657263656e745f636f6d6d697373696f6e223a302c227375726368617267655f746f5f636f6d6d697373696f6e223a302c227368697070696e675f636f7374223a302c2266697865645f636f6d6d697373696f6e223a302c22746f74616c223a31302c22636f6d6d697373696f6e223a307d, '0.00', '0.00', 'P', '0.00', '0.00'),
(38, 4, 101, 1624904796, 1624904796, 1624904796, '0.00', '38.00', '', NULL, 'order_placed', 'C', 10, 0x7b22636f6d6d697373696f6e5f616d6f756e74223a302c2270657263656e745f636f6d6d697373696f6e223a302c227375726368617267655f746f5f636f6d6d697373696f6e223a302c227368697070696e675f636f7374223a302c2266697865645f636f6d6d697373696f6e223a302c22746f74616c223a31302c22636f6d6d697373696f6e223a307d, '0.00', '0.00', 'P', '0.00', '0.00'),
(39, 4, 102, 1625155661, 1625155661, 1625155661, '0.00', '34.00', '', NULL, 'order_placed', 'C', 10, 0x7b22636f6d6d697373696f6e5f616d6f756e74223a302c2270657263656e745f636f6d6d697373696f6e223a302c227375726368617267655f746f5f636f6d6d697373696f6e223a302c227368697070696e675f636f7374223a302c2266697865645f636f6d6d697373696f6e223a302c22746f74616c223a31302c22636f6d6d697373696f6e223a22227d, '0.00', '0.00', 'P', '0.00', '0.00'),
(40, 4, 103, 1625694978, 1625694978, 1625694978, '0.00', '38.00', '', NULL, 'order_placed', 'C', 10, 0x7b22636f6d6d697373696f6e5f616d6f756e74223a302c2270657263656e745f636f6d6d697373696f6e223a302c227375726368617267655f746f5f636f6d6d697373696f6e223a302c227368697070696e675f636f7374223a302c2266697865645f636f6d6d697373696f6e223a302c22746f74616c223a31302c22636f6d6d697373696f6e223a22227d, '0.00', '0.00', 'P', '0.00', '0.00'),
(41, 4, 104, 1625696272, 1625696272, 1625696272, '0.00', '38.00', '', NULL, 'order_placed', 'C', 10, 0x7b22636f6d6d697373696f6e5f616d6f756e74223a302c2270657263656e745f636f6d6d697373696f6e223a302c227375726368617267655f746f5f636f6d6d697373696f6e223a302c227368697070696e675f636f7374223a302c2266697865645f636f6d6d697373696f6e223a302c22746f74616c223a31302c22636f6d6d697373696f6e223a22227d, '0.00', '0.00', 'P', '0.00', '0.00'),
(42, 6, 0, 1626047108, 1626047108, 1626047108, '100.00', '0.00', '', 'Payout for the vendor plan: Imoveis ', 'payout', 'P', 10, NULL, '0.00', '0.00', 'A', '0.00', '0.00'),
(43, 4, 105, 1626368977, 1626368977, 1626368977, '0.00', '34.15', '', NULL, 'order_placed', 'C', 10, 0x7b22636f6d6d697373696f6e5f616d6f756e74223a302c2270657263656e745f636f6d6d697373696f6e223a302c227375726368617267655f746f5f636f6d6d697373696f6e223a302c227368697070696e675f636f7374223a302c2266697865645f636f6d6d697373696f6e223a302c22746f74616c223a31302c22636f6d6d697373696f6e223a22227d, '0.00', '0.00', 'P', '0.00', '0.00'),
(44, 8, 0, 1611348515, 1611348515, 1611348515, '100.00', '0.00', '', 'Payout for the vendor plan: Imóveis', 'payout', 'P', 10, NULL, '0.00', '0.00', 'A', '0.00', '0.00'),
(45, 2, 0, 1598725318, 1598725318, 1598725318, '100.00', '0.00', '', 'Payout for the vendor plan: Imóveis', 'payout', 'P', 10, NULL, '0.00', '0.00', 'A', '0.00', '0.00'),
(46, 7, 0, 1611427236, 1611427236, 1611427236, '100.00', '0.00', '', 'Payout for the vendor plan: Imóveis', 'payout', 'P', 10, NULL, '0.00', '0.00', 'A', '0.00', '0.00'),
(47, 8, 0, 1614030515, 1614030515, 1614030515, '100.00', '0.00', '', 'Payout for the vendor plan: Imóveis', 'payout', 'P', 10, NULL, '0.00', '0.00', 'A', '0.00', '0.00'),
(48, 2, 0, 1601403718, 1601403718, 1601403718, '100.00', '0.00', '', 'Payout for the vendor plan: Imóveis', 'payout', 'P', 10, NULL, '0.00', '0.00', 'A', '0.00', '0.00'),
(49, 7, 0, 1614109236, 1614109236, 1614109236, '100.00', '0.00', '', 'Payout for the vendor plan: Imóveis', 'payout', 'P', 10, NULL, '0.00', '0.00', 'A', '0.00', '0.00'),
(50, 8, 0, 1616449715, 1616449715, 1616449715, '100.00', '0.00', '', 'Payout for the vendor plan: Imóveis', 'payout', 'P', 10, NULL, '0.00', '0.00', 'A', '0.00', '0.00'),
(51, 2, 0, 1603995718, 1603995718, 1603995718, '100.00', '0.00', '', 'Payout for the vendor plan: Imóveis', 'payout', 'P', 10, NULL, '0.00', '0.00', 'A', '0.00', '0.00'),
(52, 7, 0, 1616528436, 1616528436, 1616528436, '100.00', '0.00', '', 'Payout for the vendor plan: Imóveis', 'payout', 'P', 10, NULL, '0.00', '0.00', 'A', '0.00', '0.00'),
(53, 8, 0, 1619128115, 1619128115, 1619128115, '100.00', '0.00', '', 'Payout for the vendor plan: Imóveis', 'payout', 'P', 10, NULL, '0.00', '0.00', 'A', '0.00', '0.00'),
(54, 2, 0, 1606670518, 1606670518, 1606670518, '100.00', '0.00', '', 'Payout for the vendor plan: Imóveis', 'payout', 'P', 10, NULL, '0.00', '0.00', 'A', '0.00', '0.00'),
(55, 7, 0, 1619206836, 1619206836, 1619206836, '100.00', '0.00', '', 'Payout for the vendor plan: Imóveis', 'payout', 'P', 10, NULL, '0.00', '0.00', 'A', '0.00', '0.00'),
(56, 8, 0, 1621720115, 1621720115, 1621720115, '100.00', '0.00', '', 'Payout for the vendor plan: Imóveis', 'payout', 'P', 10, NULL, '0.00', '0.00', 'A', '0.00', '0.00'),
(57, 2, 0, 1609262518, 1609262518, 1609262518, '100.00', '0.00', '', 'Payout for the vendor plan: Imóveis', 'payout', 'P', 10, NULL, '0.00', '0.00', 'A', '0.00', '0.00'),
(58, 7, 0, 1621798836, 1621798836, 1621798836, '100.00', '0.00', '', 'Payout for the vendor plan: Imóveis', 'payout', 'P', 10, NULL, '0.00', '0.00', 'A', '0.00', '0.00'),
(59, 8, 0, 1624398515, 1624398515, 1624398515, '100.00', '0.00', '', 'Payout for the vendor plan: Imóveis', 'payout', 'P', 10, NULL, '0.00', '0.00', 'A', '0.00', '0.00'),
(60, 2, 0, 1611940918, 1611940918, 1611940918, '100.00', '0.00', '', 'Pagamento pelo plano do fornecedor: Imóveis', 'payout', 'P', 10, NULL, '0.00', '0.00', 'A', '0.00', '0.00'),
(61, 7, 0, 1624477236, 1624477236, 1624477236, '100.00', '0.00', '', 'Pagamento pelo plano do fornecedor: Imóveis', 'payout', 'P', 10, NULL, '0.00', '0.00', 'A', '0.00', '0.00'),
(62, 8, 0, 1626990515, 1626990515, 1626990515, '100.00', '0.00', '', 'Pagamento pelo plano do fornecedor: Imóveis', 'payout', 'P', 10, NULL, '0.00', '0.00', 'A', '0.00', '0.00'),
(63, 2, 0, 1614622918, 1614622918, 1614622918, '100.00', '0.00', '', 'Payout for the vendor plan: Imoveis ', 'payout', 'P', 10, NULL, '0.00', '0.00', 'A', '0.00', '0.00'),
(64, 7, 0, 1627069236, 1627069236, 1627069236, '100.00', '0.00', '', 'Payout for the vendor plan: Imoveis ', 'payout', 'P', 10, NULL, '0.00', '0.00', 'A', '0.00', '0.00'),
(65, 2, 0, 1617301318, 1617301318, 1617301318, '100.00', '0.00', '', 'Pagamento pelo plano do fornecedor: Imóveis', 'payout', 'P', 10, NULL, '0.00', '0.00', 'A', '0.00', '0.00'),
(66, 2, 0, 1619893318, 1619893318, 1619893318, '100.00', '0.00', '', 'Pagamento pelo plano do fornecedor: Imóveis', 'payout', 'P', 10, NULL, '0.00', '0.00', 'A', '0.00', '0.00'),
(67, 2, 0, 1622571718, 1622571718, 1622571718, '100.00', '0.00', '', 'Pagamento pelo plano do fornecedor: Imóveis', 'payout', 'P', 10, NULL, '0.00', '0.00', 'A', '0.00', '0.00'),
(68, 2, 0, 1625163718, 1625163718, 1625163718, '100.00', '0.00', '', 'Pagamento pelo plano do fornecedor: Imóveis', 'payout', 'P', 10, NULL, '0.00', '0.00', 'A', '0.00', '0.00'),
(69, 2, 0, 1627842118, 1627842118, 1627842118, '100.00', '0.00', '', 'Payout for the vendor plan: Imoveis ', 'payout', 'P', 10, NULL, '0.00', '0.00', 'A', '0.00', '0.00'),
(70, 6, 0, 1628725508, 1628725508, 1628725508, '100.00', '0.00', '', 'Pagamento pelo plano do fornecedor: Imóveis', 'payout', 'P', 10, NULL, '0.00', '0.00', 'A', '0.00', '0.00'),
(71, 4, 0, 1629047377, 1629047377, 1629047377, '100.00', '0.00', '', 'Pagamento pelo plano do fornecedor: Imóveis', 'payout', 'P', 10, NULL, '0.00', '0.00', 'A', '0.00', '0.00'),
(72, 4, 106, 1629155368, 1629155368, 1629155368, '0.00', '3900.00', '', NULL, 'order_placed', 'C', 10, 0x7b22636f6d6d697373696f6e5f616d6f756e74223a302c2270657263656e745f636f6d6d697373696f6e223a302c227375726368617267655f746f5f636f6d6d697373696f6e223a302c227368697070696e675f636f7374223a302c2266697865645f636f6d6d697373696f6e223a302c22746f74616c223a333930302c22636f6d6d697373696f6e223a22227d, '0.00', '0.00', 'P', '312.00', '0.00'),
(73, 4, 0, 1631833768, 1631833768, 1631833768, '100.00', '0.00', '', 'Pagamento pelo plano do fornecedor: Imóveis', 'payout', 'P', 10, NULL, '0.00', '0.00', 'A', '0.00', '0.00'),
(74, 4, 107, 1634595675, 1634595675, 1634595675, '0.00', '27916.17', '', NULL, 'order_placed', 'C', 10, 0x7b22636f6d6d697373696f6e5f616d6f756e74223a302c2270657263656e745f636f6d6d697373696f6e223a302c227375726368617267655f746f5f636f6d6d697373696f6e223a302c227368697070696e675f636f7374223a302c2266697865645f636f6d6d697373696f6e223a302c22746f74616c223a32373830302c22636f6d6d697373696f6e223a22227d, '0.00', '0.00', 'P', '2233.29', '0.00'),
(75, 4, 108, 1635452508, 1635452508, 1635452508, '0.00', '3924.15', '', NULL, 'order_placed', 'C', 10, 0x7b22636f6d6d697373696f6e5f616d6f756e74223a302c2270657263656e745f636f6d6d697373696f6e223a302c227375726368617267655f746f5f636f6d6d697373696f6e223a302c227368697070696e675f636f7374223a302c2266697865645f636f6d6d697373696f6e223a302c22746f74616c223a333930302c22636f6d6d697373696f6e223a22227d, '0.00', '0.00', 'P', '313.93', '0.00'),
(76, 4, 109, 1635452589, 1635452589, 1635452589, '0.00', '5024.15', '', NULL, 'order_placed', 'C', 10, 0x7b22636f6d6d697373696f6e5f616d6f756e74223a302c2270657263656e745f636f6d6d697373696f6e223a302c227375726368617267655f746f5f636f6d6d697373696f6e223a302c227368697070696e675f636f7374223a302c2266697865645f636f6d6d697373696f6e223a302c22746f74616c223a353030302c22636f6d6d697373696f6e223a22227d, '0.00', '0.00', 'P', '401.93', '0.00'),
(77, 4, 110, 1637109916, 1637109916, 1637109916, '0.00', '5024.15', '', NULL, 'order_placed', 'C', 10, 0x7b22636f6d6d697373696f6e5f616d6f756e74223a302c2270657263656e745f636f6d6d697373696f6e223a302c227375726368617267655f746f5f636f6d6d697373696f6e223a302c227368697070696e675f636f7374223a302c2266697865645f636f6d6d697373696f6e223a302c22746f74616c223a353030302c22636f6d6d697373696f6e223a22227d, '0.00', '0.00', 'P', '401.93', '0.00'),
(78, 4, 111, 1637114700, 1637114700, 1637114700, '0.00', '3951.69', '', NULL, 'order_placed', 'C', 10, 0x7b22636f6d6d697373696f6e5f616d6f756e74223a302c2270657263656e745f636f6d6d697373696f6e223a302c227375726368617267655f746f5f636f6d6d697373696f6e223a302c227368697070696e675f636f7374223a302c2266697865645f636f6d6d697373696f6e223a302c22746f74616c223a333930302c22636f6d6d697373696f6e223a22227d, '0.00', '0.00', 'P', '316.14', '0.00'),
(79, 4, 112, 1637115198, 1637115198, 1637115198, '0.00', '3924.15', '', NULL, 'order_placed', 'C', 10, 0x7b22636f6d6d697373696f6e5f616d6f756e74223a302c2270657263656e745f636f6d6d697373696f6e223a302c227375726368617267655f746f5f636f6d6d697373696f6e223a302c227368697070696e675f636f7374223a302c2266697865645f636f6d6d697373696f6e223a302c22746f74616c223a333930302c22636f6d6d697373696f6e223a22227d, '0.00', '0.00', 'P', '313.93', '0.00'),
(80, 4, 0, 1639707198, 1639707198, 1639707198, '100.00', '0.00', '', 'Pagamento pelo plano do fornecedor: Imóveis', 'payout', 'P', 10, NULL, '0.00', '0.00', 'A', '0.00', '0.00'),
(81, 4, 0, 1642385598, 1642385598, 1642385598, '100.00', '0.00', '', 'Pagamento pelo plano do fornecedor: Imóveis', 'payout', 'P', 10, NULL, '0.00', '0.00', 'A', '0.00', '0.00'),
(82, 4, 0, 1645063998, 1645063998, 1645063998, '100.00', '0.00', '', 'Pagamento pelo plano do fornecedor: Imóveis', 'payout', 'P', 10, NULL, '0.00', '0.00', 'A', '0.00', '0.00'),
(83, 4, 0, 1647486798, 1647486798, 1647486798, '100.00', '0.00', '', 'Pagamento pelo plano do fornecedor: Imóveis', 'payout', 'P', 10, NULL, '0.00', '0.00', 'A', '0.00', '0.00'),
(84, 4, 0, 1650165198, 1650165198, 1650165198, '100.00', '0.00', '', 'Pagamento pelo plano do fornecedor: Imóveis', 'payout', 'P', 10, NULL, '0.00', '0.00', 'A', '0.00', '0.00'),
(85, 4, 113, 1651087142, 1651087142, 1651087142, '0.00', '5048.38', '', NULL, 'order_placed', 'C', 10, 0x7b22636f6d6d697373696f6e5f616d6f756e74223a302c2270657263656e745f636f6d6d697373696f6e223a302c227375726368617267655f746f5f636f6d6d697373696f6e223a302c227368697070696e675f636f7374223a302c2266697865645f636f6d6d697373696f6e223a302c22746f74616c223a353030302c22636f6d6d697373696f6e223a22227d, '0.00', '0.00', 'P', '403.87', '0.00'),
(86, 4, 114, 1651087872, 1651087872, 1651087872, '0.00', '3923.67', '', NULL, 'order_placed', 'C', 10, 0x7b22636f6d6d697373696f6e5f616d6f756e74223a302c2270657263656e745f636f6d6d697373696f6e223a302c227375726368617267655f746f5f636f6d6d697373696f6e223a302c227368697070696e675f636f7374223a302c2266697865645f636f6d6d697373696f6e223a302c22746f74616c223a333930302c22636f6d6d697373696f6e223a22227d, '0.00', '0.00', 'P', '313.89', '0.00'),
(87, 4, 115, 1651515299, 1651515299, 1651515299, '0.00', '5048.38', '', NULL, 'order_placed', 'C', 10, 0x7b22636f6d6d697373696f6e5f616d6f756e74223a302c2270657263656e745f636f6d6d697373696f6e223a302c227375726368617267655f746f5f636f6d6d697373696f6e223a302c227368697070696e675f636f7374223a302c2266697865645f636f6d6d697373696f6e223a302c22746f74616c223a353030302c22636f6d6d697373696f6e223a22227d, '0.00', '0.00', 'P', '403.87', '0.00'),
(88, 4, 116, 1651515835, 1651515835, 1651515835, '0.00', '3923.67', '', NULL, 'order_placed', 'C', 10, 0x7b22636f6d6d697373696f6e5f616d6f756e74223a302c2270657263656e745f636f6d6d697373696f6e223a302c227375726368617267655f746f5f636f6d6d697373696f6e223a302c227368697070696e675f636f7374223a302c2266697865645f636f6d6d697373696f6e223a302c22746f74616c223a333930302c22636f6d6d697373696f6e223a22227d, '0.00', '0.00', 'P', '313.89', '0.00'),
(89, 4, 117, 1651523005, 1651523005, 1651523005, '0.00', '5048.38', '', NULL, 'order_placed', 'C', 10, 0x7b22636f6d6d697373696f6e5f616d6f756e74223a302c2270657263656e745f636f6d6d697373696f6e223a302c227375726368617267655f746f5f636f6d6d697373696f6e223a302c227368697070696e675f636f7374223a302c2266697865645f636f6d6d697373696f6e223a302c22746f74616c223a353030302c22636f6d6d697373696f6e223a22227d, '0.00', '0.00', 'P', '403.87', '0.00'),
(90, 4, 118, 1651523156, 1651523156, 1651523156, '0.00', '5048.38', '', NULL, 'order_placed', 'C', 10, 0x7b22636f6d6d697373696f6e5f616d6f756e74223a302c2270657263656e745f636f6d6d697373696f6e223a302c227375726368617267655f746f5f636f6d6d697373696f6e223a302c227368697070696e675f636f7374223a302c2266697865645f636f6d6d697373696f6e223a302c22746f74616c223a353030302c22636f6d6d697373696f6e223a22227d, '0.00', '0.00', 'P', '403.87', '0.00'),
(91, 4, 119, 1651598925, 1651598925, 1651598925, '0.00', '5023.67', '', NULL, 'order_placed', 'C', 10, 0x7b22636f6d6d697373696f6e5f616d6f756e74223a302c2270657263656e745f636f6d6d697373696f6e223a302c227375726368617267655f746f5f636f6d6d697373696f6e223a302c227368697070696e675f636f7374223a302c2266697865645f636f6d6d697373696f6e223a302c22746f74616c223a353030302c22636f6d6d697373696f6e223a22227d, '0.00', '0.00', 'P', '401.89', '0.00'),
(92, 4, 120, 1651599127, 1651599127, 1651599127, '0.00', '3948.38', '', NULL, 'order_placed', 'C', 10, 0x7b22636f6d6d697373696f6e5f616d6f756e74223a302c2270657263656e745f636f6d6d697373696f6e223a302c227375726368617267655f746f5f636f6d6d697373696f6e223a302c227368697070696e675f636f7374223a302c2266697865645f636f6d6d697373696f6e223a302c22746f74616c223a333930302c22636f6d6d697373696f6e223a22227d, '0.00', '0.00', 'P', '315.87', '0.00'),
(93, 4, 121, 1651599387, 1651599387, 1651599387, '0.00', '5023.67', '', NULL, 'order_placed', 'C', 10, 0x7b22636f6d6d697373696f6e5f616d6f756e74223a302c2270657263656e745f636f6d6d697373696f6e223a302c227375726368617267655f746f5f636f6d6d697373696f6e223a302c227368697070696e675f636f7374223a302c2266697865645f636f6d6d697373696f6e223a302c22746f74616c223a353030302c22636f6d6d697373696f6e223a22227d, '0.00', '0.00', 'P', '401.89', '0.00'),
(94, 4, 122, 1651599468, 1651599468, 1651599468, '0.00', '5023.67', '', NULL, 'order_placed', 'C', 10, 0x7b22636f6d6d697373696f6e5f616d6f756e74223a302c2270657263656e745f636f6d6d697373696f6e223a302c227375726368617267655f746f5f636f6d6d697373696f6e223a302c227368697070696e675f636f7374223a302c2266697865645f636f6d6d697373696f6e223a302c22746f74616c223a353030302c22636f6d6d697373696f6e223a22227d, '0.00', '0.00', 'P', '401.89', '0.00'),
(95, 4, 123, 1651599692, 1651599692, 1651599692, '0.00', '5023.67', '', NULL, 'order_placed', 'C', 10, 0x7b22636f6d6d697373696f6e5f616d6f756e74223a302c2270657263656e745f636f6d6d697373696f6e223a302c227375726368617267655f746f5f636f6d6d697373696f6e223a302c227368697070696e675f636f7374223a302c2266697865645f636f6d6d697373696f6e223a302c22746f74616c223a353030302c22636f6d6d697373696f6e223a22227d, '0.00', '0.00', 'P', '401.89', '0.00'),
(96, 4, 124, 1651599995, 1651599995, 1651599995, '0.00', '5048.38', '', NULL, 'order_placed', 'C', 10, 0x7b22636f6d6d697373696f6e5f616d6f756e74223a302c2270657263656e745f636f6d6d697373696f6e223a302c227375726368617267655f746f5f636f6d6d697373696f6e223a302c227368697070696e675f636f7374223a302c2266697865645f636f6d6d697373696f6e223a302c22746f74616c223a353030302c22636f6d6d697373696f6e223a22227d, '0.00', '0.00', 'P', '403.87', '0.00'),
(97, 4, 125, 1651600095, 1651600095, 1651600095, '0.00', '5048.38', '', NULL, 'order_placed', 'C', 10, 0x7b22636f6d6d697373696f6e5f616d6f756e74223a302c2270657263656e745f636f6d6d697373696f6e223a302c227375726368617267655f746f5f636f6d6d697373696f6e223a302c227368697070696e675f636f7374223a302c2266697865645f636f6d6d697373696f6e223a302c22746f74616c223a353030302c22636f6d6d697373696f6e223a22227d, '0.00', '0.00', 'P', '403.87', '0.00'),
(98, 4, 126, 1651695355, 1651695355, 1651695355, '0.00', '8960.50', '', NULL, 'order_placed', 'C', 10, 0x7b22636f6d6d697373696f6e5f616d6f756e74223a302c2270657263656e745f636f6d6d697373696f6e223a302c227375726368617267655f746f5f636f6d6d697373696f6e223a302c227368697070696e675f636f7374223a302c2266697865645f636f6d6d697373696f6e223a302c22746f74616c223a383930302c22636f6d6d697373696f6e223a22227d, '0.00', '0.00', 'P', '716.84', '0.00'),
(100, 4, 127, 1651696194, 1651696194, 1651696194, '0.00', '5023.67', '', NULL, 'order_placed', 'C', 10, 0x7b22636f6d6d697373696f6e5f616d6f756e74223a302c2270657263656e745f636f6d6d697373696f6e223a302c227375726368617267655f746f5f636f6d6d697373696f6e223a302c227368697070696e675f636f7374223a302c2266697865645f636f6d6d697373696f6e223a302c22746f74616c223a353030302c22636f6d6d697373696f6e223a22227d, '0.00', '0.00', 'P', '401.89', '0.00'),
(101, 4, 128, 1651696232, 1651696232, 1651696232, '0.00', '5023.67', '', NULL, 'order_placed', 'C', 10, 0x7b22636f6d6d697373696f6e5f616d6f756e74223a302c2270657263656e745f636f6d6d697373696f6e223a302c227375726368617267655f746f5f636f6d6d697373696f6e223a302c227368697070696e675f636f7374223a302c2266697865645f636f6d6d697373696f6e223a302c22746f74616c223a353030302c22636f6d6d697373696f6e223a22227d, '0.00', '0.00', 'P', '401.89', '0.00'),
(102, 4, 129, 1651696268, 1651696268, 1651696268, '0.00', '5023.67', '', NULL, 'order_placed', 'C', 10, 0x7b22636f6d6d697373696f6e5f616d6f756e74223a302c2270657263656e745f636f6d6d697373696f6e223a302c227375726368617267655f746f5f636f6d6d697373696f6e223a302c227368697070696e675f636f7374223a302c2266697865645f636f6d6d697373696f6e223a302c22746f74616c223a353030302c22636f6d6d697373696f6e223a22227d, '0.00', '0.00', 'P', '401.89', '0.00'),
(103, 4, 130, 1651697022, 1651697022, 1651697022, '0.00', '5023.67', '', NULL, 'order_placed', 'C', 10, 0x7b22636f6d6d697373696f6e5f616d6f756e74223a302c2270657263656e745f636f6d6d697373696f6e223a302c227375726368617267655f746f5f636f6d6d697373696f6e223a302c227368697070696e675f636f7374223a302c2266697865645f636f6d6d697373696f6e223a302c22746f74616c223a353030302c22636f6d6d697373696f6e223a22227d, '0.00', '0.00', 'P', '401.89', '0.00'),
(104, 4, 131, 1652120172, 1652120172, 1652120172, '0.00', '5023.67', '', NULL, 'order_placed', 'P', 10, 0x7b22636f6d6d697373696f6e5f616d6f756e74223a3430312e383839393939393939393939393836333537353739343733343036303736343331323734343134303632352c2270657263656e745f636f6d6d697373696f6e223a3430312e383839393939393939393939393836333537353739343733343036303736343331323734343134303632352c227375726368617267655f746f5f636f6d6d697373696f6e223a302c227368697070696e675f636f7374223a302c227461786573223a302c2266697865645f636f6d6d697373696f6e223a22302e3030222c22746f74616c223a22353032332e3637222c22636f6d6d697373696f6e223a22382e3030227d, '0.00', '8.00', 'P', '0.00', '0.00'),
(105, 4, 132, 1652123113, 1652123113, 1652123113, '0.00', '5023.67', '', NULL, 'order_placed', 'P', 10, 0x7b22636f6d6d697373696f6e5f616d6f756e74223a3430312e383839393939393939393939393836333537353739343733343036303736343331323734343134303632352c2270657263656e745f636f6d6d697373696f6e223a3430312e383839393939393939393939393836333537353739343733343036303736343331323734343134303632352c227375726368617267655f746f5f636f6d6d697373696f6e223a302c227368697070696e675f636f7374223a302c227461786573223a302c2266697865645f636f6d6d697373696f6e223a22302e3030222c22746f74616c223a22353032332e3637222c22636f6d6d697373696f6e223a22382e3030227d, '0.00', '8.00', 'P', '0.00', '0.00'),
(106, 4, 133, 1652123677, 1652123677, 1652123677, '0.00', '5023.67', '', NULL, 'order_placed', 'P', 10, 0x7b22636f6d6d697373696f6e5f616d6f756e74223a3430312e383839393939393939393939393836333537353739343733343036303736343331323734343134303632352c2270657263656e745f636f6d6d697373696f6e223a3430312e383839393939393939393939393836333537353739343733343036303736343331323734343134303632352c227375726368617267655f746f5f636f6d6d697373696f6e223a302c227368697070696e675f636f7374223a302c227461786573223a302c2266697865645f636f6d6d697373696f6e223a22302e3030222c22746f74616c223a22353032332e3637222c22636f6d6d697373696f6e223a22382e3030227d, '0.00', '8.00', 'P', '0.00', '0.00'),
(110, 4, 134, 1652124405, 1652124405, 1652124405, '0.00', '3923.67', '', NULL, 'order_placed', 'P', 10, 0x7b22636f6d6d697373696f6e5f616d6f756e74223a3331332e383839393939393939393939393836333537353739343733343036303736343331323734343134303632352c2270657263656e745f636f6d6d697373696f6e223a3331332e383839393939393939393939393836333537353739343733343036303736343331323734343134303632352c227375726368617267655f746f5f636f6d6d697373696f6e223a302c227368697070696e675f636f7374223a302c227461786573223a302c2266697865645f636f6d6d697373696f6e223a22302e3030222c22746f74616c223a22333932332e3637222c22636f6d6d697373696f6e223a22382e3030227d, '0.00', '8.00', 'P', '0.00', '0.00'),
(111, 4, 135, 1652124780, 1652124780, 1652124780, '0.00', '5023.67', '', NULL, 'order_placed', 'P', 10, 0x7b22636f6d6d697373696f6e5f616d6f756e74223a3430312e383839393939393939393939393836333537353739343733343036303736343331323734343134303632352c2270657263656e745f636f6d6d697373696f6e223a3430312e383839393939393939393939393836333537353739343733343036303736343331323734343134303632352c227375726368617267655f746f5f636f6d6d697373696f6e223a302c227368697070696e675f636f7374223a302c227461786573223a302c2266697865645f636f6d6d697373696f6e223a22302e3030222c22746f74616c223a22353032332e3637222c22636f6d6d697373696f6e223a22382e3030227d, '0.00', '8.00', 'P', '0.00', '0.00'),
(114, 4, 136, 1652124862, 1652124862, 1652124862, '0.00', '5048.38', '', NULL, 'order_placed', 'P', 10, 0x7b22636f6d6d697373696f6e5f616d6f756e74223a3430332e383730303030303030303030303034353437343733353038383634363431313839353735313935333132352c2270657263656e745f636f6d6d697373696f6e223a3430332e383730303030303030303030303034353437343733353038383634363431313839353735313935333132352c227375726368617267655f746f5f636f6d6d697373696f6e223a302c227368697070696e675f636f7374223a302c227461786573223a302c2266697865645f636f6d6d697373696f6e223a22302e3030222c22746f74616c223a22353034382e3338222c22636f6d6d697373696f6e223a22382e3030227d, '0.00', '8.00', 'P', '0.00', '0.00'),
(115, 4, 137, 1652204624, 1652204624, 1652204624, '0.00', '5023.67', '', NULL, 'order_placed', 'P', 10, 0x7b22636f6d6d697373696f6e5f616d6f756e74223a3430312e383839393939393939393939393836333537353739343733343036303736343331323734343134303632352c2270657263656e745f636f6d6d697373696f6e223a3430312e383839393939393939393939393836333537353739343733343036303736343331323734343134303632352c227375726368617267655f746f5f636f6d6d697373696f6e223a302c227368697070696e675f636f7374223a302c227461786573223a302c2266697865645f636f6d6d697373696f6e223a22302e3030222c22746f74616c223a22353032332e3637222c22636f6d6d697373696f6e223a22382e3030227d, '0.00', '8.00', 'P', '0.00', '0.00'),
(116, 4, 138, 1652208287, 1652208287, 1652208287, '0.00', '5023.67', '', NULL, 'order_placed', 'P', 10, 0x7b22636f6d6d697373696f6e5f616d6f756e74223a3430312e383839393939393939393939393836333537353739343733343036303736343331323734343134303632352c2270657263656e745f636f6d6d697373696f6e223a3430312e383839393939393939393939393836333537353739343733343036303736343331323734343134303632352c227375726368617267655f746f5f636f6d6d697373696f6e223a302c227368697070696e675f636f7374223a302c227461786573223a302c2266697865645f636f6d6d697373696f6e223a22302e3030222c22746f74616c223a22353032332e3637222c22636f6d6d697373696f6e223a22382e3030227d, '0.00', '8.00', 'P', '0.00', '0.00'),
(117, 4, 139, 1652208571, 1652208571, 1652208571, '0.00', '5023.67', '', NULL, 'order_placed', 'P', 10, 0x7b22636f6d6d697373696f6e5f616d6f756e74223a3430312e383839393939393939393939393836333537353739343733343036303736343331323734343134303632352c2270657263656e745f636f6d6d697373696f6e223a3430312e383839393939393939393939393836333537353739343733343036303736343331323734343134303632352c227375726368617267655f746f5f636f6d6d697373696f6e223a302c227368697070696e675f636f7374223a302c227461786573223a302c2266697865645f636f6d6d697373696f6e223a22302e3030222c22746f74616c223a22353032332e3637222c22636f6d6d697373696f6e223a22382e3030227d, '0.00', '8.00', 'P', '0.00', '0.00'),
(118, 4, 140, 1652208754, 1652208754, 1652208754, '0.00', '5048.38', '', NULL, 'order_placed', 'P', 10, 0x7b22636f6d6d697373696f6e5f616d6f756e74223a3430332e383730303030303030303030303034353437343733353038383634363431313839353735313935333132352c2270657263656e745f636f6d6d697373696f6e223a3430332e383730303030303030303030303034353437343733353038383634363431313839353735313935333132352c227375726368617267655f746f5f636f6d6d697373696f6e223a302c227368697070696e675f636f7374223a302c227461786573223a302c2266697865645f636f6d6d697373696f6e223a22302e3030222c22746f74616c223a22353034382e3338222c22636f6d6d697373696f6e223a22382e3030227d, '0.00', '8.00', 'P', '0.00', '0.00'),
(119, 4, 141, 1652209166, 1652209166, 1652209166, '0.00', '5048.38', '', NULL, 'order_placed', 'P', 10, 0x7b22636f6d6d697373696f6e5f616d6f756e74223a3430332e383730303030303030303030303034353437343733353038383634363431313839353735313935333132352c2270657263656e745f636f6d6d697373696f6e223a3430332e383730303030303030303030303034353437343733353038383634363431313839353735313935333132352c227375726368617267655f746f5f636f6d6d697373696f6e223a302c227368697070696e675f636f7374223a302c227461786573223a302c2266697865645f636f6d6d697373696f6e223a22302e3030222c22746f74616c223a22353034382e3338222c22636f6d6d697373696f6e223a22382e3030227d, '0.00', '8.00', 'P', '0.00', '0.00'),
(120, 4, 142, 1652210620, 1652210620, 1652210620, '0.00', '5048.38', '', NULL, 'order_placed', 'P', 10, 0x7b22636f6d6d697373696f6e5f616d6f756e74223a3430332e383730303030303030303030303034353437343733353038383634363431313839353735313935333132352c2270657263656e745f636f6d6d697373696f6e223a3430332e383730303030303030303030303034353437343733353038383634363431313839353735313935333132352c227375726368617267655f746f5f636f6d6d697373696f6e223a302c227368697070696e675f636f7374223a302c227461786573223a302c2266697865645f636f6d6d697373696f6e223a22302e3030222c22746f74616c223a22353034382e3338222c22636f6d6d697373696f6e223a22382e3030227d, '0.00', '8.00', 'P', '0.00', '0.00'),
(121, 4, 143, 1652210771, 1652210771, 1652210771, '0.00', '5023.67', '', NULL, 'order_placed', 'P', 10, 0x7b22636f6d6d697373696f6e5f616d6f756e74223a3430312e383839393939393939393939393836333537353739343733343036303736343331323734343134303632352c2270657263656e745f636f6d6d697373696f6e223a3430312e383839393939393939393939393836333537353739343733343036303736343331323734343134303632352c227375726368617267655f746f5f636f6d6d697373696f6e223a302c227368697070696e675f636f7374223a302c227461786573223a302c2266697865645f636f6d6d697373696f6e223a22302e3030222c22746f74616c223a22353032332e3637222c22636f6d6d697373696f6e223a22382e3030227d, '0.00', '8.00', 'P', '0.00', '0.00'),
(122, 4, 144, 1652210910, 1652210910, 1652210910, '0.00', '8928.09', '', NULL, 'order_placed', 'P', 10, 0x7b22636f6d6d697373696f6e5f616d6f756e74223a3731342e32352c2270657263656e745f636f6d6d697373696f6e223a3731342e32352c227375726368617267655f746f5f636f6d6d697373696f6e223a302c227368697070696e675f636f7374223a302c227461786573223a302c2266697865645f636f6d6d697373696f6e223a22302e3030222c22746f74616c223a22383932382e3039222c22636f6d6d697373696f6e223a22382e3030227d, '0.00', '8.00', 'P', '0.00', '0.00'),
(123, 4, 145, 1652211223, 1652211223, 1652211223, '0.00', '5023.67', '', NULL, 'order_placed', 'P', 10, 0x7b22636f6d6d697373696f6e5f616d6f756e74223a3430312e383839393939393939393939393836333537353739343733343036303736343331323734343134303632352c2270657263656e745f636f6d6d697373696f6e223a3430312e383839393939393939393939393836333537353739343733343036303736343331323734343134303632352c227375726368617267655f746f5f636f6d6d697373696f6e223a302c227368697070696e675f636f7374223a302c227461786573223a302c2266697865645f636f6d6d697373696f6e223a22302e3030222c22746f74616c223a22353032332e3637222c22636f6d6d697373696f6e223a22382e3030227d, '0.00', '8.00', 'P', '0.00', '0.00'),
(124, 4, 146, 1652211365, 1652211365, 1652211365, '0.00', '5023.67', '', NULL, 'order_placed', 'P', 10, 0x7b22636f6d6d697373696f6e5f616d6f756e74223a3430312e383839393939393939393939393836333537353739343733343036303736343331323734343134303632352c2270657263656e745f636f6d6d697373696f6e223a3430312e383839393939393939393939393836333537353739343733343036303736343331323734343134303632352c227375726368617267655f746f5f636f6d6d697373696f6e223a302c227368697070696e675f636f7374223a302c227461786573223a302c2266697865645f636f6d6d697373696f6e223a22302e3030222c22746f74616c223a22353032332e3637222c22636f6d6d697373696f6e223a22382e3030227d, '0.00', '8.00', 'P', '0.00', '0.00'),
(125, 4, 147, 1652211525, 1652211525, 1652211525, '0.00', '8928.09', '', NULL, 'order_placed', 'P', 10, 0x7b22636f6d6d697373696f6e5f616d6f756e74223a3731342e32352c2270657263656e745f636f6d6d697373696f6e223a3731342e32352c227375726368617267655f746f5f636f6d6d697373696f6e223a302c227368697070696e675f636f7374223a302c227461786573223a302c2266697865645f636f6d6d697373696f6e223a22302e3030222c22746f74616c223a22383932382e3039222c22636f6d6d697373696f6e223a22382e3030227d, '0.00', '8.00', 'P', '0.00', '0.00'),
(126, 4, 148, 1652212274, 1652212274, 1652212274, '0.00', '5023.67', '', NULL, 'order_placed', 'P', 10, 0x7b22636f6d6d697373696f6e5f616d6f756e74223a3430312e383839393939393939393939393836333537353739343733343036303736343331323734343134303632352c2270657263656e745f636f6d6d697373696f6e223a3430312e383839393939393939393939393836333537353739343733343036303736343331323734343134303632352c227375726368617267655f746f5f636f6d6d697373696f6e223a302c227368697070696e675f636f7374223a302c227461786573223a302c2266697865645f636f6d6d697373696f6e223a22302e3030222c22746f74616c223a22353032332e3637222c22636f6d6d697373696f6e223a22382e3030227d, '0.00', '8.00', 'P', '0.00', '0.00'),
(127, 4, 149, 1652212505, 1652212505, 1652212505, '0.00', '5048.38', '', NULL, 'order_placed', 'P', 10, 0x7b22636f6d6d697373696f6e5f616d6f756e74223a3430332e383730303030303030303030303034353437343733353038383634363431313839353735313935333132352c2270657263656e745f636f6d6d697373696f6e223a3430332e383730303030303030303030303034353437343733353038383634363431313839353735313935333132352c227375726368617267655f746f5f636f6d6d697373696f6e223a302c227368697070696e675f636f7374223a302c227461786573223a302c2266697865645f636f6d6d697373696f6e223a22302e3030222c22746f74616c223a22353034382e3338222c22636f6d6d697373696f6e223a22382e3030227d, '0.00', '8.00', 'P', '0.00', '0.00'),
(128, 4, 150, 1652212609, 1652212609, 1652212609, '0.00', '5023.67', '', NULL, 'order_placed', 'P', 10, 0x7b22636f6d6d697373696f6e5f616d6f756e74223a3430312e383839393939393939393939393836333537353739343733343036303736343331323734343134303632352c2270657263656e745f636f6d6d697373696f6e223a3430312e383839393939393939393939393836333537353739343733343036303736343331323734343134303632352c227375726368617267655f746f5f636f6d6d697373696f6e223a302c227368697070696e675f636f7374223a302c227461786573223a302c2266697865645f636f6d6d697373696f6e223a22302e3030222c22746f74616c223a22353032332e3637222c22636f6d6d697373696f6e223a22382e3030227d, '0.00', '8.00', 'P', '0.00', '0.00'),
(129, 4, 151, 1652212825, 1652212825, 1652212825, '0.00', '8928.09', '', NULL, 'order_placed', 'P', 10, 0x7b22636f6d6d697373696f6e5f616d6f756e74223a3731342e32352c2270657263656e745f636f6d6d697373696f6e223a3731342e32352c227375726368617267655f746f5f636f6d6d697373696f6e223a302c227368697070696e675f636f7374223a302c227461786573223a302c2266697865645f636f6d6d697373696f6e223a22302e3030222c22746f74616c223a22383932382e3039222c22636f6d6d697373696f6e223a22382e3030227d, '0.00', '8.00', 'P', '0.00', '0.00'),
(130, 4, 152, 1652290455, 1652290455, 1652290455, '0.00', '5023.67', '', NULL, 'order_placed', 'P', 10, 0x7b22636f6d6d697373696f6e5f616d6f756e74223a3430312e383839393939393939393939393836333537353739343733343036303736343331323734343134303632352c2270657263656e745f636f6d6d697373696f6e223a3430312e383839393939393939393939393836333537353739343733343036303736343331323734343134303632352c227375726368617267655f746f5f636f6d6d697373696f6e223a302c227368697070696e675f636f7374223a302c227461786573223a302c2266697865645f636f6d6d697373696f6e223a22302e3030222c22746f74616c223a22353032332e3637222c22636f6d6d697373696f6e223a22382e3030227d, '0.00', '8.00', 'P', '0.00', '0.00'),
(131, 4, 153, 1652290650, 1652290650, 1652290650, '0.00', '3923.67', '', NULL, 'order_placed', 'P', 10, 0x7b22636f6d6d697373696f6e5f616d6f756e74223a3331332e383839393939393939393939393836333537353739343733343036303736343331323734343134303632352c2270657263656e745f636f6d6d697373696f6e223a3331332e383839393939393939393939393836333537353739343733343036303736343331323734343134303632352c227375726368617267655f746f5f636f6d6d697373696f6e223a302c227368697070696e675f636f7374223a302c227461786573223a302c2266697865645f636f6d6d697373696f6e223a22302e3030222c22746f74616c223a22333932332e3637222c22636f6d6d697373696f6e223a22382e3030227d, '0.00', '8.00', 'P', '0.00', '0.00'),
(132, 4, 154, 1652290788, 1652290788, 1652290788, '0.00', '5023.67', '', NULL, 'order_placed', 'P', 10, 0x7b22636f6d6d697373696f6e5f616d6f756e74223a3430312e383839393939393939393939393836333537353739343733343036303736343331323734343134303632352c2270657263656e745f636f6d6d697373696f6e223a3430312e383839393939393939393939393836333537353739343733343036303736343331323734343134303632352c227375726368617267655f746f5f636f6d6d697373696f6e223a302c227368697070696e675f636f7374223a302c227461786573223a302c2266697865645f636f6d6d697373696f6e223a22302e3030222c22746f74616c223a22353032332e3637222c22636f6d6d697373696f6e223a22382e3030227d, '0.00', '8.00', 'P', '0.00', '0.00');

-- --------------------------------------------------------

--
-- Table structure for table `partiushop_vendor_plans`
--

CREATE TABLE `partiushop_vendor_plans` (
  `plan_id` int(11) UNSIGNED NOT NULL,
  `status` char(1) NOT NULL DEFAULT 'A',
  `position` smallint(5) NOT NULL DEFAULT 0,
  `is_default` tinyint(1) NOT NULL DEFAULT 0,
  `price` decimal(12,2) NOT NULL DEFAULT 0.00,
  `periodicity` enum('biweekly','month','trimester','half','year') DEFAULT NULL,
  `commission` decimal(12,2) NOT NULL DEFAULT 0.00,
  `fixed_commission` decimal(12,2) NOT NULL DEFAULT 0.00,
  `products_limit` int(11) NOT NULL DEFAULT 0,
  `revenue_limit` decimal(12,2) NOT NULL DEFAULT 0.00,
  `vendor_store` tinyint(1) NOT NULL DEFAULT -1,
  `categories` text DEFAULT NULL,
  `storefronts` text DEFAULT NULL,
  `lowers_allowed_balance` text DEFAULT NULL,
  `grace_period_to_refill_balance` text DEFAULT NULL,
  `usergroups` text DEFAULT NULL,
  `group` char(2) DEFAULT NULL,
  `is_free` tinyint(1) NOT NULL DEFAULT 0
) ENGINE=InnoDB DEFAULT CHARSET=utf8;

--
-- Dumping data for table `partiushop_vendor_plans`
--

INSERT INTO `partiushop_vendor_plans` (`plan_id`, `status`, `position`, `is_default`, `price`, `periodicity`, `commission`, `fixed_commission`, `products_limit`, `revenue_limit`, `vendor_store`, `categories`, `storefronts`, `lowers_allowed_balance`, `grace_period_to_refill_balance`, `usergroups`, `group`, `is_free`) VALUES
(10, 'A', 0, 0, '20.00', 'biweekly', '8.00', '0.00', 0, '0.00', 1, '', '', NULL, NULL, NULL, NULL, 0),
(13, 'D', 0, 0, '0.00', 'biweekly', '0.00', '0.00', 0, '0.00', -1, '', NULL, NULL, NULL, NULL, NULL, 0),
(14, 'D', 0, 0, '0.00', 'biweekly', '0.00', '0.00', 0, '0.00', -1, '', NULL, NULL, NULL, NULL, NULL, 0),
(16, 'A', 0, 0, '0.00', 'biweekly', '0.00', '0.00', 0, '0.00', -1, '', NULL, NULL, NULL, NULL, NULL, 0),
(17, 'H', 0, 1, '0.00', 'year', '0.00', '0.00', 0, '0.00', 1, '', '', NULL, NULL, NULL, NULL, 0);

-- --------------------------------------------------------

--
-- Table structure for table `partiushop_vendor_plan_descriptions`
--

CREATE TABLE `partiushop_vendor_plan_descriptions` (
  `plan_id` int(11) UNSIGNED NOT NULL DEFAULT 0,
  `lang_code` char(2) NOT NULL DEFAULT '',
  `plan` varchar(255) NOT NULL DEFAULT '',
  `description` text DEFAULT NULL
) ENGINE=InnoDB DEFAULT CHARSET=utf8;

--
-- Dumping data for table `partiushop_vendor_plan_descriptions`
--

INSERT INTO `partiushop_vendor_plan_descriptions` (`plan_id`, `lang_code`, `plan`, `description`) VALUES
(10, 'da', 'Teste ', ''),
(10, 'de', 'Teste ', ''),
(10, 'el', 'Teste ', ''),
(10, 'en', 'Imoveis ', ''),
(10, 'es', 'Teste ', ''),
(10, 'fr', 'Teste ', ''),
(10, 'it', 'Teste ', ''),
(10, 'nl', 'Teste ', ''),
(10, 'no', 'Teste ', ''),
(10, 'pt', 'Imóveis', ''),
(10, 'ro', 'Teste ', ''),
(10, 'ru', 'Teste ', ''),
(13, 'da', 'Teste 3', ''),
(13, 'de', 'Teste 3', ''),
(13, 'el', 'Teste 3', ''),
(13, 'en', 'USADOS', ''),
(13, 'es', 'Teste 3', ''),
(13, 'fr', 'Teste 3', ''),
(13, 'it', 'Teste 3', ''),
(13, 'nl', 'Teste 3', ''),
(13, 'no', 'Teste 3', ''),
(13, 'pt', 'Produtos Usados', ''),
(13, 'ro', 'Teste 3', ''),
(13, 'ru', 'Teste 3', ''),
(14, 'da', 'Veiculos', ''),
(14, 'de', 'Veiculos', ''),
(14, 'el', 'Veiculos', ''),
(14, 'en', 'Veiculos', ''),
(14, 'es', 'Veiculos', ''),
(14, 'fr', 'Veiculos', ''),
(14, 'it', 'Veiculos', ''),
(14, 'nl', 'Veiculos', ''),
(14, 'no', 'Veiculos', ''),
(14, 'pt', 'Veículos', ''),
(14, 'ro', 'Veiculos', ''),
(14, 'ru', 'Veiculos', ''),
(16, 'da', 'Produtos Novos', ''),
(16, 'de', 'Produtos Novos', ''),
(16, 'el', 'Produtos Novos', ''),
(16, 'en', 'Produtos Novos', ''),
(16, 'es', 'Produtos Novos', ''),
(16, 'fr', 'Produtos Novos', ''),
(16, 'it', 'Produtos Novos', ''),
(16, 'nl', 'Produtos Novos', ''),
(16, 'no', 'Produtos Novos', ''),
(16, 'pt', 'Produtos', ''),
(16, 'ro', 'Produtos Novos', ''),
(16, 'ru', 'Produtos Novos', ''),
(17, 'da', 'Plano padrão', 'Plano padrão para todos os vendedores. Deve ficar oculto '),
(17, 'de', 'Plano padrão', 'Plano padrão para todos os vendedores. Deve ficar oculto '),
(17, 'el', 'Plano padrão', 'Plano padrão para todos os vendedores. Deve ficar oculto '),
(17, 'en', 'Plano padrão', 'Plano padrão para todos os vendedores. Deve ficar oculto '),
(17, 'es', 'Plano padrão', 'Plano padrão para todos os vendedores. Deve ficar oculto '),
(17, 'fr', 'Plano padrão', 'Plano padrão para todos os vendedores. Deve ficar oculto '),
(17, 'it', 'Plano padrão', 'Plano padrão para todos os vendedores. Deve ficar oculto '),
(17, 'nl', 'Plano padrão', 'Plano padrão para todos os vendedores. Deve ficar oculto '),
(17, 'no', 'Plano padrão', 'Plano padrão para todos os vendedores. Deve ficar oculto '),
(17, 'pt', 'Plano padrão', '<p>Deve ficar oculto e como melhor escolha para que todos os vendedores sejam vinculados automaticamente.</p>'),
(17, 'ro', 'Plano padrão', 'Plano padrão para todos os vendedores. Deve ficar oculto '),
(17, 'ru', 'Plano padrão', 'Plano padrão para todos os vendedores. Deve ficar oculto ');

-- --------------------------------------------------------

--
-- Table structure for table `partiushop_vendor_styles`
--

CREATE TABLE `partiushop_vendor_styles` (
  `company_id` int(11) UNSIGNED NOT NULL COMMENT 'Company ID of the vendor who uses custom style',
  `layout_id` int(11) UNSIGNED NOT NULL COMMENT 'Layout of the theme',
  `style_id` varchar(64) NOT NULL COMMENT 'Style name'
) ENGINE=InnoDB DEFAULT CHARSET=utf8;

--
-- Dumping data for table `partiushop_vendor_styles`
--

INSERT INTO `partiushop_vendor_styles` (`company_id`, `layout_id`, `style_id`) VALUES
(4, 14, 'partiu_style_v2');

-- --------------------------------------------------------

--
-- Table structure for table `partiushop_views`
--

CREATE TABLE `partiushop_views` (
  `view_id` mediumint(8) UNSIGNED NOT NULL,
  `object` varchar(24) NOT NULL DEFAULT '',
  `name` varchar(32) NOT NULL DEFAULT '',
  `params` text DEFAULT NULL,
  `view_results` text DEFAULT NULL,
  `user_id` mediumint(8) UNSIGNED NOT NULL DEFAULT 0,
  `active` char(1) NOT NULL DEFAULT 'N',
  `is_default` char(1) NOT NULL DEFAULT 'N'
) ENGINE=InnoDB DEFAULT CHARSET=utf8;

--
-- Dumping data for table `partiushop_views`
--

INSERT INTO `partiushop_views` (`view_id`, `object`, `name`, `params`, `view_results`, `user_id`, `active`, `is_default`) VALUES
(1, 'orders', 'Everything done', 'a:14:{s:5:\"cname\";s:0:\"\";s:5:\"email\";s:0:\"\";s:10:\"total_from\";s:0:\"\";s:8:\"total_to\";s:0:\"\";s:10:\"tax_exempt\";s:0:\"\";s:6:\"status\";a:1:{i:0;s:1:\"C\";}s:6:\"period\";s:1:\"A\";s:9:\"time_from\";s:0:\"\";s:7:\"time_to\";s:0:\"\";s:8:\"order_id\";s:0:\"\";s:14:\"gift_cert_code\";s:0:\"\";s:12:\"gift_cert_in\";s:3:\"B|U\";s:5:\"p_ids\";s:0:\"\";s:17:\"product_filter_id\";s:1:\"0\";}', NULL, 1, 'N', 'N'),
(2, 'orders', 'Money received', 'a:14:{s:5:\"cname\";s:0:\"\";s:5:\"email\";s:0:\"\";s:10:\"total_from\";s:0:\"\";s:8:\"total_to\";s:0:\"\";s:10:\"tax_exempt\";s:0:\"\";s:6:\"status\";a:2:{i:0;s:1:\"P\";i:1;s:1:\"C\";}s:6:\"period\";s:1:\"A\";s:9:\"time_from\";s:0:\"\";s:7:\"time_to\";s:0:\"\";s:8:\"order_id\";s:0:\"\";s:14:\"gift_cert_code\";s:0:\"\";s:12:\"gift_cert_in\";s:3:\"B|U\";s:5:\"p_ids\";s:0:\"\";s:17:\"product_filter_id\";s:1:\"0\";}', NULL, 1, 'N', 'N'),
(3, 'orders', 'Action required', 'a:14:{s:5:\"cname\";s:0:\"\";s:5:\"email\";s:0:\"\";s:10:\"total_from\";s:0:\"\";s:8:\"total_to\";s:0:\"\";s:10:\"tax_exempt\";s:0:\"\";s:6:\"status\";a:4:{i:0;s:1:\"P\";i:1;s:1:\"O\";i:2;s:1:\"B\";i:3;s:1:\"Y\";}s:6:\"period\";s:1:\"A\";s:9:\"time_from\";s:0:\"\";s:7:\"time_to\";s:0:\"\";s:8:\"order_id\";s:0:\"\";s:14:\"gift_cert_code\";s:0:\"\";s:12:\"gift_cert_in\";s:3:\"B|U\";s:5:\"p_ids\";s:0:\"\";s:17:\"product_filter_id\";s:1:\"0\";}', NULL, 1, 'N', 'N'),
(4, 'orders', 'Problem encountered', 'a:14:{s:5:\"cname\";s:0:\"\";s:5:\"email\";s:0:\"\";s:10:\"total_from\";s:0:\"\";s:8:\"total_to\";s:0:\"\";s:10:\"tax_exempt\";s:0:\"\";s:6:\"status\";a:2:{i:0;s:1:\"F\";i:1;s:1:\"N\";}s:6:\"period\";s:1:\"A\";s:9:\"time_from\";s:0:\"\";s:7:\"time_to\";s:0:\"\";s:8:\"order_id\";s:0:\"\";s:14:\"gift_cert_code\";s:0:\"\";s:12:\"gift_cert_in\";s:3:\"B|U\";s:5:\"p_ids\";s:0:\"\";s:17:\"product_filter_id\";s:1:\"0\";}', NULL, 1, 'Y', 'N'),
(5, 'products', 'Recently updated', 'a:12:{s:4:\"type\";s:6:\"simple\";s:12:\"pcode_from_q\";s:1:\"Y\";s:9:\"is_search\";s:1:\"Y\";s:7:\"subcats\";s:1:\"Y\";s:7:\"sort_by\";s:7:\"product\";s:10:\"sort_order\";s:3:\"asc\";s:14:\"created_period\";s:1:\"A\";s:16:\"updated_in_hours\";s:1:\"1\";s:14:\"items_per_page\";i:10;s:17:\"only_short_fields\";b:1;s:22:\"apply_disabled_filters\";b:1;s:6:\"extend\";a:2:{i:0;s:9:\"companies\";i:1;s:7:\"sharing\";}}', NULL, 1, 'Y', 'N'),
(6, 'orders', 'No manager assigned', 'a:20:{s:9:\"is_search\";s:1:\"Y\";s:5:\"cname\";s:0:\"\";s:5:\"email\";s:0:\"\";s:5:\"phone\";s:0:\"\";s:10:\"total_from\";s:0:\"\";s:8:\"total_to\";s:0:\"\";s:6:\"issuer\";s:0:\"\";s:9:\"no_issuer\";s:1:\"Y\";s:6:\"period\";s:1:\"A\";s:9:\"time_from\";s:0:\"\";s:7:\"time_to\";s:0:\"\";s:10:\"tax_exempt\";s:0:\"\";s:8:\"order_id\";s:0:\"\";s:7:\"company\";s:0:\"\";s:14:\"credit_memo_id\";s:0:\"\";s:10:\"invoice_id\";s:0:\"\";s:5:\"p_ids\";s:0:\"\";s:15:\"product_view_id\";s:1:\"0\";s:14:\"items_per_page\";i:10;s:19:\"include_incompleted\";b:1;}', NULL, 1, 'N', 'N'),
(17, 'orders', 'Sale aborted', 'a:14:{s:5:\"cname\";s:0:\"\";s:5:\"email\";s:0:\"\";s:10:\"total_from\";s:0:\"\";s:8:\"total_to\";s:0:\"\";s:10:\"tax_exempt\";s:0:\"\";s:6:\"status\";a:2:{i:0;s:1:\"D\";i:1;s:1:\"I\";}s:6:\"period\";s:1:\"A\";s:9:\"time_from\";s:0:\"\";s:7:\"time_to\";s:0:\"\";s:8:\"order_id\";s:0:\"\";s:14:\"gift_cert_code\";s:0:\"\";s:12:\"gift_cert_in\";s:3:\"B|U\";s:5:\"p_ids\";s:0:\"\";s:17:\"product_filter_id\";s:1:\"0\";}', NULL, 1, 'N', 'N'),
(18, 'blocks', 'Product type', 'a:2:{s:9:\"is_search\";s:1:\"Y\";s:4:\"type\";s:8:\"products\";}', NULL, 1, 'Y', 'N'),
(19, 'lv_profiles', '', 'a:10:{s:4:\"page\";i:1;s:14:\"items_per_page\";i:25;s:15:\"extended_search\";b:1;s:8:\"dispatch\";s:15:\"profiles.manage\";s:9:\"user_type\";s:1:\"A\";s:17:\"save_view_results\";s:7:\"user_id\";s:10:\"sort_order\";s:3:\"asc\";s:7:\"sort_by\";s:4:\"name\";s:14:\"sort_order_rev\";s:4:\"desc\";s:11:\"total_items\";s:1:\"8\";}', 'a:4:{s:9:\"items_ids\";a:1:{i:1;a:8:{i:0;s:2:\"14\";i:1;s:2:\"16\";i:2;s:2:\"30\";i:3;s:2:\"31\";i:4;s:2:\"22\";i:5;s:2:\"32\";i:6;s:1:\"1\";i:7;s:2:\"13\";}}s:11:\"total_pages\";d:1;s:14:\"items_per_page\";i:25;s:11:\"total_items\";s:1:\"8\";}', 1, 'N', 'N'),
(20, 'lv_pages', '', 'a:2:{s:8:\"get_tree\";s:11:\"multi_level\";s:9:\"page_type\";s:1:\"B\";}', 'a:4:{s:9:\"items_ids\";a:0:{}s:11:\"total_pages\";i:0;s:14:\"items_per_page\";i:0;s:11:\"total_items\";i:0;}', 11, 'N', 'N'),
(21, 'lv_profiles', '', 'a:10:{s:4:\"page\";i:1;s:14:\"items_per_page\";i:10;s:15:\"extended_search\";b:1;s:8:\"dispatch\";s:15:\"profiles.manage\";s:9:\"user_type\";s:1:\"V\";s:17:\"save_view_results\";s:7:\"user_id\";s:10:\"sort_order\";s:3:\"asc\";s:7:\"sort_by\";s:4:\"name\";s:14:\"sort_order_rev\";s:4:\"desc\";s:11:\"total_items\";s:1:\"1\";}', 'a:4:{s:9:\"items_ids\";a:1:{i:1;a:1:{i:0;s:2:\"11\";}}s:11:\"total_pages\";d:1;s:14:\"items_per_page\";i:10;s:11:\"total_items\";s:1:\"1\";}', 11, 'N', 'N'),
(22, 'lv_categories', '', 'a:24:{s:11:\"category_id\";i:0;s:7:\"visible\";b:0;s:19:\"current_category_id\";i:0;s:6:\"simple\";b:0;s:5:\"plain\";b:0;s:5:\"limit\";i:0;s:8:\"item_ids\";s:0:\"\";s:14:\"group_by_level\";b:1;s:10:\"get_images\";b:0;s:18:\"category_delimiter\";s:1:\"/\";s:17:\"get_frontend_urls\";b:0;s:17:\"max_nesting_level\";N;s:16:\"get_company_name\";b:0;s:8:\"add_root\";s:0:\"\";s:4:\"b_id\";s:0:\"\";s:9:\"except_id\";i:264;s:11:\"company_ids\";s:0:\"\";s:17:\"save_view_results\";s:11:\"category_id\";s:10:\"sort_order\";s:3:\"asc\";s:7:\"sort_by\";s:8:\"position\";s:14:\"sort_order_rev\";s:4:\"desc\";s:4:\"page\";i:1;s:14:\"items_per_page\";i:83;s:11:\"total_items\";i:83;}', 'a:4:{s:9:\"items_ids\";a:1:{i:1;a:83:{i:0;s:3:\"166\";i:1;s:3:\"167\";i:2;s:3:\"168\";i:3;s:3:\"169\";i:4;s:3:\"165\";i:5;s:3:\"170\";i:6;s:3:\"171\";i:7;s:3:\"172\";i:8;s:3:\"201\";i:9;s:3:\"175\";i:10;s:3:\"176\";i:11;s:3:\"185\";i:12;s:3:\"186\";i:13;s:3:\"202\";i:14;s:3:\"187\";i:15;s:3:\"188\";i:16;s:3:\"189\";i:17;s:3:\"174\";i:18;s:3:\"190\";i:19;s:3:\"191\";i:20;s:3:\"193\";i:21;s:3:\"194\";i:22;s:3:\"195\";i:23;s:3:\"234\";i:24;s:3:\"235\";i:25;s:3:\"236\";i:26;s:3:\"240\";i:27;s:3:\"238\";i:28;s:3:\"237\";i:29;s:3:\"177\";i:30;s:3:\"178\";i:31;s:3:\"182\";i:32;s:3:\"179\";i:33;s:3:\"180\";i:34;s:3:\"181\";i:35;s:3:\"196\";i:36;s:3:\"198\";i:37;s:3:\"197\";i:38;s:3:\"199\";i:39;s:3:\"200\";i:40;s:3:\"254\";i:41;s:3:\"263\";i:42;s:3:\"255\";i:43;s:3:\"203\";i:44;s:3:\"204\";i:45;s:3:\"210\";i:46;s:3:\"209\";i:47;s:3:\"208\";i:48;s:3:\"211\";i:49;s:3:\"212\";i:50;s:3:\"213\";i:51;s:3:\"214\";i:52;s:3:\"215\";i:53;s:3:\"216\";i:54;s:3:\"217\";i:55;s:3:\"218\";i:56;s:3:\"223\";i:57;s:3:\"224\";i:58;s:3:\"225\";i:59;s:3:\"226\";i:60;s:3:\"227\";i:61;s:3:\"219\";i:62;s:3:\"222\";i:63;s:3:\"220\";i:64;s:3:\"221\";i:65;s:3:\"228\";i:66;s:3:\"229\";i:67;s:3:\"230\";i:68;s:3:\"231\";i:69;s:3:\"232\";i:70;s:3:\"241\";i:71;s:3:\"242\";i:72;s:3:\"243\";i:73;s:3:\"244\";i:74;s:3:\"245\";i:75;s:3:\"246\";i:76;s:3:\"247\";i:77;s:3:\"249\";i:78;s:3:\"248\";i:79;s:3:\"250\";i:80;s:3:\"251\";i:81;s:3:\"252\";i:82;s:3:\"253\";}}s:11:\"total_pages\";d:1;s:14:\"items_per_page\";i:83;s:11:\"total_items\";i:83;}', 11, 'N', 'N'),
(23, 'lv_products', '', 'a:35:{s:4:\"area\";s:1:\"A\";s:11:\"use_caching\";b:1;s:6:\"extend\";a:4:{i:0;s:12:\"product_name\";i:1;s:6:\"prices\";i:2;s:10:\"categories\";i:3;s:9:\"companies\";}s:13:\"custom_extend\";a:0:{}s:5:\"pname\";s:0:\"\";s:6:\"pshort\";s:0:\"\";s:5:\"pfull\";s:0:\"\";s:9:\"pkeywords\";s:0:\"\";s:7:\"feature\";a:0:{}s:4:\"type\";s:6:\"simple\";s:4:\"page\";i:1;s:6:\"action\";s:0:\"\";s:15:\"filter_variants\";a:0:{}s:13:\"features_hash\";s:0:\"\";s:5:\"limit\";i:0;s:3:\"bid\";i:0;s:5:\"match\";s:0:\"\";s:8:\"tracking\";a:0:{}s:17:\"get_frontend_urls\";b:0;s:14:\"items_per_page\";i:10;s:22:\"apply_disabled_filters\";b:1;s:24:\"load_products_extra_data\";b:1;s:10:\"storefront\";N;s:25:\"show_master_products_only\";b:0;s:8:\"dispatch\";s:15:\"products.manage\";s:17:\"save_view_results\";s:10:\"product_id\";s:10:\"product_id\";i:0;s:17:\"only_short_fields\";b:1;s:18:\"runtime_company_id\";i:3;s:7:\"sort_by\";s:7:\"product\";s:10:\"sort_order\";s:3:\"asc\";s:24:\"include_child_variations\";b:1;s:22:\"group_child_variations\";b:0;s:14:\"sort_order_rev\";s:4:\"desc\";s:11:\"total_items\";s:1:\"1\";}', 'a:4:{s:9:\"items_ids\";a:1:{i:1;a:1:{i:0;s:3:\"290\";}}s:11:\"total_pages\";d:1;s:14:\"items_per_page\";i:10;s:11:\"total_items\";s:1:\"1\";}', 11, 'N', 'N'),
(24, 'lv_orders', '', 'a:0:{}', 'a:4:{s:9:\"items_ids\";a:0:{}s:11:\"total_pages\";i:0;s:14:\"items_per_page\";i:0;s:11:\"total_items\";i:0;}', 11, 'N', 'N'),
(25, 'lv_shipments', '', 'a:0:{}', 'a:4:{s:9:\"items_ids\";a:0:{}s:11:\"total_pages\";i:0;s:14:\"items_per_page\";i:0;s:11:\"total_items\";i:0;}', 11, 'N', 'N'),
(26, 'lv_orders', '', 'a:27:{s:4:\"page\";i:1;s:14:\"items_per_page\";i:10;s:5:\"extra\";a:3:{i:0;s:7:\"issuers\";i:1;s:12:\"invoice_docs\";i:2;s:9:\"memo_docs\";}s:5:\"cname\";s:0:\"\";s:5:\"email\";s:0:\"\";s:10:\"total_from\";s:0:\"\";s:8:\"total_to\";s:0:\"\";s:10:\"tax_exempt\";s:0:\"\";s:6:\"status\";a:2:{i:0;s:1:\"F\";i:1;s:1:\"N\";}s:6:\"period\";s:1:\"A\";s:9:\"time_from\";s:0:\"\";s:7:\"time_to\";s:0:\"\";s:8:\"order_id\";s:0:\"\";s:14:\"gift_cert_code\";s:0:\"\";s:12:\"gift_cert_in\";s:3:\"B|U\";s:5:\"p_ids\";s:0:\"\";s:17:\"product_filter_id\";s:1:\"0\";s:8:\"dispatch\";s:13:\"orders.manage\";s:7:\"view_id\";s:1:\"4\";s:17:\"save_view_results\";s:8:\"order_id\";s:19:\"include_incompleted\";b:1;s:12:\"company_name\";b:1;s:10:\"sort_order\";s:4:\"desc\";s:7:\"sort_by\";s:4:\"date\";s:14:\"sort_order_rev\";s:3:\"asc\";s:11:\"total_items\";s:1:\"3\";s:13:\"paid_statuses\";a:2:{i:0;s:1:\"P\";i:1;s:1:\"C\";}}', 'a:4:{s:9:\"items_ids\";a:1:{i:1;a:3:{i:0;s:2:\"65\";i:1;s:2:\"59\";i:2;s:2:\"48\";}}s:11:\"total_pages\";d:1;s:14:\"items_per_page\";i:10;s:11:\"total_items\";s:1:\"3\";}', 1, 'N', 'N'),
(27, 'lv_products', '', 'a:39:{s:4:\"area\";s:1:\"A\";s:11:\"use_caching\";b:1;s:6:\"extend\";a:4:{i:0;s:12:\"product_name\";i:1;s:6:\"prices\";i:2;s:10:\"categories\";i:3;s:9:\"companies\";}s:13:\"custom_extend\";a:0:{}s:5:\"pname\";s:0:\"\";s:6:\"pshort\";s:0:\"\";s:5:\"pfull\";s:0:\"\";s:9:\"pkeywords\";s:0:\"\";s:7:\"feature\";a:0:{}s:4:\"type\";s:6:\"simple\";s:4:\"page\";i:1;s:6:\"action\";s:0:\"\";s:15:\"filter_variants\";a:0:{}s:13:\"features_hash\";s:0:\"\";s:5:\"limit\";i:0;s:3:\"bid\";i:0;s:5:\"match\";s:0:\"\";s:8:\"tracking\";a:0:{}s:17:\"get_frontend_urls\";b:0;s:14:\"items_per_page\";i:10;s:22:\"apply_disabled_filters\";b:1;s:24:\"load_products_extra_data\";b:1;s:10:\"storefront\";N;s:11:\"company_ids\";s:0:\"\";s:25:\"show_master_products_only\";b:1;s:8:\"dispatch\";s:24:\"products.master_products\";s:17:\"save_view_results\";s:10:\"product_id\";s:10:\"product_id\";i:0;s:17:\"only_short_fields\";b:1;s:18:\"runtime_company_id\";i:4;s:6:\"status\";s:1:\"A\";s:26:\"hide_out_of_stock_products\";b:0;s:7:\"sort_by\";s:7:\"product\";s:10:\"sort_order\";s:3:\"asc\";s:13:\"usergroup_ids\";a:0:{}s:24:\"include_child_variations\";b:1;s:22:\"group_child_variations\";b:0;s:14:\"sort_order_rev\";s:4:\"desc\";s:11:\"total_items\";s:1:\"1\";}', 'a:4:{s:9:\"items_ids\";a:1:{i:1;a:1:{i:0;s:3:\"307\";}}s:11:\"total_pages\";d:1;s:14:\"items_per_page\";i:10;s:11:\"total_items\";s:1:\"1\";}', 12, 'N', 'N'),
(28, 'lv_categories', '', 'a:24:{s:11:\"category_id\";i:0;s:7:\"visible\";b:0;s:19:\"current_category_id\";i:0;s:6:\"simple\";b:0;s:5:\"plain\";b:0;s:5:\"limit\";i:0;s:8:\"item_ids\";s:0:\"\";s:14:\"group_by_level\";b:1;s:10:\"get_images\";b:0;s:18:\"category_delimiter\";s:1:\"/\";s:17:\"get_frontend_urls\";b:0;s:17:\"max_nesting_level\";N;s:16:\"get_company_name\";b:0;s:8:\"add_root\";s:0:\"\";s:4:\"b_id\";s:0:\"\";s:9:\"except_id\";i:264;s:11:\"company_ids\";s:0:\"\";s:17:\"save_view_results\";s:11:\"category_id\";s:10:\"sort_order\";s:3:\"asc\";s:7:\"sort_by\";s:8:\"position\";s:14:\"sort_order_rev\";s:4:\"desc\";s:4:\"page\";i:1;s:14:\"items_per_page\";i:83;s:11:\"total_items\";i:83;}', 'a:4:{s:9:\"items_ids\";a:1:{i:1;a:83:{i:0;s:3:\"166\";i:1;s:3:\"167\";i:2;s:3:\"168\";i:3;s:3:\"169\";i:4;s:3:\"165\";i:5;s:3:\"170\";i:6;s:3:\"171\";i:7;s:3:\"172\";i:8;s:3:\"201\";i:9;s:3:\"175\";i:10;s:3:\"176\";i:11;s:3:\"185\";i:12;s:3:\"186\";i:13;s:3:\"202\";i:14;s:3:\"187\";i:15;s:3:\"188\";i:16;s:3:\"189\";i:17;s:3:\"174\";i:18;s:3:\"190\";i:19;s:3:\"191\";i:20;s:3:\"193\";i:21;s:3:\"194\";i:22;s:3:\"195\";i:23;s:3:\"234\";i:24;s:3:\"235\";i:25;s:3:\"236\";i:26;s:3:\"240\";i:27;s:3:\"238\";i:28;s:3:\"237\";i:29;s:3:\"177\";i:30;s:3:\"178\";i:31;s:3:\"182\";i:32;s:3:\"179\";i:33;s:3:\"180\";i:34;s:3:\"181\";i:35;s:3:\"196\";i:36;s:3:\"198\";i:37;s:3:\"197\";i:38;s:3:\"199\";i:39;s:3:\"200\";i:40;s:3:\"254\";i:41;s:3:\"263\";i:42;s:3:\"255\";i:43;s:3:\"203\";i:44;s:3:\"204\";i:45;s:3:\"210\";i:46;s:3:\"209\";i:47;s:3:\"208\";i:48;s:3:\"211\";i:49;s:3:\"212\";i:50;s:3:\"213\";i:51;s:3:\"214\";i:52;s:3:\"215\";i:53;s:3:\"216\";i:54;s:3:\"217\";i:55;s:3:\"218\";i:56;s:3:\"223\";i:57;s:3:\"224\";i:58;s:3:\"225\";i:59;s:3:\"226\";i:60;s:3:\"227\";i:61;s:3:\"219\";i:62;s:3:\"222\";i:63;s:3:\"220\";i:64;s:3:\"221\";i:65;s:3:\"228\";i:66;s:3:\"229\";i:67;s:3:\"230\";i:68;s:3:\"231\";i:69;s:3:\"232\";i:70;s:3:\"241\";i:71;s:3:\"242\";i:72;s:3:\"243\";i:73;s:3:\"244\";i:74;s:3:\"245\";i:75;s:3:\"246\";i:76;s:3:\"247\";i:77;s:3:\"249\";i:78;s:3:\"248\";i:79;s:3:\"250\";i:80;s:3:\"251\";i:81;s:3:\"252\";i:82;s:3:\"253\";}}s:11:\"total_pages\";d:1;s:14:\"items_per_page\";i:83;s:11:\"total_items\";i:83;}', 12, 'N', 'N'),
(29, 'lv_products', '', 'a:38:{s:4:\"area\";s:1:\"A\";s:11:\"use_caching\";b:1;s:6:\"extend\";a:4:{i:0;s:12:\"product_name\";i:1;s:6:\"prices\";i:2;s:10:\"categories\";i:3;s:9:\"companies\";}s:13:\"custom_extend\";a:0:{}s:5:\"pname\";s:0:\"\";s:6:\"pshort\";s:0:\"\";s:5:\"pfull\";s:0:\"\";s:9:\"pkeywords\";s:0:\"\";s:7:\"feature\";a:0:{}s:4:\"type\";s:6:\"simple\";s:4:\"page\";i:1;s:6:\"action\";s:0:\"\";s:15:\"filter_variants\";a:0:{}s:13:\"features_hash\";s:0:\"\";s:5:\"limit\";i:0;s:3:\"bid\";i:0;s:5:\"match\";s:0:\"\";s:8:\"tracking\";a:0:{}s:17:\"get_frontend_urls\";b:0;s:14:\"items_per_page\";i:250;s:22:\"apply_disabled_filters\";b:1;s:24:\"load_products_extra_data\";b:1;s:10:\"storefront\";N;s:11:\"company_ids\";s:0:\"\";s:25:\"show_master_products_only\";b:0;s:8:\"dispatch\";s:15:\"products.manage\";s:17:\"save_view_results\";s:10:\"product_id\";s:10:\"product_id\";i:0;s:17:\"only_short_fields\";b:1;s:18:\"runtime_company_id\";i:0;s:26:\"hide_out_of_stock_products\";b:0;s:7:\"sort_by\";s:7:\"product\";s:10:\"sort_order\";s:3:\"asc\";s:13:\"usergroup_ids\";a:0:{}s:24:\"include_child_variations\";b:1;s:22:\"group_child_variations\";b:0;s:14:\"sort_order_rev\";s:4:\"desc\";s:11:\"total_items\";s:2:\"11\";}', 'a:4:{s:9:\"items_ids\";a:1:{i:1;a:11:{i:0;s:3:\"297\";i:1;s:3:\"300\";i:2;s:3:\"301\";i:3;s:3:\"302\";i:4;s:3:\"298\";i:5;s:3:\"299\";i:6;s:3:\"296\";i:7;s:3:\"303\";i:8;s:3:\"304\";i:9;s:3:\"305\";i:10;s:3:\"306\";}}s:11:\"total_pages\";d:1;s:14:\"items_per_page\";i:250;s:11:\"total_items\";s:2:\"11\";}', 1, 'N', 'N'),
(30, 'lv_pages', '', 'a:22:{s:7:\"page_id\";i:0;s:4:\"page\";i:1;s:7:\"visible\";b:0;s:8:\"get_tree\";s:0:\"\";s:6:\"pdescr\";s:1:\"Y\";s:8:\"subpages\";s:0:\"\";s:5:\"match\";s:3:\"any\";s:9:\"page_type\";s:0:\"\";s:14:\"items_per_page\";i:50;s:8:\"dispatch\";s:12:\"pages.manage\";s:7:\"compact\";s:1:\"Y\";s:1:\"q\";s:4:\"size\";s:10:\"content_id\";s:13:\"pages_content\";s:10:\"result_ids\";s:47:\"content_manage_pages,tools_manage_pages_buttons\";s:7:\"is_ajax\";s:1:\"1\";s:17:\"save_view_results\";s:7:\"page_id\";s:8:\"add_root\";s:0:\"\";s:6:\"simple\";b:1;s:10:\"sort_order\";s:3:\"asc\";s:7:\"sort_by\";s:8:\"position\";s:14:\"sort_order_rev\";s:4:\"desc\";s:11:\"total_items\";s:1:\"2\";}', 'a:4:{s:9:\"items_ids\";a:1:{i:1;a:2:{i:0;s:2:\"22\";i:1;s:1:\"3\";}}s:11:\"total_pages\";d:1;s:14:\"items_per_page\";i:50;s:11:\"total_items\";s:1:\"2\";}', 1, 'N', 'N'),
(31, 'lv_product_options', '', 'a:11:{s:10:\"product_id\";i:0;s:4:\"page\";i:1;s:14:\"items_per_page\";i:10;s:1:\"q\";N;s:12:\"excluded_ids\";N;s:8:\"dispatch\";s:22:\"product_options.manage\";s:17:\"save_view_results\";s:9:\"option_id\";s:10:\"sort_order\";s:3:\"asc\";s:7:\"sort_by\";s:11:\"option_name\";s:14:\"sort_order_rev\";s:4:\"desc\";s:11:\"total_items\";s:1:\"2\";}', 'a:4:{s:9:\"items_ids\";a:1:{i:1;a:2:{i:0;s:1:\"1\";i:1;s:1:\"2\";}}s:11:\"total_pages\";d:1;s:14:\"items_per_page\";i:10;s:11:\"total_items\";s:1:\"2\";}', 1, 'N', 'N'),
(32, 'lv_product_features', '', 'a:24:{s:10:\"product_id\";i:0;s:12:\"category_ids\";a:0:{}s:8:\"statuses\";a:0:{}s:5:\"plain\";b:0;s:13:\"feature_types\";a:0:{}s:10:\"feature_id\";i:0;s:10:\"display_on\";s:0:\"\";s:13:\"exclude_group\";b:1;s:15:\"exclude_filters\";b:0;s:4:\"page\";i:1;s:14:\"items_per_page\";i:250;s:13:\"existent_only\";b:0;s:8:\"variants\";b:0;s:14:\"variant_images\";b:1;s:23:\"variants_items_per_page\";N;s:13:\"variants_page\";N;s:22:\"variants_selected_only\";b:0;s:24:\"skip_variants_threshould\";b:0;s:13:\"variants_only\";N;s:8:\"dispatch\";s:23:\"product_features.manage\";s:17:\"save_view_results\";s:10:\"feature_id\";s:16:\"get_descriptions\";b:1;s:17:\"search_in_subcats\";b:1;s:11:\"total_items\";s:2:\"29\";}', 'a:4:{s:9:\"items_ids\";a:1:{i:1;a:29:{i:0;s:2:\"18\";i:1;s:3:\"549\";i:2;s:3:\"548\";i:3;s:3:\"550\";i:4;s:2:\"15\";i:5;s:2:\"16\";i:6;s:2:\"17\";i:7;s:2:\"47\";i:8;s:2:\"23\";i:9;s:2:\"22\";i:10;s:2:\"21\";i:11;s:2:\"29\";i:12;s:2:\"28\";i:13;s:2:\"26\";i:14;s:2:\"25\";i:15;s:2:\"27\";i:16;s:2:\"36\";i:17;s:2:\"35\";i:18;s:2:\"34\";i:19;s:2:\"32\";i:20;s:2:\"31\";i:21;s:2:\"42\";i:22;s:2:\"46\";i:23;s:2:\"44\";i:24;s:2:\"41\";i:25;s:2:\"45\";i:26;s:2:\"43\";i:27;s:2:\"38\";i:28;s:2:\"39\";}}s:11:\"total_pages\";d:1;s:14:\"items_per_page\";i:250;s:11:\"total_items\";s:2:\"29\";}', 1, 'N', 'N'),
(33, 'lv_product_features', '', 'a:0:{}', 'a:4:{s:9:\"items_ids\";a:0:{}s:11:\"total_pages\";i:0;s:14:\"items_per_page\";i:0;s:11:\"total_items\";i:0;}', 0, 'N', 'N'),
(34, 'lv_categories', '', 'a:24:{s:11:\"category_id\";i:0;s:7:\"visible\";b:0;s:19:\"current_category_id\";i:0;s:6:\"simple\";b:0;s:5:\"plain\";b:0;s:5:\"limit\";i:0;s:8:\"item_ids\";s:0:\"\";s:14:\"group_by_level\";b:1;s:10:\"get_images\";b:0;s:18:\"category_delimiter\";s:1:\"/\";s:17:\"get_frontend_urls\";b:0;s:17:\"max_nesting_level\";N;s:16:\"get_company_name\";b:0;s:8:\"add_root\";s:0:\"\";s:4:\"b_id\";s:0:\"\";s:9:\"except_id\";i:264;s:11:\"company_ids\";s:0:\"\";s:17:\"save_view_results\";s:11:\"category_id\";s:10:\"sort_order\";s:3:\"asc\";s:7:\"sort_by\";s:8:\"position\";s:14:\"sort_order_rev\";s:4:\"desc\";s:4:\"page\";i:1;s:14:\"items_per_page\";i:14;s:11:\"total_items\";i:14;}', 'a:4:{s:9:\"items_ids\";a:1:{i:1;a:14:{i:0;s:3:\"281\";i:1;s:3:\"282\";i:2;s:3:\"283\";i:3;s:3:\"284\";i:4;s:3:\"285\";i:5;s:3:\"286\";i:6;s:3:\"287\";i:7;s:3:\"288\";i:8;s:3:\"290\";i:9;s:3:\"289\";i:10;s:3:\"291\";i:11;s:3:\"292\";i:12;s:3:\"293\";i:13;s:3:\"294\";}}s:11:\"total_pages\";d:1;s:14:\"items_per_page\";i:14;s:11:\"total_items\";i:14;}', 1, 'N', 'N'),
(35, 'lv_categories', '', 'a:0:{}', 'a:4:{s:9:\"items_ids\";a:0:{}s:11:\"total_pages\";i:0;s:14:\"items_per_page\";i:0;s:11:\"total_items\";i:0;}', 0, 'N', 'N'),
(36, 'lv_call_requests', '', 'a:0:{}', 'a:4:{s:9:\"items_ids\";a:0:{}s:11:\"total_pages\";i:0;s:14:\"items_per_page\";i:0;s:11:\"total_items\";i:0;}', 11, 'N', 'N'),
(37, 'lv_profiles', '', 'a:10:{s:4:\"page\";i:1;s:14:\"items_per_page\";i:10;s:15:\"extended_search\";b:1;s:8:\"dispatch\";s:15:\"profiles.manage\";s:9:\"user_type\";s:1:\"V\";s:17:\"save_view_results\";s:7:\"user_id\";s:10:\"sort_order\";s:3:\"asc\";s:7:\"sort_by\";s:4:\"name\";s:14:\"sort_order_rev\";s:4:\"desc\";s:11:\"total_items\";s:1:\"6\";}', 'a:4:{s:9:\"items_ids\";a:1:{i:1;a:6:{i:0;s:2:\"15\";i:1;s:2:\"18\";i:2;s:2:\"12\";i:3;s:2:\"11\";i:4;s:1:\"5\";i:5;s:2:\"10\";}}s:11:\"total_pages\";d:1;s:14:\"items_per_page\";i:10;s:11:\"total_items\";s:1:\"6\";}', 12, 'N', 'N'),
(38, 'lv_call_requests', '', 'a:0:{}', 'a:4:{s:9:\"items_ids\";a:0:{}s:11:\"total_pages\";i:0;s:14:\"items_per_page\";i:0;s:11:\"total_items\";i:0;}', 1, 'N', 'N'),
(39, 'lv_cart', '', 'a:9:{s:4:\"page\";i:1;s:14:\"items_per_page\";i:10;s:8:\"dispatch\";s:14:\"cart.cart_list\";s:17:\"save_view_results\";s:7:\"user_id\";s:22:\"check_shipping_billing\";b:1;s:10:\"sort_order\";s:4:\"desc\";s:7:\"sort_by\";s:4:\"date\";s:14:\"sort_order_rev\";s:3:\"asc\";s:11:\"total_items\";s:1:\"6\";}', 'a:4:{s:9:\"items_ids\";a:1:{i:1;a:6:{i:0;s:2:\"12\";i:1;s:2:\"15\";i:2;s:2:\"14\";i:3;s:1:\"1\";i:4;s:10:\"1611477997\";i:5;s:2:\"11\";}}s:11:\"total_pages\";d:1;s:14:\"items_per_page\";i:10;s:11:\"total_items\";s:1:\"6\";}', 1, 'N', 'N'),
(40, 'lv_shipments', '', 'a:0:{}', 'a:4:{s:9:\"items_ids\";a:0:{}s:11:\"total_pages\";i:0;s:14:\"items_per_page\";i:0;s:11:\"total_items\";i:0;}', 1, 'N', 'N'),
(41, 'lv_call_requests', '', 'a:0:{}', 'a:4:{s:9:\"items_ids\";a:0:{}s:11:\"total_pages\";i:0;s:14:\"items_per_page\";i:0;s:11:\"total_items\";i:0;}', 12, 'N', 'N'),
(42, 'lv_orders', '', 'a:12:{s:4:\"page\";i:1;s:14:\"items_per_page\";i:10;s:5:\"extra\";a:3:{i:0;s:7:\"issuers\";i:1;s:12:\"invoice_docs\";i:2;s:9:\"memo_docs\";}s:8:\"dispatch\";s:13:\"orders.manage\";s:17:\"save_view_results\";s:8:\"order_id\";s:19:\"include_incompleted\";b:1;s:12:\"company_name\";b:1;s:10:\"sort_order\";s:4:\"desc\";s:7:\"sort_by\";s:4:\"date\";s:14:\"sort_order_rev\";s:3:\"asc\";s:11:\"total_items\";s:2:\"54\";s:13:\"paid_statuses\";a:3:{i:0;s:1:\"A\";i:1;s:1:\"C\";i:2;s:1:\"P\";}}', 'a:4:{s:9:\"items_ids\";a:1:{i:1;a:10:{i:0;s:3:\"154\";i:1;s:3:\"153\";i:2;s:3:\"152\";i:3;s:3:\"151\";i:4;s:3:\"150\";i:5;s:3:\"149\";i:6;s:3:\"148\";i:7;s:3:\"147\";i:8;s:3:\"146\";i:9;s:3:\"145\";}}s:11:\"total_pages\";d:6;s:14:\"items_per_page\";i:10;s:11:\"total_items\";s:2:\"54\";}', 12, 'N', 'N'),
(43, 'lv_product_features', '', 'a:22:{s:10:\"product_id\";i:0;s:12:\"category_ids\";a:0:{}s:8:\"statuses\";a:0:{}s:5:\"plain\";b:0;s:13:\"feature_types\";a:0:{}s:10:\"feature_id\";i:0;s:10:\"display_on\";s:0:\"\";s:13:\"exclude_group\";b:1;s:15:\"exclude_filters\";b:0;s:4:\"page\";i:1;s:14:\"items_per_page\";i:10;s:13:\"existent_only\";b:0;s:8:\"variants\";b:0;s:14:\"variant_images\";b:1;s:22:\"variants_selected_only\";b:0;s:24:\"skip_variants_threshould\";b:0;s:13:\"variants_only\";N;s:8:\"dispatch\";s:23:\"product_features.manage\";s:17:\"save_view_results\";s:10:\"feature_id\";s:16:\"get_descriptions\";b:1;s:17:\"search_in_subcats\";b:1;s:11:\"total_items\";s:2:\"28\";}', 'a:4:{s:9:\"items_ids\";a:1:{i:1;a:10:{i:0;s:2:\"18\";i:1;s:3:\"549\";i:2;s:3:\"548\";i:3;s:2:\"15\";i:4;s:2:\"16\";i:5;s:2:\"17\";i:6;s:2:\"47\";i:7;s:2:\"23\";i:8;s:2:\"22\";i:9;s:2:\"21\";}}s:11:\"total_pages\";d:3;s:14:\"items_per_page\";i:10;s:11:\"total_items\";s:2:\"28\";}', 11, 'N', 'N'),
(44, 'lv_product_options', '', 'a:11:{s:10:\"product_id\";i:0;s:4:\"page\";i:1;s:14:\"items_per_page\";i:10;s:1:\"q\";N;s:12:\"excluded_ids\";N;s:8:\"dispatch\";s:22:\"product_options.manage\";s:17:\"save_view_results\";s:9:\"option_id\";s:10:\"sort_order\";s:3:\"asc\";s:7:\"sort_by\";s:11:\"option_name\";s:14:\"sort_order_rev\";s:4:\"desc\";s:11:\"total_items\";s:1:\"2\";}', 'a:4:{s:9:\"items_ids\";a:0:{}s:11:\"total_pages\";d:1;s:14:\"items_per_page\";i:10;s:11:\"total_items\";s:1:\"2\";}', 11, 'N', 'N'),
(45, 'lv_product_features', '', 'a:22:{s:10:\"product_id\";i:0;s:12:\"category_ids\";a:0:{}s:8:\"statuses\";a:0:{}s:5:\"plain\";b:0;s:13:\"feature_types\";a:0:{}s:10:\"feature_id\";i:0;s:10:\"display_on\";s:0:\"\";s:13:\"exclude_group\";b:1;s:15:\"exclude_filters\";b:0;s:4:\"page\";i:1;s:14:\"items_per_page\";i:10;s:13:\"existent_only\";b:0;s:8:\"variants\";b:0;s:14:\"variant_images\";b:1;s:22:\"variants_selected_only\";b:0;s:24:\"skip_variants_threshould\";b:0;s:13:\"variants_only\";N;s:8:\"dispatch\";s:23:\"product_features.manage\";s:17:\"save_view_results\";s:10:\"feature_id\";s:16:\"get_descriptions\";b:1;s:17:\"search_in_subcats\";b:1;s:11:\"total_items\";s:2:\"28\";}', 'a:4:{s:9:\"items_ids\";a:1:{i:1;a:10:{i:0;s:2:\"18\";i:1;s:3:\"549\";i:2;s:3:\"548\";i:3;s:2:\"15\";i:4;s:2:\"16\";i:5;s:2:\"17\";i:6;s:2:\"47\";i:7;s:2:\"23\";i:8;s:2:\"22\";i:9;s:2:\"21\";}}s:11:\"total_pages\";d:3;s:14:\"items_per_page\";i:10;s:11:\"total_items\";s:2:\"28\";}', 12, 'N', 'N'),
(46, 'lv_orders', '', 'a:12:{s:4:\"page\";i:1;s:14:\"items_per_page\";i:10;s:5:\"extra\";a:3:{i:0;s:7:\"issuers\";i:1;s:12:\"invoice_docs\";i:2;s:9:\"memo_docs\";}s:8:\"dispatch\";s:13:\"orders.manage\";s:17:\"save_view_results\";s:8:\"order_id\";s:19:\"include_incompleted\";b:1;s:12:\"company_name\";b:1;s:10:\"sort_order\";s:4:\"desc\";s:7:\"sort_by\";s:4:\"date\";s:14:\"sort_order_rev\";s:3:\"asc\";s:11:\"total_items\";s:2:\"65\";s:13:\"paid_statuses\";a:2:{i:0;s:1:\"P\";i:1;s:1:\"C\";}}', 'a:4:{s:9:\"items_ids\";a:1:{i:1;a:10:{i:0;s:2:\"99\";i:1;s:2:\"98\";i:2;s:2:\"97\";i:3;s:2:\"96\";i:4;s:2:\"95\";i:5;s:2:\"94\";i:6;s:2:\"93\";i:7;s:2:\"92\";i:8;s:2:\"91\";i:9;s:2:\"90\";}}s:11:\"total_pages\";d:7;s:14:\"items_per_page\";i:10;s:11:\"total_items\";s:2:\"65\";}', 14, 'N', 'N'),
(47, 'lv_product_options', '', 'a:11:{s:10:\"product_id\";i:0;s:4:\"page\";i:1;s:14:\"items_per_page\";i:10;s:1:\"q\";N;s:12:\"excluded_ids\";N;s:8:\"dispatch\";s:22:\"product_options.manage\";s:17:\"save_view_results\";s:9:\"option_id\";s:10:\"sort_order\";s:3:\"asc\";s:7:\"sort_by\";s:11:\"option_name\";s:14:\"sort_order_rev\";s:4:\"desc\";s:11:\"total_items\";s:1:\"2\";}', 'a:4:{s:9:\"items_ids\";a:1:{i:1;a:2:{i:0;s:1:\"1\";i:1;s:1:\"2\";}}s:11:\"total_pages\";d:1;s:14:\"items_per_page\";i:10;s:11:\"total_items\";s:1:\"2\";}', 14, 'N', 'N'),
(48, 'lv_product_features', '', 'a:22:{s:10:\"product_id\";i:0;s:12:\"category_ids\";a:0:{}s:8:\"statuses\";a:0:{}s:5:\"plain\";b:0;s:13:\"feature_types\";a:0:{}s:10:\"feature_id\";i:0;s:10:\"display_on\";s:0:\"\";s:13:\"exclude_group\";b:1;s:15:\"exclude_filters\";b:0;s:4:\"page\";i:1;s:14:\"items_per_page\";i:250;s:13:\"existent_only\";b:0;s:8:\"variants\";b:0;s:14:\"variant_images\";b:1;s:22:\"variants_selected_only\";b:0;s:24:\"skip_variants_threshould\";b:0;s:13:\"variants_only\";N;s:8:\"dispatch\";s:23:\"product_features.manage\";s:17:\"save_view_results\";s:10:\"feature_id\";s:16:\"get_descriptions\";b:1;s:17:\"search_in_subcats\";b:1;s:11:\"total_items\";s:2:\"29\";}', 'a:4:{s:9:\"items_ids\";a:1:{i:1;a:29:{i:0;s:2:\"18\";i:1;s:3:\"549\";i:2;s:3:\"548\";i:3;s:3:\"550\";i:4;s:2:\"15\";i:5;s:2:\"16\";i:6;s:2:\"17\";i:7;s:2:\"47\";i:8;s:2:\"23\";i:9;s:2:\"22\";i:10;s:2:\"21\";i:11;s:2:\"29\";i:12;s:2:\"28\";i:13;s:2:\"26\";i:14;s:2:\"25\";i:15;s:2:\"27\";i:16;s:2:\"36\";i:17;s:2:\"35\";i:18;s:2:\"34\";i:19;s:2:\"32\";i:20;s:2:\"31\";i:21;s:2:\"42\";i:22;s:2:\"45\";i:23;s:2:\"44\";i:24;s:2:\"41\";i:25;s:2:\"46\";i:26;s:2:\"43\";i:27;s:2:\"38\";i:28;s:2:\"39\";}}s:11:\"total_pages\";d:1;s:14:\"items_per_page\";i:250;s:11:\"total_items\";s:2:\"29\";}', 14, 'N', 'N'),
(49, 'lv_call_requests', '', 'a:0:{}', 'a:4:{s:9:\"items_ids\";a:0:{}s:11:\"total_pages\";i:0;s:14:\"items_per_page\";i:0;s:11:\"total_items\";i:0;}', 14, 'N', 'N'),
(50, 'lv_pages', '', 'a:1:{s:8:\"get_tree\";s:11:\"multi_level\";}', 'a:4:{s:9:\"items_ids\";a:0:{}s:11:\"total_pages\";i:0;s:14:\"items_per_page\";i:0;s:11:\"total_items\";i:0;}', 14, 'N', 'N'),
(51, 'lv_profiles', '', 'a:10:{s:4:\"page\";i:1;s:14:\"items_per_page\";i:10;s:15:\"extended_search\";b:1;s:8:\"dispatch\";s:15:\"profiles.manage\";s:9:\"user_type\";s:1:\"A\";s:17:\"save_view_results\";s:7:\"user_id\";s:10:\"sort_order\";s:3:\"asc\";s:7:\"sort_by\";s:4:\"name\";s:14:\"sort_order_rev\";s:4:\"desc\";s:11:\"total_items\";s:1:\"4\";}', 'a:4:{s:9:\"items_ids\";a:1:{i:1;a:4:{i:0;s:2:\"14\";i:1;s:2:\"16\";i:2;s:1:\"1\";i:3;s:2:\"13\";}}s:11:\"total_pages\";d:1;s:14:\"items_per_page\";i:10;s:11:\"total_items\";s:1:\"4\";}', 16, 'N', 'N'),
(52, 'lv_product_options', '', 'a:11:{s:10:\"product_id\";i:0;s:4:\"page\";i:1;s:14:\"items_per_page\";i:10;s:1:\"q\";N;s:12:\"excluded_ids\";N;s:8:\"dispatch\";s:22:\"product_options.manage\";s:17:\"save_view_results\";s:9:\"option_id\";s:10:\"sort_order\";s:3:\"asc\";s:7:\"sort_by\";s:11:\"option_name\";s:14:\"sort_order_rev\";s:4:\"desc\";s:11:\"total_items\";s:1:\"2\";}', 'a:4:{s:9:\"items_ids\";a:0:{}s:11:\"total_pages\";d:1;s:14:\"items_per_page\";i:10;s:11:\"total_items\";s:1:\"2\";}', 12, 'N', 'N'),
(53, 'lv_profiles', '', 'a:10:{s:4:\"page\";i:1;s:14:\"items_per_page\";i:10;s:15:\"extended_search\";b:1;s:8:\"dispatch\";s:15:\"profiles.manage\";s:9:\"user_type\";s:1:\"A\";s:17:\"save_view_results\";s:7:\"user_id\";s:10:\"sort_order\";s:3:\"asc\";s:7:\"sort_by\";s:4:\"name\";s:14:\"sort_order_rev\";s:4:\"desc\";s:11:\"total_items\";s:2:\"12\";}', 'a:4:{s:9:\"items_ids\";a:1:{i:1;a:10:{i:0;s:2:\"14\";i:1;s:2:\"16\";i:2;s:2:\"19\";i:3;s:2:\"23\";i:4;s:2:\"24\";i:5;s:2:\"25\";i:6;s:2:\"26\";i:7;s:2:\"30\";i:8;s:2:\"22\";i:9;s:1:\"1\";}}s:11:\"total_pages\";d:2;s:14:\"items_per_page\";i:10;s:11:\"total_items\";s:2:\"12\";}', 14, 'N', 'N'),
(54, 'lv_pages', '', 'a:1:{s:8:\"get_tree\";s:11:\"multi_level\";}', 'a:4:{s:9:\"items_ids\";a:0:{}s:11:\"total_pages\";i:0;s:14:\"items_per_page\";i:0;s:11:\"total_items\";i:0;}', 12, 'N', 'N'),
(55, 'lv_products', '', 'a:36:{s:4:\"area\";s:1:\"A\";s:11:\"use_caching\";b:1;s:6:\"extend\";a:4:{i:0;s:12:\"product_name\";i:1;s:6:\"prices\";i:2;s:10:\"categories\";i:3;s:9:\"companies\";}s:13:\"custom_extend\";a:0:{}s:5:\"pname\";s:0:\"\";s:6:\"pshort\";s:0:\"\";s:5:\"pfull\";s:0:\"\";s:9:\"pkeywords\";s:0:\"\";s:7:\"feature\";a:0:{}s:4:\"type\";s:6:\"simple\";s:4:\"page\";i:1;s:6:\"action\";s:0:\"\";s:15:\"filter_variants\";a:0:{}s:13:\"features_hash\";s:0:\"\";s:5:\"limit\";i:0;s:3:\"bid\";i:0;s:5:\"match\";s:0:\"\";s:8:\"tracking\";a:0:{}s:17:\"get_frontend_urls\";b:0;s:14:\"items_per_page\";i:10;s:22:\"apply_disabled_filters\";b:1;s:24:\"load_products_extra_data\";b:1;s:10:\"storefront\";N;s:25:\"show_master_products_only\";b:0;s:8:\"dispatch\";s:15:\"products.manage\";s:6:\"status\";s:1:\"R\";s:17:\"save_view_results\";s:10:\"product_id\";s:10:\"product_id\";i:0;s:17:\"only_short_fields\";b:1;s:18:\"runtime_company_id\";i:0;s:7:\"sort_by\";s:7:\"product\";s:10:\"sort_order\";s:3:\"asc\";s:24:\"include_child_variations\";b:1;s:22:\"group_child_variations\";b:0;s:14:\"sort_order_rev\";s:4:\"desc\";s:11:\"total_items\";s:1:\"1\";}', 'a:4:{s:9:\"items_ids\";a:1:{i:1;a:1:{i:0;s:3:\"294\";}}s:11:\"total_pages\";d:1;s:14:\"items_per_page\";i:10;s:11:\"total_items\";s:1:\"1\";}', 14, 'N', 'N'),
(56, 'lv_cart', '', 'a:9:{s:4:\"page\";i:1;s:14:\"items_per_page\";i:10;s:8:\"dispatch\";s:14:\"cart.cart_list\";s:17:\"save_view_results\";s:7:\"user_id\";s:22:\"check_shipping_billing\";b:1;s:10:\"sort_order\";s:4:\"desc\";s:7:\"sort_by\";s:4:\"date\";s:14:\"sort_order_rev\";s:3:\"asc\";s:11:\"total_items\";s:1:\"6\";}', 'a:4:{s:9:\"items_ids\";a:1:{i:1;a:6:{i:0;s:2:\"12\";i:1;s:2:\"15\";i:2;s:2:\"14\";i:3;s:1:\"1\";i:4;s:10:\"1611477997\";i:5;s:2:\"11\";}}s:11:\"total_pages\";d:1;s:14:\"items_per_page\";i:10;s:11:\"total_items\";s:1:\"6\";}', 14, 'N', 'N'),
(57, 'lv_products', '', 'a:0:{}', 'a:4:{s:9:\"items_ids\";a:0:{}s:11:\"total_pages\";i:0;s:14:\"items_per_page\";i:0;s:11:\"total_items\";i:0;}', 0, 'N', 'N'),
(58, 'lv_products', '', 'a:51:{s:4:\"area\";s:1:\"A\";s:11:\"use_caching\";b:1;s:6:\"extend\";a:6:{i:0;s:12:\"product_name\";i:1;s:6:\"prices\";i:2;s:10:\"categories\";i:3;s:9:\"companies\";i:4;s:14:\"feature_values\";i:5;s:12:\"product_name\";}s:13:\"custom_extend\";a:0:{}s:5:\"pname\";s:1:\"Y\";s:6:\"pshort\";s:0:\"\";s:5:\"pfull\";s:0:\"\";s:9:\"pkeywords\";s:0:\"\";s:7:\"feature\";a:0:{}s:4:\"type\";s:6:\"simple\";s:4:\"page\";i:1;s:6:\"action\";s:0:\"\";s:15:\"filter_variants\";a:0:{}s:13:\"features_hash\";s:0:\"\";s:5:\"limit\";i:0;s:3:\"bid\";i:0;s:5:\"match\";s:0:\"\";s:8:\"tracking\";a:0:{}s:17:\"get_frontend_urls\";b:0;s:14:\"items_per_page\";i:10;s:22:\"apply_disabled_filters\";b:1;s:24:\"load_products_extra_data\";b:1;s:10:\"storefront\";N;s:25:\"show_master_products_only\";b:1;s:12:\"pcode_from_q\";s:1:\"Y\";s:9:\"is_search\";s:1:\"Y\";s:1:\"q\";s:8:\"notebook\";s:3:\"cid\";s:1:\"0\";s:8:\"dispatch\";s:24:\"products.master_products\";s:16:\"feature_variants\";a:3:{i:47;a:1:{i:0;s:0:\"\";}i:22;a:1:{i:0;s:0:\"\";}i:34;a:1:{i:0;s:0:\"\";}}s:7:\"subcats\";s:1:\"Y\";s:11:\"supplier_id\";s:0:\"\";s:13:\"free_shipping\";s:0:\"\";s:6:\"status\";s:1:\"A\";s:9:\"order_ids\";s:0:\"\";s:7:\"sort_by\";s:7:\"product\";s:10:\"sort_order\";s:3:\"asc\";s:6:\"period\";s:1:\"A\";s:12:\"product_type\";s:0:\"\";s:17:\"parent_product_id\";s:0:\"\";s:13:\"hint_new_view\";s:4:\"Nome\";s:13:\"security_hash\";s:32:\"a7b2201714fa520426a76e3a488d31a6\";s:17:\"save_view_results\";s:10:\"product_id\";s:10:\"product_id\";i:0;s:17:\"only_short_fields\";b:1;s:18:\"runtime_company_id\";i:5;s:9:\"temp_view\";b:1;s:24:\"include_child_variations\";b:1;s:22:\"group_child_variations\";b:0;s:14:\"sort_order_rev\";s:4:\"desc\";s:11:\"total_items\";s:1:\"2\";}', 'a:4:{s:9:\"items_ids\";a:1:{i:1;a:2:{i:0;s:3:\"288\";i:1;s:3:\"289\";}}s:11:\"total_pages\";d:1;s:14:\"items_per_page\";i:10;s:11:\"total_items\";s:1:\"2\";}', 18, 'N', 'N'),
(59, 'lv_categories', '', 'a:24:{s:11:\"category_id\";i:0;s:7:\"visible\";b:0;s:19:\"current_category_id\";i:0;s:6:\"simple\";b:0;s:5:\"plain\";b:0;s:5:\"limit\";i:0;s:8:\"item_ids\";s:0:\"\";s:14:\"group_by_level\";b:1;s:10:\"get_images\";b:0;s:18:\"category_delimiter\";s:1:\"/\";s:17:\"get_frontend_urls\";b:0;s:17:\"max_nesting_level\";N;s:16:\"get_company_name\";b:0;s:8:\"add_root\";s:0:\"\";s:4:\"b_id\";s:0:\"\";s:9:\"except_id\";i:264;s:11:\"company_ids\";s:0:\"\";s:17:\"save_view_results\";s:11:\"category_id\";s:10:\"sort_order\";s:3:\"asc\";s:7:\"sort_by\";s:8:\"position\";s:14:\"sort_order_rev\";s:4:\"desc\";s:4:\"page\";i:1;s:14:\"items_per_page\";i:1;s:11:\"total_items\";i:1;}', 'a:4:{s:9:\"items_ids\";a:1:{i:1;a:1:{i:0;s:3:\"265\";}}s:11:\"total_pages\";d:1;s:14:\"items_per_page\";i:1;s:11:\"total_items\";i:1;}', 15, 'N', 'N'),
(60, 'lv_products', '', 'a:0:{}', 'a:4:{s:9:\"items_ids\";a:0:{}s:11:\"total_pages\";i:0;s:14:\"items_per_page\";i:0;s:11:\"total_items\";i:0;}', 15, 'N', 'N'),
(61, 'lv_product_features', '', 'a:24:{s:10:\"product_id\";i:0;s:12:\"category_ids\";a:0:{}s:8:\"statuses\";a:0:{}s:5:\"plain\";b:0;s:13:\"feature_types\";a:0:{}s:10:\"feature_id\";i:0;s:10:\"display_on\";s:0:\"\";s:13:\"exclude_group\";b:1;s:15:\"exclude_filters\";b:0;s:4:\"page\";i:1;s:14:\"items_per_page\";i:10;s:13:\"existent_only\";b:0;s:8:\"variants\";b:0;s:14:\"variant_images\";b:1;s:23:\"variants_items_per_page\";N;s:13:\"variants_page\";N;s:22:\"variants_selected_only\";b:0;s:24:\"skip_variants_threshould\";b:0;s:13:\"variants_only\";N;s:8:\"dispatch\";s:23:\"product_features.manage\";s:17:\"save_view_results\";s:10:\"feature_id\";s:16:\"get_descriptions\";b:1;s:17:\"search_in_subcats\";b:1;s:11:\"total_items\";s:2:\"29\";}', 'a:4:{s:9:\"items_ids\";a:1:{i:1;a:10:{i:0;s:2:\"18\";i:1;s:3:\"549\";i:2;s:3:\"548\";i:3;s:3:\"550\";i:4;s:2:\"15\";i:5;s:2:\"16\";i:6;s:2:\"17\";i:7;s:2:\"47\";i:8;s:2:\"23\";i:9;s:2:\"22\";}}s:11:\"total_pages\";d:3;s:14:\"items_per_page\";i:10;s:11:\"total_items\";s:2:\"29\";}', 15, 'N', 'N'),
(62, 'lv_profiles', '', 'a:1:{s:9:\"user_type\";s:1:\"V\";}', 'a:4:{s:9:\"items_ids\";a:0:{}s:11:\"total_pages\";i:0;s:14:\"items_per_page\";i:0;s:11:\"total_items\";i:0;}', 0, 'N', 'N'),
(63, 'lv_product_options', '', 'a:0:{}', 'a:4:{s:9:\"items_ids\";a:0:{}s:11:\"total_pages\";i:0;s:14:\"items_per_page\";i:0;s:11:\"total_items\";i:0;}', 0, 'N', 'N'),
(64, 'lv_pages', '', 'a:1:{s:8:\"get_tree\";s:11:\"multi_level\";}', 'a:4:{s:9:\"items_ids\";a:0:{}s:11:\"total_pages\";i:0;s:14:\"items_per_page\";i:0;s:11:\"total_items\";i:0;}', 20, 'N', 'N'),
(65, 'lv_products', '', 'a:38:{s:4:\"area\";s:1:\"A\";s:11:\"use_caching\";b:1;s:6:\"extend\";a:4:{i:0;s:12:\"product_name\";i:1;s:6:\"prices\";i:2;s:10:\"categories\";i:3;s:9:\"companies\";}s:13:\"custom_extend\";a:0:{}s:5:\"pname\";s:0:\"\";s:6:\"pshort\";s:0:\"\";s:5:\"pfull\";s:0:\"\";s:9:\"pkeywords\";s:0:\"\";s:7:\"feature\";a:0:{}s:4:\"type\";s:6:\"simple\";s:4:\"page\";i:1;s:6:\"action\";s:0:\"\";s:15:\"filter_variants\";a:0:{}s:13:\"features_hash\";s:0:\"\";s:5:\"limit\";i:0;s:3:\"bid\";i:0;s:5:\"match\";s:0:\"\";s:8:\"tracking\";a:0:{}s:17:\"get_frontend_urls\";b:0;s:14:\"items_per_page\";i:10;s:22:\"apply_disabled_filters\";b:1;s:24:\"load_products_extra_data\";b:1;s:10:\"storefront\";N;s:11:\"company_ids\";s:0:\"\";s:25:\"show_master_products_only\";b:1;s:8:\"dispatch\";s:24:\"products.master_products\";s:2:\"sl\";s:2:\"en\";s:17:\"save_view_results\";s:10:\"product_id\";s:10:\"product_id\";i:0;s:17:\"only_short_fields\";b:1;s:18:\"runtime_company_id\";i:7;s:6:\"status\";s:1:\"A\";s:7:\"sort_by\";s:7:\"product\";s:10:\"sort_order\";s:3:\"asc\";s:24:\"include_child_variations\";b:1;s:22:\"group_child_variations\";b:0;s:14:\"sort_order_rev\";s:4:\"desc\";s:11:\"total_items\";s:1:\"7\";}', 'a:4:{s:9:\"items_ids\";a:1:{i:1;a:7:{i:0;s:2:\"12\";i:1;s:2:\"17\";i:2;s:3:\"148\";i:3;s:3:\"180\";i:4;s:3:\"187\";i:5;s:3:\"288\";i:6;s:3:\"289\";}}s:11:\"total_pages\";d:1;s:14:\"items_per_page\";i:10;s:11:\"total_items\";s:1:\"7\";}', 29, 'N', 'N'),
(66, 'lv_categories', '', 'a:24:{s:11:\"category_id\";i:0;s:7:\"visible\";b:0;s:19:\"current_category_id\";i:0;s:6:\"simple\";b:0;s:5:\"plain\";b:0;s:5:\"limit\";i:0;s:8:\"item_ids\";s:0:\"\";s:14:\"group_by_level\";b:1;s:10:\"get_images\";b:0;s:18:\"category_delimiter\";s:1:\"/\";s:17:\"get_frontend_urls\";b:0;s:17:\"max_nesting_level\";N;s:16:\"get_company_name\";b:0;s:8:\"add_root\";s:0:\"\";s:4:\"b_id\";s:0:\"\";s:9:\"except_id\";i:264;s:11:\"company_ids\";s:0:\"\";s:17:\"save_view_results\";s:11:\"category_id\";s:10:\"sort_order\";s:3:\"asc\";s:7:\"sort_by\";s:8:\"position\";s:14:\"sort_order_rev\";s:4:\"desc\";s:4:\"page\";i:1;s:14:\"items_per_page\";i:1;s:11:\"total_items\";i:1;}', 'a:4:{s:9:\"items_ids\";a:1:{i:1;a:1:{i:0;s:3:\"265\";}}s:11:\"total_pages\";d:1;s:14:\"items_per_page\";i:1;s:11:\"total_items\";i:1;}', 29, 'N', 'N'),
(67, 'lv_orders', '', 'a:0:{}', 'a:4:{s:9:\"items_ids\";a:0:{}s:11:\"total_pages\";i:0;s:14:\"items_per_page\";i:0;s:11:\"total_items\";i:0;}', 29, 'N', 'N'),
(68, 'lv_profiles', '', 'a:10:{s:4:\"page\";i:1;s:14:\"items_per_page\";i:10;s:15:\"extended_search\";b:1;s:8:\"dispatch\";s:15:\"profiles.manage\";s:9:\"user_type\";s:1:\"V\";s:17:\"save_view_results\";s:7:\"user_id\";s:10:\"sort_order\";s:3:\"asc\";s:7:\"sort_by\";s:4:\"name\";s:14:\"sort_order_rev\";s:4:\"desc\";s:11:\"total_items\";s:1:\"1\";}', 'a:4:{s:9:\"items_ids\";a:1:{i:1;a:1:{i:0;s:2:\"29\";}}s:11:\"total_pages\";d:1;s:14:\"items_per_page\";i:10;s:11:\"total_items\";s:1:\"1\";}', 29, 'N', 'N'),
(69, 'lv_shipments', '', 'a:9:{s:4:\"page\";i:1;s:14:\"items_per_page\";i:10;s:8:\"dispatch\";s:16:\"shipments.manage\";s:8:\"order_id\";s:3:\"113\";s:17:\"save_view_results\";s:11:\"shipment_id\";s:10:\"sort_order\";s:4:\"desc\";s:7:\"sort_by\";s:2:\"id\";s:14:\"sort_order_rev\";s:3:\"asc\";s:11:\"total_items\";s:1:\"1\";}', 'a:4:{s:9:\"items_ids\";a:1:{i:1;a:1:{i:0;s:2:\"36\";}}s:11:\"total_pages\";d:1;s:14:\"items_per_page\";i:10;s:11:\"total_items\";s:1:\"1\";}', 30, 'N', 'N'),
(70, 'lv_pages', '', 'a:18:{s:7:\"page_id\";i:0;s:4:\"page\";i:1;s:7:\"visible\";b:0;s:8:\"get_tree\";s:11:\"multi_level\";s:6:\"pdescr\";s:0:\"\";s:8:\"subpages\";s:0:\"\";s:5:\"match\";s:0:\"\";s:9:\"page_type\";s:0:\"\";s:14:\"items_per_page\";i:10;s:8:\"dispatch\";s:12:\"pages.manage\";s:17:\"save_view_results\";s:7:\"page_id\";s:8:\"add_root\";s:0:\"\";s:6:\"simple\";b:1;s:5:\"pname\";s:1:\"Y\";s:7:\"sort_by\";s:11:\"multi_level\";s:10:\"sort_order\";s:3:\"asc\";s:14:\"sort_order_rev\";s:4:\"desc\";s:11:\"total_items\";s:2:\"14\";}', 'a:4:{s:9:\"items_ids\";a:1:{i:1;a:10:{i:0;s:1:\"4\";i:1;s:1:\"2\";i:2;s:2:\"30\";i:3;s:2:\"20\";i:4;s:1:\"5\";i:5;s:1:\"6\";i:6;s:1:\"1\";i:7;s:2:\"22\";i:8;s:1:\"3\";i:9;s:2:\"48\";}}s:11:\"total_pages\";d:2;s:14:\"items_per_page\";i:10;s:11:\"total_items\";s:2:\"14\";}', 30, 'N', 'N'),
(71, 'lv_profiles', '', 'a:10:{s:4:\"page\";i:1;s:14:\"items_per_page\";i:10;s:15:\"extended_search\";b:1;s:8:\"dispatch\";s:15:\"profiles.manage\";s:9:\"user_type\";s:1:\"V\";s:17:\"save_view_results\";s:7:\"user_id\";s:10:\"sort_order\";s:3:\"asc\";s:7:\"sort_by\";s:4:\"name\";s:14:\"sort_order_rev\";s:4:\"desc\";s:11:\"total_items\";s:1:\"1\";}', 'a:4:{s:9:\"items_ids\";a:1:{i:1;a:1:{i:0;s:2:\"12\";}}s:11:\"total_pages\";d:1;s:14:\"items_per_page\";i:10;s:11:\"total_items\";s:1:\"1\";}', 30, 'N', 'N'),
(72, 'lv_product_options', '', 'a:11:{s:10:\"product_id\";i:0;s:4:\"page\";i:1;s:14:\"items_per_page\";i:10;s:1:\"q\";N;s:12:\"excluded_ids\";N;s:8:\"dispatch\";s:22:\"product_options.manage\";s:17:\"save_view_results\";s:9:\"option_id\";s:10:\"sort_order\";s:3:\"asc\";s:7:\"sort_by\";s:11:\"option_name\";s:14:\"sort_order_rev\";s:4:\"desc\";s:11:\"total_items\";s:1:\"2\";}', 'a:4:{s:9:\"items_ids\";a:1:{i:1;a:2:{i:0;s:1:\"1\";i:1;s:1:\"2\";}}s:11:\"total_pages\";d:1;s:14:\"items_per_page\";i:10;s:11:\"total_items\";s:1:\"2\";}', 30, 'N', 'N'),
(73, 'lv_products', '', 'a:39:{s:4:\"area\";s:1:\"A\";s:11:\"use_caching\";b:1;s:6:\"extend\";a:4:{i:0;s:12:\"product_name\";i:1;s:6:\"prices\";i:2;s:10:\"categories\";i:3;s:9:\"companies\";}s:13:\"custom_extend\";a:0:{}s:5:\"pname\";s:0:\"\";s:6:\"pshort\";s:0:\"\";s:5:\"pfull\";s:0:\"\";s:9:\"pkeywords\";s:0:\"\";s:7:\"feature\";a:0:{}s:4:\"type\";s:6:\"simple\";s:4:\"page\";i:1;s:6:\"action\";s:0:\"\";s:15:\"filter_variants\";a:0:{}s:13:\"features_hash\";s:0:\"\";s:5:\"limit\";i:0;s:3:\"bid\";i:0;s:5:\"match\";s:0:\"\";s:8:\"tracking\";a:0:{}s:17:\"get_frontend_urls\";b:0;s:14:\"items_per_page\";i:10;s:22:\"apply_disabled_filters\";b:1;s:24:\"load_products_extra_data\";b:1;s:10:\"storefront\";N;s:11:\"company_ids\";s:0:\"\";s:25:\"show_master_products_only\";b:0;s:8:\"dispatch\";s:15:\"products.manage\";s:17:\"save_view_results\";s:10:\"product_id\";s:10:\"product_id\";i:0;s:17:\"only_short_fields\";b:1;s:31:\"get_detailed_warehouses_amounts\";b:0;s:18:\"runtime_company_id\";i:0;s:26:\"hide_out_of_stock_products\";b:0;s:7:\"sort_by\";s:7:\"product\";s:10:\"sort_order\";s:3:\"asc\";s:13:\"usergroup_ids\";a:0:{}s:24:\"include_child_variations\";b:1;s:22:\"group_child_variations\";b:0;s:14:\"sort_order_rev\";s:4:\"desc\";s:11:\"total_items\";s:2:\"12\";}', 'a:4:{s:9:\"items_ids\";a:1:{i:1;a:10:{i:0;s:3:\"308\";i:1;s:3:\"297\";i:2;s:3:\"300\";i:3;s:3:\"301\";i:4;s:3:\"302\";i:5;s:3:\"298\";i:6;s:3:\"299\";i:7;s:3:\"296\";i:8;s:3:\"303\";i:9;s:3:\"304\";}}s:11:\"total_pages\";d:2;s:14:\"items_per_page\";i:10;s:11:\"total_items\";s:2:\"12\";}', 30, 'N', 'N'),
(74, 'lv_cart', '', 'a:9:{s:4:\"page\";i:1;s:14:\"items_per_page\";i:10;s:8:\"dispatch\";s:14:\"cart.cart_list\";s:17:\"save_view_results\";s:7:\"user_id\";s:22:\"check_shipping_billing\";b:1;s:10:\"sort_order\";s:4:\"desc\";s:7:\"sort_by\";s:4:\"date\";s:14:\"sort_order_rev\";s:3:\"asc\";s:11:\"total_items\";s:1:\"3\";}', 'a:4:{s:9:\"items_ids\";a:1:{i:1;a:3:{i:0;s:1:\"3\";i:1;s:1:\"1\";i:2;s:2:\"14\";}}s:11:\"total_pages\";d:1;s:14:\"items_per_page\";i:10;s:11:\"total_items\";s:1:\"3\";}', 30, 'N', 'N'),
(75, 'lv_categories', '', 'a:25:{s:11:\"category_id\";s:4:\"1058\";s:7:\"visible\";b:1;s:19:\"current_category_id\";s:4:\"1058\";s:6:\"simple\";b:0;s:5:\"plain\";b:0;s:5:\"limit\";i:0;s:8:\"item_ids\";s:0:\"\";s:14:\"group_by_level\";b:1;s:10:\"get_images\";b:0;s:18:\"category_delimiter\";s:1:\"/\";s:17:\"get_frontend_urls\";b:0;s:17:\"max_nesting_level\";N;s:16:\"get_company_name\";b:0;s:14:\"storefront_ids\";N;s:8:\"add_root\";s:0:\"\";s:4:\"b_id\";s:0:\"\";s:9:\"except_id\";i:0;s:11:\"company_ids\";s:0:\"\";s:17:\"save_view_results\";s:11:\"category_id\";s:10:\"sort_order\";s:3:\"asc\";s:7:\"sort_by\";s:8:\"position\";s:14:\"sort_order_rev\";s:4:\"desc\";s:4:\"page\";i:1;s:14:\"items_per_page\";i:13;s:11:\"total_items\";i:13;}', 'a:4:{s:9:\"items_ids\";a:1:{i:1;a:13:{i:0;s:4:\"1059\";i:1;s:4:\"1060\";i:2;s:4:\"1061\";i:3;s:4:\"1062\";i:4;s:4:\"1063\";i:5;s:4:\"1064\";i:6;s:4:\"1065\";i:7;s:4:\"1066\";i:8;s:4:\"1067\";i:9;s:4:\"1068\";i:10;s:4:\"1069\";i:11;s:4:\"1070\";i:12;s:4:\"1071\";}}s:11:\"total_pages\";d:1;s:14:\"items_per_page\";i:13;s:11:\"total_items\";i:13;}', 30, 'N', 'N'),
(76, 'lv_orders', '', 'a:12:{s:4:\"page\";i:1;s:14:\"items_per_page\";i:250;s:5:\"extra\";a:3:{i:0;s:7:\"issuers\";i:1;s:12:\"invoice_docs\";i:2;s:9:\"memo_docs\";}s:8:\"dispatch\";s:13:\"orders.manage\";s:17:\"save_view_results\";s:8:\"order_id\";s:19:\"include_incompleted\";b:1;s:12:\"company_name\";b:1;s:10:\"sort_order\";s:4:\"desc\";s:7:\"sort_by\";s:4:\"date\";s:14:\"sort_order_rev\";s:3:\"asc\";s:11:\"total_items\";s:2:\"54\";s:13:\"paid_statuses\";a:4:{i:0;s:1:\"A\";i:1;s:1:\"C\";i:2;s:1:\"E\";i:3;s:1:\"P\";}}', 'a:4:{s:9:\"items_ids\";a:1:{i:1;a:54:{i:0;s:3:\"154\";i:1;s:3:\"153\";i:2;s:3:\"152\";i:3;s:3:\"151\";i:4;s:3:\"150\";i:5;s:3:\"149\";i:6;s:3:\"148\";i:7;s:3:\"147\";i:8;s:3:\"146\";i:9;s:3:\"145\";i:10;s:3:\"144\";i:11;s:3:\"143\";i:12;s:3:\"142\";i:13;s:3:\"141\";i:14;s:3:\"140\";i:15;s:3:\"139\";i:16;s:3:\"138\";i:17;s:3:\"137\";i:18;s:3:\"136\";i:19;s:3:\"135\";i:20;s:3:\"134\";i:21;s:3:\"133\";i:22;s:3:\"132\";i:23;s:3:\"131\";i:24;s:3:\"130\";i:25;s:3:\"129\";i:26;s:3:\"128\";i:27;s:3:\"127\";i:28;s:3:\"126\";i:29;s:3:\"125\";i:30;s:3:\"124\";i:31;s:3:\"123\";i:32;s:3:\"122\";i:33;s:3:\"121\";i:34;s:3:\"120\";i:35;s:3:\"119\";i:36;s:3:\"118\";i:37;s:3:\"117\";i:38;s:3:\"116\";i:39;s:3:\"115\";i:40;s:3:\"114\";i:41;s:3:\"113\";i:42;s:3:\"112\";i:43;s:3:\"111\";i:44;s:3:\"110\";i:45;s:3:\"109\";i:46;s:3:\"108\";i:47;s:3:\"107\";i:48;s:3:\"106\";i:49;s:3:\"105\";i:50;s:3:\"104\";i:51;s:3:\"103\";i:52;s:3:\"102\";i:53;s:3:\"101\";}}s:11:\"total_pages\";d:1;s:14:\"items_per_page\";i:250;s:11:\"total_items\";s:2:\"54\";}', 30, 'N', 'N'),
(77, 'lv_call_requests', '', 'a:0:{}', 'a:4:{s:9:\"items_ids\";a:0:{}s:11:\"total_pages\";i:0;s:14:\"items_per_page\";i:0;s:11:\"total_items\";i:0;}', 30, 'N', 'N'),
(78, 'lv_product_features', '', 'a:22:{s:10:\"product_id\";i:0;s:12:\"category_ids\";a:0:{}s:8:\"statuses\";a:0:{}s:5:\"plain\";b:0;s:13:\"feature_types\";a:0:{}s:10:\"feature_id\";i:0;s:10:\"display_on\";s:0:\"\";s:13:\"exclude_group\";b:1;s:15:\"exclude_filters\";b:0;s:4:\"page\";i:1;s:14:\"items_per_page\";i:10;s:13:\"existent_only\";b:0;s:8:\"variants\";b:0;s:14:\"variant_images\";b:1;s:22:\"variants_selected_only\";b:0;s:24:\"skip_variants_threshould\";b:0;s:13:\"variants_only\";N;s:8:\"dispatch\";s:23:\"product_features.manage\";s:17:\"save_view_results\";s:10:\"feature_id\";s:16:\"get_descriptions\";b:1;s:17:\"search_in_subcats\";b:1;s:11:\"total_items\";s:2:\"29\";}', 'a:4:{s:9:\"items_ids\";a:1:{i:1;a:10:{i:0;s:2:\"18\";i:1;s:3:\"549\";i:2;s:3:\"548\";i:3;s:3:\"550\";i:4;s:2:\"15\";i:5;s:2:\"16\";i:6;s:2:\"17\";i:7;s:2:\"47\";i:8;s:2:\"23\";i:9;s:2:\"22\";}}s:11:\"total_pages\";d:3;s:14:\"items_per_page\";i:10;s:11:\"total_items\";s:2:\"29\";}', 30, 'N', 'N'),
(79, 'lv_gift_certificates', '', 'a:0:{}', 'a:4:{s:9:\"items_ids\";a:0:{}s:11:\"total_pages\";i:0;s:14:\"items_per_page\";i:0;s:11:\"total_items\";i:0;}', 30, 'N', 'N'),
(80, 'product_features', 'Recently updated', 'a:11:{s:9:\"is_search\";s:1:\"Y\";s:12:\"category_ids\";s:1:\"0\";s:11:\"description\";s:0:\"\";s:9:\"parent_id\";s:0:\"\";s:10:\"company_id\";s:0:\"\";s:10:\"display_on\";s:0:\"\";s:14:\"items_per_page\";i:10;s:16:\"get_descriptions\";b:1;s:17:\"search_in_subcats\";b:1;s:13:\"exclude_group\";b:1;s:15:\"updated_in_days\";s:1:\"1\";}', NULL, 1, 'Y', 'N'),
(81, 'product_features', 'Features created by vendors', 'a:12:{s:9:\"is_search\";s:1:\"Y\";s:12:\"category_ids\";s:1:\"0\";s:11:\"description\";s:0:\"\";s:9:\"parent_id\";s:0:\"\";s:10:\"company_id\";s:0:\"\";s:10:\"display_on\";s:0:\"\";s:14:\"items_per_page\";i:10;s:16:\"get_descriptions\";b:1;s:17:\"search_in_subcats\";b:1;s:13:\"exclude_group\";b:1;s:15:\"updated_in_days\";s:1:\"1\";s:20:\"vendor_features_only\";s:1:\"Y\";}', NULL, 1, 'Y', 'N'),
(82, 'addons', 'Available update', 'a:2:{s:9:\"is_search\";s:1:\"Y\";s:16:\"available_update\";s:1:\"Y\";}', '', 1, 'N', 'N'),
(83, 'addons', 'Favorites', 'a:2:{s:9:\"is_search\";s:1:\"Y\";s:9:\"favorites\";s:1:\"Y\";}', '', 1, 'N', 'N'),
(84, 'addons', 'Recently installed', 'a:2:{s:9:\"is_search\";s:1:\"Y\";s:6:\"period\";s:2:\"HH\";}', '', 1, 'N', 'N'),
(85, 'lv_companies', '', 'a:0:{}', 'a:4:{s:9:\"items_ids\";a:0:{}s:11:\"total_pages\";i:0;s:14:\"items_per_page\";i:0;s:11:\"total_items\";i:0;}', 30, 'N', 'N'),
(86, 'lv_rma', '', 'a:0:{}', 'a:4:{s:9:\"items_ids\";a:0:{}s:11:\"total_pages\";i:0;s:14:\"items_per_page\";i:0;s:11:\"total_items\";i:0;}', 30, 'N', 'N'),
(87, 'lv_companies', '', 'a:0:{}', 'a:4:{s:9:\"items_ids\";a:0:{}s:11:\"total_pages\";i:0;s:14:\"items_per_page\";i:0;s:11:\"total_items\";i:0;}', 12, 'N', 'N'),
(88, 'lv_companies', '', 'a:0:{}', 'a:4:{s:9:\"items_ids\";a:0:{}s:11:\"total_pages\";i:0;s:14:\"items_per_page\";i:0;s:11:\"total_items\";i:0;}', 0, 'N', 'N'),
(89, 'lv_orders', '', 'a:0:{}', 'a:4:{s:9:\"items_ids\";a:0:{}s:11:\"total_pages\";i:0;s:14:\"items_per_page\";i:0;s:11:\"total_items\";i:0;}', 0, 'N', 'N'),
(90, 'lv_shipments', '', 'a:1:{s:8:\"order_id\";s:3:\"105\";}', 'a:4:{s:9:\"items_ids\";a:0:{}s:11:\"total_pages\";i:0;s:14:\"items_per_page\";i:0;s:11:\"total_items\";i:0;}', 0, 'N', 'N'),
(91, 'lv_cart', '', 'a:0:{}', 'a:4:{s:9:\"items_ids\";a:0:{}s:11:\"total_pages\";i:0;s:14:\"items_per_page\";i:0;s:11:\"total_items\";i:0;}', 0, 'N', 'N');

-- --------------------------------------------------------

--
-- Table structure for table `partiushop_warehouses_destination_products_amount`
--

CREATE TABLE `partiushop_warehouses_destination_products_amount` (
  `destination_id` mediumint(8) UNSIGNED NOT NULL,
  `storefront_id` mediumint(8) UNSIGNED NOT NULL,
  `product_id` mediumint(8) UNSIGNED NOT NULL,
  `amount` mediumint(8) NOT NULL
) ENGINE=MyISAM DEFAULT CHARSET=utf8;

-- --------------------------------------------------------

--
-- Table structure for table `partiushop_warehouses_products_amount`
--

CREATE TABLE `partiushop_warehouses_products_amount` (
  `warehouse_id` mediumint(8) UNSIGNED NOT NULL,
  `product_id` mediumint(8) UNSIGNED NOT NULL,
  `amount` mediumint(8) NOT NULL
) ENGINE=MyISAM DEFAULT CHARSET=utf8;

-- --------------------------------------------------------

--
-- Table structure for table `partiushop_warehouses_sum_products_amount`
--

CREATE TABLE `partiushop_warehouses_sum_products_amount` (
  `storefront_id` int(11) NOT NULL,
  `product_id` mediumint(8) UNSIGNED NOT NULL,
  `amount` mediumint(8) NOT NULL
) ENGINE=MyISAM DEFAULT CHARSET=utf8;

-- --------------------------------------------------------

--
-- Table structure for table `phinxlog1628086052`
--

CREATE TABLE `phinxlog1628086052` (
  `version` bigint(20) NOT NULL,
  `start_time` timestamp NULL DEFAULT NULL,
  `end_time` timestamp NULL DEFAULT NULL
) ENGINE=InnoDB DEFAULT CHARSET=utf8;

--
-- Dumping data for table `phinxlog1628086052`
--

INSERT INTO `phinxlog1628086052` (`version`, `start_time`, `end_time`) VALUES
(20201027153941, '2021-08-04 14:07:34', '2021-08-04 14:07:34'),
(20201027153942, '2021-08-04 14:07:34', '2021-08-04 14:07:35');

-- --------------------------------------------------------

--
-- Table structure for table `phinxlog1628086304`
--

CREATE TABLE `phinxlog1628086304` (
  `version` bigint(20) NOT NULL,
  `start_time` timestamp NULL DEFAULT NULL,
  `end_time` timestamp NULL DEFAULT NULL
) ENGINE=InnoDB DEFAULT CHARSET=utf8;

--
-- Dumping data for table `phinxlog1628086304`
--

INSERT INTO `phinxlog1628086304` (`version`, `start_time`, `end_time`) VALUES
(20201214185531, '2021-08-04 14:16:43', '2021-08-04 14:16:43');

-- --------------------------------------------------------

--
-- Table structure for table `phinxlog1628111513`
--

CREATE TABLE `phinxlog1628111513` (
  `version` bigint(20) NOT NULL,
  `start_time` timestamp NULL DEFAULT NULL,
  `end_time` timestamp NULL DEFAULT NULL
) ENGINE=InnoDB DEFAULT CHARSET=utf8;

--
-- Dumping data for table `phinxlog1628111513`
--

INSERT INTO `phinxlog1628111513` (`version`, `start_time`, `end_time`) VALUES
(20210616154739, '2021-08-04 21:12:05', '2021-08-04 21:12:05');

-- --------------------------------------------------------

--
-- Table structure for table `phinxlog1628195824`
--

CREATE TABLE `phinxlog1628195824` (
  `version` bigint(20) NOT NULL,
  `start_time` timestamp NULL DEFAULT NULL,
  `end_time` timestamp NULL DEFAULT NULL
) ENGINE=InnoDB DEFAULT CHARSET=utf8;

--
-- Dumping data for table `phinxlog1628195824`
--

INSERT INTO `phinxlog1628195824` (`version`, `start_time`, `end_time`) VALUES
(20200206082823, '2021-08-05 20:38:35', '2021-08-05 20:38:35'),
(20200214090459, '2021-08-05 20:38:35', '2021-08-05 20:38:35'),
(20200220052914, '2021-08-05 20:38:35', '2021-08-05 20:38:35'),
(20200220055746, '2021-08-05 20:38:35', '2021-08-05 20:38:35'),
(20200226062233, '2021-08-05 20:38:35', '2021-08-05 20:38:35'),
(20200304083836, '2021-08-05 20:38:35', '2021-08-05 20:38:35'),
(20200304103108, '2021-08-05 20:38:35', '2021-08-05 20:38:35'),
(20200306090109, '2021-08-05 20:38:35', '2021-08-05 20:38:35'),
(20200317102123, '2021-08-05 20:38:35', '2021-08-05 20:38:35'),
(20200318085406, '2021-08-05 20:38:35', '2021-08-05 20:38:35'),
(20200318113116, '2021-08-05 20:38:35', '2021-08-05 20:38:35'),
(20200320060807, '2021-08-05 20:38:35', '2021-08-05 20:38:35'),
(20200323120137, '2021-08-05 20:38:35', '2021-08-05 20:38:35'),
(20200402111205, '2021-08-05 20:38:35', '2021-08-05 20:38:35'),
(20200406070453, '2021-08-05 20:38:35', '2021-08-05 20:38:35'),
(20200408043605, '2021-08-05 20:38:35', '2021-08-05 20:38:35'),
(20200422143945, '2021-08-05 20:38:35', '2021-08-05 20:38:35'),
(20200429132857, '2021-08-05 20:38:35', '2021-08-05 20:38:35');

-- --------------------------------------------------------

--
-- Table structure for table `phinxlog1628259681`
--

CREATE TABLE `phinxlog1628259681` (
  `version` bigint(20) NOT NULL,
  `start_time` timestamp NULL DEFAULT NULL,
  `end_time` timestamp NULL DEFAULT NULL
) ENGINE=InnoDB DEFAULT CHARSET=utf8;

--
-- Dumping data for table `phinxlog1628259681`
--

INSERT INTO `phinxlog1628259681` (`version`, `start_time`, `end_time`) VALUES
(20200505101000, '2021-08-06 14:21:56', '2021-08-06 14:21:56'),
(20200514130528, '2021-08-06 14:21:56', '2021-08-06 14:21:56'),
(20200521064213, '2021-08-06 14:21:56', '2021-08-06 14:21:57'),
(20200601064822, '2021-08-06 14:21:57', '2021-08-06 14:21:57'),
(20200604094116, '2021-08-06 14:21:57', '2021-08-06 14:21:57'),
(20200605052533, '2021-08-06 14:21:57', '2021-08-06 14:21:57'),
(20200616044738, '2021-08-06 14:21:57', '2021-08-06 14:21:57'),
(20200623111959, '2021-08-06 14:21:57', '2021-08-06 14:21:57'),
(20200624105717, '2021-08-06 14:21:57', '2021-08-06 14:21:57'),
(20200716072602, '2021-08-06 14:21:57', '2021-08-06 14:21:57'),
(20200720102459, '2021-08-06 14:21:57', '2021-08-06 14:21:57'),
(20200722082511, '2021-08-06 14:21:57', '2021-08-06 14:21:57'),
(20200723083612, '2021-08-06 14:21:57', '2021-08-06 14:21:57'),
(20200728083007, '2021-08-06 14:21:57', '2021-08-06 14:21:57'),
(20200812123026, '2021-08-06 14:21:57', '2021-08-06 14:21:57'),
(20200818085917, '2021-08-06 14:21:57', '2021-08-06 14:21:57'),
(20200910110410, '2021-08-06 14:21:57', '2021-08-06 14:21:57');

-- --------------------------------------------------------

--
-- Table structure for table `phinxlog1628792313`
--

CREATE TABLE `phinxlog1628792313` (
  `version` bigint(20) NOT NULL,
  `start_time` timestamp NULL DEFAULT NULL,
  `end_time` timestamp NULL DEFAULT NULL
) ENGINE=InnoDB DEFAULT CHARSET=utf8;

--
-- Dumping data for table `phinxlog1628792313`
--

INSERT INTO `phinxlog1628792313` (`version`, `start_time`, `end_time`) VALUES
(20200505101000, '2021-08-12 18:19:19', '2021-08-12 18:19:19'),
(20200514130528, '2021-08-12 18:19:19', '2021-08-12 18:19:19'),
(20200521064213, '2021-08-12 18:19:19', '2021-08-12 18:19:20'),
(20200601064822, '2021-08-12 18:19:20', '2021-08-12 18:19:20'),
(20200604094116, '2021-08-12 18:19:20', '2021-08-12 18:19:20'),
(20200605052533, '2021-08-12 18:19:20', '2021-08-12 18:19:20'),
(20200616044738, '2021-08-12 18:19:20', '2021-08-12 18:19:20'),
(20200623111959, '2021-08-12 18:19:20', '2021-08-12 18:19:20'),
(20200624105717, '2021-08-12 18:19:20', '2021-08-12 18:19:20'),
(20200716072602, '2021-08-12 18:19:20', '2021-08-12 18:19:20'),
(20200720102459, '2021-08-12 18:19:20', '2021-08-12 18:19:20'),
(20200722082511, '2021-08-12 18:19:20', '2021-08-12 18:19:20'),
(20200723083612, '2021-08-12 18:19:20', '2021-08-12 18:19:20'),
(20200728083007, '2021-08-12 18:19:20', '2021-08-12 18:19:20'),
(20200812123026, '2021-08-12 18:19:20', '2021-08-12 18:19:20'),
(20200818085917, '2021-08-12 18:19:20', '2021-08-12 18:19:20'),
(20200910110410, '2021-08-12 18:19:20', '2021-08-12 18:19:20');

-- --------------------------------------------------------

--
-- Table structure for table `phinxlog1629141786`
--

CREATE TABLE `phinxlog1629141786` (
  `version` bigint(20) NOT NULL,
  `start_time` timestamp NULL DEFAULT NULL,
  `end_time` timestamp NULL DEFAULT NULL
) ENGINE=InnoDB DEFAULT CHARSET=utf8;

--
-- Dumping data for table `phinxlog1629141786`
--

INSERT INTO `phinxlog1629141786` (`version`, `start_time`, `end_time`) VALUES
(20200505101000, '2021-08-16 19:23:30', '2021-08-16 19:23:30'),
(20200514130528, '2021-08-16 19:23:30', '2021-08-16 19:23:30'),
(20200521064213, '2021-08-16 19:23:30', '2021-08-16 19:23:31'),
(20200601064822, '2021-08-16 19:23:31', '2021-08-16 19:23:31'),
(20200604094116, '2021-08-16 19:23:31', '2021-08-16 19:23:31'),
(20200605052533, '2021-08-16 19:23:31', '2021-08-16 19:23:31'),
(20200616044738, '2021-08-16 19:23:31', '2021-08-16 19:23:31'),
(20200623111959, '2021-08-16 19:23:31', '2021-08-16 19:23:31'),
(20200624105717, '2021-08-16 19:23:31', '2021-08-16 19:23:31'),
(20200716072602, '2021-08-16 19:23:31', '2021-08-16 19:23:31'),
(20200720102459, '2021-08-16 19:23:31', '2021-08-16 19:23:31'),
(20200722082511, '2021-08-16 19:23:31', '2021-08-16 19:23:31'),
(20200723083612, '2021-08-16 19:23:31', '2021-08-16 19:23:31'),
(20200728083007, '2021-08-16 19:23:31', '2021-08-16 19:23:31'),
(20200812123026, '2021-08-16 19:23:31', '2021-08-16 19:23:32'),
(20200818085917, '2021-08-16 19:23:32', '2021-08-16 19:23:32'),
(20200910110410, '2021-08-16 19:23:32', '2021-08-16 19:23:32');

-- --------------------------------------------------------

--
-- Table structure for table `phinxlog1629142296`
--

CREATE TABLE `phinxlog1629142296` (
  `version` bigint(20) NOT NULL,
  `start_time` timestamp NULL DEFAULT NULL,
  `end_time` timestamp NULL DEFAULT NULL
) ENGINE=InnoDB DEFAULT CHARSET=utf8;

--
-- Dumping data for table `phinxlog1629142296`
--

INSERT INTO `phinxlog1629142296` (`version`, `start_time`, `end_time`) VALUES
(20191213090436, '2021-08-16 19:32:37', '2021-08-16 19:32:37'),
(20200128121750, '2021-08-16 19:32:37', '2021-08-16 19:32:37'),
(20200129072359, '2021-08-16 19:32:37', '2021-08-16 19:32:37'),
(20200130115310, '2021-08-16 19:32:37', '2021-08-16 19:32:37'),
(20200130121953, '2021-08-16 19:32:37', '2021-08-16 19:32:37'),
(20200130123307, '2021-08-16 19:32:37', '2021-08-16 19:32:37'),
(20200130123954, '2021-08-16 19:32:37', '2021-08-16 19:32:37'),
(20200130125511, '2021-08-16 19:32:37', '2021-08-16 19:32:37'),
(20200131113328, '2021-08-16 19:32:37', '2021-08-16 19:32:37'),
(20200207095546, '2021-08-16 19:32:37', '2021-08-16 19:32:37'),
(20200212073338, '2021-08-16 19:32:37', '2021-08-16 19:32:37'),
(20200213051532, '2021-08-16 19:32:37', '2021-08-16 19:32:37'),
(20200219083431, '2021-08-16 19:32:37', '2021-08-16 19:32:37'),
(20200221135818, '2021-08-16 19:32:37', '2021-08-16 19:32:37'),
(20200228072944, '2021-08-16 19:32:37', '2021-08-16 19:32:37'),
(20200309141714, '2021-08-16 19:32:37', '2021-08-16 19:32:37'),
(20200310082906, '2021-08-16 19:32:37', '2021-08-16 19:32:37'),
(20200312131313, '2021-08-16 19:32:37', '2021-08-16 19:32:37'),
(20200313044526, '2021-08-16 19:32:37', '2021-08-16 19:32:37'),
(20200320105718, '2021-08-16 19:32:37', '2021-08-16 19:32:38'),
(20200325065059, '2021-08-16 19:32:38', '2021-08-16 19:32:38'),
(20200401084552, '2021-08-16 19:32:38', '2021-08-16 19:32:38'),
(20200403132021, '2021-08-16 19:32:38', '2021-08-16 19:32:38'),
(20200407055143, '2021-08-16 19:32:38', '2021-08-16 19:32:38'),
(20200407152239, '2021-08-16 19:32:38', '2021-08-16 19:32:38'),
(20200414120737, '2021-08-16 19:32:38', '2021-08-16 19:32:38'),
(20200416120128, '2021-08-16 19:32:38', '2021-08-16 19:32:38'),
(20200421110935, '2021-08-16 19:32:38', '2021-08-16 19:32:38'),
(20200421111008, '2021-08-16 19:32:38', '2021-08-16 19:32:38'),
(20200512054926, '2021-08-16 19:32:38', '2021-08-16 19:32:38'),
(20200513101730, '2021-08-16 19:32:38', '2021-08-16 19:32:38'),
(20200519064500, '2021-08-16 19:32:38', '2021-08-16 19:32:38'),
(20200519064513, '2021-08-16 19:32:38', '2021-08-16 19:32:38'),
(20200519111612, '2021-08-16 19:32:38', '2021-08-16 19:32:38'),
(20200520065827, '2021-08-16 19:32:38', '2021-08-16 19:32:38'),
(20200521083544, '2021-08-16 19:32:38', '2021-08-16 19:32:38'),
(20200521100551, '2021-08-16 19:32:38', '2021-08-16 19:32:38'),
(20200601121248, '2021-08-16 19:32:38', '2021-08-16 19:32:38'),
(20200602054415, '2021-08-16 19:32:38', '2021-08-16 19:32:38'),
(20200602114700, '2021-08-16 19:32:38', '2021-08-16 19:32:38'),
(20200602114808, '2021-08-16 19:32:38', '2021-08-16 19:32:38'),
(20200603103557, '2021-08-16 19:32:38', '2021-08-16 19:32:38'),
(20200608094619, '2021-08-16 19:32:38', '2021-08-16 19:32:38'),
(20200612110800, '2021-08-16 19:32:38', '2021-08-16 19:32:38'),
(20200612111118, '2021-08-16 19:32:38', '2021-08-16 19:32:39'),
(20200723124335, '2021-08-16 19:32:39', '2021-08-16 19:32:39'),
(20200727103246, '2021-08-16 19:32:39', '2021-08-16 19:32:39'),
(20200727110626, '2021-08-16 19:32:39', '2021-08-16 19:32:39'),
(20200727111356, '2021-08-16 19:32:39', '2021-08-16 19:32:39'),
(20200727111827, '2021-08-16 19:32:39', '2021-08-16 19:32:39'),
(20200727112519, '2021-08-16 19:32:39', '2021-08-16 19:32:39'),
(20200727124746, '2021-08-16 19:32:39', '2021-08-16 19:32:39'),
(20200727125111, '2021-08-16 19:32:39', '2021-08-16 19:32:39'),
(20200727125247, '2021-08-16 19:32:39', '2021-08-16 19:32:39'),
(20200727130244, '2021-08-16 19:32:39', '2021-08-16 19:32:39'),
(20200727130348, '2021-08-16 19:32:39', '2021-08-16 19:32:39'),
(20200727130834, '2021-08-16 19:32:39', '2021-08-16 19:32:39'),
(20200727132002, '2021-08-16 19:32:39', '2021-08-16 19:32:39'),
(20200727132141, '2021-08-16 19:32:39', '2021-08-16 19:32:39'),
(20200727132508, '2021-08-16 19:32:39', '2021-08-16 19:32:39'),
(20200727133857, '2021-08-16 19:32:39', '2021-08-16 19:32:39'),
(20200727141441, '2021-08-16 19:32:39', '2021-08-16 19:32:39'),
(20200727142151, '2021-08-16 19:32:39', '2021-08-16 19:32:39'),
(20200727142930, '2021-08-16 19:32:39', '2021-08-16 19:32:39'),
(20200727144209, '2021-08-16 19:32:39', '2021-08-16 19:32:39'),
(20200804094706, '2021-08-16 19:32:39', '2021-08-16 19:32:39'),
(20200805081545, '2021-08-16 19:32:39', '2021-08-16 19:32:39'),
(20200806102000, '2021-08-16 19:32:39', '2021-08-16 19:32:39'),
(20200812145745, '2021-08-16 19:32:39', '2021-08-16 19:32:39'),
(20200820182027, '2021-08-16 19:32:39', '2021-08-16 19:32:39'),
(20200826131409, '2021-08-16 19:32:39', '2021-08-16 19:32:39'),
(20200831102322, '2021-08-16 19:32:39', '2021-08-16 19:32:39'),
(20200909124030, '2021-08-16 19:32:39', '2021-08-16 19:32:39'),
(20200909131526, '2021-08-16 19:32:39', '2021-08-16 19:32:39'),
(20200915070624, '2021-08-16 19:32:39', '2021-08-16 19:32:39'),
(20200916082604, '2021-08-16 19:32:39', '2021-08-16 19:32:39'),
(20200918083916, '2021-08-16 19:32:39', '2021-08-16 19:32:40'),
(20200918104357, '2021-08-16 19:32:40', '2021-08-16 19:32:40'),
(20201008131914, '2021-08-16 19:32:40', '2021-08-16 19:32:40'),
(20201013134618, '2021-08-16 19:32:40', '2021-08-16 19:32:40'),
(20201015190937, '2021-08-16 19:32:40', '2021-08-16 19:32:40'),
(20201021145632, '2021-08-16 19:32:40', '2021-08-16 19:32:41'),
(20201022072305, '2021-08-16 19:32:41', '2021-08-16 19:32:41'),
(20201022073411, '2021-08-16 19:32:41', '2021-08-16 19:32:41'),
(20201027112049, '2021-08-16 19:32:41', '2021-08-16 19:32:41'),
(20201103100319, '2021-08-16 19:32:41', '2021-08-16 19:32:41'),
(20201105133552, '2021-08-16 19:32:41', '2021-08-16 19:32:41'),
(20201110081244, '2021-08-16 19:32:41', '2021-08-16 19:32:41'),
(20201120074142, '2021-08-16 19:32:41', '2021-08-16 19:32:41');

-- --------------------------------------------------------

--
-- Table structure for table `phinxlog1629142462`
--

CREATE TABLE `phinxlog1629142462` (
  `version` bigint(20) NOT NULL,
  `start_time` timestamp NULL DEFAULT NULL,
  `end_time` timestamp NULL DEFAULT NULL
) ENGINE=InnoDB DEFAULT CHARSET=utf8;

--
-- Dumping data for table `phinxlog1629142462`
--

INSERT INTO `phinxlog1629142462` (`version`, `start_time`, `end_time`) VALUES
(20201103110213, '2021-08-16 19:34:51', '2021-08-16 19:34:51'),
(20201124115648, '2021-08-16 19:34:51', '2021-08-16 19:34:51'),
(20201214101054, '2021-08-16 19:34:51', '2021-08-16 19:34:51'),
(20201218062051, '2021-08-16 19:34:51', '2021-08-16 19:34:52'),
(20201218064304, '2021-08-16 19:34:52', '2021-08-16 19:34:52'),
(20201225064814, '2021-08-16 19:34:52', '2021-08-16 19:34:52'),
(20210105121953, '2021-08-16 19:34:52', '2021-08-16 19:34:52'),
(20210105134511, '2021-08-16 19:34:52', '2021-08-16 19:34:52'),
(20210112125351, '2021-08-16 19:34:52', '2021-08-16 19:34:52'),
(20210112125921, '2021-08-16 19:34:52', '2021-08-16 19:34:52'),
(20210114060638, '2021-08-16 19:34:52', '2021-08-16 19:34:52'),
(20210122110829, '2021-08-16 19:34:52', '2021-08-16 19:34:52');

-- --------------------------------------------------------

--
-- Table structure for table `phinxlog1629142819`
--

CREATE TABLE `phinxlog1629142819` (
  `version` bigint(20) NOT NULL,
  `start_time` timestamp NULL DEFAULT NULL,
  `end_time` timestamp NULL DEFAULT NULL
) ENGINE=InnoDB DEFAULT CHARSET=utf8;

--
-- Dumping data for table `phinxlog1629142819`
--

INSERT INTO `phinxlog1629142819` (`version`, `start_time`, `end_time`) VALUES
(20201124054721, '2021-08-16 19:40:42', '2021-08-16 19:40:42'),
(20201224112629, '2021-08-16 19:40:42', '2021-08-16 19:40:42'),
(20201228075108, '2021-08-16 19:40:42', '2021-08-16 19:40:42'),
(20210104111936, '2021-08-16 19:40:42', '2021-08-16 19:40:42'),
(20210125133122, '2021-08-16 19:40:42', '2021-08-16 19:40:42'),
(20210128124130, '2021-08-16 19:40:42', '2021-08-16 19:40:42'),
(20210129054602, '2021-08-16 19:40:42', '2021-08-16 19:40:42'),
(20210129071705, '2021-08-16 19:40:42', '2021-08-16 19:40:42'),
(20210129083404, '2021-08-16 19:40:42', '2021-08-16 19:40:42'),
(20210202204023, '2021-08-16 19:40:43', '2021-08-16 19:40:43'),
(20210211113135, '2021-08-16 19:40:43', '2021-08-16 19:40:43'),
(20210212133044, '2021-08-16 19:40:43', '2021-08-16 19:40:43'),
(20210215181227, '2021-08-16 19:40:43', '2021-08-16 19:40:43'),
(20210216065917, '2021-08-16 19:40:43', '2021-08-16 19:40:43'),
(20210216120635, '2021-08-16 19:40:43', '2021-08-16 19:40:43'),
(20210223113238, '2021-08-16 19:40:43', '2021-08-16 19:40:43'),
(20210304063437, '2021-08-16 19:40:43', '2021-08-16 19:40:43'),
(20210315055654, '2021-08-16 19:40:43', '2021-08-16 19:40:43'),
(20210329114253, '2021-08-16 19:40:43', '2021-08-16 19:40:43'),
(20210402101836, '2021-08-16 19:40:43', '2021-08-16 19:40:43'),
(20210416110904, '2021-08-16 19:40:43', '2021-08-16 19:40:43'),
(20210421080626, '2021-08-16 19:40:43', '2021-08-16 19:40:43'),
(20210423204823, '2021-08-16 19:40:43', '2021-08-16 19:40:43'),
(20210426160526, '2021-08-16 19:40:43', '2021-08-16 19:40:43'),
(20210501050138, '2021-08-16 19:40:43', '2021-08-16 19:40:43'),
(20210501050558, '2021-08-16 19:40:43', '2021-08-16 19:40:43'),
(20210501065906, '2021-08-16 19:40:43', '2021-08-16 19:40:43'),
(20210513052130, '2021-08-16 19:40:43', '2021-08-16 19:40:43'),
(20210513075530, '2021-08-16 19:40:43', '2021-08-16 19:40:43'),
(20210518102749, '2021-08-16 19:40:43', '2021-08-16 19:40:43'),
(20210519152736, '2021-08-16 19:40:43', '2021-08-16 19:40:43');

-- --------------------------------------------------------

--
-- Table structure for table `phinxlog1629143092`
--

CREATE TABLE `phinxlog1629143092` (
  `version` bigint(20) NOT NULL,
  `start_time` timestamp NULL DEFAULT NULL,
  `end_time` timestamp NULL DEFAULT NULL
) ENGINE=InnoDB DEFAULT CHARSET=utf8;

--
-- Dumping data for table `phinxlog1629143092`
--

INSERT INTO `phinxlog1629143092` (`version`, `start_time`, `end_time`) VALUES
(20210520110153, '2021-08-16 19:45:15', '2021-08-16 19:45:15'),
(20210618052328, '2021-08-16 19:45:15', '2021-08-16 19:45:15');

-- --------------------------------------------------------

--
-- Table structure for table `phinxlog1636460401`
--

CREATE TABLE `phinxlog1636460401` (
  `version` bigint(20) NOT NULL,
  `start_time` timestamp NULL DEFAULT NULL,
  `end_time` timestamp NULL DEFAULT NULL
) ENGINE=InnoDB DEFAULT CHARSET=utf8;

--
-- Dumping data for table `phinxlog1636460401`
--

INSERT INTO `phinxlog1636460401` (`version`, `start_time`, `end_time`) VALUES
(20210630051124, '2021-11-09 12:23:07', '2021-11-09 12:23:07'),
(20210701132647, '2021-11-09 12:23:07', '2021-11-09 12:23:07'),
(20210728125357, '2021-11-09 12:23:07', '2021-11-09 12:23:07'),
(20210818135812, '2021-11-09 12:23:07', '2021-11-09 12:23:07'),
(20210819102355, '2021-11-09 12:23:07', '2021-11-09 12:23:07'),
(20210830105137, '2021-11-09 12:23:07', '2021-11-09 12:23:07'),
(20210831121536, '2021-11-09 12:23:07', '2021-11-09 12:23:07'),
(20210909193112, '2021-11-09 12:23:07', '2021-11-09 12:23:07'),
(20211507125906, '2021-11-09 12:23:07', '2021-11-09 12:23:07');

-- --------------------------------------------------------

--
-- Table structure for table `phinxlog1652103660`
--

CREATE TABLE `phinxlog1652103660` (
  `version` bigint(20) NOT NULL,
  `start_time` timestamp NULL DEFAULT NULL,
  `end_time` timestamp NULL DEFAULT NULL
) ENGINE=InnoDB DEFAULT CHARSET=utf8;

--
-- Dumping data for table `phinxlog1652103660`
--

INSERT INTO `phinxlog1652103660` (`version`, `start_time`, `end_time`) VALUES
(20211122052317, '2022-05-09 13:44:45', '2022-05-09 13:44:45'),
(20211122112241, '2022-05-09 13:44:45', '2022-05-09 13:44:45'),
(20211125093625, '2022-05-09 13:44:45', '2022-05-09 13:44:45'),
(20211203132556, '2022-05-09 13:44:45', '2022-05-09 13:44:45'),
(20220117070042, '2022-05-09 13:44:45', '2022-05-09 13:44:45');

--
-- Indexes for dumped tables
--

--
-- Indexes for table `partiushop_abt__ut2_less_settings`
--
ALTER TABLE `partiushop_abt__ut2_less_settings`
  ADD PRIMARY KEY (`section`,`name`,`company_id`,`style`);

--
-- Indexes for table `partiushop_abt__ut2_microdata`
--
ALTER TABLE `partiushop_abt__ut2_microdata`
  ADD PRIMARY KEY (`id`);

--
-- Indexes for table `partiushop_abt__ut2_microdata_description`
--
ALTER TABLE `partiushop_abt__ut2_microdata_description`
  ADD PRIMARY KEY (`id`,`lang_code`);

--
-- Indexes for table `partiushop_abt__ut2_objects_banners`
--
ALTER TABLE `partiushop_abt__ut2_objects_banners`
  ADD PRIMARY KEY (`link_id`);

--
-- Indexes for table `partiushop_abt__ut2_settings`
--
ALTER TABLE `partiushop_abt__ut2_settings`
  ADD PRIMARY KEY (`section`,`name`,`company_id`,`lang_code`);

--
-- Indexes for table `partiushop_ab__category_banners`
--
ALTER TABLE `partiushop_ab__category_banners`
  ADD PRIMARY KEY (`category_banner_id`),
  ADD KEY `status` (`status`);

--
-- Indexes for table `partiushop_ab__category_banner_categories`
--
ALTER TABLE `partiushop_ab__category_banner_categories`
  ADD PRIMARY KEY (`category_banner_id`,`category_id`);

--
-- Indexes for table `partiushop_ab__category_banner_images_and_descr`
--
ALTER TABLE `partiushop_ab__category_banner_images_and_descr`
  ADD PRIMARY KEY (`category_banner_image_id`),
  ADD UNIQUE KEY `banner` (`category_banner_id`,`lang_code`);

--
-- Indexes for table `partiushop_ab__dotd`
--
ALTER TABLE `partiushop_ab__dotd`
  ADD PRIMARY KEY (`promotion_id`);

--
-- Indexes for table `partiushop_ab__dotd_descriptions`
--
ALTER TABLE `partiushop_ab__dotd_descriptions`
  ADD PRIMARY KEY (`promotion_id`,`lang_code`);

--
-- Indexes for table `partiushop_ab__dotd_periods`
--
ALTER TABLE `partiushop_ab__dotd_periods`
  ADD PRIMARY KEY (`promotion_id`,`from_date`);

--
-- Indexes for table `partiushop_ab__mb_motivation_items`
--
ALTER TABLE `partiushop_ab__mb_motivation_items`
  ADD PRIMARY KEY (`motivation_item_id`,`company_id`),
  ADD KEY `exc_categories` (`exclude_categories`),
  ADD KEY `exc_destinations` (`exclude_destinations`);

--
-- Indexes for table `partiushop_ab__mb_motivation_item_descriptions`
--
ALTER TABLE `partiushop_ab__mb_motivation_item_descriptions`
  ADD PRIMARY KEY (`motivation_item_id`,`lang_code`);

--
-- Indexes for table `partiushop_ab__mb_motivation_item_objects`
--
ALTER TABLE `partiushop_ab__mb_motivation_item_objects`
  ADD PRIMARY KEY (`motivation_item_id`,`object_id`,`object_type`),
  ADD KEY `mid_otype` (`motivation_item_id`,`object_type`);

--
-- Indexes for table `partiushop_ab__mb_vendors_descriptions`
--
ALTER TABLE `partiushop_ab__mb_vendors_descriptions`
  ADD PRIMARY KEY (`motivation_item_id`,`company_id`,`lang_code`);

--
-- Indexes for table `partiushop_ab__search_motivation`
--
ALTER TABLE `partiushop_ab__search_motivation`
  ADD PRIMARY KEY (`category_id`,`company_id`,`lang_code`);

--
-- Indexes for table `partiushop_ab__video_gallery`
--
ALTER TABLE `partiushop_ab__video_gallery`
  ADD PRIMARY KEY (`video_id`),
  ADD KEY `status` (`status`),
  ADD KEY `product_id` (`product_id`);

--
-- Indexes for table `partiushop_ab__video_gallery_descriptions`
--
ALTER TABLE `partiushop_ab__video_gallery_descriptions`
  ADD PRIMARY KEY (`video_id`,`lang_code`);

--
-- Indexes for table `partiushop_ab__video_gallery_settings`
--
ALTER TABLE `partiushop_ab__video_gallery_settings`
  ADD PRIMARY KEY (`product_id`,`var`);

--
-- Indexes for table `partiushop_access_restriction`
--
ALTER TABLE `partiushop_access_restriction`
  ADD PRIMARY KEY (`item_id`),
  ADD KEY `type` (`type`);

--
-- Indexes for table `partiushop_access_restriction_block`
--
ALTER TABLE `partiushop_access_restriction_block`
  ADD PRIMARY KEY (`ip`);

--
-- Indexes for table `partiushop_access_restriction_reason_descriptions`
--
ALTER TABLE `partiushop_access_restriction_reason_descriptions`
  ADD PRIMARY KEY (`item_id`,`type`,`lang_code`);

--
-- Indexes for table `partiushop_addons`
--
ALTER TABLE `partiushop_addons`
  ADD PRIMARY KEY (`addon`),
  ADD KEY `priority` (`priority`);

--
-- Indexes for table `partiushop_addon_data`
--
ALTER TABLE `partiushop_addon_data`
  ADD PRIMARY KEY (`addon`);

--
-- Indexes for table `partiushop_addon_descriptions`
--
ALTER TABLE `partiushop_addon_descriptions`
  ADD PRIMARY KEY (`addon`,`lang_code`);

--
-- Indexes for table `partiushop_advanced_addon_data`
--
ALTER TABLE `partiushop_advanced_addon_data`
  ADD PRIMARY KEY (`user_id`);

--
-- Indexes for table `partiushop_also_bought_products`
--
ALTER TABLE `partiushop_also_bought_products`
  ADD PRIMARY KEY (`product_id`,`related_id`);

--
-- Indexes for table `partiushop_attachments`
--
ALTER TABLE `partiushop_attachments`
  ADD PRIMARY KEY (`attachment_id`),
  ADD KEY `object_type` (`object_type`,`object_id`),
  ADD KEY `type` (`type`);

--
-- Indexes for table `partiushop_attachment_descriptions`
--
ALTER TABLE `partiushop_attachment_descriptions`
  ADD PRIMARY KEY (`attachment_id`,`lang_code`);

--
-- Indexes for table `partiushop_banners`
--
ALTER TABLE `partiushop_banners`
  ADD PRIMARY KEY (`banner_id`),
  ADD KEY `localization` (`localization`),
  ADD KEY `status` (`status`),
  ADD KEY `company_id` (`company_id`);

--
-- Indexes for table `partiushop_banner_descriptions`
--
ALTER TABLE `partiushop_banner_descriptions`
  ADD PRIMARY KEY (`banner_id`,`lang_code`);

--
-- Indexes for table `partiushop_banner_images`
--
ALTER TABLE `partiushop_banner_images`
  ADD PRIMARY KEY (`banner_image_id`),
  ADD UNIQUE KEY `banner` (`banner_id`,`lang_code`);

--
-- Indexes for table `partiushop_blog_authors`
--
ALTER TABLE `partiushop_blog_authors`
  ADD PRIMARY KEY (`page_id`,`user_id`);

--
-- Indexes for table `partiushop_bm_blocks`
--
ALTER TABLE `partiushop_bm_blocks`
  ADD PRIMARY KEY (`block_id`);

--
-- Indexes for table `partiushop_bm_blocks_content`
--
ALTER TABLE `partiushop_bm_blocks_content`
  ADD PRIMARY KEY (`block_id`,`snapping_id`,`lang_code`,`object_id`,`object_type`);

--
-- Indexes for table `partiushop_bm_blocks_descriptions`
--
ALTER TABLE `partiushop_bm_blocks_descriptions`
  ADD PRIMARY KEY (`block_id`,`lang_code`);

--
-- Indexes for table `partiushop_bm_block_statuses`
--
ALTER TABLE `partiushop_bm_block_statuses`
  ADD UNIQUE KEY `snapping_id` (`snapping_id`,`object_type`);

--
-- Indexes for table `partiushop_bm_containers`
--
ALTER TABLE `partiushop_bm_containers`
  ADD PRIMARY KEY (`container_id`),
  ADD KEY `location_id` (`location_id`),
  ADD KEY `location_id_company_id` (`location_id`,`company_id`),
  ADD KEY `location_id_position_company_id` (`location_id`,`position`,`company_id`);

--
-- Indexes for table `partiushop_bm_grids`
--
ALTER TABLE `partiushop_bm_grids`
  ADD PRIMARY KEY (`grid_id`),
  ADD KEY `container_id` (`container_id`);

--
-- Indexes for table `partiushop_bm_layouts`
--
ALTER TABLE `partiushop_bm_layouts`
  ADD PRIMARY KEY (`layout_id`),
  ADD KEY `is_default` (`is_default`,`storefront_id`);

--
-- Indexes for table `partiushop_bm_locations`
--
ALTER TABLE `partiushop_bm_locations`
  ADD PRIMARY KEY (`location_id`);

--
-- Indexes for table `partiushop_bm_locations_descriptions`
--
ALTER TABLE `partiushop_bm_locations_descriptions`
  ADD PRIMARY KEY (`location_id`,`lang_code`);

--
-- Indexes for table `partiushop_bm_snapping`
--
ALTER TABLE `partiushop_bm_snapping`
  ADD PRIMARY KEY (`snapping_id`),
  ADD KEY `grid_id` (`grid_id`);

--
-- Indexes for table `partiushop_buy_together`
--
ALTER TABLE `partiushop_buy_together`
  ADD PRIMARY KEY (`chain_id`),
  ADD KEY `product_id` (`product_id`);

--
-- Indexes for table `partiushop_buy_together_descriptions`
--
ALTER TABLE `partiushop_buy_together_descriptions`
  ADD PRIMARY KEY (`chain_id`,`lang_code`);

--
-- Indexes for table `partiushop_cache_handlers`
--
ALTER TABLE `partiushop_cache_handlers`
  ADD UNIQUE KEY `table_name_cache_key` (`table_name`,`cache_key`),
  ADD KEY `table_name` (`table_name`);

--
-- Indexes for table `partiushop_call_requests`
--
ALTER TABLE `partiushop_call_requests`
  ADD PRIMARY KEY (`request_id`),
  ADD KEY `user_id` (`company_id`,`user_id`),
  ADD KEY `timestamp` (`timestamp`),
  ADD KEY `status` (`status`);

--
-- Indexes for table `partiushop_categories`
--
ALTER TABLE `partiushop_categories`
  ADD PRIMARY KEY (`category_id`),
  ADD KEY `c_status` (`usergroup_ids`,`status`,`parent_id`),
  ADD KEY `position` (`position`),
  ADD KEY `parent` (`parent_id`),
  ADD KEY `id_path` (`id_path`),
  ADD KEY `localization` (`localization`),
  ADD KEY `age_verification` (`age_verification`,`age_limit`),
  ADD KEY `parent_age_verification` (`parent_age_verification`,`parent_age_limit`),
  ADD KEY `p_category_id` (`category_id`,`usergroup_ids`,`status`);

--
-- Indexes for table `partiushop_category_descriptions`
--
ALTER TABLE `partiushop_category_descriptions`
  ADD PRIMARY KEY (`category_id`,`lang_code`);

--
-- Indexes for table `partiushop_category_vendor_product_count`
--
ALTER TABLE `partiushop_category_vendor_product_count`
  ADD PRIMARY KEY (`company_id`,`category_id`);

--
-- Indexes for table `partiushop_common_descriptions`
--
ALTER TABLE `partiushop_common_descriptions`
  ADD PRIMARY KEY (`object_id`,`lang_code`,`object_holder`);

--
-- Indexes for table `partiushop_companies`
--
ALTER TABLE `partiushop_companies`
  ADD PRIMARY KEY (`company_id`);

--
-- Indexes for table `partiushop_companies_socios`
--
ALTER TABLE `partiushop_companies_socios`
  ADD PRIMARY KEY (`socios_id`);

--
-- Indexes for table `partiushop_company_descriptions`
--
ALTER TABLE `partiushop_company_descriptions`
  ADD PRIMARY KEY (`company_id`,`lang_code`);

--
-- Indexes for table `partiushop_countries`
--
ALTER TABLE `partiushop_countries`
  ADD PRIMARY KEY (`code`),
  ADD KEY `status` (`status`);

--
-- Indexes for table `partiushop_country_descriptions`
--
ALTER TABLE `partiushop_country_descriptions`
  ADD PRIMARY KEY (`code`,`lang_code`);

--
-- Indexes for table `partiushop_cronjobs`
--
ALTER TABLE `partiushop_cronjobs`
  ADD PRIMARY KEY (`cronjob_id`);

--
-- Indexes for table `partiushop_currencies`
--
ALTER TABLE `partiushop_currencies`
  ADD PRIMARY KEY (`currency_id`),
  ADD UNIQUE KEY `currency_code` (`currency_code`);

--
-- Indexes for table `partiushop_currency_descriptions`
--
ALTER TABLE `partiushop_currency_descriptions`
  ADD PRIMARY KEY (`currency_id`,`lang_code`);

--
-- Indexes for table `partiushop_data_feeds`
--
ALTER TABLE `partiushop_data_feeds`
  ADD PRIMARY KEY (`datafeed_id`);

--
-- Indexes for table `partiushop_data_feed_descriptions`
--
ALTER TABLE `partiushop_data_feed_descriptions`
  ADD PRIMARY KEY (`datafeed_id`,`lang_code`);

--
-- Indexes for table `partiushop_destinations`
--
ALTER TABLE `partiushop_destinations`
  ADD PRIMARY KEY (`destination_id`),
  ADD KEY `localization` (`localization`),
  ADD KEY `c_status` (`destination_id`,`status`);

--
-- Indexes for table `partiushop_destination_descriptions`
--
ALTER TABLE `partiushop_destination_descriptions`
  ADD PRIMARY KEY (`destination_id`,`lang_code`);

--
-- Indexes for table `partiushop_destination_elements`
--
ALTER TABLE `partiushop_destination_elements`
  ADD PRIMARY KEY (`element_id`),
  ADD KEY `c_status` (`destination_id`);

--
-- Indexes for table `partiushop_discussion`
--
ALTER TABLE `partiushop_discussion`
  ADD PRIMARY KEY (`thread_id`),
  ADD UNIQUE KEY `object_id` (`object_id`,`object_type`),
  ADD KEY `idx_company_id` (`company_id`);

--
-- Indexes for table `partiushop_discussion_messages`
--
ALTER TABLE `partiushop_discussion_messages`
  ADD PRIMARY KEY (`post_id`),
  ADD KEY `thread_id` (`thread_id`);

--
-- Indexes for table `partiushop_discussion_posts`
--
ALTER TABLE `partiushop_discussion_posts`
  ADD PRIMARY KEY (`post_id`),
  ADD KEY `thread_id` (`thread_id`,`ip_address`),
  ADD KEY `thread_id_2` (`thread_id`,`status`);

--
-- Indexes for table `partiushop_discussion_rating`
--
ALTER TABLE `partiushop_discussion_rating`
  ADD PRIMARY KEY (`post_id`),
  ADD KEY `thread_id` (`thread_id`);

--
-- Indexes for table `partiushop_ekeys`
--
ALTER TABLE `partiushop_ekeys`
  ADD PRIMARY KEY (`object_id`,`object_type`,`ekey`(64)),
  ADD UNIQUE KEY `object_string` (`object_string`,`object_type`,`ekey`(64)),
  ADD KEY `c_status` (`ekey`(64),`object_type`,`ttl`);

--
-- Indexes for table `partiushop_em_mailchimp_webhooks`
--
ALTER TABLE `partiushop_em_mailchimp_webhooks`
  ADD PRIMARY KEY (`webhook_id`);

--
-- Indexes for table `partiushop_em_subscribers`
--
ALTER TABLE `partiushop_em_subscribers`
  ADD PRIMARY KEY (`subscriber_id`),
  ADD UNIQUE KEY `email` (`email`,`company_id`);

--
-- Indexes for table `partiushop_et_category_banner`
--
ALTER TABLE `partiushop_et_category_banner`
  ADD UNIQUE KEY `category_id` (`category_id`);

--
-- Indexes for table `partiushop_et_category_menu`
--
ALTER TABLE `partiushop_et_category_menu`
  ADD PRIMARY KEY (`et_menu_id`),
  ADD UNIQUE KEY `categ_id` (`categ_id`,`lang_code`);

--
-- Indexes for table `partiushop_et_featured_product_banner_tabs`
--
ALTER TABLE `partiushop_et_featured_product_banner_tabs`
  ADD PRIMARY KEY (`block_id`);

--
-- Indexes for table `partiushop_et_featured_product_banner_tabs_data`
--
ALTER TABLE `partiushop_et_featured_product_banner_tabs_data`
  ADD UNIQUE KEY `block_id` (`block_id`,`lang_code`);

--
-- Indexes for table `partiushop_et_featured_product_banner_tabs_tabs`
--
ALTER TABLE `partiushop_et_featured_product_banner_tabs_tabs`
  ADD PRIMARY KEY (`tab_id`);

--
-- Indexes for table `partiushop_et_featured_product_banner_tabs_tabs_data`
--
ALTER TABLE `partiushop_et_featured_product_banner_tabs_tabs_data`
  ADD PRIMARY KEY (`data_id`),
  ADD UNIQUE KEY `tab_id` (`tab_id`,`lang_code`);

--
-- Indexes for table `partiushop_et_menu`
--
ALTER TABLE `partiushop_et_menu`
  ADD PRIMARY KEY (`et_menu_id`),
  ADD UNIQUE KEY `et_menu_id` (`et_menu_id`,`lang_code`),
  ADD UNIQUE KEY `param_id` (`param_id`,`lang_code`);

--
-- Indexes for table `partiushop_et_mv_pp_content`
--
ALTER TABLE `partiushop_et_mv_pp_content`
  ADD PRIMARY KEY (`company_id`,`type`,`lang_code`);

--
-- Indexes for table `partiushop_et_mv_ved`
--
ALTER TABLE `partiushop_et_mv_ved`
  ADD PRIMARY KEY (`company_id`,`type`);

--
-- Indexes for table `partiushop_et_mv_vendor_settings`
--
ALTER TABLE `partiushop_et_mv_vendor_settings`
  ADD PRIMARY KEY (`ved_id`),
  ADD UNIQUE KEY `company_id` (`company_id`);

--
-- Indexes for table `partiushop_et_mv_vsb`
--
ALTER TABLE `partiushop_et_mv_vsb`
  ADD PRIMARY KEY (`vsb_id`);

--
-- Indexes for table `partiushop_et_mv_vsb_banners`
--
ALTER TABLE `partiushop_et_mv_vsb_banners`
  ADD PRIMARY KEY (`banner_id`),
  ADD UNIQUE KEY `banner_id` (`banner_id`,`lang_code`);

--
-- Indexes for table `partiushop_et_mv_vsb_data`
--
ALTER TABLE `partiushop_et_mv_vsb_data`
  ADD PRIMARY KEY (`data_id`),
  ADD UNIQUE KEY `data_id` (`data_id`,`lang_code`);

--
-- Indexes for table `partiushop_et_quick_info`
--
ALTER TABLE `partiushop_et_quick_info`
  ADD PRIMARY KEY (`block_id`);

--
-- Indexes for table `partiushop_et_quick_info_data`
--
ALTER TABLE `partiushop_et_quick_info_data`
  ADD PRIMARY KEY (`content_id`);

--
-- Indexes for table `partiushop_et_quick_info_descr`
--
ALTER TABLE `partiushop_et_quick_info_descr`
  ADD UNIQUE KEY `content_id` (`content_id`,`lang_code`);

--
-- Indexes for table `partiushop_et_quick_info_title`
--
ALTER TABLE `partiushop_et_quick_info_title`
  ADD UNIQUE KEY `block_id` (`block_id`,`lang_code`);

--
-- Indexes for table `partiushop_et_seo_names`
--
ALTER TABLE `partiushop_et_seo_names`
  ADD PRIMARY KEY (`dispatch`,`lang_code`),
  ADD KEY `name` (`name`,`lang_code`),
  ADD KEY `dispatch` (`dispatch`);

--
-- Indexes for table `partiushop_exim_layouts`
--
ALTER TABLE `partiushop_exim_layouts`
  ADD PRIMARY KEY (`layout_id`),
  ADD KEY `pattern_id` (`pattern_id`);

--
-- Indexes for table `partiushop_form_descriptions`
--
ALTER TABLE `partiushop_form_descriptions`
  ADD PRIMARY KEY (`object_id`,`lang_code`);

--
-- Indexes for table `partiushop_form_options`
--
ALTER TABLE `partiushop_form_options`
  ADD PRIMARY KEY (`element_id`),
  ADD KEY `page_id` (`page_id`,`status`),
  ADD KEY `position` (`position`);

--
-- Indexes for table `partiushop_gift_certificates`
--
ALTER TABLE `partiushop_gift_certificates`
  ADD PRIMARY KEY (`gift_cert_id`),
  ADD KEY `status` (`status`),
  ADD KEY `timestamp` (`timestamp`);

--
-- Indexes for table `partiushop_gift_certificates_log`
--
ALTER TABLE `partiushop_gift_certificates_log`
  ADD PRIMARY KEY (`log_id`),
  ADD KEY `area` (`area`),
  ADD KEY `user_id` (`user_id`),
  ADD KEY `order_id` (`order_id`),
  ADD KEY `timestamp` (`timestamp`);

--
-- Indexes for table `partiushop_hybrid_auth_providers`
--
ALTER TABLE `partiushop_hybrid_auth_providers`
  ADD PRIMARY KEY (`provider_id`);

--
-- Indexes for table `partiushop_hybrid_auth_storefronts_providers`
--
ALTER TABLE `partiushop_hybrid_auth_storefronts_providers`
  ADD PRIMARY KEY (`storefront_id`,`provider_id`);

--
-- Indexes for table `partiushop_hybrid_auth_users`
--
ALTER TABLE `partiushop_hybrid_auth_users`
  ADD PRIMARY KEY (`user_id`,`provider_id`);

--
-- Indexes for table `partiushop_images`
--
ALTER TABLE `partiushop_images`
  ADD PRIMARY KEY (`image_id`),
  ADD KEY `image_path` (`image_path`);

--
-- Indexes for table `partiushop_images_links`
--
ALTER TABLE `partiushop_images_links`
  ADD PRIMARY KEY (`pair_id`),
  ADD KEY `object_id` (`object_id`,`object_type`,`type`),
  ADD KEY `detailed_id` (`detailed_id`),
  ADD KEY `image_id` (`image_id`);

--
-- Indexes for table `partiushop_import_presets`
--
ALTER TABLE `partiushop_import_presets`
  ADD PRIMARY KEY (`preset_id`);

--
-- Indexes for table `partiushop_import_preset_descriptions`
--
ALTER TABLE `partiushop_import_preset_descriptions`
  ADD PRIMARY KEY (`preset_id`,`lang_code`);

--
-- Indexes for table `partiushop_import_preset_fields`
--
ALTER TABLE `partiushop_import_preset_fields`
  ADD PRIMARY KEY (`field_id`);

--
-- Indexes for table `partiushop_import_preset_states`
--
ALTER TABLE `partiushop_import_preset_states`
  ADD PRIMARY KEY (`preset_id`,`company_id`);

--
-- Indexes for table `partiushop_installed_upgrades`
--
ALTER TABLE `partiushop_installed_upgrades`
  ADD PRIMARY KEY (`id`);

--
-- Indexes for table `partiushop_languages`
--
ALTER TABLE `partiushop_languages`
  ADD PRIMARY KEY (`lang_id`),
  ADD UNIQUE KEY `lang_code` (`lang_code`);

--
-- Indexes for table `partiushop_language_values`
--
ALTER TABLE `partiushop_language_values`
  ADD PRIMARY KEY (`lang_code`,`name`);

--
-- Indexes for table `partiushop_localizations`
--
ALTER TABLE `partiushop_localizations`
  ADD PRIMARY KEY (`localization_id`);

--
-- Indexes for table `partiushop_localization_descriptions`
--
ALTER TABLE `partiushop_localization_descriptions`
  ADD KEY `localisation_id` (`localization_id`,`lang_code`);

--
-- Indexes for table `partiushop_localization_elements`
--
ALTER TABLE `partiushop_localization_elements`
  ADD PRIMARY KEY (`element_id`),
  ADD KEY `c_avail` (`localization_id`),
  ADD KEY `element` (`element`,`element_type`),
  ADD KEY `position` (`position`);

--
-- Indexes for table `partiushop_lock_keys`
--
ALTER TABLE `partiushop_lock_keys`
  ADD PRIMARY KEY (`key_id`);

--
-- Indexes for table `partiushop_logos`
--
ALTER TABLE `partiushop_logos`
  ADD PRIMARY KEY (`logo_id`),
  ADD KEY `type` (`type`,`company_id`);

--
-- Indexes for table `partiushop_logs`
--
ALTER TABLE `partiushop_logs`
  ADD PRIMARY KEY (`log_id`),
  ADD KEY `object` (`object`),
  ADD KEY `type` (`type`,`action`),
  ADD KEY `idx_timestamp` (`timestamp`);

--
-- Indexes for table `partiushop_mailing_lists`
--
ALTER TABLE `partiushop_mailing_lists`
  ADD PRIMARY KEY (`list_id`);

--
-- Indexes for table `partiushop_master_products_storefront_min_price`
--
ALTER TABLE `partiushop_master_products_storefront_min_price`
  ADD PRIMARY KEY (`product_id`,`storefront_id`);

--
-- Indexes for table `partiushop_master_products_storefront_offers_count`
--
ALTER TABLE `partiushop_master_products_storefront_offers_count`
  ADD PRIMARY KEY (`product_id`,`storefront_id`),
  ADD KEY `idx_storefront_id` (`storefront_id`);

--
-- Indexes for table `partiushop_menus`
--
ALTER TABLE `partiushop_menus`
  ADD PRIMARY KEY (`menu_id`);

--
-- Indexes for table `partiushop_menus_descriptions`
--
ALTER TABLE `partiushop_menus_descriptions`
  ADD PRIMARY KEY (`menu_id`,`lang_code`);

--
-- Indexes for table `partiushop_mobile_app_notification_subscriptions`
--
ALTER TABLE `partiushop_mobile_app_notification_subscriptions`
  ADD PRIMARY KEY (`subscription_id`),
  ADD UNIQUE KEY `token` (`token`),
  ADD UNIQUE KEY `device` (`platform`,`device_id`),
  ADD KEY `user_id` (`user_id`);

--
-- Indexes for table `partiushop_newsletters`
--
ALTER TABLE `partiushop_newsletters`
  ADD PRIMARY KEY (`newsletter_id`);

--
-- Indexes for table `partiushop_newsletter_batch_recipients`
--
ALTER TABLE `partiushop_newsletter_batch_recipients`
  ADD PRIMARY KEY (`send_list_id`),
  ADD KEY `send_key` (`send_key`);

--
-- Indexes for table `partiushop_newsletter_campaigns`
--
ALTER TABLE `partiushop_newsletter_campaigns`
  ADD PRIMARY KEY (`campaign_id`);

--
-- Indexes for table `partiushop_newsletter_descriptions`
--
ALTER TABLE `partiushop_newsletter_descriptions`
  ADD PRIMARY KEY (`newsletter_id`,`lang_code`);

--
-- Indexes for table `partiushop_newsletter_links`
--
ALTER TABLE `partiushop_newsletter_links`
  ADD PRIMARY KEY (`link_id`);

--
-- Indexes for table `partiushop_notifications`
--
ALTER TABLE `partiushop_notifications`
  ADD PRIMARY KEY (`notification_id`),
  ADD KEY `idx_user_id` (`user_id`),
  ADD KEY `idx_user_id_area` (`user_id`,`area`);

--
-- Indexes for table `partiushop_notification_event_receivers`
--
ALTER TABLE `partiushop_notification_event_receivers`
  ADD PRIMARY KEY (`id`);

--
-- Indexes for table `partiushop_notification_group_receivers`
--
ALTER TABLE `partiushop_notification_group_receivers`
  ADD PRIMARY KEY (`id`);

--
-- Indexes for table `partiushop_notification_settings`
--
ALTER TABLE `partiushop_notification_settings`
  ADD PRIMARY KEY (`event_id`,`transport_id`,`receiver`);

--
-- Indexes for table `partiushop_orders`
--
ALTER TABLE `partiushop_orders`
  ADD PRIMARY KEY (`order_id`),
  ADD KEY `timestamp` (`timestamp`),
  ADD KEY `user_id` (`user_id`),
  ADD KEY `promotion_ids` (`promotion_ids`),
  ADD KEY `status` (`status`),
  ADD KEY `shipping_ids` (`shipping_ids`),
  ADD KEY `company_id` (`company_id`),
  ADD KEY `idx_updated_at` (`updated_at`);

--
-- Indexes for table `partiushop_order_attachments`
--
ALTER TABLE `partiushop_order_attachments`
  ADD PRIMARY KEY (`order_attachment_id`);

--
-- Indexes for table `partiushop_order_data`
--
ALTER TABLE `partiushop_order_data`
  ADD PRIMARY KEY (`order_data_id`),
  ADD UNIQUE KEY `idx_order_id_type` (`order_id`,`type`);

--
-- Indexes for table `partiushop_order_details`
--
ALTER TABLE `partiushop_order_details`
  ADD PRIMARY KEY (`item_id`,`order_id`),
  ADD KEY `o_k` (`order_id`,`product_id`);

--
-- Indexes for table `partiushop_order_docs`
--
ALTER TABLE `partiushop_order_docs`
  ADD PRIMARY KEY (`doc_id`,`type`),
  ADD KEY `type` (`order_id`,`type`);

--
-- Indexes for table `partiushop_order_transactions`
--
ALTER TABLE `partiushop_order_transactions`
  ADD PRIMARY KEY (`payment_id`,`transaction_id`);

--
-- Indexes for table `partiushop_original_values`
--
ALTER TABLE `partiushop_original_values`
  ADD PRIMARY KEY (`msgctxt`);

--
-- Indexes for table `partiushop_pages`
--
ALTER TABLE `partiushop_pages`
  ADD PRIMARY KEY (`page_id`),
  ADD KEY `localization` (`localization`),
  ADD KEY `parent_id` (`parent_id`),
  ADD KEY `id_path` (`id_path`);

--
-- Indexes for table `partiushop_page_descriptions`
--
ALTER TABLE `partiushop_page_descriptions`
  ADD PRIMARY KEY (`page_id`,`lang_code`);

--
-- Indexes for table `partiushop_payments`
--
ALTER TABLE `partiushop_payments`
  ADD PRIMARY KEY (`payment_id`),
  ADD KEY `c_status` (`usergroup_ids`,`status`),
  ADD KEY `position` (`position`),
  ADD KEY `localization` (`localization`);

--
-- Indexes for table `partiushop_payment_descriptions`
--
ALTER TABLE `partiushop_payment_descriptions`
  ADD PRIMARY KEY (`payment_id`,`lang_code`);

--
-- Indexes for table `partiushop_payment_processors`
--
ALTER TABLE `partiushop_payment_processors`
  ADD PRIMARY KEY (`processor_id`);

--
-- Indexes for table `partiushop_polls`
--
ALTER TABLE `partiushop_polls`
  ADD PRIMARY KEY (`page_id`);

--
-- Indexes for table `partiushop_polls_answers`
--
ALTER TABLE `partiushop_polls_answers`
  ADD PRIMARY KEY (`answer_id`,`vote_id`,`item_id`);

--
-- Indexes for table `partiushop_polls_votes`
--
ALTER TABLE `partiushop_polls_votes`
  ADD PRIMARY KEY (`vote_id`);

--
-- Indexes for table `partiushop_poll_descriptions`
--
ALTER TABLE `partiushop_poll_descriptions`
  ADD PRIMARY KEY (`object_id`,`lang_code`,`type`),
  ADD KEY `page_id` (`page_id`);

--
-- Indexes for table `partiushop_poll_items`
--
ALTER TABLE `partiushop_poll_items`
  ADD PRIMARY KEY (`item_id`),
  ADD KEY `parent_id` (`parent_id`),
  ADD KEY `type` (`type`),
  ADD KEY `page_id` (`page_id`);

--
-- Indexes for table `partiushop_premoderation_products`
--
ALTER TABLE `partiushop_premoderation_products`
  ADD PRIMARY KEY (`product_id`);

--
-- Indexes for table `partiushop_printslip_request`
--
ALTER TABLE `partiushop_printslip_request`
  ADD PRIMARY KEY (`id`);

--
-- Indexes for table `partiushop_privileges`
--
ALTER TABLE `partiushop_privileges`
  ADD PRIMARY KEY (`privilege`),
  ADD KEY `section_id` (`section_id`);

--
-- Indexes for table `partiushop_products`
--
ALTER TABLE `partiushop_products`
  ADD PRIMARY KEY (`product_id`),
  ADD KEY `age_verification` (`age_verification`,`age_limit`),
  ADD KEY `status` (`status`),
  ADD KEY `idx_parent_product_id` (`parent_product_id`),
  ADD KEY `idx_master_product_id` (`master_product_id`);

--
-- Indexes for table `partiushop_products_categories`
--
ALTER TABLE `partiushop_products_categories`
  ADD PRIMARY KEY (`category_id`,`product_id`),
  ADD KEY `link_type` (`link_type`),
  ADD KEY `pt` (`product_id`,`link_type`);

--
-- Indexes for table `partiushop_product_descriptions`
--
ALTER TABLE `partiushop_product_descriptions`
  ADD PRIMARY KEY (`product_id`,`lang_code`),
  ADD KEY `product_id` (`product_id`);

--
-- Indexes for table `partiushop_product_features`
--
ALTER TABLE `partiushop_product_features`
  ADD PRIMARY KEY (`feature_id`),
  ADD KEY `status` (`status`),
  ADD KEY `company_id` (`company_id`);

--
-- Indexes for table `partiushop_product_features_descriptions`
--
ALTER TABLE `partiushop_product_features_descriptions`
  ADD PRIMARY KEY (`feature_id`,`lang_code`);

--
-- Indexes for table `partiushop_product_features_values`
--
ALTER TABLE `partiushop_product_features_values`
  ADD PRIMARY KEY (`feature_id`,`product_id`,`variant_id`,`lang_code`),
  ADD KEY `fl` (`feature_id`,`lang_code`,`variant_id`,`value`,`value_int`),
  ADD KEY `variant_id` (`variant_id`),
  ADD KEY `lang_code` (`lang_code`),
  ADD KEY `product_id` (`product_id`),
  ADD KEY `fpl` (`feature_id`,`product_id`,`lang_code`),
  ADD KEY `idx_product_feature_variant_id` (`product_id`,`feature_id`,`lang_code`,`variant_id`);

--
-- Indexes for table `partiushop_product_feature_variants`
--
ALTER TABLE `partiushop_product_feature_variants`
  ADD PRIMARY KEY (`variant_id`),
  ADD KEY `feature_id` (`feature_id`),
  ADD KEY `position` (`position`);

--
-- Indexes for table `partiushop_product_feature_variant_descriptions`
--
ALTER TABLE `partiushop_product_feature_variant_descriptions`
  ADD PRIMARY KEY (`variant_id`,`lang_code`),
  ADD KEY `variant` (`variant`);

--
-- Indexes for table `partiushop_product_files`
--
ALTER TABLE `partiushop_product_files`
  ADD PRIMARY KEY (`file_id`),
  ADD KEY `product_id` (`product_id`);

--
-- Indexes for table `partiushop_product_file_descriptions`
--
ALTER TABLE `partiushop_product_file_descriptions`
  ADD PRIMARY KEY (`file_id`,`lang_code`);

--
-- Indexes for table `partiushop_product_file_ekeys`
--
ALTER TABLE `partiushop_product_file_ekeys`
  ADD PRIMARY KEY (`file_id`,`order_id`),
  ADD UNIQUE KEY `ekey` (`ekey`),
  ADD KEY `ttl` (`ttl`);

--
-- Indexes for table `partiushop_product_file_folders`
--
ALTER TABLE `partiushop_product_file_folders`
  ADD PRIMARY KEY (`folder_id`),
  ADD KEY `product_id` (`product_id`);

--
-- Indexes for table `partiushop_product_file_folder_descriptions`
--
ALTER TABLE `partiushop_product_file_folder_descriptions`
  ADD PRIMARY KEY (`folder_id`,`lang_code`);

--
-- Indexes for table `partiushop_product_filters`
--
ALTER TABLE `partiushop_product_filters`
  ADD PRIMARY KEY (`filter_id`),
  ADD KEY `feature_id` (`feature_id`),
  ADD KEY `company_id` (`company_id`);

--
-- Indexes for table `partiushop_product_filter_descriptions`
--
ALTER TABLE `partiushop_product_filter_descriptions`
  ADD PRIMARY KEY (`filter_id`,`lang_code`);

--
-- Indexes for table `partiushop_product_global_option_links`
--
ALTER TABLE `partiushop_product_global_option_links`
  ADD PRIMARY KEY (`option_id`,`product_id`),
  ADD KEY `product_id` (`product_id`);

--
-- Indexes for table `partiushop_product_options`
--
ALTER TABLE `partiushop_product_options`
  ADD PRIMARY KEY (`option_id`),
  ADD KEY `c_status` (`product_id`,`status`),
  ADD KEY `position` (`position`);

--
-- Indexes for table `partiushop_product_options_descriptions`
--
ALTER TABLE `partiushop_product_options_descriptions`
  ADD PRIMARY KEY (`option_id`,`lang_code`);

--
-- Indexes for table `partiushop_product_options_exceptions`
--
ALTER TABLE `partiushop_product_options_exceptions`
  ADD PRIMARY KEY (`exception_id`),
  ADD KEY `product` (`product_id`);

--
-- Indexes for table `partiushop_product_options_inventory`
--
ALTER TABLE `partiushop_product_options_inventory`
  ADD PRIMARY KEY (`combination_hash`),
  ADD KEY `pc` (`product_id`,`combination`);

--
-- Indexes for table `partiushop_product_option_variants`
--
ALTER TABLE `partiushop_product_option_variants`
  ADD PRIMARY KEY (`variant_id`),
  ADD KEY `position` (`position`),
  ADD KEY `status` (`status`),
  ADD KEY `option_id` (`option_id`,`status`),
  ADD KEY `option_id_2` (`option_id`,`variant_id`);

--
-- Indexes for table `partiushop_product_option_variants_descriptions`
--
ALTER TABLE `partiushop_product_option_variants_descriptions`
  ADD PRIMARY KEY (`variant_id`,`lang_code`);

--
-- Indexes for table `partiushop_product_plans`
--
ALTER TABLE `partiushop_product_plans`
  ADD PRIMARY KEY (`product_plans_id`);

--
-- Indexes for table `partiushop_product_plans_payment_quote`
--
ALTER TABLE `partiushop_product_plans_payment_quote`
  ADD PRIMARY KEY (`product_plans_payment_quote_id`);

--
-- Indexes for table `partiushop_product_point_prices`
--
ALTER TABLE `partiushop_product_point_prices`
  ADD PRIMARY KEY (`point_price_id`),
  ADD UNIQUE KEY `unique_key` (`lower_limit`,`usergroup_id`,`product_id`),
  ADD KEY `src_k` (`product_id`,`lower_limit`,`usergroup_id`);

--
-- Indexes for table `partiushop_product_popularity`
--
ALTER TABLE `partiushop_product_popularity`
  ADD PRIMARY KEY (`product_id`),
  ADD KEY `total` (`product_id`,`total`);

--
-- Indexes for table `partiushop_product_prices`
--
ALTER TABLE `partiushop_product_prices`
  ADD UNIQUE KEY `usergroup` (`product_id`,`usergroup_id`,`lower_limit`),
  ADD KEY `product_id` (`product_id`),
  ADD KEY `lower_limit` (`lower_limit`),
  ADD KEY `usergroup_id` (`usergroup_id`,`product_id`);

--
-- Indexes for table `partiushop_product_required_products`
--
ALTER TABLE `partiushop_product_required_products`
  ADD PRIMARY KEY (`product_id`,`required_id`);

--
-- Indexes for table `partiushop_product_reviews`
--
ALTER TABLE `partiushop_product_reviews`
  ADD PRIMARY KEY (`product_review_id`),
  ADD KEY `idx_product_id` (`product_id`),
  ADD KEY `idx_user_id` (`user_id`);

--
-- Indexes for table `partiushop_product_review_prepared_data`
--
ALTER TABLE `partiushop_product_review_prepared_data`
  ADD PRIMARY KEY (`product_id`,`storefront_id`);

--
-- Indexes for table `partiushop_product_review_votes`
--
ALTER TABLE `partiushop_product_review_votes`
  ADD PRIMARY KEY (`user_id`,`product_review_id`,`ip_address`);

--
-- Indexes for table `partiushop_product_sales`
--
ALTER TABLE `partiushop_product_sales`
  ADD PRIMARY KEY (`category_id`,`product_id`),
  ADD KEY `pa` (`product_id`,`amount`);

--
-- Indexes for table `partiushop_product_subscriptions`
--
ALTER TABLE `partiushop_product_subscriptions`
  ADD PRIMARY KEY (`subscription_id`),
  ADD UNIQUE KEY `pe` (`product_id`,`email`),
  ADD KEY `pd` (`product_id`,`user_id`,`email`);

--
-- Indexes for table `partiushop_product_tabs`
--
ALTER TABLE `partiushop_product_tabs`
  ADD PRIMARY KEY (`tab_id`);

--
-- Indexes for table `partiushop_product_tabs_descriptions`
--
ALTER TABLE `partiushop_product_tabs_descriptions`
  ADD PRIMARY KEY (`tab_id`,`lang_code`);

--
-- Indexes for table `partiushop_product_variation_data_identity_map`
--
ALTER TABLE `partiushop_product_variation_data_identity_map`
  ADD PRIMARY KEY (`table_id`,`id`,`parent_id`),
  ADD KEY `idx_product_id` (`product_id`);

--
-- Indexes for table `partiushop_product_variation_groups`
--
ALTER TABLE `partiushop_product_variation_groups`
  ADD PRIMARY KEY (`id`),
  ADD UNIQUE KEY `idx_group_code` (`code`);

--
-- Indexes for table `partiushop_product_variation_group_features`
--
ALTER TABLE `partiushop_product_variation_group_features`
  ADD PRIMARY KEY (`feature_id`,`group_id`),
  ADD KEY `idx_group_id` (`group_id`);

--
-- Indexes for table `partiushop_product_variation_group_products`
--
ALTER TABLE `partiushop_product_variation_group_products`
  ADD PRIMARY KEY (`product_id`,`group_id`),
  ADD KEY `idx_group_id` (`group_id`),
  ADD KEY `idx_parent_product_id` (`parent_product_id`);

--
-- Indexes for table `partiushop_profile_fields`
--
ALTER TABLE `partiushop_profile_fields`
  ADD PRIMARY KEY (`field_id`),
  ADD KEY `field_name` (`field_name`),
  ADD KEY `checkout_show` (`checkout_show`,`field_type`),
  ADD KEY `profile_show` (`profile_show`,`field_type`);

--
-- Indexes for table `partiushop_profile_fields_data`
--
ALTER TABLE `partiushop_profile_fields_data`
  ADD PRIMARY KEY (`object_id`,`object_type`,`field_id`);

--
-- Indexes for table `partiushop_profile_field_descriptions`
--
ALTER TABLE `partiushop_profile_field_descriptions`
  ADD PRIMARY KEY (`object_id`,`object_type`,`lang_code`);

--
-- Indexes for table `partiushop_profile_field_sections`
--
ALTER TABLE `partiushop_profile_field_sections`
  ADD PRIMARY KEY (`section_id`),
  ADD UNIQUE KEY `code` (`code`);

--
-- Indexes for table `partiushop_profile_field_values`
--
ALTER TABLE `partiushop_profile_field_values`
  ADD PRIMARY KEY (`value_id`);

--
-- Indexes for table `partiushop_promotions`
--
ALTER TABLE `partiushop_promotions`
  ADD PRIMARY KEY (`promotion_id`);

--
-- Indexes for table `partiushop_promotion_descriptions`
--
ALTER TABLE `partiushop_promotion_descriptions`
  ADD PRIMARY KEY (`promotion_id`,`lang_code`);

--
-- Indexes for table `partiushop_promotion_images`
--
ALTER TABLE `partiushop_promotion_images`
  ADD PRIMARY KEY (`promotion_image_id`),
  ADD UNIQUE KEY `promo` (`promotion_id`,`lang_code`);

--
-- Indexes for table `partiushop_quick_menu`
--
ALTER TABLE `partiushop_quick_menu`
  ADD PRIMARY KEY (`menu_id`);

--
-- Indexes for table `partiushop_reward_points`
--
ALTER TABLE `partiushop_reward_points`
  ADD PRIMARY KEY (`reward_point_id`),
  ADD UNIQUE KEY `unique_key` (`object_id`,`usergroup_id`,`object_type`,`company_id`);

--
-- Indexes for table `partiushop_reward_point_changes`
--
ALTER TABLE `partiushop_reward_point_changes`
  ADD PRIMARY KEY (`change_id`);

--
-- Indexes for table `partiushop_rma_properties`
--
ALTER TABLE `partiushop_rma_properties`
  ADD PRIMARY KEY (`property_id`),
  ADD KEY `c_status` (`property_id`,`status`),
  ADD KEY `status` (`status`,`type`);

--
-- Indexes for table `partiushop_rma_property_descriptions`
--
ALTER TABLE `partiushop_rma_property_descriptions`
  ADD PRIMARY KEY (`property_id`,`lang_code`);

--
-- Indexes for table `partiushop_rma_returns`
--
ALTER TABLE `partiushop_rma_returns`
  ADD PRIMARY KEY (`return_id`),
  ADD KEY `order_id` (`order_id`),
  ADD KEY `timestamp` (`timestamp`),
  ADD KEY `user_id` (`user_id`),
  ADD KEY `status` (`status`);

--
-- Indexes for table `partiushop_rma_return_products`
--
ALTER TABLE `partiushop_rma_return_products`
  ADD PRIMARY KEY (`return_id`,`item_id`,`type`),
  ADD KEY `reason` (`reason`);

--
-- Indexes for table `partiushop_robots_data`
--
ALTER TABLE `partiushop_robots_data`
  ADD PRIMARY KEY (`robots_id`);

--
-- Indexes for table `partiushop_sales_reports`
--
ALTER TABLE `partiushop_sales_reports`
  ADD PRIMARY KEY (`report_id`);

--
-- Indexes for table `partiushop_sales_reports_descriptions`
--
ALTER TABLE `partiushop_sales_reports_descriptions`
  ADD PRIMARY KEY (`report_id`,`lang_code`);

--
-- Indexes for table `partiushop_sales_reports_elements`
--
ALTER TABLE `partiushop_sales_reports_elements`
  ADD PRIMARY KEY (`element_id`);

--
-- Indexes for table `partiushop_sales_reports_intervals`
--
ALTER TABLE `partiushop_sales_reports_intervals`
  ADD PRIMARY KEY (`interval_id`);

--
-- Indexes for table `partiushop_sales_reports_tables`
--
ALTER TABLE `partiushop_sales_reports_tables`
  ADD PRIMARY KEY (`table_id`);

--
-- Indexes for table `partiushop_sales_reports_table_conditions`
--
ALTER TABLE `partiushop_sales_reports_table_conditions`
  ADD PRIMARY KEY (`table_id`,`code`,`sub_element_id`);

--
-- Indexes for table `partiushop_sales_reports_table_descriptions`
--
ALTER TABLE `partiushop_sales_reports_table_descriptions`
  ADD PRIMARY KEY (`table_id`,`lang_code`);

--
-- Indexes for table `partiushop_sales_reports_table_elements`
--
ALTER TABLE `partiushop_sales_reports_table_elements`
  ADD PRIMARY KEY (`report_id`,`table_id`,`element_hash`);

--
-- Indexes for table `partiushop_sales_reports_table_element_conditions`
--
ALTER TABLE `partiushop_sales_reports_table_element_conditions`
  ADD PRIMARY KEY (`table_id`,`element_hash`,`ids`);

--
-- Indexes for table `partiushop_seo_names`
--
ALTER TABLE `partiushop_seo_names`
  ADD PRIMARY KEY (`object_id`,`type`,`dispatch`,`lang_code`,`company_id`),
  ADD KEY `name` (`name`,`lang_code`),
  ADD KEY `type` (`name`,`type`,`lang_code`),
  ADD KEY `dispatch` (`dispatch`);

--
-- Indexes for table `partiushop_seo_redirects`
--
ALTER TABLE `partiushop_seo_redirects`
  ADD PRIMARY KEY (`redirect_id`),
  ADD KEY `src` (`src`,`company_id`);

--
-- Indexes for table `partiushop_sessions`
--
ALTER TABLE `partiushop_sessions`
  ADD PRIMARY KEY (`session_id`),
  ADD KEY `src` (`session_id`,`expiry`),
  ADD KEY `expiry` (`expiry`);

--
-- Indexes for table `partiushop_settings_descriptions`
--
ALTER TABLE `partiushop_settings_descriptions`
  ADD PRIMARY KEY (`object_id`,`object_type`,`lang_code`);

--
-- Indexes for table `partiushop_settings_objects`
--
ALTER TABLE `partiushop_settings_objects`
  ADD PRIMARY KEY (`object_id`),
  ADD KEY `name` (`name`),
  ADD KEY `is_global` (`is_global`),
  ADD KEY `position` (`position`),
  ADD KEY `section_id` (`section_id`,`section_tab_id`);

--
-- Indexes for table `partiushop_settings_sections`
--
ALTER TABLE `partiushop_settings_sections`
  ADD PRIMARY KEY (`section_id`);

--
-- Indexes for table `partiushop_settings_variants`
--
ALTER TABLE `partiushop_settings_variants`
  ADD PRIMARY KEY (`variant_id`);

--
-- Indexes for table `partiushop_settings_vendor_values`
--
ALTER TABLE `partiushop_settings_vendor_values`
  ADD PRIMARY KEY (`object_id`,`company_id`,`storefront_id`),
  ADD KEY `storefront_id` (`storefront_id`),
  ADD KEY `company_id` (`company_id`);

--
-- Indexes for table `partiushop_shipments`
--
ALTER TABLE `partiushop_shipments`
  ADD PRIMARY KEY (`shipment_id`),
  ADD KEY `status` (`status`);

--
-- Indexes for table `partiushop_shipment_items`
--
ALTER TABLE `partiushop_shipment_items`
  ADD PRIMARY KEY (`item_id`,`shipment_id`),
  ADD KEY `shipment_id` (`shipment_id`);

--
-- Indexes for table `partiushop_shippings`
--
ALTER TABLE `partiushop_shippings`
  ADD UNIQUE KEY `shipping_id` (`shipping_id`),
  ADD KEY `position` (`position`),
  ADD KEY `localization` (`localization`),
  ADD KEY `c_status` (`usergroup_ids`,`min_weight`,`max_weight`,`status`);

--
-- Indexes for table `partiushop_shipping_descriptions`
--
ALTER TABLE `partiushop_shipping_descriptions`
  ADD PRIMARY KEY (`shipping_id`,`lang_code`);

--
-- Indexes for table `partiushop_shipping_rates`
--
ALTER TABLE `partiushop_shipping_rates`
  ADD PRIMARY KEY (`rate_id`),
  ADD UNIQUE KEY `shipping_rate` (`shipping_id`,`destination_id`);

--
-- Indexes for table `partiushop_shipping_services`
--
ALTER TABLE `partiushop_shipping_services`
  ADD PRIMARY KEY (`service_id`),
  ADD KEY `sa` (`service_id`,`status`);

--
-- Indexes for table `partiushop_shipping_service_descriptions`
--
ALTER TABLE `partiushop_shipping_service_descriptions`
  ADD PRIMARY KEY (`service_id`,`lang_code`);

--
-- Indexes for table `partiushop_shipping_time_descriptions`
--
ALTER TABLE `partiushop_shipping_time_descriptions`
  ADD PRIMARY KEY (`shipping_id`,`destination_id`,`lang_code`);

--
-- Indexes for table `partiushop_sitemap_links`
--
ALTER TABLE `partiushop_sitemap_links`
  ADD PRIMARY KEY (`link_id`);

--
-- Indexes for table `partiushop_sitemap_sections`
--
ALTER TABLE `partiushop_sitemap_sections`
  ADD PRIMARY KEY (`section_id`);

--
-- Indexes for table `partiushop_states`
--
ALTER TABLE `partiushop_states`
  ADD PRIMARY KEY (`state_id`),
  ADD UNIQUE KEY `cs` (`country_code`,`code`),
  ADD KEY `code` (`code`),
  ADD KEY `country_code` (`country_code`);

--
-- Indexes for table `partiushop_state_descriptions`
--
ALTER TABLE `partiushop_state_descriptions`
  ADD PRIMARY KEY (`state_id`,`lang_code`);

--
-- Indexes for table `partiushop_static_data`
--
ALTER TABLE `partiushop_static_data`
  ADD PRIMARY KEY (`param_id`),
  ADD KEY `section` (`section`,`status`,`localization`),
  ADD KEY `position` (`position`);

--
-- Indexes for table `partiushop_static_data_descriptions`
--
ALTER TABLE `partiushop_static_data_descriptions`
  ADD PRIMARY KEY (`param_id`,`lang_code`);

--
-- Indexes for table `partiushop_statuses`
--
ALTER TABLE `partiushop_statuses`
  ADD PRIMARY KEY (`status_id`),
  ADD UNIQUE KEY `status` (`status`,`type`),
  ADD KEY `position` (`position`);

--
-- Indexes for table `partiushop_status_data`
--
ALTER TABLE `partiushop_status_data`
  ADD PRIMARY KEY (`status_id`,`param`),
  ADD KEY `inventory` (`value`);

--
-- Indexes for table `partiushop_status_descriptions`
--
ALTER TABLE `partiushop_status_descriptions`
  ADD PRIMARY KEY (`status_id`,`lang_code`);

--
-- Indexes for table `partiushop_storage_data`
--
ALTER TABLE `partiushop_storage_data`
  ADD PRIMARY KEY (`data_key`);

--
-- Indexes for table `partiushop_stored_sessions`
--
ALTER TABLE `partiushop_stored_sessions`
  ADD PRIMARY KEY (`session_id`),
  ADD KEY `expiry` (`expiry`);

--
-- Indexes for table `partiushop_storefronts`
--
ALTER TABLE `partiushop_storefronts`
  ADD PRIMARY KEY (`storefront_id`);

--
-- Indexes for table `partiushop_storefronts_companies`
--
ALTER TABLE `partiushop_storefronts_companies`
  ADD PRIMARY KEY (`storefront_id`,`company_id`),
  ADD KEY `idx_storefront_id` (`storefront_id`);

--
-- Indexes for table `partiushop_storefronts_countries`
--
ALTER TABLE `partiushop_storefronts_countries`
  ADD PRIMARY KEY (`storefront_id`,`country_code`),
  ADD KEY `idx_storefront_id` (`storefront_id`);

--
-- Indexes for table `partiushop_storefronts_currencies`
--
ALTER TABLE `partiushop_storefronts_currencies`
  ADD PRIMARY KEY (`storefront_id`,`currency_id`),
  ADD KEY `idx_storefront_id` (`storefront_id`);

--
-- Indexes for table `partiushop_storefronts_languages`
--
ALTER TABLE `partiushop_storefronts_languages`
  ADD PRIMARY KEY (`storefront_id`,`language_id`),
  ADD KEY `idx_storefront_id` (`storefront_id`);

--
-- Indexes for table `partiushop_storefronts_payments`
--
ALTER TABLE `partiushop_storefronts_payments`
  ADD PRIMARY KEY (`storefront_id`,`payment_id`),
  ADD KEY `idx_storefront_id` (`storefront_id`);

--
-- Indexes for table `partiushop_storefronts_promotions`
--
ALTER TABLE `partiushop_storefronts_promotions`
  ADD PRIMARY KEY (`storefront_id`,`promotion_id`),
  ADD KEY `idx_storefront_id` (`storefront_id`);

--
-- Indexes for table `partiushop_storefronts_shippings`
--
ALTER TABLE `partiushop_storefronts_shippings`
  ADD PRIMARY KEY (`storefront_id`,`shipping_id`),
  ADD KEY `idx_storefront_id` (`storefront_id`);

--
-- Indexes for table `partiushop_store_locations`
--
ALTER TABLE `partiushop_store_locations`
  ADD PRIMARY KEY (`store_location_id`),
  ADD KEY `status` (`status`);

--
-- Indexes for table `partiushop_store_location_descriptions`
--
ALTER TABLE `partiushop_store_location_descriptions`
  ADD PRIMARY KEY (`store_location_id`,`lang_code`);

--
-- Indexes for table `partiushop_store_location_destination_links`
--
ALTER TABLE `partiushop_store_location_destination_links`
  ADD PRIMARY KEY (`link_id`),
  ADD UNIQUE KEY `idx_store_location_destination` (`store_location_id`,`destination_id`);

--
-- Indexes for table `partiushop_store_location_shipping_delays`
--
ALTER TABLE `partiushop_store_location_shipping_delays`
  ADD PRIMARY KEY (`store_location_id`,`destination_id`,`lang_code`);

--
-- Indexes for table `partiushop_subscribers`
--
ALTER TABLE `partiushop_subscribers`
  ADD PRIMARY KEY (`subscriber_id`),
  ADD UNIQUE KEY `email` (`email`);

--
-- Indexes for table `partiushop_suppliers`
--
ALTER TABLE `partiushop_suppliers`
  ADD PRIMARY KEY (`supplier_id`),
  ADD KEY `company` (`company_id`);

--
-- Indexes for table `partiushop_supplier_links`
--
ALTER TABLE `partiushop_supplier_links`
  ADD PRIMARY KEY (`supplier_id`,`object_id`,`object_type`),
  ADD KEY `object_id` (`object_id`,`object_type`);

--
-- Indexes for table `partiushop_sync_data_settings`
--
ALTER TABLE `partiushop_sync_data_settings`
  ADD PRIMARY KEY (`provider_id`,`company_id`);

--
-- Indexes for table `partiushop_tabela_frete_correios`
--
ALTER TABLE `partiushop_tabela_frete_correios`
  ADD PRIMARY KEY (`id`);

--
-- Indexes for table `partiushop_tabela_frete_correios_historico_de_pedidos`
--
ALTER TABLE `partiushop_tabela_frete_correios_historico_de_pedidos`
  ADD PRIMARY KEY (`id`);

--
-- Indexes for table `partiushop_tags`
--
ALTER TABLE `partiushop_tags`
  ADD PRIMARY KEY (`tag_id`),
  ADD UNIQUE KEY `tag` (`tag`,`company_id`);

--
-- Indexes for table `partiushop_tag_links`
--
ALTER TABLE `partiushop_tag_links`
  ADD PRIMARY KEY (`object_type`,`object_id`,`tag_id`),
  ADD KEY `tag_id` (`tag_id`),
  ADD KEY `ids` (`tag_id`,`object_type`,`object_id`);

--
-- Indexes for table `partiushop_taxes`
--
ALTER TABLE `partiushop_taxes`
  ADD PRIMARY KEY (`tax_id`),
  ADD KEY `c_status` (`status`);

--
-- Indexes for table `partiushop_tax_descriptions`
--
ALTER TABLE `partiushop_tax_descriptions`
  ADD PRIMARY KEY (`tax_id`,`lang_code`);

--
-- Indexes for table `partiushop_tax_rates`
--
ALTER TABLE `partiushop_tax_rates`
  ADD PRIMARY KEY (`rate_id`),
  ADD UNIQUE KEY `tax_rate` (`tax_id`,`destination_id`);

--
-- Indexes for table `partiushop_template_documents`
--
ALTER TABLE `partiushop_template_documents`
  ADD PRIMARY KEY (`document_id`),
  ADD UNIQUE KEY `code` (`code`,`type`);

--
-- Indexes for table `partiushop_template_emails`
--
ALTER TABLE `partiushop_template_emails`
  ADD PRIMARY KEY (`template_id`),
  ADD UNIQUE KEY `template` (`code`,`area`);

--
-- Indexes for table `partiushop_template_internal_notifications`
--
ALTER TABLE `partiushop_template_internal_notifications`
  ADD PRIMARY KEY (`template_id`),
  ADD UNIQUE KEY `template` (`code`,`area`);

--
-- Indexes for table `partiushop_template_snippets`
--
ALTER TABLE `partiushop_template_snippets`
  ADD PRIMARY KEY (`snippet_id`),
  ADD UNIQUE KEY `code` (`code`,`type`);

--
-- Indexes for table `partiushop_template_snippet_descriptions`
--
ALTER TABLE `partiushop_template_snippet_descriptions`
  ADD PRIMARY KEY (`snippet_id`,`lang_code`);

--
-- Indexes for table `partiushop_template_table_columns`
--
ALTER TABLE `partiushop_template_table_columns`
  ADD PRIMARY KEY (`column_id`),
  ADD KEY `snippet_idx` (`snippet_code`,`snippet_type`);

--
-- Indexes for table `partiushop_template_table_column_descriptions`
--
ALTER TABLE `partiushop_template_table_column_descriptions`
  ADD PRIMARY KEY (`column_id`,`lang_code`);

--
-- Indexes for table `partiushop_usergroups`
--
ALTER TABLE `partiushop_usergroups`
  ADD PRIMARY KEY (`usergroup_id`),
  ADD KEY `c_status` (`usergroup_id`,`status`),
  ADD KEY `status` (`status`,`type`);

--
-- Indexes for table `partiushop_usergroup_descriptions`
--
ALTER TABLE `partiushop_usergroup_descriptions`
  ADD PRIMARY KEY (`usergroup_id`,`lang_code`);

--
-- Indexes for table `partiushop_usergroup_links`
--
ALTER TABLE `partiushop_usergroup_links`
  ADD PRIMARY KEY (`link_id`),
  ADD UNIQUE KEY `user_id` (`user_id`,`usergroup_id`);

--
-- Indexes for table `partiushop_usergroup_privileges`
--
ALTER TABLE `partiushop_usergroup_privileges`
  ADD PRIMARY KEY (`usergroup_id`,`privilege`);

--
-- Indexes for table `partiushop_users`
--
ALTER TABLE `partiushop_users`
  ADD PRIMARY KEY (`user_id`),
  ADD KEY `user_login` (`user_login`),
  ADD KEY `uname` (`firstname`,`lastname`),
  ADD KEY `idx_email` (`email`),
  ADD KEY `idx_last_activity` (`last_activity`);

--
-- Indexes for table `partiushop_user_data`
--
ALTER TABLE `partiushop_user_data`
  ADD PRIMARY KEY (`user_id`,`type`);

--
-- Indexes for table `partiushop_user_integrations`
--
ALTER TABLE `partiushop_user_integrations`
  ADD PRIMARY KEY (`integration_id`);

--
-- Indexes for table `partiushop_user_mailing_lists`
--
ALTER TABLE `partiushop_user_mailing_lists`
  ADD UNIQUE KEY `subscriber_list` (`list_id`,`subscriber_id`),
  ADD KEY `subscriber_id` (`subscriber_id`),
  ADD KEY `list_id` (`list_id`);

--
-- Indexes for table `partiushop_user_payment_info`
--
ALTER TABLE `partiushop_user_payment_info`
  ADD PRIMARY KEY (`id`);

--
-- Indexes for table `partiushop_user_profiles`
--
ALTER TABLE `partiushop_user_profiles`
  ADD PRIMARY KEY (`profile_id`),
  ADD KEY `uid_p` (`user_id`,`profile_type`),
  ADD KEY `profile_type` (`profile_type`);

--
-- Indexes for table `partiushop_user_session_products`
--
ALTER TABLE `partiushop_user_session_products`
  ADD PRIMARY KEY (`user_id`,`type`,`item_id`,`user_type`),
  ADD KEY `timestamp` (`timestamp`,`user_type`),
  ADD KEY `session_id` (`session_id`),
  ADD KEY `type` (`type`);

--
-- Indexes for table `partiushop_vendor_communications`
--
ALTER TABLE `partiushop_vendor_communications`
  ADD PRIMARY KEY (`thread_id`),
  ADD KEY `idx_company_id` (`company_id`),
  ADD KEY `idx_user_id` (`user_id`);

--
-- Indexes for table `partiushop_vendor_communication_messages`
--
ALTER TABLE `partiushop_vendor_communication_messages`
  ADD PRIMARY KEY (`message_id`),
  ADD KEY `idx_thread_id` (`thread_id`);

--
-- Indexes for table `partiushop_vendor_invitations`
--
ALTER TABLE `partiushop_vendor_invitations`
  ADD PRIMARY KEY (`invitation_key`);

--
-- Indexes for table `partiushop_vendor_locations`
--
ALTER TABLE `partiushop_vendor_locations`
  ADD PRIMARY KEY (`company_id`),
  ADD KEY `locality_country_idx` (`locality`,`country`);

--
-- Indexes for table `partiushop_vendor_payouts`
--
ALTER TABLE `partiushop_vendor_payouts`
  ADD PRIMARY KEY (`payout_id`),
  ADD KEY `company_id` (`company_id`);

--
-- Indexes for table `partiushop_vendor_plans`
--
ALTER TABLE `partiushop_vendor_plans`
  ADD PRIMARY KEY (`plan_id`),
  ADD KEY `position` (`position`,`status`);

--
-- Indexes for table `partiushop_vendor_plan_descriptions`
--
ALTER TABLE `partiushop_vendor_plan_descriptions`
  ADD PRIMARY KEY (`plan_id`,`lang_code`);

--
-- Indexes for table `partiushop_vendor_styles`
--
ALTER TABLE `partiushop_vendor_styles`
  ADD UNIQUE KEY `company_id_layout_id` (`company_id`,`layout_id`);

--
-- Indexes for table `partiushop_views`
--
ALTER TABLE `partiushop_views`
  ADD PRIMARY KEY (`view_id`),
  ADD KEY `idx_user_id_object` (`user_id`,`object`);

--
-- Indexes for table `partiushop_warehouses_destination_products_amount`
--
ALTER TABLE `partiushop_warehouses_destination_products_amount`
  ADD PRIMARY KEY (`product_id`,`destination_id`,`storefront_id`),
  ADD KEY `idx_storefront_id` (`storefront_id`);

--
-- Indexes for table `partiushop_warehouses_products_amount`
--
ALTER TABLE `partiushop_warehouses_products_amount`
  ADD PRIMARY KEY (`product_id`,`warehouse_id`);

--
-- Indexes for table `partiushop_warehouses_sum_products_amount`
--
ALTER TABLE `partiushop_warehouses_sum_products_amount`
  ADD PRIMARY KEY (`product_id`,`storefront_id`),
  ADD KEY `idx_storefront_id` (`storefront_id`);

--
-- AUTO_INCREMENT for dumped tables
--

--
-- AUTO_INCREMENT for table `partiushop_abt__ut2_microdata`
--
ALTER TABLE `partiushop_abt__ut2_microdata`
  MODIFY `id` mediumint(8) UNSIGNED NOT NULL AUTO_INCREMENT, AUTO_INCREMENT=2;

--
-- AUTO_INCREMENT for table `partiushop_abt__ut2_objects_banners`
--
ALTER TABLE `partiushop_abt__ut2_objects_banners`
  MODIFY `link_id` int(10) UNSIGNED NOT NULL AUTO_INCREMENT;

--
-- AUTO_INCREMENT for table `partiushop_ab__category_banners`
--
ALTER TABLE `partiushop_ab__category_banners`
  MODIFY `category_banner_id` mediumint(8) UNSIGNED NOT NULL AUTO_INCREMENT, AUTO_INCREMENT=5;

--
-- AUTO_INCREMENT for table `partiushop_ab__category_banner_images_and_descr`
--
ALTER TABLE `partiushop_ab__category_banner_images_and_descr`
  MODIFY `category_banner_image_id` mediumint(8) UNSIGNED NOT NULL AUTO_INCREMENT, AUTO_INCREMENT=49;

--
-- AUTO_INCREMENT for table `partiushop_ab__mb_motivation_items`
--
ALTER TABLE `partiushop_ab__mb_motivation_items`
  MODIFY `motivation_item_id` mediumint(8) UNSIGNED NOT NULL AUTO_INCREMENT, AUTO_INCREMENT=5;

--
-- AUTO_INCREMENT for table `partiushop_ab__video_gallery`
--
ALTER TABLE `partiushop_ab__video_gallery`
  MODIFY `video_id` mediumint(8) UNSIGNED NOT NULL AUTO_INCREMENT;

--
-- AUTO_INCREMENT for table `partiushop_access_restriction`
--
ALTER TABLE `partiushop_access_restriction`
  MODIFY `item_id` mediumint(8) UNSIGNED NOT NULL AUTO_INCREMENT;

--
-- AUTO_INCREMENT for table `partiushop_access_restriction_reason_descriptions`
--
ALTER TABLE `partiushop_access_restriction_reason_descriptions`
  MODIFY `item_id` mediumint(8) UNSIGNED NOT NULL AUTO_INCREMENT;

--
-- AUTO_INCREMENT for table `partiushop_attachments`
--
ALTER TABLE `partiushop_attachments`
  MODIFY `attachment_id` mediumint(8) UNSIGNED NOT NULL AUTO_INCREMENT;

--
-- AUTO_INCREMENT for table `partiushop_banners`
--
ALTER TABLE `partiushop_banners`
  MODIFY `banner_id` mediumint(8) UNSIGNED NOT NULL AUTO_INCREMENT, AUTO_INCREMENT=99;

--
-- AUTO_INCREMENT for table `partiushop_banner_images`
--
ALTER TABLE `partiushop_banner_images`
  MODIFY `banner_image_id` mediumint(8) UNSIGNED NOT NULL AUTO_INCREMENT, AUTO_INCREMENT=1456;

--
-- AUTO_INCREMENT for table `partiushop_bm_blocks`
--
ALTER TABLE `partiushop_bm_blocks`
  MODIFY `block_id` int(11) UNSIGNED NOT NULL AUTO_INCREMENT, AUTO_INCREMENT=465;

--
-- AUTO_INCREMENT for table `partiushop_bm_containers`
--
ALTER TABLE `partiushop_bm_containers`
  MODIFY `container_id` mediumint(9) UNSIGNED NOT NULL AUTO_INCREMENT, AUTO_INCREMENT=3389;

--
-- AUTO_INCREMENT for table `partiushop_bm_grids`
--
ALTER TABLE `partiushop_bm_grids`
  MODIFY `grid_id` int(11) UNSIGNED NOT NULL AUTO_INCREMENT, AUTO_INCREMENT=4179;

--
-- AUTO_INCREMENT for table `partiushop_bm_layouts`
--
ALTER TABLE `partiushop_bm_layouts`
  MODIFY `layout_id` int(11) NOT NULL AUTO_INCREMENT, AUTO_INCREMENT=42;

--
-- AUTO_INCREMENT for table `partiushop_bm_locations`
--
ALTER TABLE `partiushop_bm_locations`
  MODIFY `location_id` mediumint(8) UNSIGNED NOT NULL AUTO_INCREMENT, AUTO_INCREMENT=848;

--
-- AUTO_INCREMENT for table `partiushop_bm_locations_descriptions`
--
ALTER TABLE `partiushop_bm_locations_descriptions`
  MODIFY `location_id` int(10) UNSIGNED NOT NULL AUTO_INCREMENT, AUTO_INCREMENT=848;

--
-- AUTO_INCREMENT for table `partiushop_bm_snapping`
--
ALTER TABLE `partiushop_bm_snapping`
  MODIFY `snapping_id` int(11) UNSIGNED NOT NULL AUTO_INCREMENT, AUTO_INCREMENT=5248;

--
-- AUTO_INCREMENT for table `partiushop_buy_together`
--
ALTER TABLE `partiushop_buy_together`
  MODIFY `chain_id` int(10) UNSIGNED NOT NULL AUTO_INCREMENT;

--
-- AUTO_INCREMENT for table `partiushop_call_requests`
--
ALTER TABLE `partiushop_call_requests`
  MODIFY `request_id` mediumint(8) UNSIGNED NOT NULL AUTO_INCREMENT, AUTO_INCREMENT=2;

--
-- AUTO_INCREMENT for table `partiushop_categories`
--
ALTER TABLE `partiushop_categories`
  MODIFY `category_id` mediumint(8) UNSIGNED NOT NULL AUTO_INCREMENT, AUTO_INCREMENT=5558;

--
-- AUTO_INCREMENT for table `partiushop_companies`
--
ALTER TABLE `partiushop_companies`
  MODIFY `company_id` int(11) UNSIGNED NOT NULL AUTO_INCREMENT, AUTO_INCREMENT=10;

--
-- AUTO_INCREMENT for table `partiushop_companies_socios`
--
ALTER TABLE `partiushop_companies_socios`
  MODIFY `socios_id` int(11) NOT NULL AUTO_INCREMENT;

--
-- AUTO_INCREMENT for table `partiushop_cronjobs`
--
ALTER TABLE `partiushop_cronjobs`
  MODIFY `cronjob_id` int(11) NOT NULL AUTO_INCREMENT, AUTO_INCREMENT=2;

--
-- AUTO_INCREMENT for table `partiushop_currencies`
--
ALTER TABLE `partiushop_currencies`
  MODIFY `currency_id` mediumint(8) UNSIGNED NOT NULL AUTO_INCREMENT, AUTO_INCREMENT=5;

--
-- AUTO_INCREMENT for table `partiushop_data_feeds`
--
ALTER TABLE `partiushop_data_feeds`
  MODIFY `datafeed_id` int(11) UNSIGNED NOT NULL AUTO_INCREMENT;

--
-- AUTO_INCREMENT for table `partiushop_destinations`
--
ALTER TABLE `partiushop_destinations`
  MODIFY `destination_id` mediumint(8) UNSIGNED NOT NULL AUTO_INCREMENT, AUTO_INCREMENT=10;

--
-- AUTO_INCREMENT for table `partiushop_destination_elements`
--
ALTER TABLE `partiushop_destination_elements`
  MODIFY `element_id` mediumint(8) UNSIGNED NOT NULL AUTO_INCREMENT, AUTO_INCREMENT=1937;

--
-- AUTO_INCREMENT for table `partiushop_discussion`
--
ALTER TABLE `partiushop_discussion`
  MODIFY `thread_id` mediumint(8) UNSIGNED NOT NULL AUTO_INCREMENT, AUTO_INCREMENT=211;

--
-- AUTO_INCREMENT for table `partiushop_discussion_posts`
--
ALTER TABLE `partiushop_discussion_posts`
  MODIFY `post_id` mediumint(8) UNSIGNED NOT NULL AUTO_INCREMENT, AUTO_INCREMENT=31;

--
-- AUTO_INCREMENT for table `partiushop_em_subscribers`
--
ALTER TABLE `partiushop_em_subscribers`
  MODIFY `subscriber_id` mediumint(8) UNSIGNED NOT NULL AUTO_INCREMENT;

--
-- AUTO_INCREMENT for table `partiushop_et_category_menu`
--
ALTER TABLE `partiushop_et_category_menu`
  MODIFY `et_menu_id` mediumint(8) UNSIGNED NOT NULL AUTO_INCREMENT, AUTO_INCREMENT=454;

--
-- AUTO_INCREMENT for table `partiushop_et_featured_product_banner_tabs`
--
ALTER TABLE `partiushop_et_featured_product_banner_tabs`
  MODIFY `block_id` mediumint(8) UNSIGNED NOT NULL AUTO_INCREMENT, AUTO_INCREMENT=5;

--
-- AUTO_INCREMENT for table `partiushop_et_featured_product_banner_tabs_tabs`
--
ALTER TABLE `partiushop_et_featured_product_banner_tabs_tabs`
  MODIFY `tab_id` mediumint(8) UNSIGNED NOT NULL AUTO_INCREMENT, AUTO_INCREMENT=15;

--
-- AUTO_INCREMENT for table `partiushop_et_featured_product_banner_tabs_tabs_data`
--
ALTER TABLE `partiushop_et_featured_product_banner_tabs_tabs_data`
  MODIFY `data_id` mediumint(8) UNSIGNED NOT NULL AUTO_INCREMENT, AUTO_INCREMENT=351;

--
-- AUTO_INCREMENT for table `partiushop_et_menu`
--
ALTER TABLE `partiushop_et_menu`
  MODIFY `et_menu_id` mediumint(8) UNSIGNED NOT NULL AUTO_INCREMENT, AUTO_INCREMENT=398;

--
-- AUTO_INCREMENT for table `partiushop_et_mv_vendor_settings`
--
ALTER TABLE `partiushop_et_mv_vendor_settings`
  MODIFY `ved_id` mediumint(8) UNSIGNED NOT NULL AUTO_INCREMENT, AUTO_INCREMENT=4;

--
-- AUTO_INCREMENT for table `partiushop_et_mv_vsb`
--
ALTER TABLE `partiushop_et_mv_vsb`
  MODIFY `vsb_id` mediumint(8) UNSIGNED NOT NULL AUTO_INCREMENT, AUTO_INCREMENT=16;

--
-- AUTO_INCREMENT for table `partiushop_et_mv_vsb_banners`
--
ALTER TABLE `partiushop_et_mv_vsb_banners`
  MODIFY `banner_id` mediumint(8) UNSIGNED NOT NULL AUTO_INCREMENT;

--
-- AUTO_INCREMENT for table `partiushop_et_mv_vsb_data`
--
ALTER TABLE `partiushop_et_mv_vsb_data`
  MODIFY `data_id` mediumint(8) UNSIGNED NOT NULL AUTO_INCREMENT, AUTO_INCREMENT=196;

--
-- AUTO_INCREMENT for table `partiushop_et_quick_info`
--
ALTER TABLE `partiushop_et_quick_info`
  MODIFY `block_id` mediumint(8) UNSIGNED NOT NULL AUTO_INCREMENT, AUTO_INCREMENT=5;

--
-- AUTO_INCREMENT for table `partiushop_et_quick_info_data`
--
ALTER TABLE `partiushop_et_quick_info_data`
  MODIFY `content_id` mediumint(8) UNSIGNED NOT NULL AUTO_INCREMENT, AUTO_INCREMENT=13;

--
-- AUTO_INCREMENT for table `partiushop_et_quick_info_descr`
--
ALTER TABLE `partiushop_et_quick_info_descr`
  MODIFY `content_id` mediumint(8) UNSIGNED NOT NULL AUTO_INCREMENT, AUTO_INCREMENT=13;

--
-- AUTO_INCREMENT for table `partiushop_exim_layouts`
--
ALTER TABLE `partiushop_exim_layouts`
  MODIFY `layout_id` mediumint(8) UNSIGNED NOT NULL AUTO_INCREMENT, AUTO_INCREMENT=31;

--
-- AUTO_INCREMENT for table `partiushop_form_options`
--
ALTER TABLE `partiushop_form_options`
  MODIFY `element_id` mediumint(8) UNSIGNED NOT NULL AUTO_INCREMENT, AUTO_INCREMENT=18;

--
-- AUTO_INCREMENT for table `partiushop_gift_certificates`
--
ALTER TABLE `partiushop_gift_certificates`
  MODIFY `gift_cert_id` mediumint(8) UNSIGNED NOT NULL AUTO_INCREMENT, AUTO_INCREMENT=2;

--
-- AUTO_INCREMENT for table `partiushop_gift_certificates_log`
--
ALTER TABLE `partiushop_gift_certificates_log`
  MODIFY `log_id` mediumint(8) UNSIGNED NOT NULL AUTO_INCREMENT, AUTO_INCREMENT=3;

--
-- AUTO_INCREMENT for table `partiushop_hybrid_auth_providers`
--
ALTER TABLE `partiushop_hybrid_auth_providers`
  MODIFY `provider_id` mediumint(8) UNSIGNED NOT NULL AUTO_INCREMENT, AUTO_INCREMENT=3;

--
-- AUTO_INCREMENT for table `partiushop_images`
--
ALTER TABLE `partiushop_images`
  MODIFY `image_id` int(11) UNSIGNED NOT NULL AUTO_INCREMENT, AUTO_INCREMENT=2984;

--
-- AUTO_INCREMENT for table `partiushop_images_links`
--
ALTER TABLE `partiushop_images_links`
  MODIFY `pair_id` mediumint(8) UNSIGNED NOT NULL AUTO_INCREMENT, AUTO_INCREMENT=5841;

--
-- AUTO_INCREMENT for table `partiushop_import_presets`
--
ALTER TABLE `partiushop_import_presets`
  MODIFY `preset_id` int(11) UNSIGNED NOT NULL AUTO_INCREMENT, AUTO_INCREMENT=4;

--
-- AUTO_INCREMENT for table `partiushop_import_preset_fields`
--
ALTER TABLE `partiushop_import_preset_fields`
  MODIFY `field_id` int(11) UNSIGNED NOT NULL AUTO_INCREMENT, AUTO_INCREMENT=59;

--
-- AUTO_INCREMENT for table `partiushop_installed_upgrades`
--
ALTER TABLE `partiushop_installed_upgrades`
  MODIFY `id` int(11) UNSIGNED NOT NULL AUTO_INCREMENT, AUTO_INCREMENT=47;

--
-- AUTO_INCREMENT for table `partiushop_languages`
--
ALTER TABLE `partiushop_languages`
  MODIFY `lang_id` mediumint(8) UNSIGNED NOT NULL AUTO_INCREMENT, AUTO_INCREMENT=13;

--
-- AUTO_INCREMENT for table `partiushop_localizations`
--
ALTER TABLE `partiushop_localizations`
  MODIFY `localization_id` mediumint(8) UNSIGNED NOT NULL AUTO_INCREMENT;

--
-- AUTO_INCREMENT for table `partiushop_localization_elements`
--
ALTER TABLE `partiushop_localization_elements`
  MODIFY `element_id` mediumint(8) UNSIGNED NOT NULL AUTO_INCREMENT;

--
-- AUTO_INCREMENT for table `partiushop_logos`
--
ALTER TABLE `partiushop_logos`
  MODIFY `logo_id` mediumint(8) UNSIGNED NOT NULL AUTO_INCREMENT, AUTO_INCREMENT=443;

--
-- AUTO_INCREMENT for table `partiushop_logs`
--
ALTER TABLE `partiushop_logs`
  MODIFY `log_id` int(11) UNSIGNED NOT NULL AUTO_INCREMENT, AUTO_INCREMENT=2239;

--
-- AUTO_INCREMENT for table `partiushop_mailing_lists`
--
ALTER TABLE `partiushop_mailing_lists`
  MODIFY `list_id` mediumint(8) UNSIGNED NOT NULL AUTO_INCREMENT, AUTO_INCREMENT=2;

--
-- AUTO_INCREMENT for table `partiushop_menus`
--
ALTER TABLE `partiushop_menus`
  MODIFY `menu_id` mediumint(8) UNSIGNED NOT NULL AUTO_INCREMENT, AUTO_INCREMENT=14;

--
-- AUTO_INCREMENT for table `partiushop_mobile_app_notification_subscriptions`
--
ALTER TABLE `partiushop_mobile_app_notification_subscriptions`
  MODIFY `subscription_id` int(11) UNSIGNED NOT NULL AUTO_INCREMENT, AUTO_INCREMENT=2;

--
-- AUTO_INCREMENT for table `partiushop_newsletters`
--
ALTER TABLE `partiushop_newsletters`
  MODIFY `newsletter_id` mediumint(8) UNSIGNED NOT NULL AUTO_INCREMENT, AUTO_INCREMENT=3;

--
-- AUTO_INCREMENT for table `partiushop_newsletter_batch_recipients`
--
ALTER TABLE `partiushop_newsletter_batch_recipients`
  MODIFY `send_list_id` mediumint(8) UNSIGNED NOT NULL AUTO_INCREMENT;

--
-- AUTO_INCREMENT for table `partiushop_newsletter_campaigns`
--
ALTER TABLE `partiushop_newsletter_campaigns`
  MODIFY `campaign_id` mediumint(8) UNSIGNED NOT NULL AUTO_INCREMENT;

--
-- AUTO_INCREMENT for table `partiushop_newsletter_links`
--
ALTER TABLE `partiushop_newsletter_links`
  MODIFY `link_id` mediumint(8) UNSIGNED NOT NULL AUTO_INCREMENT;

--
-- AUTO_INCREMENT for table `partiushop_notifications`
--
ALTER TABLE `partiushop_notifications`
  MODIFY `notification_id` int(11) UNSIGNED NOT NULL AUTO_INCREMENT, AUTO_INCREMENT=229;

--
-- AUTO_INCREMENT for table `partiushop_notification_event_receivers`
--
ALTER TABLE `partiushop_notification_event_receivers`
  MODIFY `id` int(11) NOT NULL AUTO_INCREMENT COMMENT 'ID';

--
-- AUTO_INCREMENT for table `partiushop_notification_group_receivers`
--
ALTER TABLE `partiushop_notification_group_receivers`
  MODIFY `id` int(11) NOT NULL AUTO_INCREMENT COMMENT 'ID', AUTO_INCREMENT=22;

--
-- AUTO_INCREMENT for table `partiushop_orders`
--
ALTER TABLE `partiushop_orders`
  MODIFY `order_id` mediumint(8) UNSIGNED NOT NULL AUTO_INCREMENT, AUTO_INCREMENT=155;

--
-- AUTO_INCREMENT for table `partiushop_order_attachments`
--
ALTER TABLE `partiushop_order_attachments`
  MODIFY `order_attachment_id` int(11) NOT NULL AUTO_INCREMENT, AUTO_INCREMENT=9;

--
-- AUTO_INCREMENT for table `partiushop_order_data`
--
ALTER TABLE `partiushop_order_data`
  MODIFY `order_data_id` int(11) UNSIGNED NOT NULL AUTO_INCREMENT, AUTO_INCREMENT=526;

--
-- AUTO_INCREMENT for table `partiushop_order_docs`
--
ALTER TABLE `partiushop_order_docs`
  MODIFY `doc_id` mediumint(8) UNSIGNED NOT NULL AUTO_INCREMENT;

--
-- AUTO_INCREMENT for table `partiushop_pages`
--
ALTER TABLE `partiushop_pages`
  MODIFY `page_id` mediumint(8) UNSIGNED NOT NULL AUTO_INCREMENT, AUTO_INCREMENT=79;

--
-- AUTO_INCREMENT for table `partiushop_payments`
--
ALTER TABLE `partiushop_payments`
  MODIFY `payment_id` mediumint(8) UNSIGNED NOT NULL AUTO_INCREMENT, AUTO_INCREMENT=13;

--
-- AUTO_INCREMENT for table `partiushop_payment_processors`
--
ALTER TABLE `partiushop_payment_processors`
  MODIFY `processor_id` mediumint(8) UNSIGNED NOT NULL AUTO_INCREMENT, AUTO_INCREMENT=108;

--
-- AUTO_INCREMENT for table `partiushop_polls_votes`
--
ALTER TABLE `partiushop_polls_votes`
  MODIFY `vote_id` mediumint(8) UNSIGNED NOT NULL AUTO_INCREMENT;

--
-- AUTO_INCREMENT for table `partiushop_poll_items`
--
ALTER TABLE `partiushop_poll_items`
  MODIFY `item_id` mediumint(8) UNSIGNED NOT NULL AUTO_INCREMENT, AUTO_INCREMENT=7;

--
-- AUTO_INCREMENT for table `partiushop_printslip_request`
--
ALTER TABLE `partiushop_printslip_request`
  MODIFY `id` int(11) NOT NULL AUTO_INCREMENT;

--
-- AUTO_INCREMENT for table `partiushop_products`
--
ALTER TABLE `partiushop_products`
  MODIFY `product_id` mediumint(8) UNSIGNED NOT NULL AUTO_INCREMENT, AUTO_INCREMENT=309;

--
-- AUTO_INCREMENT for table `partiushop_product_features`
--
ALTER TABLE `partiushop_product_features`
  MODIFY `feature_id` mediumint(8) UNSIGNED NOT NULL AUTO_INCREMENT, AUTO_INCREMENT=551;

--
-- AUTO_INCREMENT for table `partiushop_product_feature_variants`
--
ALTER TABLE `partiushop_product_feature_variants`
  MODIFY `variant_id` mediumint(8) UNSIGNED NOT NULL AUTO_INCREMENT, AUTO_INCREMENT=1205;

--
-- AUTO_INCREMENT for table `partiushop_product_files`
--
ALTER TABLE `partiushop_product_files`
  MODIFY `file_id` mediumint(8) UNSIGNED NOT NULL AUTO_INCREMENT;

--
-- AUTO_INCREMENT for table `partiushop_product_file_folders`
--
ALTER TABLE `partiushop_product_file_folders`
  MODIFY `folder_id` mediumint(8) UNSIGNED NOT NULL AUTO_INCREMENT;

--
-- AUTO_INCREMENT for table `partiushop_product_filters`
--
ALTER TABLE `partiushop_product_filters`
  MODIFY `filter_id` mediumint(8) UNSIGNED NOT NULL AUTO_INCREMENT, AUTO_INCREMENT=314;

--
-- AUTO_INCREMENT for table `partiushop_product_options`
--
ALTER TABLE `partiushop_product_options`
  MODIFY `option_id` mediumint(8) UNSIGNED NOT NULL AUTO_INCREMENT, AUTO_INCREMENT=26;

--
-- AUTO_INCREMENT for table `partiushop_product_options_exceptions`
--
ALTER TABLE `partiushop_product_options_exceptions`
  MODIFY `exception_id` mediumint(8) UNSIGNED NOT NULL AUTO_INCREMENT;

--
-- AUTO_INCREMENT for table `partiushop_product_option_variants`
--
ALTER TABLE `partiushop_product_option_variants`
  MODIFY `variant_id` mediumint(8) UNSIGNED NOT NULL AUTO_INCREMENT, AUTO_INCREMENT=181;

--
-- AUTO_INCREMENT for table `partiushop_product_plans`
--
ALTER TABLE `partiushop_product_plans`
  MODIFY `product_plans_id` int(11) NOT NULL AUTO_INCREMENT;

--
-- AUTO_INCREMENT for table `partiushop_product_plans_payment_quote`
--
ALTER TABLE `partiushop_product_plans_payment_quote`
  MODIFY `product_plans_payment_quote_id` int(11) NOT NULL AUTO_INCREMENT;

--
-- AUTO_INCREMENT for table `partiushop_product_point_prices`
--
ALTER TABLE `partiushop_product_point_prices`
  MODIFY `point_price_id` mediumint(8) UNSIGNED NOT NULL AUTO_INCREMENT, AUTO_INCREMENT=11;

--
-- AUTO_INCREMENT for table `partiushop_product_reviews`
--
ALTER TABLE `partiushop_product_reviews`
  MODIFY `product_review_id` mediumint(8) UNSIGNED NOT NULL AUTO_INCREMENT, AUTO_INCREMENT=2;

--
-- AUTO_INCREMENT for table `partiushop_product_subscriptions`
--
ALTER TABLE `partiushop_product_subscriptions`
  MODIFY `subscription_id` mediumint(8) UNSIGNED NOT NULL AUTO_INCREMENT;

--
-- AUTO_INCREMENT for table `partiushop_product_tabs`
--
ALTER TABLE `partiushop_product_tabs`
  MODIFY `tab_id` mediumint(8) UNSIGNED NOT NULL AUTO_INCREMENT, AUTO_INCREMENT=15;

--
-- AUTO_INCREMENT for table `partiushop_product_variation_groups`
--
ALTER TABLE `partiushop_product_variation_groups`
  MODIFY `id` mediumint(8) UNSIGNED NOT NULL AUTO_INCREMENT, AUTO_INCREMENT=11;

--
-- AUTO_INCREMENT for table `partiushop_profile_fields`
--
ALTER TABLE `partiushop_profile_fields`
  MODIFY `field_id` mediumint(8) UNSIGNED NOT NULL AUTO_INCREMENT, AUTO_INCREMENT=62;

--
-- AUTO_INCREMENT for table `partiushop_profile_field_sections`
--
ALTER TABLE `partiushop_profile_field_sections`
  MODIFY `section_id` int(11) UNSIGNED NOT NULL AUTO_INCREMENT, AUTO_INCREMENT=4;

--
-- AUTO_INCREMENT for table `partiushop_profile_field_values`
--
ALTER TABLE `partiushop_profile_field_values`
  MODIFY `value_id` mediumint(8) UNSIGNED NOT NULL AUTO_INCREMENT;

--
-- AUTO_INCREMENT for table `partiushop_promotions`
--
ALTER TABLE `partiushop_promotions`
  MODIFY `promotion_id` mediumint(8) UNSIGNED NOT NULL AUTO_INCREMENT, AUTO_INCREMENT=26;

--
-- AUTO_INCREMENT for table `partiushop_promotion_images`
--
ALTER TABLE `partiushop_promotion_images`
  MODIFY `promotion_image_id` mediumint(8) UNSIGNED NOT NULL AUTO_INCREMENT;

--
-- AUTO_INCREMENT for table `partiushop_quick_menu`
--
ALTER TABLE `partiushop_quick_menu`
  MODIFY `menu_id` mediumint(8) UNSIGNED NOT NULL AUTO_INCREMENT, AUTO_INCREMENT=19;

--
-- AUTO_INCREMENT for table `partiushop_reward_points`
--
ALTER TABLE `partiushop_reward_points`
  MODIFY `reward_point_id` mediumint(8) UNSIGNED NOT NULL AUTO_INCREMENT;

--
-- AUTO_INCREMENT for table `partiushop_reward_point_changes`
--
ALTER TABLE `partiushop_reward_point_changes`
  MODIFY `change_id` mediumint(8) UNSIGNED NOT NULL AUTO_INCREMENT;

--
-- AUTO_INCREMENT for table `partiushop_rma_properties`
--
ALTER TABLE `partiushop_rma_properties`
  MODIFY `property_id` mediumint(8) UNSIGNED NOT NULL AUTO_INCREMENT, AUTO_INCREMENT=14;

--
-- AUTO_INCREMENT for table `partiushop_rma_returns`
--
ALTER TABLE `partiushop_rma_returns`
  MODIFY `return_id` mediumint(8) UNSIGNED NOT NULL AUTO_INCREMENT, AUTO_INCREMENT=9;

--
-- AUTO_INCREMENT for table `partiushop_robots_data`
--
ALTER TABLE `partiushop_robots_data`
  MODIFY `robots_id` int(11) UNSIGNED NOT NULL AUTO_INCREMENT, AUTO_INCREMENT=3;

--
-- AUTO_INCREMENT for table `partiushop_sales_reports`
--
ALTER TABLE `partiushop_sales_reports`
  MODIFY `report_id` mediumint(8) UNSIGNED NOT NULL AUTO_INCREMENT, AUTO_INCREMENT=6;

--
-- AUTO_INCREMENT for table `partiushop_sales_reports_elements`
--
ALTER TABLE `partiushop_sales_reports_elements`
  MODIFY `element_id` mediumint(8) UNSIGNED NOT NULL AUTO_INCREMENT, AUTO_INCREMENT=16;

--
-- AUTO_INCREMENT for table `partiushop_sales_reports_intervals`
--
ALTER TABLE `partiushop_sales_reports_intervals`
  MODIFY `interval_id` mediumint(8) UNSIGNED NOT NULL AUTO_INCREMENT, AUTO_INCREMENT=10;

--
-- AUTO_INCREMENT for table `partiushop_sales_reports_tables`
--
ALTER TABLE `partiushop_sales_reports_tables`
  MODIFY `table_id` mediumint(8) UNSIGNED NOT NULL AUTO_INCREMENT, AUTO_INCREMENT=20;

--
-- AUTO_INCREMENT for table `partiushop_seo_redirects`
--
ALTER TABLE `partiushop_seo_redirects`
  MODIFY `redirect_id` mediumint(8) UNSIGNED NOT NULL AUTO_INCREMENT, AUTO_INCREMENT=7;

--
-- AUTO_INCREMENT for table `partiushop_settings_descriptions`
--
ALTER TABLE `partiushop_settings_descriptions`
  MODIFY `object_id` mediumint(8) UNSIGNED NOT NULL AUTO_INCREMENT, AUTO_INCREMENT=7527;

--
-- AUTO_INCREMENT for table `partiushop_settings_objects`
--
ALTER TABLE `partiushop_settings_objects`
  MODIFY `object_id` mediumint(8) UNSIGNED NOT NULL AUTO_INCREMENT, AUTO_INCREMENT=7527;

--
-- AUTO_INCREMENT for table `partiushop_settings_sections`
--
ALTER TABLE `partiushop_settings_sections`
  MODIFY `section_id` int(11) UNSIGNED NOT NULL AUTO_INCREMENT, AUTO_INCREMENT=561;

--
-- AUTO_INCREMENT for table `partiushop_settings_variants`
--
ALTER TABLE `partiushop_settings_variants`
  MODIFY `variant_id` mediumint(8) UNSIGNED NOT NULL AUTO_INCREMENT, AUTO_INCREMENT=1409;

--
-- AUTO_INCREMENT for table `partiushop_shipments`
--
ALTER TABLE `partiushop_shipments`
  MODIFY `shipment_id` mediumint(8) UNSIGNED NOT NULL AUTO_INCREMENT, AUTO_INCREMENT=80;

--
-- AUTO_INCREMENT for table `partiushop_shippings`
--
ALTER TABLE `partiushop_shippings`
  MODIFY `shipping_id` mediumint(8) UNSIGNED NOT NULL AUTO_INCREMENT, AUTO_INCREMENT=11;

--
-- AUTO_INCREMENT for table `partiushop_shipping_rates`
--
ALTER TABLE `partiushop_shipping_rates`
  MODIFY `rate_id` mediumint(8) UNSIGNED NOT NULL AUTO_INCREMENT, AUTO_INCREMENT=107;

--
-- AUTO_INCREMENT for table `partiushop_shipping_services`
--
ALTER TABLE `partiushop_shipping_services`
  MODIFY `service_id` mediumint(8) UNSIGNED NOT NULL AUTO_INCREMENT, AUTO_INCREMENT=162457;

--
-- AUTO_INCREMENT for table `partiushop_shipping_service_descriptions`
--
ALTER TABLE `partiushop_shipping_service_descriptions`
  MODIFY `service_id` mediumint(8) UNSIGNED NOT NULL AUTO_INCREMENT, AUTO_INCREMENT=162457;

--
-- AUTO_INCREMENT for table `partiushop_sitemap_links`
--
ALTER TABLE `partiushop_sitemap_links`
  MODIFY `link_id` mediumint(8) UNSIGNED NOT NULL AUTO_INCREMENT, AUTO_INCREMENT=5;

--
-- AUTO_INCREMENT for table `partiushop_sitemap_sections`
--
ALTER TABLE `partiushop_sitemap_sections`
  MODIFY `section_id` mediumint(8) UNSIGNED NOT NULL AUTO_INCREMENT, AUTO_INCREMENT=3;

--
-- AUTO_INCREMENT for table `partiushop_states`
--
ALTER TABLE `partiushop_states`
  MODIFY `state_id` mediumint(8) UNSIGNED NOT NULL AUTO_INCREMENT, AUTO_INCREMENT=932;

--
-- AUTO_INCREMENT for table `partiushop_static_data`
--
ALTER TABLE `partiushop_static_data`
  MODIFY `param_id` mediumint(8) UNSIGNED NOT NULL AUTO_INCREMENT, AUTO_INCREMENT=455;

--
-- AUTO_INCREMENT for table `partiushop_statuses`
--
ALTER TABLE `partiushop_statuses`
  MODIFY `status_id` mediumint(8) UNSIGNED NOT NULL AUTO_INCREMENT, AUTO_INCREMENT=22;

--
-- AUTO_INCREMENT for table `partiushop_storefronts`
--
ALTER TABLE `partiushop_storefronts`
  MODIFY `storefront_id` int(11) NOT NULL AUTO_INCREMENT COMMENT 'Storefront ID', AUTO_INCREMENT=3;

--
-- AUTO_INCREMENT for table `partiushop_store_locations`
--
ALTER TABLE `partiushop_store_locations`
  MODIFY `store_location_id` mediumint(8) UNSIGNED NOT NULL AUTO_INCREMENT;

--
-- AUTO_INCREMENT for table `partiushop_store_location_destination_links`
--
ALTER TABLE `partiushop_store_location_destination_links`
  MODIFY `link_id` int(11) UNSIGNED NOT NULL AUTO_INCREMENT;

--
-- AUTO_INCREMENT for table `partiushop_subscribers`
--
ALTER TABLE `partiushop_subscribers`
  MODIFY `subscriber_id` mediumint(8) UNSIGNED NOT NULL AUTO_INCREMENT, AUTO_INCREMENT=27;

--
-- AUTO_INCREMENT for table `partiushop_suppliers`
--
ALTER TABLE `partiushop_suppliers`
  MODIFY `supplier_id` mediumint(8) UNSIGNED NOT NULL AUTO_INCREMENT;

--
-- AUTO_INCREMENT for table `partiushop_tabela_frete_correios`
--
ALTER TABLE `partiushop_tabela_frete_correios`
  MODIFY `id` int(11) NOT NULL AUTO_INCREMENT, AUTO_INCREMENT=97656;

--
-- AUTO_INCREMENT for table `partiushop_tabela_frete_correios_historico_de_pedidos`
--
ALTER TABLE `partiushop_tabela_frete_correios_historico_de_pedidos`
  MODIFY `id` int(11) NOT NULL AUTO_INCREMENT;

--
-- AUTO_INCREMENT for table `partiushop_tags`
--
ALTER TABLE `partiushop_tags`
  MODIFY `tag_id` mediumint(8) UNSIGNED NOT NULL AUTO_INCREMENT, AUTO_INCREMENT=10;

--
-- AUTO_INCREMENT for table `partiushop_taxes`
--
ALTER TABLE `partiushop_taxes`
  MODIFY `tax_id` mediumint(8) UNSIGNED NOT NULL AUTO_INCREMENT, AUTO_INCREMENT=7;

--
-- AUTO_INCREMENT for table `partiushop_tax_rates`
--
ALTER TABLE `partiushop_tax_rates`
  MODIFY `rate_id` mediumint(8) UNSIGNED NOT NULL AUTO_INCREMENT, AUTO_INCREMENT=13;

--
-- AUTO_INCREMENT for table `partiushop_template_documents`
--
ALTER TABLE `partiushop_template_documents`
  MODIFY `document_id` int(11) UNSIGNED NOT NULL AUTO_INCREMENT, AUTO_INCREMENT=10;

--
-- AUTO_INCREMENT for table `partiushop_template_emails`
--
ALTER TABLE `partiushop_template_emails`
  MODIFY `template_id` int(11) UNSIGNED NOT NULL AUTO_INCREMENT, AUTO_INCREMENT=100;

--
-- AUTO_INCREMENT for table `partiushop_template_internal_notifications`
--
ALTER TABLE `partiushop_template_internal_notifications`
  MODIFY `template_id` int(11) UNSIGNED NOT NULL AUTO_INCREMENT, AUTO_INCREMENT=7;

--
-- AUTO_INCREMENT for table `partiushop_template_snippets`
--
ALTER TABLE `partiushop_template_snippets`
  MODIFY `snippet_id` int(11) UNSIGNED NOT NULL AUTO_INCREMENT, AUTO_INCREMENT=58;

--
-- AUTO_INCREMENT for table `partiushop_template_table_columns`
--
ALTER TABLE `partiushop_template_table_columns`
  MODIFY `column_id` int(11) UNSIGNED NOT NULL AUTO_INCREMENT, AUTO_INCREMENT=98;

--
-- AUTO_INCREMENT for table `partiushop_usergroups`
--
ALTER TABLE `partiushop_usergroups`
  MODIFY `usergroup_id` mediumint(8) UNSIGNED NOT NULL AUTO_INCREMENT, AUTO_INCREMENT=6;

--
-- AUTO_INCREMENT for table `partiushop_usergroup_links`
--
ALTER TABLE `partiushop_usergroup_links`
  MODIFY `link_id` mediumint(8) UNSIGNED NOT NULL AUTO_INCREMENT, AUTO_INCREMENT=3;

--
-- AUTO_INCREMENT for table `partiushop_users`
--
ALTER TABLE `partiushop_users`
  MODIFY `user_id` mediumint(8) UNSIGNED NOT NULL AUTO_INCREMENT, AUTO_INCREMENT=36;

--
-- AUTO_INCREMENT for table `partiushop_user_integrations`
--
ALTER TABLE `partiushop_user_integrations`
  MODIFY `integration_id` int(11) NOT NULL AUTO_INCREMENT;

--
-- AUTO_INCREMENT for table `partiushop_user_payment_info`
--
ALTER TABLE `partiushop_user_payment_info`
  MODIFY `id` int(11) NOT NULL AUTO_INCREMENT, AUTO_INCREMENT=2;

--
-- AUTO_INCREMENT for table `partiushop_user_profiles`
--
ALTER TABLE `partiushop_user_profiles`
  MODIFY `profile_id` mediumint(8) UNSIGNED NOT NULL AUTO_INCREMENT, AUTO_INCREMENT=37;

--
-- AUTO_INCREMENT for table `partiushop_vendor_communications`
--
ALTER TABLE `partiushop_vendor_communications`
  MODIFY `thread_id` int(11) UNSIGNED NOT NULL AUTO_INCREMENT, AUTO_INCREMENT=6;

--
-- AUTO_INCREMENT for table `partiushop_vendor_communication_messages`
--
ALTER TABLE `partiushop_vendor_communication_messages`
  MODIFY `message_id` int(11) UNSIGNED NOT NULL AUTO_INCREMENT, AUTO_INCREMENT=18;

--
-- AUTO_INCREMENT for table `partiushop_vendor_payouts`
--
ALTER TABLE `partiushop_vendor_payouts`
  MODIFY `payout_id` mediumint(8) UNSIGNED NOT NULL AUTO_INCREMENT, AUTO_INCREMENT=133;

--
-- AUTO_INCREMENT for table `partiushop_vendor_plans`
--
ALTER TABLE `partiushop_vendor_plans`
  MODIFY `plan_id` int(11) UNSIGNED NOT NULL AUTO_INCREMENT, AUTO_INCREMENT=18;

--
-- AUTO_INCREMENT for table `partiushop_views`
--
ALTER TABLE `partiushop_views`
  MODIFY `view_id` mediumint(8) UNSIGNED NOT NULL AUTO_INCREMENT, AUTO_INCREMENT=92;
COMMIT;

