-- Table structure for table `partiushop_static_data`
--

CREATE TABLE `partiushop_static_data` (
  `param_id` mediumint(8) UNSIGNED NOT NULL,
  `param` varchar(255) NOT NULL DEFAULT '',
  `param_2` varchar(255) NOT NULL DEFAULT '',
  `param_3` varchar(255) NOT NULL DEFAULT '',
  `param_4` varchar(255) NOT NULL DEFAULT '',
  `param_5` varchar(255) NOT NULL DEFAULT '',
  `class` varchar(128) NOT NULL DEFAULT '',
  `section` char(1) NOT NULL DEFAULT '',
  `status` char(1) NOT NULL DEFAULT 'A',
  `position` smallint(5) NOT NULL DEFAULT 0,
  `parent_id` mediumint(8) UNSIGNED NOT NULL DEFAULT 0,
  `id_path` varchar(255) NOT NULL DEFAULT '',
  `localization` varchar(255) NOT NULL DEFAULT '',
  `company_id` int(11) UNSIGNED NOT NULL DEFAULT 0,
  `abt__ut2_mwi__status` char(1) NOT NULL DEFAULT 'N',
  `abt__ut2_mwi__text_position` varchar(32) NOT NULL DEFAULT 'bottom',
  `abt__ut2_mwi__dropdown` char(1) NOT NULL DEFAULT 'N',
  `abt__ut2_mwi__label_color` varchar(11) NOT NULL DEFAULT '',
  `abt__ut2_mwi__label_background` varchar(11) NOT NULL DEFAULT '',
  `ab__fn_menu_status` char(1) NOT NULL DEFAULT 'N',
  `ab__fn_label_color` char(7) NOT NULL DEFAULT '#ffffff',
  `ab__fn_label_background` char(7) NOT NULL DEFAULT '#333333',
  `ab__fn_use_origin_image` char(1) NOT NULL DEFAULT 'N',
  `param_6` varchar(255) NOT NULL DEFAULT ''
) ENGINE=InnoDB DEFAULT CHARSET=utf8;

--
-- Dumping data for table `partiushop_static_data`
--

INSERT INTO `partiushop_static_data` (`param_id`, `param`, `param_2`, `param_3`, `param_4`, `param_5`, `class`, `section`, `status`, `position`, `parent_id`, `id_path`, `localization`, `company_id`, `abt__ut2_mwi__status`, `abt__ut2_mwi__text_position`, `abt__ut2_mwi__dropdown`, `abt__ut2_mwi__label_color`, `abt__ut2_mwi__label_background`, `ab__fn_menu_status`, `ab__fn_label_color`, `ab__fn_label_background`, `ab__fn_use_origin_image`, `param_6`) VALUES
(150, 'gift_certificates.add', '', '', '', '1', '', 'A', 'A', 30, 0, '150', '', 0, 'N', 'bottom', 'N', '#ffffff', '#ffffff', 'N', '#ffffff', '#333333', 'N', ''),
(151, 'product_features.view_all?filter_id=10', '', '', '', '1', '', 'A', 'A', 40, 0, '151', '', 0, 'N', 'bottom', 'N', '', '', 'N', '#ffffff', '#333333', 'N', ''),
(152, 'pages.view&page_id=7', '', '', '', '1', '', 'A', 'A', 10, 0, '152', '', 0, 'N', 'bottom', 'N', '#ffffff', '#ffffff', 'N', '#ffffff', '#333333', 'N', ''),
(153, '', '', 'C:166:Y', '', '2', 'ty-menu-item__electronics', 'A', 'A', 20, 0, '153', '', 0, 'N', 'bottom', 'N', '', '', 'N', '#ffffff', '#333333', 'N', ''),
(154, '', '', 'C:203:Y', '', '2', 'ty-menu-item__sport', 'A', 'A', 30, 0, '154', '', 0, 'N', 'bottom', 'N', '', '', 'N', '#ffffff', '#333333', 'N', ''),
(155, '', '', 'C:250:Y', '', '2', 'ty-menu-item__office', 'A', 'A', 40, 0, '155', '', 0, 'N', 'bottom', 'N', '', '', 'N', '#ffffff', '#333333', 'N', ''),
(159, 'product_features.view_all&filter_id=10', '', '', '', '2', 'ty-menu-item__brands', 'A', 'A', 80, 0, '159', '', 0, 'N', 'bottom', 'N', '', '', 'N', '#ffffff', '#333333', 'N', ''),
(160, 'companies.apply_for_vendor', '', '', '', '1', '', 'A', 'A', 50, 0, '160', '', 0, 'N', 'bottom', 'N', '#ffffff', '#ffffff', 'N', '#ffffff', '#333333', 'N', ''),
(161, 'companies.vendor_plans', '', '', '', '1', '', 'A', 'A', 50, 0, '161', '', 0, 'N', 'bottom', 'N', '#ffffff', '#ffffff', 'N', '#ffffff', '#333333', 'N', ''),
(162, 'products.on_sale', '', '', '', '2', 'ty-menu-item__sale', 'A', 'A', 110, 0, '162', '', 0, 'N', 'bottom', 'N', '', '', 'N', '#ffffff', '#333333', 'N', ''),
(163, 'companies.catalog', '', '', '', '1', '', 'A', 'A', 60, 0, '163', '', 0, 'N', 'bottom', 'N', '#ffffff', '#ffffff', 'N', '#ffffff', '#333333', 'N', ''),
(169, 'index.php?dispatch=pages.view&page_id=2', '', '', '', '3', '', 'A', 'A', 0, 0, '169', '', 0, 'N', 'bottom', 'N', '', '', 'N', '#ffffff', '#333333', 'N', ''),
(170, 'index.php?dispatch=pages.view&page_id=7', '', '', '', '3', '', 'A', 'A', 0, 0, '170', '', 0, 'N', 'bottom', 'N', '', '', 'N', '#ffffff', '#333333', 'N', ''),
(171, 'index.php?dispatch=discussion.view&thread_id=26', '', '', '', '3', '', 'A', 'A', 0, 0, '171', '', 0, 'N', 'bottom', 'N', '', '', 'N', '#ffffff', '#333333', 'N', ''),
(172, 'index.php?dispatch=pages.view&page_id=23', '', '', '', '3', '', 'A', 'A', 0, 0, '172', '', 0, 'N', 'bottom', 'N', '', '', 'N', '#ffffff', '#333333', 'N', ''),
(173, 'index.php?dispatch=pages.view&page_id=19', '', '', '', '3', '', 'A', 'A', 0, 0, '173', '', 0, 'N', 'bottom', 'N', '', '', 'N', '#ffffff', '#333333', 'N', ''),
(174, 'sitemap.view', '', '', '', '3', '', 'A', 'A', 0, 0, '174', '', 0, 'N', 'bottom', 'N', '', '', 'N', '#ffffff', '#333333', 'N', ''),
(175, 'index.php?dispatch=pages.view&page_id=22', '', '', '', '4', '', 'A', 'A', 0, 0, '175', '', 0, 'N', 'bottom', 'N', '', '', 'N', '#ffffff', '#333333', 'N', ''),
(176, 'index.php?dispatch=pages.view&page_id=21', '', '', '', '4', '', 'A', 'A', 0, 0, '176', '', 0, 'N', 'bottom', 'N', '', '', 'N', '#ffffff', '#333333', 'N', ''),
(178, '', '', 'C:245:Y', '', '2', 'ty-menu-item__media', 'A', 'A', 45, 0, '178', '', 0, 'N', 'bottom', 'N', '', '', 'N', '#ffffff', '#333333', 'N', ''),
(182, '', '', 'C:0:N', '', '2', 'ty-menu-item__products', 'A', 'A', 0, 0, '182', '', 0, 'N', 'bottom', 'N', '', '', 'N', '#ffffff', '#333333', 'N', ''),
(194, '', '', 'C:223:Y', '', '2', 'ty-menu-item__apparel', 'A', 'A', 20, 0, '194', '', 0, 'N', 'bottom', 'N', '', '', 'N', '#ffffff', '#333333', 'N', ''),
(195, 'products.newest', '', '', '', '2', 'ty-menu-item__newest', 'A', 'A', 90, 0, '195', '', 0, 'N', 'bottom', 'N', '', '', 'N', '#ffffff', '#333333', 'N', ''),
(196, 'products.bestsellers', '', '', '', '2', 'ty-menu-item__hits', 'A', 'A', 100, 0, '196', '', 0, 'N', 'bottom', 'N', '', '', 'N', '#ffffff', '#333333', 'N', ''),
(320, '', '', '', '', '9', '', 'A', 'A', 1, 0, '320', '', 0, 'N', 'bottom', 'N', '#ffffff', '#ffffff', 'N', '#ffffff', '#333333', 'N', ''),
(321, '', '', '', '', '9', '', 'A', 'A', 0, 0, '321', '', 0, 'N', 'bottom', 'N', '#ffffff', '#ffffff', 'N', '#ffffff', '#333333', 'N', ''),
(322, '', '', '', '', '9', '', 'A', 'A', 0, 0, '322', '', 0, 'N', 'bottom', 'N', '#ffffff', '#ffffff', 'N', '#ffffff', '#333333', 'N', ''),
(323, '', '', '', '', '9', '', 'A', 'A', 0, 0, '323', '', 0, 'N', 'bottom', 'N', '#ffffff', '#ffffff', 'N', '#ffffff', '#333333', 'N', ''),
(376, 'uvdesk_dashboard.customer_create_ticket', '', '', '', '1', '', 'A', 'A', 85, 0, '376', '', 0, 'N', 'bottom', 'N', '#ffffff', '#ffffff', 'N', '#ffffff', '#333333', 'N', ''),
(429, 'uvdesk_dashboard.customer_create_ticket', '', '', '', '1', '', 'A', 'A', 85, 0, '429', '', 0, 'N', 'bottom', 'N', '', '', 'N', '#ffffff', '#333333', 'N', ''),
(430, 'pages.view&page_id=49', '', '', '', '11', '', 'A', 'A', 10, 0, '430', '', 0, 'N', 'bottom', 'N', '', '', 'N', '#ffffff', '#333333', 'N', ''),
(431, 'pages.view&page_id=50', '', '', '', '11', '', 'A', 'A', 20, 0, '431', '', 0, 'N', 'bottom', 'N', '', '', 'N', '#ffffff', '#333333', 'N', ''),
(432, 'pages.view&page_id=51', '', '', '', '11', '', 'A', 'A', 30, 0, '432', '', 0, 'N', 'bottom', 'N', '', '', 'N', '#ffffff', '#333333', 'N', ''),
(433, 'pages.view&page_id=52', '', '', '', '11', '', 'A', 'A', 40, 0, '433', '', 0, 'N', 'bottom', 'N', '', '', 'N', '#ffffff', '#333333', 'N', ''),
(434, 'pages.view&page_id=53', '', '', '', '11', '', 'A', 'A', 50, 0, '434', '', 0, 'N', 'bottom', 'N', '', '', 'N', '#ffffff', '#333333', 'N', ''),
(435, '#', '', '', '', '12', '', 'A', 'A', 10, 0, '435', '', 0, 'N', 'bottom', 'N', '', '', 'N', '#ffffff', '#333333', 'N', ''),
(436, '#', '', '', '', '12', '', 'A', 'A', 20, 0, '436', '', 0, 'N', 'bottom', 'N', '', '', 'N', '#ffffff', '#333333', 'N', ''),
(437, 'products.on_sale', '', '', '', '13', '', 'A', 'A', 10, 0, '437', '', 0, 'N', 'bottom', 'N', '', '', 'N', '#ffffff', '#333333', 'N', ''),
(438, 'products.newest', '', '', '', '13', '', 'A', 'A', 20, 0, '438', '', 0, 'N', 'bottom', 'N', '', '', 'N', '#ffffff', '#333333', 'N', ''),
(439, 'products.bestsellers', '', '', '', '13', '', 'A', 'A', 30, 0, '439', '', 0, 'N', 'bottom', 'N', '', '', 'N', '#ffffff', '#333333', 'N', ''),
(440, 'product_features.view_all&filter_id=10', '', '', '', '13', '', 'A', 'A', 40, 0, '440', '', 0, 'N', 'bottom', 'N', '', '', 'N', '#ffffff', '#333333', 'N', ''),
(441, 'pages.view&page_id=55', '', '', '', '13', '', 'A', 'A', 50, 0, '441', '', 0, 'N', 'bottom', 'N', '', '', 'N', '#ffffff', '#333333', 'N', ''),
(442, 'gift_certificates.add', '', '', '', '13', '', 'A', 'A', 60, 0, '442', '', 0, 'N', 'bottom', 'N', '', '', 'N', '#ffffff', '#333333', 'N', ''),
(443, 'pages.view&page_id=56', '', '', '', '13', '', 'A', 'A', 70, 0, '443', '', 0, 'N', 'bottom', 'N', '', '', 'N', '#ffffff', '#333333', 'N', ''),
(444, '#custom_pages', '', '', '', '13', '', 'A', 'D', 80, 0, '444', '', 0, 'N', 'bottom', 'N', '', '', 'N', '#ffffff', '#333333', 'N', ''),
(445, '#', '', '', '', '13', '', 'A', 'A', 10, 444, '444/445', '', 0, 'N', 'bottom', 'N', '', '', 'N', '#ffffff', '#333333', 'N', ''),
(446, '#', '', '', '', '13', '', 'A', 'A', 10, 445, '444/445/446', '', 0, 'N', 'bottom', 'N', '', '', 'N', '#ffffff', '#333333', 'N', ''),
(447, '#', '', '', '', '13', '', 'A', 'A', 20, 445, '444/445/447', '', 0, 'N', 'bottom', 'N', '', '', 'N', '#ffffff', '#333333', 'N', ''),
(448, '#', '', '', '', '13', '', 'A', 'A', 30, 445, '444/445/448', '', 0, 'N', 'bottom', 'N', '', '', 'N', '#ffffff', '#333333', 'N', ''),
(449, '#', '', '', '', '13', '', 'A', 'A', 20, 444, '444/449', '', 0, 'N', 'bottom', 'N', '', '', 'N', '#ffffff', '#333333', 'N', ''),
(450, '#', '', '', '', '13', '', 'A', 'A', 10, 449, '444/449/450', '', 0, 'N', 'bottom', 'N', '', '', 'N', '#ffffff', '#333333', 'N', ''),
(451, '#', '', '', '', '13', '', 'A', 'A', 20, 449, '444/449/451', '', 0, 'N', 'bottom', 'N', '', '', 'N', '#ffffff', '#333333', 'N', ''),
(452, '#', '', '', '', '13', '', 'A', 'A', 30, 449, '444/449/452', '', 0, 'N', 'bottom', 'N', '', '', 'N', '#ffffff', '#333333', 'N', ''),
(453, 'companies.vendor_plans', '', '', '', '13', '', 'A', 'D', 90, 0, '453', '', 0, 'N', 'bottom', 'N', '', '', 'N', '#ffffff', '#333333', 'N', ''),
(454, 'companies.apply', '', '', '', '13', '', 'A', 'A', 95, 0, '454', '', 0, 'N', 'bottom', 'N', '', '', 'N', '#ffffff', '#333333', 'N', 'N');

-- --------------------------------------------------------

--
-- Table structure for table `partiushop_static_data_descriptions`
--

CREATE TABLE `partiushop_static_data_descriptions` (
  `param_id` mediumint(8) UNSIGNED NOT NULL DEFAULT 0,
  `lang_code` char(2) NOT NULL DEFAULT '',
  `descr` varchar(255) NOT NULL DEFAULT '',
  `abt__ut2_mwi__desc` mediumtext DEFAULT NULL,
  `abt__ut2_mwi__text` mediumtext DEFAULT NULL,
  `abt__ut2_mwi__label` varchar(100) NOT NULL DEFAULT '',
  `ab__fn_label_text` varchar(100) NOT NULL DEFAULT '',
  `ab__fn_label_show` char(1) NOT NULL DEFAULT 'Y'
) ENGINE=InnoDB DEFAULT CHARSET=utf8;

--
-- Dumping data for table `partiushop_static_data_descriptions`
--

INSERT INTO `partiushop_static_data_descriptions` (`param_id`, `lang_code`, `descr`, `abt__ut2_mwi__desc`, `abt__ut2_mwi__text`, `abt__ut2_mwi__label`, `ab__fn_label_text`, `ab__fn_label_show`) VALUES
(150, 'da', 'Gavekort', NULL, NULL, '', '', 'Y'),
(150, 'de', 'Gift certificates', NULL, NULL, '', '', 'Y'),
(150, 'el', 'Δωροεπιταγές', NULL, NULL, '', '', 'Y'),
(150, 'en', 'Gift certificates', NULL, NULL, '', '', 'Y'),
(150, 'es', 'Condiciones generales', NULL, NULL, '', '', 'Y'),
(150, 'fr', 'Gift certificates', NULL, NULL, '', '', 'Y'),
(150, 'it', 'Certificati regalo', NULL, NULL, '', '', 'Y'),
(150, 'nl', 'Gift certificates', NULL, NULL, '', '', 'Y'),
(150, 'no', 'Gift certificates', NULL, NULL, '', '', 'Y'),
(150, 'pt', 'Vale Presente', '', '', '', '', 'Y'),
(150, 'ro', 'Bonuri', NULL, NULL, '', '', 'Y'),
(150, 'ru', 'Подарочные сертификаты', NULL, NULL, '', '', 'Y'),
(151, 'da', 'Our brands', NULL, NULL, '', '', 'Y'),
(151, 'de', 'Our brands', NULL, NULL, '', '', 'Y'),
(151, 'el', 'Brands', NULL, NULL, '', '', 'Y'),
(151, 'en', 'Our brands', NULL, NULL, '', '', 'Y'),
(151, 'es', 'Our brands', NULL, NULL, '', '', 'Y'),
(151, 'fr', 'Our brands', NULL, NULL, '', '', 'Y'),
(151, 'it', 'Our brands', NULL, NULL, '', '', 'Y'),
(151, 'nl', 'Our brands', NULL, NULL, '', '', 'Y'),
(151, 'no', 'Our brands', NULL, NULL, '', '', 'Y'),
(151, 'pt', 'Our brands', NULL, NULL, '', '', 'Y'),
(151, 'ro', 'Our brands', NULL, NULL, '', '', 'Y'),
(151, 'ru', 'Торговые марки', NULL, NULL, '', '', 'Y'),
(152, 'da', 'Our blog', NULL, NULL, '', '', 'Y'),
(152, 'de', 'Our blog', NULL, NULL, '', '', 'Y'),
(152, 'el', 'Το Blog μας', NULL, NULL, '', '', 'Y'),
(152, 'en', 'Our blog', NULL, NULL, '', '', 'Y'),
(152, 'es', 'Our blog', NULL, NULL, '', '', 'Y'),
(152, 'fr', 'Our blog', NULL, NULL, '', '', 'Y'),
(152, 'it', 'Our blog', NULL, NULL, '', '', 'Y'),
(152, 'nl', 'Our blog', NULL, NULL, '', '', 'Y'),
(152, 'no', 'Our blog', NULL, NULL, '', '', 'Y'),
(152, 'pt', 'Blog', '', '', '', '', 'Y'),
(152, 'ro', 'Our blog', NULL, NULL, '', '', 'Y'),
(152, 'ru', 'Наш блог', NULL, NULL, '', '', 'Y'),
(153, 'da', 'Electronics', NULL, NULL, '', '', 'Y'),
(153, 'de', 'Electronics', NULL, NULL, '', '', 'Y'),
(153, 'el', 'Electronics', NULL, NULL, '', '', 'Y'),
(153, 'en', 'Electronics', NULL, NULL, '', '', 'Y'),
(153, 'es', 'Electronics', NULL, NULL, '', '', 'Y'),
(153, 'fr', 'Electronics', NULL, NULL, '', '', 'Y'),
(153, 'it', 'Electronics', NULL, NULL, '', '', 'Y'),
(153, 'nl', 'Electronics', NULL, NULL, '', '', 'Y'),
(153, 'no', 'Electronics', NULL, NULL, '', '', 'Y'),
(153, 'pt', 'Electronics', NULL, NULL, '', '', 'Y'),
(153, 'ro', 'Electronics', NULL, NULL, '', '', 'Y'),
(153, 'ru', 'Электроника', NULL, NULL, '', '', 'Y'),
(154, 'da', 'Sports & Outdoors', NULL, NULL, '', '', 'Y'),
(154, 'de', 'Sports & Outdoors', NULL, NULL, '', '', 'Y'),
(154, 'el', 'Sports & Outdoors', NULL, NULL, '', '', 'Y'),
(154, 'en', 'Sports & Outdoors', NULL, NULL, '', '', 'Y'),
(154, 'es', 'Sports & Outdoors', NULL, NULL, '', '', 'Y'),
(154, 'fr', 'Sports & Outdoors', NULL, NULL, '', '', 'Y'),
(154, 'it', 'Sports & Outdoors', NULL, NULL, '', '', 'Y'),
(154, 'nl', 'Sports & Outdoors', NULL, NULL, '', '', 'Y'),
(154, 'no', 'Sports & Outdoors', NULL, NULL, '', '', 'Y'),
(154, 'pt', 'Sports & Outdoors', NULL, NULL, '', '', 'Y'),
(154, 'ro', 'Sports & Outdoors', NULL, NULL, '', '', 'Y'),
(154, 'ru', 'Спорт и отдых', NULL, NULL, '', '', 'Y'),
(155, 'da', 'Office Supplies', NULL, NULL, '', '', 'Y'),
(155, 'de', 'Office Supplies', NULL, NULL, '', '', 'Y'),
(155, 'el', 'Office Supplies', NULL, NULL, '', '', 'Y'),
(155, 'en', 'Office Supplies', NULL, NULL, '', '', 'Y'),
(155, 'es', 'Office Supplies', NULL, NULL, '', '', 'Y'),
(155, 'fr', 'Office Supplies', NULL, NULL, '', '', 'Y'),
(155, 'it', 'Office Supplies', NULL, NULL, '', '', 'Y'),
(155, 'nl', 'Office Supplies', NULL, NULL, '', '', 'Y'),
(155, 'no', 'Office Supplies', NULL, NULL, '', '', 'Y'),
(155, 'pt', 'Office Supplies', NULL, NULL, '', '', 'Y'),
(155, 'ro', 'Office Supplies', NULL, NULL, '', '', 'Y'),
(155, 'ru', 'Канцелярские товары', NULL, NULL, '', '', 'Y'),
(159, 'da', 'Brands', NULL, NULL, '', '', 'Y'),
(159, 'de', 'Brands', NULL, NULL, '', '', 'Y'),
(159, 'el', 'Brands', NULL, NULL, '', '', 'Y'),
(159, 'en', 'Brands', NULL, NULL, '', '', 'Y'),
(159, 'es', 'Brands', NULL, NULL, '', '', 'Y'),
(159, 'fr', 'Brands', NULL, NULL, '', '', 'Y'),
(159, 'it', 'Brands', NULL, NULL, '', '', 'Y'),
(159, 'nl', 'Brands', NULL, NULL, '', '', 'Y'),
(159, 'no', 'Brands', NULL, NULL, '', '', 'Y'),
(159, 'pt', 'Brands', NULL, NULL, '', '', 'Y'),
(159, 'ro', 'Brands', NULL, NULL, '', '', 'Y'),
(159, 'ru', 'Бренды', NULL, NULL, '', '', 'Y'),
(160, 'da', 'Become a seller', NULL, NULL, '', '', 'Y'),
(160, 'de', 'Become a seller', NULL, NULL, '', '', 'Y'),
(160, 'el', 'Become a seller', NULL, NULL, '', '', 'Y'),
(160, 'en', 'Become a seller', NULL, NULL, '', '', 'Y'),
(160, 'es', 'Become a seller', NULL, NULL, '', '', 'Y'),
(160, 'fr', 'Become a seller', NULL, NULL, '', '', 'Y'),
(160, 'it', 'Become a seller', NULL, NULL, '', '', 'Y'),
(160, 'nl', 'Become a seller', NULL, NULL, '', '', 'Y'),
(160, 'no', 'Become a seller', NULL, NULL, '', '', 'Y'),
(160, 'pt', 'Comece a Vender', '', '', '', '', 'Y'),
(160, 'ro', 'Become a seller', NULL, NULL, '', '', 'Y'),
(160, 'ru', 'Стать продавцом', NULL, NULL, '', '', 'Y'),
(161, 'da', 'Become a seller', NULL, NULL, '', '', 'Y'),
(161, 'de', 'Become a seller', NULL, NULL, '', '', 'Y'),
(161, 'el', 'Become a seller', NULL, NULL, '', '', 'Y'),
(161, 'en', 'Become a seller', NULL, NULL, '', '', 'Y'),
(161, 'es', 'Become a seller', NULL, NULL, '', '', 'Y'),
(161, 'fr', 'Become a seller', NULL, NULL, '', '', 'Y'),
(161, 'it', 'Become a seller', NULL, NULL, '', '', 'Y'),
(161, 'nl', 'Become a seller', NULL, NULL, '', '', 'Y'),
(161, 'no', 'Become a seller', NULL, NULL, '', '', 'Y'),
(161, 'pt', 'Comece a Vender', '', '', '', '', 'Y'),
(161, 'ro', 'Become a seller', NULL, NULL, '', '', 'Y'),
(161, 'ru', 'Стать продавцом', NULL, NULL, '', '', 'Y'),
(162, 'da', 'Sales', NULL, NULL, '', '', 'Y'),
(162, 'de', 'Sales', NULL, NULL, '', '', 'Y'),
(162, 'el', 'Προσφορές', NULL, NULL, '', '', 'Y'),
(162, 'en', 'Sales', NULL, NULL, '', '', 'Y'),
(162, 'es', 'Sales', NULL, NULL, '', '', 'Y'),
(162, 'fr', 'Sales', NULL, NULL, '', '', 'Y'),
(162, 'it', 'Sales', NULL, NULL, '', '', 'Y'),
(162, 'nl', 'Sales', NULL, NULL, '', '', 'Y'),
(162, 'no', 'Sales', NULL, NULL, '', '', 'Y'),
(162, 'pt', 'Sales', NULL, NULL, '', '', 'Y'),
(162, 'ro', 'Sales', NULL, NULL, '', '', 'Y'),
(162, 'ru', 'Скидки', NULL, NULL, '', '', 'Y'),
(163, 'da', 'Vendors', NULL, NULL, '', '', 'Y'),
(163, 'de', 'Vendors', NULL, NULL, '', '', 'Y'),
(163, 'el', 'Vendors', NULL, NULL, '', '', 'Y'),
(163, 'en', 'Vendors', NULL, NULL, '', '', 'Y'),
(163, 'es', 'Vendors', NULL, NULL, '', '', 'Y'),
(163, 'fr', 'Vendors', NULL, NULL, '', '', 'Y'),
(163, 'it', 'Vendors', NULL, NULL, '', '', 'Y'),
(163, 'nl', 'Vendors', NULL, NULL, '', '', 'Y'),
(163, 'no', 'Vendors', NULL, NULL, '', '', 'Y'),
(163, 'pt', 'Fornecedores', '', '', '', '', 'Y'),
(163, 'ro', 'Vendors', NULL, NULL, '', '', 'Y'),
(163, 'ru', 'Vendors', NULL, NULL, '', '', 'Y'),
(169, 'da', 'About us', NULL, NULL, '', '', 'Y'),
(169, 'de', 'About us', NULL, NULL, '', '', 'Y'),
(169, 'el', 'Η εταιρεία', NULL, NULL, '', '', 'Y'),
(169, 'en', 'About us', NULL, NULL, '', '', 'Y'),
(169, 'es', 'About us', NULL, NULL, '', '', 'Y'),
(169, 'fr', 'About us', NULL, NULL, '', '', 'Y'),
(169, 'it', 'About us', NULL, NULL, '', '', 'Y'),
(169, 'nl', 'About us', NULL, NULL, '', '', 'Y'),
(169, 'no', 'About us', NULL, NULL, '', '', 'Y'),
(169, 'pt', 'About us', NULL, NULL, '', '', 'Y'),
(169, 'ro', 'About us', NULL, NULL, '', '', 'Y'),
(169, 'ru', 'О компании', NULL, NULL, '', '', 'Y'),
(170, 'da', 'Blog', NULL, NULL, '', '', 'Y'),
(170, 'de', 'Blog', NULL, NULL, '', '', 'Y'),
(170, 'el', 'Blog', NULL, NULL, '', '', 'Y'),
(170, 'en', 'Blog', NULL, NULL, '', '', 'Y'),
(170, 'es', 'Blog', NULL, NULL, '', '', 'Y'),
(170, 'fr', 'Blog', NULL, NULL, '', '', 'Y'),
(170, 'it', 'Blog', NULL, NULL, '', '', 'Y'),
(170, 'nl', 'Blog', NULL, NULL, '', '', 'Y'),
(170, 'no', 'Blog', NULL, NULL, '', '', 'Y'),
(170, 'pt', 'Blog', NULL, NULL, '', '', 'Y'),
(170, 'ro', 'Blog', NULL, NULL, '', '', 'Y'),
(170, 'ru', 'Блог магазина', NULL, NULL, '', '', 'Y'),
(171, 'da', 'Reviews', NULL, NULL, '', '', 'Y'),
(171, 'de', 'Reviews', NULL, NULL, '', '', 'Y'),
(171, 'el', 'Κριτικές', NULL, NULL, '', '', 'Y'),
(171, 'en', 'Reviews', NULL, NULL, '', '', 'Y'),
(171, 'es', 'Reviews', NULL, NULL, '', '', 'Y'),
(171, 'fr', 'Reviews', NULL, NULL, '', '', 'Y'),
(171, 'it', 'Reviews', NULL, NULL, '', '', 'Y'),
(171, 'nl', 'Reviews', NULL, NULL, '', '', 'Y'),
(171, 'no', 'Reviews', NULL, NULL, '', '', 'Y'),
(171, 'pt', 'Reviews', NULL, NULL, '', '', 'Y'),
(171, 'ro', 'Reviews', NULL, NULL, '', '', 'Y'),
(171, 'ru', 'Отзывы покупателей', NULL, NULL, '', '', 'Y'),
(172, 'da', 'Reward points', NULL, NULL, '', '', 'Y'),
(172, 'de', 'Reward points', NULL, NULL, '', '', 'Y'),
(172, 'el', 'Πόντοι Επιβράβευσης', NULL, NULL, '', '', 'Y'),
(172, 'en', 'Reward points', NULL, NULL, '', '', 'Y'),
(172, 'es', 'Reward points', NULL, NULL, '', '', 'Y'),
(172, 'fr', 'Reward points', NULL, NULL, '', '', 'Y'),
(172, 'it', 'Reward points', NULL, NULL, '', '', 'Y'),
(172, 'nl', 'Reward points', NULL, NULL, '', '', 'Y'),
(172, 'no', 'Reward points', NULL, NULL, '', '', 'Y'),
(172, 'pt', 'Reward points', NULL, NULL, '', '', 'Y'),
(172, 'ro', 'Reward points', NULL, NULL, '', '', 'Y'),
(172, 'ru', 'Бонусные баллы', NULL, NULL, '', '', 'Y'),
(173, 'da', 'Gift certificates', NULL, NULL, '', '', 'Y'),
(173, 'de', 'Gift certificates', NULL, NULL, '', '', 'Y'),
(173, 'el', 'Δωροεπιταγές', NULL, NULL, '', '', 'Y'),
(173, 'en', 'Gift certificates', NULL, NULL, '', '', 'Y'),
(173, 'es', 'Gift certificates', NULL, NULL, '', '', 'Y'),
(173, 'fr', 'Gift certificates', NULL, NULL, '', '', 'Y'),
(173, 'it', 'Gift certificates', NULL, NULL, '', '', 'Y'),
(173, 'nl', 'Gift certificates', NULL, NULL, '', '', 'Y'),
(173, 'no', 'Gift certificates', NULL, NULL, '', '', 'Y'),
(173, 'pt', 'Gift certificates', NULL, NULL, '', '', 'Y'),
(173, 'ro', 'Gift certificates', NULL, NULL, '', '', 'Y'),
(173, 'ru', 'Подарочные сертификаты', NULL, NULL, '', '', 'Y'),
(174, 'da', 'Sitemap', NULL, NULL, '', '', 'Y'),
(174, 'de', 'Sitemap', NULL, NULL, '', '', 'Y'),
(174, 'el', 'Sitemap', NULL, NULL, '', '', 'Y'),
(174, 'en', 'Sitemap', NULL, NULL, '', '', 'Y'),
(174, 'es', 'Sitemap', NULL, NULL, '', '', 'Y'),
(174, 'fr', 'Sitemap', NULL, NULL, '', '', 'Y'),
(174, 'it', 'Sitemap', NULL, NULL, '', '', 'Y'),
(174, 'nl', 'Sitemap', NULL, NULL, '', '', 'Y'),
(174, 'no', 'Sitemap', NULL, NULL, '', '', 'Y'),
(174, 'pt', 'Sitemap', NULL, NULL, '', '', 'Y'),
(174, 'ro', 'Sitemap', NULL, NULL, '', '', 'Y'),
(174, 'ru', 'Карта сайта', NULL, NULL, '', '', 'Y'),
(175, 'da', 'Delivery and payment', NULL, NULL, '', '', 'Y'),
(175, 'de', 'Delivery and payment', NULL, NULL, '', '', 'Y'),
(175, 'el', 'Αποστολές & Πληρωμές', NULL, NULL, '', '', 'Y'),
(175, 'en', 'Delivery and payment', NULL, NULL, '', '', 'Y'),
(175, 'es', 'Delivery and payment', NULL, NULL, '', '', 'Y'),
(175, 'fr', 'Delivery and payment', NULL, NULL, '', '', 'Y'),
(175, 'it', 'Delivery and payment', NULL, NULL, '', '', 'Y'),
(175, 'nl', 'Delivery and payment', NULL, NULL, '', '', 'Y'),
(175, 'no', 'Delivery and payment', NULL, NULL, '', '', 'Y'),
(175, 'pt', 'Delivery and payment', NULL, NULL, '', '', 'Y'),
(175, 'ro', 'Delivery and payment', NULL, NULL, '', '', 'Y'),
(175, 'ru', 'Доставка и оплата', NULL, NULL, '', '', 'Y'),
(176, 'da', 'Returns', NULL, NULL, '', '', 'Y'),
(176, 'de', 'Returns', NULL, NULL, '', '', 'Y'),
(176, 'el', 'Επιστροφές', NULL, NULL, '', '', 'Y'),
(176, 'en', 'Returns', NULL, NULL, '', '', 'Y'),
(176, 'es', 'Returns', NULL, NULL, '', '', 'Y'),
(176, 'fr', 'Returns', NULL, NULL, '', '', 'Y'),
(176, 'it', 'Returns', NULL, NULL, '', '', 'Y'),
(176, 'nl', 'Returns', NULL, NULL, '', '', 'Y'),
(176, 'no', 'Returns', NULL, NULL, '', '', 'Y'),
(176, 'pt', 'Returns', NULL, NULL, '', '', 'Y'),
(176, 'ro', 'Returns', NULL, NULL, '', '', 'Y'),
(176, 'ru', 'Возврат', NULL, NULL, '', '', 'Y'),
(178, 'da', 'Media', NULL, NULL, '', '', 'Y'),
(178, 'de', 'Media', NULL, NULL, '', '', 'Y'),
(178, 'el', 'Media', NULL, NULL, '', '', 'Y'),
(178, 'en', 'Media', NULL, NULL, '', '', 'Y'),
(178, 'es', 'Media', NULL, NULL, '', '', 'Y'),
(178, 'fr', 'Media', NULL, NULL, '', '', 'Y'),
(178, 'it', 'Media', NULL, NULL, '', '', 'Y'),
(178, 'nl', 'Media', NULL, NULL, '', '', 'Y'),
(178, 'no', 'Media', NULL, NULL, '', '', 'Y'),
(178, 'pt', 'Media', NULL, NULL, '', '', 'Y'),
(178, 'ro', 'Media', NULL, NULL, '', '', 'Y'),
(178, 'ru', 'Видеоигры', NULL, NULL, '', '', 'Y'),
(182, 'da', 'Catalog', NULL, NULL, '', '', 'Y'),
(182, 'de', 'Catalog', NULL, NULL, '', '', 'Y'),
(182, 'el', 'Catalog', NULL, NULL, '', '', 'Y'),
(182, 'en', 'Catalog', NULL, NULL, '', '', 'Y'),
(182, 'es', 'Catalog', NULL, NULL, '', '', 'Y'),
(182, 'fr', 'Catalog', NULL, NULL, '', '', 'Y'),
(182, 'it', 'Catalog', NULL, NULL, '', '', 'Y'),
(182, 'nl', 'Catalog', NULL, NULL, '', '', 'Y'),
(182, 'no', 'Catalog', NULL, NULL, '', '', 'Y'),
(182, 'pt', 'Catalog', NULL, NULL, '', '', 'Y'),
(182, 'ro', 'Catalog', NULL, NULL, '', '', 'Y'),
(182, 'ru', 'Все товары', NULL, NULL, '', '', 'Y'),
(189, 'da', 'Reward points', NULL, NULL, '', '', 'Y'),
(189, 'de', 'Reward points', NULL, NULL, '', '', 'Y'),
(189, 'el', 'Πόντοι Επιβράβευσης', NULL, NULL, '', '', 'Y'),
(189, 'en', 'Reward points', NULL, NULL, '', '', 'Y'),
(189, 'es', 'Reward points', NULL, NULL, '', '', 'Y'),
(189, 'fr', 'Reward points', NULL, NULL, '', '', 'Y'),
(189, 'it', 'Reward points', NULL, NULL, '', '', 'Y'),
(189, 'nl', 'Reward points', NULL, NULL, '', '', 'Y'),
(189, 'no', 'Reward points', NULL, NULL, '', '', 'Y'),
(189, 'pt', 'Reward points', NULL, NULL, '', '', 'Y'),
(189, 'ro', 'Reward points', NULL, NULL, '', '', 'Y'),
(189, 'ru', 'Бонусные баллы', NULL, NULL, '', '', 'Y'),
(190, 'da', 'Gift certificates', NULL, NULL, '', '', 'Y'),
(190, 'de', 'Gift certificates', NULL, NULL, '', '', 'Y'),
(190, 'el', 'Δωροεπιταγές', NULL, NULL, '', '', 'Y'),
(190, 'en', 'Gift certificates', NULL, NULL, '', '', 'Y'),
(190, 'es', 'Gift certificates', NULL, NULL, '', '', 'Y'),
(190, 'fr', 'Gift certificates', NULL, NULL, '', '', 'Y'),
(190, 'it', 'Gift certificates', NULL, NULL, '', '', 'Y'),
(190, 'nl', 'Gift certificates', NULL, NULL, '', '', 'Y'),
(190, 'no', 'Gift certificates', NULL, NULL, '', '', 'Y'),
(190, 'pt', 'Gift certificates', NULL, NULL, '', '', 'Y'),
(190, 'ro', 'Gift certificates', NULL, NULL, '', '', 'Y'),
(190, 'ru', 'Подарочные сертификаты', NULL, NULL, '', '', 'Y'),
(194, 'da', 'Apparel', NULL, NULL, '', '', 'Y'),
(194, 'de', 'Apparel', NULL, NULL, '', '', 'Y'),
(194, 'el', 'Apparel', NULL, NULL, '', '', 'Y'),
(194, 'en', 'Apparel', NULL, NULL, '', '', 'Y'),
(194, 'es', 'Apparel', NULL, NULL, '', '', 'Y'),
(194, 'fr', 'Apparel', NULL, NULL, '', '', 'Y'),
(194, 'it', 'Apparel', NULL, NULL, '', '', 'Y'),
(194, 'nl', 'Apparel', NULL, NULL, '', '', 'Y'),
(194, 'no', 'Apparel', NULL, NULL, '', '', 'Y'),
(194, 'pt', 'Apparel', NULL, NULL, '', '', 'Y'),
(194, 'ro', 'Apparel', NULL, NULL, '', '', 'Y'),
(194, 'ru', 'Одежда', NULL, NULL, '', '', 'Y'),
(195, 'da', 'Newest', NULL, NULL, '', '', 'Y'),
(195, 'de', 'Newest', NULL, NULL, '', '', 'Y'),
(195, 'el', 'Νέα Προϊόντα', NULL, NULL, '', '', 'Y'),
(195, 'en', 'Newest', NULL, NULL, '', '', 'Y'),
(195, 'es', 'Newest', NULL, NULL, '', '', 'Y'),
(195, 'fr', 'Newest', NULL, NULL, '', '', 'Y'),
(195, 'it', 'Newest', NULL, NULL, '', '', 'Y'),
(195, 'nl', 'Newest', NULL, NULL, '', '', 'Y'),
(195, 'no', 'Newest', NULL, NULL, '', '', 'Y'),
(195, 'pt', 'Newest', NULL, NULL, '', '', 'Y'),
(195, 'ro', 'Newest', NULL, NULL, '', '', 'Y'),
(195, 'ru', 'Новинки', NULL, NULL, '', '', 'Y'),
(196, 'da', 'Bestsellers', NULL, NULL, '', '', 'Y'),
(196, 'de', 'Bestsellers', NULL, NULL, '', '', 'Y'),
(196, 'el', 'Bestsellers', NULL, NULL, '', '', 'Y'),
(196, 'en', 'Bestsellers', NULL, NULL, '', '', 'Y'),
(196, 'es', 'Bestsellers', NULL, NULL, '', '', 'Y'),
(196, 'fr', 'Bestsellers', NULL, NULL, '', '', 'Y'),
(196, 'it', 'Bestsellers', NULL, NULL, '', '', 'Y'),
(196, 'nl', 'Bestsellers', NULL, NULL, '', '', 'Y'),
(196, 'no', 'Bestsellers', NULL, NULL, '', '', 'Y'),
(196, 'pt', 'Bestsellers', NULL, NULL, '', '', 'Y'),
(196, 'ro', 'Bestsellers', NULL, NULL, '', '', 'Y'),
(196, 'ru', 'Хиты продаж', NULL, NULL, '', '', 'Y'),
(320, 'da', 'MENU1', '', '', '', '', 'Y'),
(320, 'de', 'MENU1', '', '', '', '', 'Y'),
(320, 'el', 'MENU1', '', '', '', '', 'Y'),
(320, 'en', 'MENU1', '', '', '', '', 'Y'),
(320, 'es', 'MENU1', '', '', '', '', 'Y'),
(320, 'fr', 'MENU1', '', '', '', '', 'Y'),
(320, 'it', 'MENU1', '', '', '', '', 'Y'),
(320, 'nl', 'MENU1', '', '', '', '', 'Y'),
(320, 'no', 'MENU1', '', '', '', '', 'Y'),
(320, 'pt', 'MENU1', '', '', '', '', 'Y'),
(320, 'ro', 'MENU1', '', '', '', '', 'Y'),
(320, 'ru', 'MENU1', '', '', '', '', 'Y'),
(321, 'da', 'MENU2', '', '', '', '', 'Y'),
(321, 'de', 'MENU2', '', '', '', '', 'Y'),
(321, 'el', 'MENU2', '', '', '', '', 'Y'),
(321, 'en', 'MENU2', '', '', '', '', 'Y'),
(321, 'es', 'MENU2', '', '', '', '', 'Y'),
(321, 'fr', 'MENU2', '', '', '', '', 'Y'),
(321, 'it', 'MENU2', '', '', '', '', 'Y'),
(321, 'nl', 'MENU2', '', '', '', '', 'Y'),
(321, 'no', 'MENU2', '', '', '', '', 'Y'),
(321, 'pt', 'MENU2', '', '', '', '', 'Y'),
(321, 'ro', 'MENU2', '', '', '', '', 'Y'),
(321, 'ru', 'MENU2', '', '', '', '', 'Y'),
(322, 'da', 'MENU3', '', '', '', '', 'Y'),
(322, 'de', 'MENU3', '', '', '', '', 'Y'),
(322, 'el', 'MENU3', '', '', '', '', 'Y'),
(322, 'en', 'MENU3', '', '', '', '', 'Y'),
(322, 'es', 'MENU3', '', '', '', '', 'Y'),
(322, 'fr', 'MENU3', '', '', '', '', 'Y'),
(322, 'it', 'MENU3', '', '', '', '', 'Y'),
(322, 'nl', 'MENU3', '', '', '', '', 'Y'),
(322, 'no', 'MENU3', '', '', '', '', 'Y'),
(322, 'pt', 'MENU3', '', '', '', '', 'Y'),
(322, 'ro', 'MENU3', '', '', '', '', 'Y'),
(322, 'ru', 'MENU3', '', '', '', '', 'Y'),
(323, 'da', 'MENU4', '', '', '', '', 'Y'),
(323, 'de', 'MENU4', '', '', '', '', 'Y'),
(323, 'el', 'MENU4', '', '', '', '', 'Y'),
(323, 'en', 'MENU4', '', '', '', '', 'Y'),
(323, 'es', 'MENU4', '', '', '', '', 'Y'),
(323, 'fr', 'MENU4', '', '', '', '', 'Y'),
(323, 'it', 'MENU4', '', '', '', '', 'Y'),
(323, 'nl', 'MENU4', '', '', '', '', 'Y'),
(323, 'no', 'MENU4', '', '', '', '', 'Y'),
(323, 'pt', 'MENU4', '', '', '', '', 'Y'),
(323, 'ro', 'MENU4', '', '', '', '', 'Y'),
(323, 'ru', 'MENU4', '', '', '', '', 'Y'),
(376, 'da', 'Create Ticket', NULL, NULL, '', '', 'Y'),
(376, 'de', 'Create Ticket', NULL, NULL, '', '', 'Y'),
(376, 'el', 'Create Ticket', NULL, NULL, '', '', 'Y'),
(376, 'en', 'Create Ticket', NULL, NULL, '', '', 'Y'),
(376, 'es', 'Create Ticket', NULL, NULL, '', '', 'Y'),
(376, 'fr', 'Create Ticket', NULL, NULL, '', '', 'Y'),
(376, 'it', 'Create Ticket', NULL, NULL, '', '', 'Y'),
(376, 'nl', 'Create Ticket', NULL, NULL, '', '', 'Y'),
(376, 'no', 'Create Ticket', NULL, NULL, '', '', 'Y'),
(376, 'pt', 'Atendimento', '', '', '', '', 'Y'),
(376, 'ro', 'Create Ticket', NULL, NULL, '', '', 'Y'),
(376, 'ru', 'Create Ticket', NULL, NULL, '', '', 'Y'),
(429, 'da', 'Create Ticket', NULL, NULL, '', '', 'Y'),
(429, 'de', 'Create Ticket', NULL, NULL, '', '', 'Y'),
(429, 'el', 'Create Ticket', NULL, NULL, '', '', 'Y'),
(429, 'en', 'Create Ticket', NULL, NULL, '', '', 'Y'),
(429, 'es', 'Create Ticket', NULL, NULL, '', '', 'Y'),
(429, 'fr', 'Create Ticket', NULL, NULL, '', '', 'Y'),
(429, 'it', 'Create Ticket', NULL, NULL, '', '', 'Y'),
(429, 'nl', 'Create Ticket', NULL, NULL, '', '', 'Y'),
(429, 'no', 'Create Ticket', NULL, NULL, '', '', 'Y'),
(429, 'pt', 'Create Ticket', NULL, NULL, '', '', 'Y'),
(429, 'ro', 'Create Ticket', NULL, NULL, '', '', 'Y'),
(429, 'ru', 'Create Ticket', NULL, NULL, '', '', 'Y'),
(430, 'da', 'Returns', NULL, NULL, '', '', 'Y'),
(430, 'de', 'Returns', NULL, NULL, '', '', 'Y'),
(430, 'el', 'Returns', NULL, NULL, '', '', 'Y'),
(430, 'en', 'Returns', NULL, NULL, '', '', 'Y'),
(430, 'es', 'Returns', NULL, NULL, '', '', 'Y'),
(430, 'fr', 'Returns', NULL, NULL, '', '', 'Y'),
(430, 'it', 'Returns', NULL, NULL, '', '', 'Y'),
(430, 'nl', 'Returns', NULL, NULL, '', '', 'Y'),
(430, 'no', 'Returns', NULL, NULL, '', '', 'Y'),
(430, 'pt', 'Returns', NULL, NULL, '', '', 'Y'),
(430, 'ro', 'Returns', NULL, NULL, '', '', 'Y'),
(430, 'ru', 'Returns', NULL, NULL, '', '', 'Y'),
(431, 'da', 'Shipping', NULL, NULL, '', '', 'Y'),
(431, 'de', 'Shipping', NULL, NULL, '', '', 'Y'),
(431, 'el', 'Shipping', NULL, NULL, '', '', 'Y'),
(431, 'en', 'Shipping', NULL, NULL, '', '', 'Y'),
(431, 'es', 'Shipping', NULL, NULL, '', '', 'Y'),
(431, 'fr', 'Shipping', NULL, NULL, '', '', 'Y'),
(431, 'it', 'Shipping', NULL, NULL, '', '', 'Y'),
(431, 'nl', 'Shipping', NULL, NULL, '', '', 'Y'),
(431, 'no', 'Shipping', NULL, NULL, '', '', 'Y'),
(431, 'pt', 'Shipping', NULL, NULL, '', '', 'Y'),
(431, 'ro', 'Shipping', NULL, NULL, '', '', 'Y'),
(431, 'ru', 'Shipping', NULL, NULL, '', '', 'Y'),
(432, 'da', 'Warranty', NULL, NULL, '', '', 'Y'),
(432, 'de', 'Warranty', NULL, NULL, '', '', 'Y'),
(432, 'el', 'Warranty', NULL, NULL, '', '', 'Y'),
(432, 'en', 'Warranty', NULL, NULL, '', '', 'Y'),
(432, 'es', 'Warranty', NULL, NULL, '', '', 'Y'),
(432, 'fr', 'Warranty', NULL, NULL, '', '', 'Y'),
(432, 'it', 'Warranty', NULL, NULL, '', '', 'Y'),
(432, 'nl', 'Warranty', NULL, NULL, '', '', 'Y'),
(432, 'no', 'Warranty', NULL, NULL, '', '', 'Y'),
(432, 'pt', 'Warranty', NULL, NULL, '', '', 'Y'),
(432, 'ro', 'Warranty', NULL, NULL, '', '', 'Y'),
(432, 'ru', 'Warranty', NULL, NULL, '', '', 'Y'),
(433, 'da', 'FAQ', NULL, NULL, '', '', 'Y'),
(433, 'de', 'FAQ', NULL, NULL, '', '', 'Y'),
(433, 'el', 'FAQ', NULL, NULL, '', '', 'Y'),
(433, 'en', 'FAQ', NULL, NULL, '', '', 'Y'),
(433, 'es', 'FAQ', NULL, NULL, '', '', 'Y'),
(433, 'fr', 'FAQ', NULL, NULL, '', '', 'Y'),
(433, 'it', 'FAQ', NULL, NULL, '', '', 'Y'),
(433, 'nl', 'FAQ', NULL, NULL, '', '', 'Y'),
(433, 'no', 'FAQ', NULL, NULL, '', '', 'Y'),
(433, 'pt', 'FAQ', NULL, NULL, '', '', 'Y'),
(433, 'ro', 'FAQ', NULL, NULL, '', '', 'Y'),
(433, 'ru', 'FAQ', NULL, NULL, '', '', 'Y'),
(434, 'da', 'Contact us', NULL, NULL, '', '', 'Y'),
(434, 'de', 'Contact us', NULL, NULL, '', '', 'Y'),
(434, 'el', 'Contact us', NULL, NULL, '', '', 'Y'),
(434, 'en', 'Contact us', NULL, NULL, '', '', 'Y'),
(434, 'es', 'Contact us', NULL, NULL, '', '', 'Y'),
(434, 'fr', 'Contact us', NULL, NULL, '', '', 'Y'),
(434, 'it', 'Contact us', NULL, NULL, '', '', 'Y'),
(434, 'nl', 'Contact us', NULL, NULL, '', '', 'Y'),
(434, 'no', 'Contact us', NULL, NULL, '', '', 'Y'),
(434, 'pt', 'Contact us', NULL, NULL, '', '', 'Y'),
(434, 'ro', 'Contact us', NULL, NULL, '', '', 'Y'),
(434, 'ru', 'Contact us', NULL, NULL, '', '', 'Y'),
(435, 'da', 'Seller\'s guide', NULL, NULL, '', '', 'Y'),
(435, 'de', 'Seller\'s guide', NULL, NULL, '', '', 'Y'),
(435, 'el', 'Seller\'s guide', NULL, NULL, '', '', 'Y'),
(435, 'en', 'Seller\'s guide', NULL, NULL, '', '', 'Y'),
(435, 'es', 'Seller\'s guide', NULL, NULL, '', '', 'Y'),
(435, 'fr', 'Seller\'s guide', NULL, NULL, '', '', 'Y'),
(435, 'it', 'Seller\'s guide', NULL, NULL, '', '', 'Y'),
(435, 'nl', 'Seller\'s guide', NULL, NULL, '', '', 'Y'),
(435, 'no', 'Seller\'s guide', NULL, NULL, '', '', 'Y'),
(435, 'pt', 'Seller\'s guide', NULL, NULL, '', '', 'Y'),
(435, 'ro', 'Seller\'s guide', NULL, NULL, '', '', 'Y'),
(435, 'ru', 'Seller\'s guide', NULL, NULL, '', '', 'Y'),
(436, 'da', 'Buyer\'s guide', NULL, NULL, '', '', 'Y'),
(436, 'de', 'Buyer\'s guide', NULL, NULL, '', '', 'Y'),
(436, 'el', 'Buyer\'s guide', NULL, NULL, '', '', 'Y'),
(436, 'en', 'Buyer\'s guide', NULL, NULL, '', '', 'Y'),
(436, 'es', 'Buyer\'s guide', NULL, NULL, '', '', 'Y'),
(436, 'fr', 'Buyer\'s guide', NULL, NULL, '', '', 'Y'),
(436, 'it', 'Buyer\'s guide', NULL, NULL, '', '', 'Y'),
(436, 'nl', 'Buyer\'s guide', NULL, NULL, '', '', 'Y'),
(436, 'no', 'Buyer\'s guide', NULL, NULL, '', '', 'Y'),
(436, 'pt', 'Buyer\'s guide', NULL, NULL, '', '', 'Y'),
(436, 'ro', 'Buyer\'s guide', NULL, NULL, '', '', 'Y'),
(436, 'ru', 'Buyer\'s guide', NULL, NULL, '', '', 'Y'),
(437, 'da', 'On Sale', NULL, NULL, '', '', 'Y'),
(437, 'de', 'On Sale', NULL, NULL, '', '', 'Y'),
(437, 'el', 'On Sale', NULL, NULL, '', '', 'Y'),
(437, 'en', 'On Sale', NULL, NULL, '', '', 'Y'),
(437, 'es', 'On Sale', NULL, NULL, '', '', 'Y'),
(437, 'fr', 'On Sale', NULL, NULL, '', '', 'Y'),
(437, 'it', 'On Sale', NULL, NULL, '', '', 'Y'),
(437, 'nl', 'On Sale', NULL, NULL, '', '', 'Y'),
(437, 'no', 'On Sale', NULL, NULL, '', '', 'Y'),
(437, 'pt', 'On Sale', NULL, NULL, '', '', 'Y'),
(437, 'ro', 'On Sale', NULL, NULL, '', '', 'Y'),
(437, 'ru', 'On Sale', NULL, NULL, '', '', 'Y'),
(438, 'da', 'New Items', NULL, NULL, '', '', 'Y'),
(438, 'de', 'New Items', NULL, NULL, '', '', 'Y'),
(438, 'el', 'New Items', NULL, NULL, '', '', 'Y'),
(438, 'en', 'New Items', NULL, NULL, '', '', 'Y'),
(438, 'es', 'New Items', NULL, NULL, '', '', 'Y'),
(438, 'fr', 'New Items', NULL, NULL, '', '', 'Y'),
(438, 'it', 'New Items', NULL, NULL, '', '', 'Y'),
(438, 'nl', 'New Items', NULL, NULL, '', '', 'Y'),
(438, 'no', 'New Items', NULL, NULL, '', '', 'Y'),
(438, 'pt', 'New Items', NULL, NULL, '', '', 'Y'),
(438, 'ro', 'New Items', NULL, NULL, '', '', 'Y'),
(438, 'ru', 'New Items', NULL, NULL, '', '', 'Y'),
(439, 'da', 'Bestsellers', NULL, NULL, '', '', 'Y'),
(439, 'de', 'Bestsellers', NULL, NULL, '', '', 'Y'),
(439, 'el', 'Bestsellers', NULL, NULL, '', '', 'Y'),
(439, 'en', 'Bestsellers', NULL, NULL, '', '', 'Y'),
(439, 'es', 'Bestsellers', NULL, NULL, '', '', 'Y'),
(439, 'fr', 'Bestsellers', NULL, NULL, '', '', 'Y'),
(439, 'it', 'Bestsellers', NULL, NULL, '', '', 'Y'),
(439, 'nl', 'Bestsellers', NULL, NULL, '', '', 'Y'),
(439, 'no', 'Bestsellers', NULL, NULL, '', '', 'Y'),
(439, 'pt', 'Bestsellers', NULL, NULL, '', '', 'Y'),
(439, 'ro', 'Bestsellers', NULL, NULL, '', '', 'Y'),
(439, 'ru', 'Bestsellers', NULL, NULL, '', '', 'Y'),
(440, 'da', 'Shop By Brand', NULL, NULL, '', '', 'Y'),
(440, 'de', 'Shop By Brand', NULL, NULL, '', '', 'Y'),
(440, 'el', 'Shop By Brand', NULL, NULL, '', '', 'Y'),
(440, 'en', 'Shop By Brand', NULL, NULL, '', '', 'Y'),
(440, 'es', 'Shop By Brand', NULL, NULL, '', '', 'Y'),
(440, 'fr', 'Shop By Brand', NULL, NULL, '', '', 'Y'),
(440, 'it', 'Shop By Brand', NULL, NULL, '', '', 'Y'),
(440, 'nl', 'Shop By Brand', NULL, NULL, '', '', 'Y'),
(440, 'no', 'Shop By Brand', NULL, NULL, '', '', 'Y'),
(440, 'pt', 'Shop By Brand', NULL, NULL, '', '', 'Y'),
(440, 'ro', 'Shop By Brand', NULL, NULL, '', '', 'Y'),
(440, 'ru', 'Shop By Brand', NULL, NULL, '', '', 'Y'),
(441, 'da', 'Locations & Contacts', NULL, NULL, '', '', 'Y'),
(441, 'de', 'Locations & Contacts', NULL, NULL, '', '', 'Y'),
(441, 'el', 'Locations & Contacts', NULL, NULL, '', '', 'Y'),
(441, 'en', 'Locations & Contacts', NULL, NULL, '', '', 'Y'),
(441, 'es', 'Locations & Contacts', NULL, NULL, '', '', 'Y'),
(441, 'fr', 'Locations & Contacts', NULL, NULL, '', '', 'Y'),
(441, 'it', 'Locations & Contacts', NULL, NULL, '', '', 'Y'),
(441, 'nl', 'Locations & Contacts', NULL, NULL, '', '', 'Y'),
(441, 'no', 'Locations & Contacts', NULL, NULL, '', '', 'Y'),
(441, 'pt', 'Locations & Contacts', NULL, NULL, '', '', 'Y'),
(441, 'ro', 'Locations & Contacts', NULL, NULL, '', '', 'Y'),
(441, 'ru', 'Locations & Contacts', NULL, NULL, '', '', 'Y'),
(442, 'da', 'Gift Certificates', NULL, NULL, '', '', 'Y'),
(442, 'de', 'Gift Certificates', NULL, NULL, '', '', 'Y'),
(442, 'el', 'Gift Certificates', NULL, NULL, '', '', 'Y'),
(442, 'en', 'Gift Certificates', NULL, NULL, '', '', 'Y'),
(442, 'es', 'Gift Certificates', NULL, NULL, '', '', 'Y'),
(442, 'fr', 'Gift Certificates', NULL, NULL, '', '', 'Y'),
(442, 'it', 'Gift Certificates', NULL, NULL, '', '', 'Y'),
(442, 'nl', 'Gift Certificates', NULL, NULL, '', '', 'Y'),
(442, 'no', 'Gift Certificates', NULL, NULL, '', '', 'Y'),
(442, 'pt', 'Gift Certificates', NULL, NULL, '', '', 'Y'),
(442, 'ro', 'Gift Certificates', NULL, NULL, '', '', 'Y'),
(442, 'ru', 'Gift Certificates', NULL, NULL, '', '', 'Y'),
(443, 'da', 'Marketplace Blog', NULL, NULL, '', '', 'Y'),
(443, 'de', 'Marketplace Blog', NULL, NULL, '', '', 'Y'),
(443, 'el', 'Marketplace Blog', NULL, NULL, '', '', 'Y'),
(443, 'en', 'Marketplace Blog', NULL, NULL, '', '', 'Y'),
(443, 'es', 'Marketplace Blog', NULL, NULL, '', '', 'Y'),
(443, 'fr', 'Marketplace Blog', NULL, NULL, '', '', 'Y'),
(443, 'it', 'Marketplace Blog', NULL, NULL, '', '', 'Y'),
(443, 'nl', 'Marketplace Blog', NULL, NULL, '', '', 'Y'),
(443, 'no', 'Marketplace Blog', NULL, NULL, '', '', 'Y'),
(443, 'pt', 'Marketplace Blog', NULL, NULL, '', '', 'Y'),
(443, 'ro', 'Marketplace Blog', NULL, NULL, '', '', 'Y'),
(443, 'ru', 'Marketplace Blog', NULL, NULL, '', '', 'Y'),
(444, 'da', 'Custom Pages', NULL, NULL, '', '', 'Y'),
(444, 'de', 'Custom Pages', NULL, NULL, '', '', 'Y'),
(444, 'el', 'Custom Pages', NULL, NULL, '', '', 'Y'),
(444, 'en', 'Custom Pages', NULL, NULL, '', '', 'Y'),
(444, 'es', 'Custom Pages', NULL, NULL, '', '', 'Y'),
(444, 'fr', 'Custom Pages', NULL, NULL, '', '', 'Y'),
(444, 'it', 'Custom Pages', NULL, NULL, '', '', 'Y'),
(444, 'nl', 'Custom Pages', NULL, NULL, '', '', 'Y'),
(444, 'no', 'Custom Pages', NULL, NULL, '', '', 'Y'),
(444, 'pt', 'Custom Pages', NULL, NULL, '', '', 'Y'),
(444, 'ro', 'Custom Pages', NULL, NULL, '', '', 'Y'),
(444, 'ru', 'Custom Pages', NULL, NULL, '', '', 'Y'),
(445, 'da', 'Custom page 1', NULL, NULL, '', '', 'Y'),
(445, 'de', 'Custom page 1', NULL, NULL, '', '', 'Y'),
(445, 'el', 'Custom page 1', NULL, NULL, '', '', 'Y'),
(445, 'en', 'Custom page 1', NULL, NULL, '', '', 'Y'),
(445, 'es', 'Custom page 1', NULL, NULL, '', '', 'Y'),
(445, 'fr', 'Custom page 1', NULL, NULL, '', '', 'Y'),
(445, 'it', 'Custom page 1', NULL, NULL, '', '', 'Y'),
(445, 'nl', 'Custom page 1', NULL, NULL, '', '', 'Y'),
(445, 'no', 'Custom page 1', NULL, NULL, '', '', 'Y'),
(445, 'pt', 'Custom page 1', NULL, NULL, '', '', 'Y'),
(445, 'ro', 'Custom page 1', NULL, NULL, '', '', 'Y'),
(445, 'ru', 'Custom page 1', NULL, NULL, '', '', 'Y'),
(446, 'da', 'Custom page 1-1', NULL, NULL, '', '', 'Y'),
(446, 'de', 'Custom page 1-1', NULL, NULL, '', '', 'Y'),
(446, 'el', 'Custom page 1-1', NULL, NULL, '', '', 'Y'),
(446, 'en', 'Custom page 1-1', NULL, NULL, '', '', 'Y'),
(446, 'es', 'Custom page 1-1', NULL, NULL, '', '', 'Y'),
(446, 'fr', 'Custom page 1-1', NULL, NULL, '', '', 'Y'),
(446, 'it', 'Custom page 1-1', NULL, NULL, '', '', 'Y'),
(446, 'nl', 'Custom page 1-1', NULL, NULL, '', '', 'Y'),
(446, 'no', 'Custom page 1-1', NULL, NULL, '', '', 'Y'),
(446, 'pt', 'Custom page 1-1', NULL, NULL, '', '', 'Y'),
(446, 'ro', 'Custom page 1-1', NULL, NULL, '', '', 'Y'),
(446, 'ru', 'Custom page 1-1', NULL, NULL, '', '', 'Y'),
(447, 'da', 'Custom page 1-2', NULL, NULL, '', '', 'Y'),
(447, 'de', 'Custom page 1-2', NULL, NULL, '', '', 'Y'),
(447, 'el', 'Custom page 1-2', NULL, NULL, '', '', 'Y'),
(447, 'en', 'Custom page 1-2', NULL, NULL, '', '', 'Y'),
(447, 'es', 'Custom page 1-2', NULL, NULL, '', '', 'Y'),
(447, 'fr', 'Custom page 1-2', NULL, NULL, '', '', 'Y'),
(447, 'it', 'Custom page 1-2', NULL, NULL, '', '', 'Y'),
(447, 'nl', 'Custom page 1-2', NULL, NULL, '', '', 'Y'),
(447, 'no', 'Custom page 1-2', NULL, NULL, '', '', 'Y'),
(447, 'pt', 'Custom page 1-2', NULL, NULL, '', '', 'Y'),
(447, 'ro', 'Custom page 1-2', NULL, NULL, '', '', 'Y'),
(447, 'ru', 'Custom page 1-2', NULL, NULL, '', '', 'Y'),
(448, 'da', 'Custom page 1-3', NULL, NULL, '', '', 'Y'),
(448, 'de', 'Custom page 1-3', NULL, NULL, '', '', 'Y'),
(448, 'el', 'Custom page 1-3', NULL, NULL, '', '', 'Y'),
(448, 'en', 'Custom page 1-3', NULL, NULL, '', '', 'Y'),
(448, 'es', 'Custom page 1-3', NULL, NULL, '', '', 'Y'),
(448, 'fr', 'Custom page 1-3', NULL, NULL, '', '', 'Y'),
(448, 'it', 'Custom page 1-3', NULL, NULL, '', '', 'Y'),
(448, 'nl', 'Custom page 1-3', NULL, NULL, '', '', 'Y'),
(448, 'no', 'Custom page 1-3', NULL, NULL, '', '', 'Y'),
(448, 'pt', 'Custom page 1-3', NULL, NULL, '', '', 'Y'),
(448, 'ro', 'Custom page 1-3', NULL, NULL, '', '', 'Y'),
(448, 'ru', 'Custom page 1-3', NULL, NULL, '', '', 'Y'),
(449, 'da', 'Custom page 2', NULL, NULL, '', '', 'Y'),
(449, 'de', 'Custom page 2', NULL, NULL, '', '', 'Y'),
(449, 'el', 'Custom page 2', NULL, NULL, '', '', 'Y'),
(449, 'en', 'Custom page 2', NULL, NULL, '', '', 'Y'),
(449, 'es', 'Custom page 2', NULL, NULL, '', '', 'Y'),
(449, 'fr', 'Custom page 2', NULL, NULL, '', '', 'Y'),
(449, 'it', 'Custom page 2', NULL, NULL, '', '', 'Y'),
(449, 'nl', 'Custom page 2', NULL, NULL, '', '', 'Y'),
(449, 'no', 'Custom page 2', NULL, NULL, '', '', 'Y'),
(449, 'pt', 'Custom page 2', NULL, NULL, '', '', 'Y'),
(449, 'ro', 'Custom page 2', NULL, NULL, '', '', 'Y'),
(449, 'ru', 'Custom page 2', NULL, NULL, '', '', 'Y'),
(450, 'da', 'Custom page 2-1', NULL, NULL, '', '', 'Y'),
(450, 'de', 'Custom page 2-1', NULL, NULL, '', '', 'Y'),
(450, 'el', 'Custom page 2-1', NULL, NULL, '', '', 'Y'),
(450, 'en', 'Custom page 2-1', NULL, NULL, '', '', 'Y'),
(450, 'es', 'Custom page 2-1', NULL, NULL, '', '', 'Y'),
(450, 'fr', 'Custom page 2-1', NULL, NULL, '', '', 'Y'),
(450, 'it', 'Custom page 2-1', NULL, NULL, '', '', 'Y'),
(450, 'nl', 'Custom page 2-1', NULL, NULL, '', '', 'Y'),
(450, 'no', 'Custom page 2-1', NULL, NULL, '', '', 'Y'),
(450, 'pt', 'Custom page 2-1', NULL, NULL, '', '', 'Y'),
(450, 'ro', 'Custom page 2-1', NULL, NULL, '', '', 'Y'),
(450, 'ru', 'Custom page 2-1', NULL, NULL, '', '', 'Y'),
(451, 'da', 'Custom page 2-2', NULL, NULL, '', '', 'Y'),
(451, 'de', 'Custom page 2-2', NULL, NULL, '', '', 'Y'),
(451, 'el', 'Custom page 2-2', NULL, NULL, '', '', 'Y'),
(451, 'en', 'Custom page 2-2', NULL, NULL, '', '', 'Y'),
(451, 'es', 'Custom page 2-2', NULL, NULL, '', '', 'Y'),
(451, 'fr', 'Custom page 2-2', NULL, NULL, '', '', 'Y'),
(451, 'it', 'Custom page 2-2', NULL, NULL, '', '', 'Y'),
(451, 'nl', 'Custom page 2-2', NULL, NULL, '', '', 'Y'),
(451, 'no', 'Custom page 2-2', NULL, NULL, '', '', 'Y'),
(451, 'pt', 'Custom page 2-2', NULL, NULL, '', '', 'Y'),
(451, 'ro', 'Custom page 2-2', NULL, NULL, '', '', 'Y'),
(451, 'ru', 'Custom page 2-2', NULL, NULL, '', '', 'Y'),
(452, 'da', 'Custom page 2-3', NULL, NULL, '', '', 'Y'),
(452, 'de', 'Custom page 2-3', NULL, NULL, '', '', 'Y'),
(452, 'el', 'Custom page 2-3', NULL, NULL, '', '', 'Y'),
(452, 'en', 'Custom page 2-3', NULL, NULL, '', '', 'Y'),
(452, 'es', 'Custom page 2-3', NULL, NULL, '', '', 'Y'),
(452, 'fr', 'Custom page 2-3', NULL, NULL, '', '', 'Y'),
(452, 'it', 'Custom page 2-3', NULL, NULL, '', '', 'Y'),
(452, 'nl', 'Custom page 2-3', NULL, NULL, '', '', 'Y'),
(452, 'no', 'Custom page 2-3', NULL, NULL, '', '', 'Y'),
(452, 'pt', 'Custom page 2-3', NULL, NULL, '', '', 'Y'),
(452, 'ro', 'Custom page 2-3', NULL, NULL, '', '', 'Y'),
(452, 'ru', 'Custom page 2-3', NULL, NULL, '', '', 'Y'),
(453, 'da', 'Sell With Us', NULL, NULL, '', '', 'Y'),
(453, 'de', 'Sell With Us', NULL, NULL, '', '', 'Y'),
(453, 'el', 'Sell With Us', NULL, NULL, '', '', 'Y'),
(453, 'en', 'Sell With Us', NULL, NULL, '', '', 'Y'),
(453, 'es', 'Sell With Us', NULL, NULL, '', '', 'Y'),
(453, 'fr', 'Sell With Us', NULL, NULL, '', '', 'Y'),
(453, 'it', 'Sell With Us', NULL, NULL, '', '', 'Y'),
(453, 'nl', 'Sell With Us', NULL, NULL, '', '', 'Y'),
(453, 'no', 'Sell With Us', NULL, NULL, '', '', 'Y'),
(453, 'pt', 'Sell With Us', NULL, NULL, '', '', 'Y'),
(453, 'ro', 'Sell With Us', NULL, NULL, '', '', 'Y'),
(453, 'ru', 'Sell With Us', NULL, NULL, '', '', 'Y'),
(454, 'da', 'Venda Conosco', NULL, NULL, '', '', 'Y'),
(454, 'de', 'Venda Conosco', NULL, NULL, '', '', 'Y'),
(454, 'el', 'Venda Conosco', NULL, NULL, '', '', 'Y'),
(454, 'en', 'Venda Conosco', NULL, NULL, '', '', 'Y'),
(454, 'es', 'Venda Conosco', NULL, NULL, '', '', 'Y'),
(454, 'fr', 'Venda Conosco', NULL, NULL, '', '', 'Y'),
(454, 'it', 'Venda Conosco', NULL, NULL, '', '', 'Y'),
(454, 'nl', 'Venda Conosco', NULL, NULL, '', '', 'Y'),
(454, 'no', 'Venda Conosco', NULL, NULL, '', '', 'Y'),
(454, 'pt', 'Venda Conosco', NULL, NULL, '', '', 'Y'),
(454, 'ro', 'Venda Conosco', NULL, NULL, '', '', 'Y'),
(454, 'ru', 'Venda Conosco', NULL, NULL, '', '', 'Y');

-- --------------------------------------------------------

--
-- Table structure for table `partiushop_statuses`
--

CREATE TABLE `partiushop_statuses` (
  `status_id` mediumint(8) UNSIGNED NOT NULL,
  `status` char(1) NOT NULL DEFAULT '',
  `type` char(1) NOT NULL DEFAULT 'O',
  `is_default` char(1) NOT NULL DEFAULT 'N',
  `position` smallint(5) UNSIGNED NOT NULL DEFAULT 0
) ENGINE=InnoDB DEFAULT CHARSET=utf8;

--
-- Dumping data for table `partiushop_statuses`
--

INSERT INTO `partiushop_statuses` (`status_id`, `status`, `type`, `is_default`, `position`) VALUES
(1, 'P', 'O', 'Y', 0),
(2, 'C', 'O', 'Y', 0),
(3, 'O', 'O', 'Y', 0),
(4, 'F', 'O', 'Y', 0),
(5, 'D', 'O', 'Y', 0),
(6, 'B', 'O', 'Y', 0),
(7, 'I', 'O', 'Y', 0),
(8, 'P', 'S', 'Y', 0),
(9, 'A', 'S', 'Y', 0),
(10, 'S', 'S', 'Y', 0),
(11, 'P', 'G', 'Y', 0),
(12, 'A', 'G', 'Y', 0),
(13, 'C', 'G', 'Y', 0),
(14, 'U', 'G', 'Y', 0),
(15, 'R', 'R', 'Y', 0),
(16, 'A', 'R', 'Y', 0),
(17, 'D', 'R', 'Y', 0),
(18, 'C', 'R', 'Y', 0),
(19, 'Y', 'O', 'Y', 0),
(20, 'A', 'O', 'N', 0),
(21, 'E', 'O', 'N', 0);

-- --------------------------------------------------------

--
-- Table structure for table `partiushop_status_data`
--

CREATE TABLE `partiushop_status_data` (
  `status_id` mediumint(8) UNSIGNED NOT NULL,
  `param` char(255) NOT NULL DEFAULT '',
  `value` char(255) NOT NULL DEFAULT 'Y'
) ENGINE=InnoDB DEFAULT CHARSET=utf8;

--
-- Dumping data for table `partiushop_status_data`
--

INSERT INTO `partiushop_status_data` (`status_id`, `param`, `value`) VALUES
(6, 'color', '#28abf6'),
(20, 'color', '#38761d'),
(1, 'color', '#97cf4d'),
(2, 'color', '#97cf4d'),
(7, 'color', '#c2c2c2'),
(19, 'color', '#cc4125'),
(4, 'color', '#ff5215'),
(5, 'color', '#ff5215'),
(3, 'color', '#ff9522'),
(21, 'color', '#ffd966'),
(2, 'gift_cert_status', 'A'),
(4, 'gift_cert_status', 'C'),
(5, 'gift_cert_status', 'C'),
(6, 'gift_cert_status', 'C'),
(7, 'gift_cert_status', 'C'),
(1, 'inventory', 'D'),
(2, 'inventory', 'D'),
(3, 'inventory', 'D'),
(17, 'inventory', 'D'),
(19, 'inventory', 'D'),
(20, 'appearance_type', 'D'),
(20, 'inventory', 'D'),
(21, 'appearance_type', 'D'),
(21, 'inventory', 'D'),
(4, 'inventory', 'I'),
(5, 'inventory', 'I'),
(6, 'inventory', 'I'),
(7, 'inventory', 'I'),
(15, 'inventory', 'I'),
(16, 'inventory', 'I'),
(18, 'inventory', 'I'),
(1, 'allow_return', 'N'),
(1, 'repay', 'N'),
(2, 'repay', 'N'),
(3, 'allow_return', 'N'),
(3, 'repay', 'N'),
(4, 'allow_return', 'N'),
(4, 'calculate_for_payouts', 'N'),
(5, 'allow_return', 'N'),
(5, 'calculate_for_payouts', 'N'),
(6, 'allow_return', 'N'),
(6, 'calculate_for_payouts', 'N'),
(7, 'allow_return', 'N'),
(7, 'calculate_for_payouts', 'N'),
(11, 'notify', 'N'),
(14, 'notify', 'N'),
(20, 'calculate_for_payouts', 'N'),
(20, 'notify_supplier', 'N'),
(20, 'repay', 'N'),
(21, 'allow_return', 'N'),
(21, 'calculate_for_payouts', 'N'),
(21, 'repay', 'N'),
(1, 'gift_cert_status', 'P'),
(3, 'gift_cert_status', 'P'),
(20, 'gift_cert_status', 'P'),
(21, 'gift_cert_status', 'U'),
(1, 'calculate_for_payouts', 'Y'),
(1, 'notify', 'Y'),
(1, 'payment_received', 'Y'),
(1, 'remove_cc_info', 'Y'),
(2, 'allow_return', 'Y'),
(2, 'calculate_for_payouts', 'Y'),
(2, 'grant_reward_points', 'Y'),
(2, 'notify', 'Y'),
(2, 'payment_received', 'Y'),
(2, 'remove_cc_info', 'Y'),
(3, 'calculate_for_payouts', 'Y'),
(3, 'notify', 'Y'),
(3, 'remove_cc_info', 'Y'),
(4, 'notify', 'Y'),
(4, 'remove_cc_info', 'Y'),
(4, 'repay', 'Y'),
(5, 'notify', 'Y'),
(5, 'remove_cc_info', 'Y'),
(5, 'repay', 'Y'),
(6, 'notify', 'Y'),
(6, 'remove_cc_info', 'Y'),
(6, 'repay', 'Y'),
(7, 'notify', 'Y'),
(7, 'remove_cc_info', 'Y'),
(7, 'repay', 'Y'),
(12, 'notify', 'Y'),
(13, 'grant_reward_points', 'Y'),
(13, 'notify', 'Y'),
(18, 'grant_reward_points', 'Y'),
(19, 'notify', 'Y'),
(19, 'notify_department', 'Y'),
(19, 'repay', 'Y'),
(20, 'grant_reward_points', 'Y'),
(20, 'payment_received', 'Y'),
(20, 'remove_cc_info', 'Y'),
(21, 'grant_reward_points', 'Y'),
(21, 'payment_received', 'Y'),
(21, 'remove_cc_info', 'Y');

-- --------------------------------------------------------

--
-- Table structure for table `partiushop_status_descriptions`
--

CREATE TABLE `partiushop_status_descriptions` (
  `status_id` mediumint(8) UNSIGNED NOT NULL,
  `description` varchar(255) NOT NULL DEFAULT '',
  `email_subj` varchar(255) NOT NULL DEFAULT '',
  `email_header` text DEFAULT NULL,
  `lang_code` char(2) NOT NULL DEFAULT ''
) ENGINE=InnoDB DEFAULT CHARSET=utf8;

--
-- Dumping data for table `partiushop_status_descriptions`
--

INSERT INTO `partiushop_status_descriptions` (`status_id`, `description`, `email_subj`, `email_header`, `lang_code`) VALUES
(1, 'forarbejdede', 'er blevet behandlet', 'Dit bestilling er blevet behandlet korrekt.', 'da'),
(1, 'Processed', 'has been processed', 'Your order has been processed successfully.', 'de'),
(1, 'Επεξεργασία', 'επεξεργάστηκε.', 'Η παραγγελία σας έχει υποβληθεί σε επεξεργασία με επιτυχία.', 'el'),
(1, 'Paid', 'has been paid', 'Your order has been paid successfully.', 'en'),
(1, 'Procesado', 'ha sido procesado', '<p>Su pedido ha sido procesado con &eacute;xito. En breve procederemos a su env&iacute;o.</p>', 'es'),
(1, 'Processed', 'has been processed', 'Your order has been processed successfully.', 'fr'),
(1, 'Processed', 'has been processed', 'Your order has been processed successfully.', 'it'),
(1, 'Processed', 'has been processed', 'Your order has been processed successfully.', 'nl'),
(1, 'Processed', 'has been processed', 'Your order has been processed successfully.', 'no'),
(1, 'Processado', 'foi processado', 'Seu pedido foi processado com sucesso.', 'pt'),
(1, 'Procesată', 'a fost procesată', 'Comanda dvs. a fost procesată cu succes.', 'ro'),
(1, 'Обработан', 'был обработан.', 'Ваш заказ был успешно обработан.', 'ru'),
(2, 'Afsluttet', 'er afsluttet', 'Din ordre er afsluttet. Tak fordi du valgte os.', 'da'),
(2, 'Complete', 'has been completed', 'Your order has been completed. Thank you for choosing us.', 'de'),
(2, 'Ολοκλήρωση', 'ολοκληρώθηκε.', 'Η αλλαγή σας ολοκληρώθηκε. Ευχαριστούμε που μας επιλέξατε.', 'el'),
(2, 'Complete', 'has been completed', 'Your order has been completed. Thank you for choosing us.', 'en'),
(2, 'Completado', 'ha sido completado', '<p>Su pedido ha sido enviado. Esperamos que disfrute de los productos que ha adquirido.</p>\n\n<p>Gracias por elegirnos.</p>', 'es'),
(2, 'Complete', 'has been completed', 'Your order has been completed. Thank you for choosing us.', 'fr'),
(2, 'Complete', 'has been completed', 'Your order has been completed. Thank you for choosing us.', 'it'),
(2, 'Complete', 'has been completed', 'Your order has been completed. Thank you for choosing us.', 'nl'),
(2, 'Complete', 'has been completed', 'Your order has been completed. Thank you for choosing us.', 'no'),
(2, 'Completo', 'foi completado', 'Seu pedido foi concluído. Obrigado por nos escolher.', 'pt'),
(2, 'Completă', 'a fost procesată complet', 'Comanda dvs. a fost procesată complet. Vă mulțumim că ne-ați ales.', 'ro'),
(2, 'Выполнен', 'был выполнен', 'Ваш заказ был выполнен. Спасибо, что выбрали нас.', 'ru'),
(3, 'Open', 'er blevet placeret med succes.', 'Tak for ordren. Du er velkommen til at komme tilbage!', 'da'),
(3, 'Open', 'has been placed successfully.', 'Thank you for the order. You are welcome to come back!', 'de'),
(3, 'Άνοιγμα', 'τοποθετήθηκε επιτυχώς.', 'Σας ευχαριστούμε για την παραγγελία σας. Είστε ευπρόσδεκτοι να μας ξανά επισκεφτείτε!', 'el'),
(3, 'Open', 'has been placed successfully.', 'Thank you for the order. You are welcome to come back!', 'en'),
(3, 'Abierto', 'su orden de pedido ha sido recibida con exito', 'Gracias por hacer su pedido con nuestro sistema de compra, en breve procederemos a procesarlo.', 'es'),
(3, 'Open', 'has been placed successfully.', 'Thank you for the order. You are welcome to come back!', 'fr'),
(3, 'Open', 'has been placed successfully.', 'Thank you for the order. You are welcome to come back!', 'it'),
(3, 'Open', 'has been placed successfully.', 'Thank you for the order. You are welcome to come back!', 'nl'),
(3, 'Open', 'has been placed successfully.', 'Thank you for the order. You are welcome to come back!', 'no'),
(3, 'Aberto', 'foi colocado com sucesso.', 'Obrigado pelo pedido. Você está convidado a voltar!', 'pt'),
(3, 'Deschisă', 'a fost plasată cu succes.', 'Vă mulțumim pentru comanad dvs. Sunteți binevenit să reveniți!', 'ro'),
(3, 'Открытый', 'был размещен успешно.', 'Спасибо за Ваш заказ, сделанный в нашем магазине. Добро пожаловать!', 'ru'),
(4, 'Betaling fejlet', 'Fejl', 'Din betaling mislykkedes, Kontakt venligst butikkens administration.', 'da'),
(4, 'Failed', 'failed', 'Your order has been unsuccessful. Please contact shop administration.', 'de'),
(4, 'Αποτυχία', 'απέτυχε.', 'Η παραγγελία σας ακυρώθηκε. Παρακαλούμε επικοινωνήστε με τον διαχειριστή του καταστήματος.', 'el'),
(4, 'Failed', 'failed', 'Your order has been unsuccessful. Please contact shop administration.', 'en'),
(4, 'Frustrado', 'fracasado', 'Su pedido ha fallado y no se va a procesar. Por favor póngase en contacto con la administraci&oacute;n de la tienda.</p>\n\n<p>Para ponerse en contacto con nosotros puede hacer click <a href=\"http://www.boutiquedeliberico.es/es/contact_us.html\" onclick=\"window.open(this.href,\'\',\'resizable=yes,location=no,menubar=no,scrollbars=yes,status=no,toolbar=no,fullscreen=no,dependent=no,status\'); return false\">aqu&iacute;.</a></p>', 'es'),
(4, 'Failed', 'failed', 'Your order has been unsuccessful. Please contact shop administration.', 'fr'),
(4, 'Failed', 'failed', 'Your order has been unsuccessful. Please contact shop administration.', 'it'),
(4, 'Failed', 'failed', 'Your order has been unsuccessful. Please contact shop administration.', 'nl'),
(4, 'Failed', 'failed', 'Your order has been unsuccessful. Please contact shop administration.', 'no'),
(4, 'Falho', 'falho', 'Seu pedido não foi bem sucedido. Entre em contato com a administração da loja.', 'pt'),
(4, 'Eșuată', 'eșuată', 'Comanda dvs. nu a fost realizată. Vă rugăm contactați administrația magazinului.', 'ro'),
(4, 'Неудавшийся', 'не удался', 'Ваш заказ не удался. Пожалуйста, свяжитесь с администрацией магазина.', 'ru'),
(5, 'Afvist', 'Er blevet afvist', 'Din ordre er blevet afvist. Kontakt venligst butikkens salgsafdeling.', 'da'),
(5, 'Declined', 'has been declined', 'Your order has been declined. Please contact shop administration.', 'de'),
(5, 'Απόρριψη ', 'απορρίφτηκε.', 'Η παραγγελία σας απορρίφτηκε . Παρακαλούμε επικοινωνήστε με τον διαχειριστή του καταστήματος..', 'el'),
(5, 'Declined', 'has been declined', 'Your order has been declined. Please contact shop administration.', 'en'),
(5, 'Rechazado', 'ha sido rechazado', '<p>Su pedido ha sido rechazado. Por favor póngase en contacto con la administraci&oacute;n de la tienda.</p>\n\n<p>Para ponerse en contacto con nosotros puede hacer click <a href=\"http://www.boutiquedeliberico.es/es/contact_us.html\" onclick=\"window.open(this.href,\'\',\'resizable=yes,location=no,menubar=no,scrollbars=yes,status=no,toolbar=no,fullscreen=no,dependent=no,status\'); return false\">aqu&iacute;.</a></p>', 'es'),
(5, 'Declined', 'has been declined', 'Your order has been declined. Please contact shop administration.', 'fr'),
(5, 'Declined', 'has been declined', 'Your order has been declined. Please contact shop administration.', 'it'),
(5, 'Declined', 'has been declined', 'Your order has been declined. Please contact shop administration.', 'nl'),
(5, 'Declined', 'has been declined', 'Your order has been declined. Please contact shop administration.', 'no'),
(5, 'Recusado', 'foi rejeitado', 'Seu pedido foi recusado. Entre em contato com a administração da loja.', 'pt'),
(5, 'Respinsă', 'a fost respinsă', 'Comanda dvs. a fost respinsă. Vă rugăm contactați administrația magazinului.', 'ro'),
(5, 'Отклонен', 'был отклонен', 'Ваш заказ был отклонен. Пожалуйста, свяжитесь с администрацией магазина.', 'ru'),
(6, 'I restordre', 'Din ordre er i restordre', 'Din ordre er i restordre', 'da'),
(6, 'Backordered', 'has been backordered', 'Your order has been backordered.', 'de'),
(6, 'Προπαραγγελία', 'προπαραγγέλθηκε.', 'Η παραγγελία σας προπαραγγέλθηκε.', 'el'),
(6, 'Backordered', 'has been backordered', 'Your order has been backordered.', 'en'),
(6, 'Aplazado', 'ha sido aplazado', '<p>Su pedido ha sido aplazado. Esto puede deberse a que uno o varios art&iacute;culos de su pedido est&eacute;n agotados en estos momentos.</p>\n\n<p>Si quiere conocer m&aacute;s detalles p&oacute;ngase en contacto con nosotros haciendo click <a href=\"http://www.boutiquedeliberico.es/es/contact_us.html\" onclick=\"window.open(this.href,\'\',\'resizable=yes,location=no,menubar=no,scrollbars=yes,status=no,toolbar=no,fullscreen=no,dependent=no,status\'); return false\">aqu&iacute;.</a> O si lo prefiere puede esperar a que tengamos stock y procedamos al env&iacute;o de su pedido.</p>\n\n<p>Le pedimos disculpas por las molestias que esta situaci&oacute;n le puedan causar.</p>\n\n<p>&nbsp;</p>\n\n<p>Reciba un cordial saludo</p>', 'es'),
(6, 'Backordered', 'has been backordered', 'Your order has been backordered.', 'fr'),
(6, 'Backordered', 'has been backordered', 'Your order has been backordered.', 'it'),
(6, 'Backordered', 'has been backordered', 'Your order has been backordered.', 'nl'),
(6, 'Backordered', 'has been backordered', 'Your order has been backordered.', 'no'),
(6, 'Pedidos em espera', 'foi colocado em espera', 'Seu pedido foi colocado em espera.', 'pt'),
(6, 'Reprocesată', 'a fost reprocesată', 'Comanda dvs. a fost reprocesată.', 'ro'),
(6, 'Отложен', 'был отложен.', 'Ваш заказ был отложен.', 'ru'),
(7, 'Afbestilt', 'Er blevet afbestilt', 'Din ordre er blevet annulleret. Kontakt venligst butikken administration.', 'da'),
(7, 'Canceled', 'has been canceled', 'Your order has been canceled. Please contact shop administration.', 'de'),
(7, 'Ακύρωση', 'ακυρώθηκε.', 'Η παραγγελία σας ακυρώθηκε .Παρακαλούμε επικοινωνήστε με τον διαχειριστή του καταστήματος..', 'el'),
(7, 'Canceled', 'has been canceled', 'Your order has been canceled. Please contact shop administration.', 'en'),
(7, 'Cancelado', 'ha sido cancelado', '<p>Su pedido ha sido <strong>cancelado</strong>. Por favor p&oacute;ngase en contacto con la administraci&oacute;n de la tienda.</p>\n\n<p>Para ponerse en contacto con nosotros puede hacer click <a href=\"http://www.boutiquedeliberico.es/es/contact_us.html\" onclick=\"window.open(this.href,\'\',\'resizable=yes,location=no,menubar=no,scrollbars=yes,status=no,toolbar=no,fullscreen=no,dependent=no,status\'); return false\">aqu&iacute;.</a></p>', 'es'),
(7, 'Canceled', 'has been canceled', 'Your order has been canceled. Please contact shop administration.', 'fr'),
(7, 'Canceled', 'has been canceled', 'Your order has been canceled. Please contact shop administration.', 'it'),
(7, 'Canceled', 'has been canceled', 'Your order has been canceled. Please contact shop administration.', 'nl'),
(7, 'Canceled', 'has been canceled', 'Your order has been canceled. Please contact shop administration.', 'no'),
(7, 'Cancelado', 'foi cancelado', 'Seu pedido foi cancelado. Entre em contato com a administração da loja.', 'pt'),
(7, 'Anulată', 'a fost anulată', 'Comanda dvs. a fost anulată. Vă rugăm contactați administrația magazinului.', 'ro'),
(7, 'Аннулирован', 'был аннулирован', 'Ваш заказ был отменен. Пожалуйста, свяжитесь с администрацией магазина.', 'ru'),
(8, 'Picked up', '', '', 'da'),
(8, 'Picked up', '', '', 'de'),
(8, 'Μαζεύτηκε', '', '', 'el'),
(8, 'Picked up', '', '', 'en'),
(8, 'Picked up', '', '', 'es'),
(8, 'Picked up', '', '', 'fr'),
(8, 'Picked up', '', '', 'it'),
(8, 'Picked up', '', '', 'nl'),
(8, 'Picked up', '', '', 'no'),
(8, 'Separado', '', '', 'pt'),
(8, 'Picked up', '', '', 'ro'),
(8, 'На сборку', '', '', 'ru'),
(9, 'Packed', '', '', 'da'),
(9, 'Packed', '', '', 'de'),
(9, 'Συσκευάστηκε', '', '', 'el'),
(9, 'Packed', '', '', 'en'),
(9, 'Packed', '', '', 'es'),
(9, 'Packed', '', '', 'fr'),
(9, 'Packed', '', '', 'it'),
(9, 'Packed', '', '', 'nl'),
(9, 'Packed', '', '', 'no'),
(9, 'Embalado', '', '', 'pt'),
(9, 'Packed', '', '', 'ro'),
(9, 'Упакован', '', '', 'ru'),
(10, 'Shipped', '', '', 'da'),
(10, 'Shipped', '', '', 'de'),
(10, 'Απεστάλει', '', '', 'el'),
(10, 'Shipped', '', '', 'en'),
(10, 'Shipped', '', '', 'es'),
(10, 'Shipped', '', '', 'fr'),
(10, 'Shipped', '', '', 'it'),
(10, 'Shipped', '', '', 'nl'),
(10, 'Shipped', '', '', 'no'),
(10, 'Enviado', '', '', 'pt'),
(10, 'Shipped', '', '', 'ro'),
(10, 'Отправлен', '', '', 'ru'),
(11, 'Afventende', 'er blevet oprettet.', 'Dit gavekort er blevet oprettet. Vent venligst, indtil det er aktiveret.', 'da'),
(11, 'Pending', 'has been created.', 'Your gift certificate has been created successfully. Please wait until it is activated.', 'de'),
(11, 'Εκκρεμής', 'δημιουργήθηκε.', 'Η δωροεπιταγή σας δημιουργήθηκε με επιτυχία. Παρακαλούμε περιμένετε μέχρι να ενεργοποιηθεί.', 'el'),
(11, 'Pending', 'has been created.', 'Your gift certificate has been created successfully. Please wait until it is activated.', 'en'),
(11, 'Pendiente', 'ha sido creado.', 'Su certificado de regalo ha sido creado con éxito. Por favor espere hasta que sea activado.', 'es'),
(11, 'Pending', 'has been created.', 'Your gift certificate has been created successfully. Please wait until it is activated.', 'fr'),
(11, 'Pending', 'has been created.', 'Your gift certificate has been created successfully. Please wait until it is activated.', 'it'),
(11, 'Pending', 'has been created.', 'Your gift certificate has been created successfully. Please wait until it is activated.', 'nl'),
(11, 'Pending', 'has been created.', 'Your gift certificate has been created successfully. Please wait until it is activated.', 'no'),
(11, 'Pendente', 'foi criado.', 'Seu vale-presente foi criado com sucesso. Por favor, espere até que seja ativado.', 'pt'),
(11, 'În așteptare', 'a fost creat.', 'Certificatul dvs. de cadou a fost creat cu succes. Vă rugăm să așteptați până când va fi activat.', 'ro'),
(11, 'Рассматриваемый', 'был создан.', 'Ваш подарочный сертификат был создан успешно. Пожалуйста, подождите пока он не будет активирован.', 'ru'),
(12, 'Aktiv', 'Er blevet aktiveret', 'Gavekortet har status som Aktiv. Du kan bruge det nu.', 'da'),
(12, 'Active', 'has been activated.', 'Your gift certificate has status Active. You can use it now.', 'de'),
(12, 'Ενεργή', 'ενεργοποιήθηκε.', 'Η δωροεπιταγή σας είναι ενεργή. Μπορείτε να την χρησιμοποιήσετε τώρα.', 'el'),
(12, 'Active', 'has been activated.', 'Your gift certificate has status Active. You can use it now.', 'en'),
(12, 'Activo', 'ha sido activado.', 'Su certificado de regalo está activo. Usted puede usarlo ahora.', 'es'),
(12, 'Active', 'has been activated.', 'Your gift certificate has status Active. You can use it now.', 'fr'),
(12, 'Active', 'has been activated.', 'Your gift certificate has status Active. You can use it now.', 'it'),
(12, 'Active', 'has been activated.', 'Your gift certificate has status Active. You can use it now.', 'nl'),
(12, 'Active', 'has been activated.', 'Your gift certificate has status Active. You can use it now.', 'no'),
(12, 'Ativo', 'foi ativado.', 'Seu vale-presente tem o status Ativo. Você pode usar agora.', 'pt'),
(12, 'Activ', 'a fost activat.', 'Certificatul dvs. de cadou are statutul Activ. Îl puteți utiliza acum.', 'ro'),
(12, 'Активен', 'был активирован.', '<p>Ваш подарочный сертификат был активирован. Вы можете использовать его.</p>', 'ru'),
(13, 'Annulleret', 'Er blevet annulleret', 'Dit gavekort er blevet annulleret. Kontakt venligst butikkens administration.', 'da'),
(13, 'Disabled', 'has been disabled.', 'Your gift certificate has been disabled. Please contact shop administration.', 'de'),
(13, 'Ακύρωση', 'Ακυρώθηκε.', 'Η δωροεπιταγή σας ακυρώθηκε. Παρακαλούμε επικοινωνήστε με τον διαχειριστή του καταστήματος.', 'el'),
(13, 'Disabled', 'has been disabled.', 'Your gift certificate has been disabled. Please contact shop administration.', 'en'),
(13, 'Cancelado', 'ha sido cancelado.', 'Su certificado de regalo ha sido cancelado. Por favor contacte con la administración de la tienda.', 'es'),
(13, 'Disabled', 'has been disabled.', 'Your gift certificate has been disabled. Please contact shop administration.', 'fr'),
(13, 'Disabled', 'has been disabled.', 'Your gift certificate has been disabled. Please contact shop administration.', 'it'),
(13, 'Disabled', 'has been disabled.', 'Your gift certificate has been disabled. Please contact shop administration.', 'nl'),
(13, 'Disabled', 'has been disabled.', 'Your gift certificate has been disabled. Please contact shop administration.', 'no'),
(13, 'Desabilitado', 'foi desabilitado.', 'Seu vale-presente foi desativado. Entre em contato com a administração da loja.', 'pt'),
(13, 'Anulat', 'a fost anulat.', 'Certificatul dvs. de cadou a fost anulat. Vă rugăm contactați administrația magazinului.', 'ro'),
(13, 'Неактивен', 'неактивен.', 'Ваш подарочный сертификат неактивен. Пожалуйста, свяжитесь с администрацией магазина.', 'ru'),
(14, 'Brugt', 'Er blevet brugt', 'Gavekortet er brugt. Tak fordi du valgte os.', 'da'),
(14, 'Used', 'has been used.', 'Your gift certificate is spent. Thank you for choosing us.', 'de'),
(14, 'Χρήση', 'χρησιμοποιήθηκε', 'Η δωροεπιταγή σας χρησιμοποιήθηκε. Ευχαριστούμε που μας επιλέξατε.', 'el'),
(14, 'Used', 'has been used.', 'Your gift certificate is spent. Thank you for choosing us.', 'en'),
(14, 'Usado', 'ha sido usado.', 'Su certificado de regalo ha sido utilizado. Gracias por elegirnos.', 'es'),
(14, 'Used', 'has been used.', 'Your gift certificate is spent. Thank you for choosing us.', 'fr'),
(14, 'Used', 'has been used.', 'Your gift certificate is spent. Thank you for choosing us.', 'it'),
(14, 'Used', 'has been used.', 'Your gift certificate is spent. Thank you for choosing us.', 'nl'),
(14, 'Used', 'has been used.', 'Your gift certificate is spent. Thank you for choosing us.', 'no'),
(14, 'Usado', 'foi usado.', 'Seu vale-presente acabou. Obrigado por nos escolher.', 'pt'),
(14, 'Utilizat', 'a fost utilizat.', 'Certificatul dvs. de cadou este utilizat. Vă mulțumim că ne-ați ales.', 'ro'),
(14, 'Использован', 'был использован.', 'Ваш подарочный сертификат был использован. Спасибо, что выбрали нас.', 'ru'),
(15, 'Anmodning', 'Din anmoding er blevet godkendt', 'Din anmodning er blevet godkendt', 'da'),
(15, 'Requested', 'has been requested successfully.', 'Your return has been requested successfully.', 'de'),
(15, 'Ζήτηση', 'ζητήθηκε επιτυχώς.', 'Η αλλαγή σας ζητήθηκε επιτυχώς.', 'el'),
(15, 'Requested', 'has been requested successfully.', 'Your return has been requested successfully.', 'en'),
(15, 'Solicitada', 'ha sido solicitada con éxito.', 'Su petición de devolución ha sido solicitada con éxito.', 'es'),
(15, 'Requested', 'has been requested successfully.', 'Your return has been requested successfully.', 'fr'),
(15, 'Requested', 'has been requested successfully.', 'Your return has been requested successfully.', 'it'),
(15, 'Requested', 'has been requested successfully.', 'Your return has been requested successfully.', 'nl'),
(15, 'Requested', 'has been requested successfully.', 'Your return has been requested successfully.', 'no'),
(15, 'Requeridos', 'foi solicitado com sucesso.', 'Sua devolução foi solicitada com sucesso.', 'pt'),
(15, 'Solicitat', 'a fost solicitat cu success.', 'Cererea dvs. de returnare a fost depusă cu succes.', 'ro'),
(15, 'Рассматриваемый', 'был создан успешно.', 'Ваш запрос на возврат был создан успешно.', 'ru'),
(16, 'Godkendt', 'Er blevet godkendt', 'Din RMA er blevet godkendt', 'da'),
(16, 'Approved', 'has been approved.', 'Your return has been approved.', 'de'),
(16, 'Εγκριση', 'εγκρίθηκε.', 'Η αλλαγή σας εγκρίθηκε.', 'el'),
(16, 'Approved', 'has been approved.', 'Your return has been approved.', 'en'),
(16, 'Aceptada', 'ha sido aceptada.', 'Su petición de devolución ha sido aprobada.', 'es'),
(16, 'Approved', 'has been approved.', 'Your return has been approved.', 'fr'),
(16, 'Approved', 'has been approved.', 'Your return has been approved.', 'it'),
(16, 'Approved', 'has been approved.', 'Your return has been approved.', 'nl'),
(16, 'Approved', 'has been approved.', 'Your return has been approved.', 'no'),
(16, 'Aprovado', 'foi aprovado.', 'Seu retorno foi aprovado.', 'pt'),
(16, 'Aprobat', 'a fost aprobat.', 'Solicitarea dvs. de returnare a fost aprobată.', 'ro'),
(16, 'Подтвежден', 'был подтвержден', 'Ваш запрос на возврат был подтвержден', 'ru'),
(17, 'Afvist', 'Er blevet afvist', 'Din RMA er blevet afvist. Kontakt venligst butikkens administration', 'da'),
(17, 'Declined', 'has been declined.', 'Your return has been declined. Please contact shop administration.', 'de'),
(17, 'Απόρριψη', 'απορρίφτηκε.', 'Η αλλαγή σας απορίφθηκε. Παρακαλούμε επικοινωνήστε με τον διαχειριστή του καταστήματος..', 'el'),
(17, 'Declined', 'has been declined.', 'Your return has been declined. Please contact shop administration.', 'en'),
(17, 'Rechazada', 'ha sido rechazada.', 'Su petición de devolución ha sido rechazada. Por favor contacta con la administración de la tienda.', 'es'),
(17, 'Declined', 'has been declined.', 'Your return has been declined. Please contact shop administration.', 'fr'),
(17, 'Declined', 'has been declined.', 'Your return has been declined. Please contact shop administration.', 'it'),
(17, 'Declined', 'has been declined.', 'Your return has been declined. Please contact shop administration.', 'nl'),
(17, 'Declined', 'has been declined.', 'Your return has been declined. Please contact shop administration.', 'no'),
(17, 'Recusado', 'foi rejeitado.', 'Sua devolução foi recusada. Entre em contato com a administração da loja.', 'pt'),
(17, 'Respins', 'a fost respins.', 'Solicitarea dvs. de returnare a fost respinsă. Vă rugăm contactați administrația magazinului.', 'ro'),
(17, 'Отклонен', 'был отклонен', 'Ваш запрос на возврат был отклонен. Пожалуйста, свяжитесь с администрацией магазина.', 'ru'),
(18, 'Færdig behandlet', 'Er færdig behandlet', 'Din RMA er afsluttet. Tak fordi du valgte os', 'da'),
(18, 'Completed', 'has been completed.', 'Your return has been completed. Thank you for choosing us.', 'de'),
(18, 'Ολοκλήρωση', 'ολοκληρώθηκε.', 'Η αλλαγή σας ολοκληρώθηκε. Ευχαριστούμε που μας επιλέξατε.', 'el'),
(18, 'Completed', 'has been completed.', 'Your return has been completed. Thank you for choosing us.', 'en'),
(18, 'Completada', 'ha sido completada.', 'Su petición de devolución ha sido completada. Gracias por elegirnos.', 'es'),
(18, 'Completed', 'has been completed.', 'Your return has been completed. Thank you for choosing us.', 'fr'),
(18, 'Completed', 'has been completed.', 'Your return has been completed. Thank you for choosing us.', 'it'),
(18, 'Completed', 'has been completed.', 'Your return has been completed. Thank you for choosing us.', 'nl'),
(18, 'Completed', 'has been completed.', 'Your return has been completed. Thank you for choosing us.', 'no'),
(18, 'Concluído', 'foi completado.', 'Seu retorno foi concluído. Obrigado por nos escolher.', 'pt'),
(18, 'Completă', 'a fost finalizat.', 'Solicitarea dvs. de returnare a fost finalizată. Vă mulțumim că ne-ați ales.', 'ro'),
(18, 'Выполнен', 'был выполнен', 'Ваш запрос на возврат был выполнен. Спасибо, что выбрали нас.', 'ru'),
(19, 'Awaiting call', 'Awaiting call', 'Awaiting call', 'da'),
(19, 'Awaiting call', 'Awaiting call', 'Awaiting call', 'de'),
(19, 'Awaiting call', 'Awaiting call', 'Awaiting call', 'el'),
(19, 'Awaiting call', 'Awaiting call', 'Awaiting call', 'en'),
(19, 'Awaiting call', 'Awaiting call', 'Awaiting call', 'es'),
(19, 'Awaiting call', 'Awaiting call', 'Awaiting call', 'fr'),
(19, 'Awaiting call', 'Awaiting call', 'Awaiting call', 'it'),
(19, 'Awaiting call', 'Awaiting call', 'Awaiting call', 'nl'),
(19, 'Awaiting call', 'Awaiting call', 'Awaiting call', 'no'),
(19, 'Aguardando chamada', 'Aguardando chamada', 'Aguardando chamada', 'pt'),
(19, 'Awaiting call', 'Awaiting call', 'Awaiting call', 'ro'),
(19, 'Awaiting call', 'Awaiting call', 'Awaiting call', 'ru'),
(20, 'Enviado', '', NULL, 'da'),
(20, 'Enviado', '', NULL, 'de'),
(20, 'Enviado', '', NULL, 'el'),
(20, 'Enviado', '', NULL, 'en'),
(20, 'Enviado', '', NULL, 'es'),
(20, 'Enviado', '', NULL, 'fr'),
(20, 'Enviado', '', NULL, 'it'),
(20, 'Enviado', '', NULL, 'nl'),
(20, 'Enviado', '', NULL, 'no'),
(20, 'Enviado', '', NULL, 'pt'),
(20, 'Enviado', '', NULL, 'ro'),
(20, 'Enviado', '', NULL, 'ru'),
(21, 'Chegará hoje', '', NULL, 'da'),
(21, 'Chegará hoje', '', NULL, 'de'),
(21, 'Chegará hoje', '', NULL, 'el'),
(21, 'Chegará hoje', '', NULL, 'en'),
(21, 'Chegará hoje', '', NULL, 'es'),
(21, 'Chegará hoje', '', NULL, 'fr'),
(21, 'Chegará hoje', '', NULL, 'it'),
(21, 'Chegará hoje', '', NULL, 'nl'),
(21, 'Chegará hoje', '', NULL, 'no'),
(21, 'Chegará hoje', '', NULL, 'pt'),
(21, 'Chegará hoje', '', NULL, 'ro'),
(21, 'Chegará hoje', '', NULL, 'ru');

-- --------------------------------------------------------

--
-- Table structure for table `partiushop_storage_data`
--

CREATE TABLE `partiushop_storage_data` (
  `data_key` varchar(255) NOT NULL DEFAULT '',
  `data` mediumblob DEFAULT NULL
) ENGINE=InnoDB DEFAULT CHARSET=utf8;

--
-- Dumping data for table `partiushop_storage_data`
--

INSERT INTO `partiushop_storage_data` (`data_key`, `data`) VALUES
('addons_snapshots', 0x39663731636636366161626334356163613730306363643139643237373433372c32346330373331306133323735616133653264383366343938306465303435612c63336135323235643464353064333135373734643666366136316364333636352c65643731653631373431616363386436633032646235393866366330316164392c34616362346532666432613364613964363262393761623761663530356133332c30616435303966373733393838343861333530346265386233376166646531642c39343535383161393661663163303064646431666331633435316532653632342c38343766633639636264313735316132343339313130313838653335663938652c35663237313036613666393836303536333234353135653765363762303838352c64313930383966343438366336616430653239616637346162386662613036662c35663237313036613666393836303536333234353135653765363762303838352c64313930383966343438366336616430653239616637346162386662613036662c31643332396431326639646564393439313136323437396462636566333063302c3866313862323864306365656230613961633137363430666463656133343633),
('cache_id', 0x31363536353135323638),
('cart_products_next_check', 0x31363537303937313533),
('dev_mode', 0x613a313a7b733a31333a22636f6d70696c655f636865636b223b623a313b7d),
('first_order', 0x31),
('hd_request_code', 0x33393032343734313132),
('last_session_gc_execution_time', 0x31363537303431333437);
INSERT INTO `partiushop_storage_data` (`data_key`, `data`) VALUES
('session_17973346994053616899_data', 0x[encoded data, 51700 characters]);
INSERT INTO `partiushop_storage_data` (`data_key`, `data`) VALUES
('session_23095488321346330555_data', 0x[encoded data, 42128 characters]);
INSERT INTO `partiushop_storage_data` (`data_key`, `data`) VALUES
('session_30124111141501250178_data', 0x[encoded data, 51700 characters]);
INSERT INTO `partiushop_storage_data` (`data_key`, `data`) VALUES
('session_30266966293226504550_data', 0x[encoded data, 28082 characters]);
INSERT INTO `partiushop_storage_data` (`data_key`, `data`) VALUES
('session_31426178891682970929_data', 0x[encoded data, 24292 characters]);
INSERT INTO `partiushop_storage_data` (`data_key`, `data`) VALUES
('session_37856185133824206186_data', 0x[encoded data, 27944 characters]);
INSERT INTO `partiushop_storage_data` (`data_key`, `data`) VALUES
('session_5534006434132863442_data', 0x[encoded data, 24184 characters]),
('store_mode', 0x756c74696d617465),
('vendor_debt_payout.weekly_digest_before_last_timestamp', 0x31363535373330373739),
('vendor_debt_payout.weekly_digest_last_timestamp', 0x31363536353130373231);

-- --------------------------------------------------------

--
