INSERT INTO `partiushop_settings_descriptions` (`object_id`, `object_type`, `lang_code`, `value`, `tooltip`) VALUES
(6057, 'O', 'de', 'Re:Desk URL', 'URL with installed Re:Desk software.'),
(6057, 'O', 'el', 'Re:Desk URL', 'URL with installed Re:Desk software.'),
(6057, 'O', 'en', 'Re:Desk URL', 'URL with installed Re:Desk software.'),
(6057, 'O', 'es', 'Re:Desk URL', 'URL with installed Re:Desk software.'),
(6057, 'O', 'fr', 'Re:Desk URL', 'URL with installed Re:Desk software.'),
(6057, 'O', 'it', 'Re:Desk URL', 'URL with installed Re:Desk software.'),
(6057, 'O', 'nl', 'Re:Desk URL', 'URL with installed Re:Desk software.'),
(6057, 'O', 'no', 'Re:Desk URL', 'URL with installed Re:Desk software.'),
(6057, 'O', 'pt', 'Re:Desk URL', 'URL with installed Re:Desk software.'),
(6057, 'O', 'ro', 'Re:Desk URL', 'URL with installed Re:Desk software.'),
(6057, 'O', 'ru', 'Re:Desk URL', 'URL with installed Re:Desk software.'),
(6058, 'O', 'da', 'Re:Desk API key', 'Copy and paste here the “api key” field value of the “Settings -> General” section of your Re:Desk admin area.'),
(6058, 'O', 'de', 'Re:Desk API key', 'Copy and paste here the “api key” field value of the “Settings -> General” section of your Re:Desk admin area.'),
(6058, 'O', 'el', 'Re:Desk API key', 'Copy and paste here the “api key” field value of the “Settings -> General” section of your Re:Desk admin area.'),
(6058, 'O', 'en', 'Re:Desk API key', 'Copy and paste here the “api key” field value of the “Settings -> General” section of your Re:Desk admin area.'),
(6058, 'O', 'es', 'Re:Desk API key', 'Copy and paste here the “api key” field value of the “Settings -> General” section of your Re:Desk admin area.'),
(6058, 'O', 'fr', 'Re:Desk API key', 'Copy and paste here the “api key” field value of the “Settings -> General” section of your Re:Desk admin area.'),
(6058, 'O', 'it', 'Re:Desk API key', 'Copy and paste here the “api key” field value of the “Settings -> General” section of your Re:Desk admin area.'),
(6058, 'O', 'nl', 'Re:Desk API key', 'Copy and paste here the “api key” field value of the “Settings -> General” section of your Re:Desk admin area.'),
(6058, 'O', 'no', 'Re:Desk API key', 'Copy and paste here the “api key” field value of the “Settings -> General” section of your Re:Desk admin area.'),
(6058, 'O', 'pt', 'Re:Desk API key', 'Copy and paste here the “api key” field value of the “Settings -> General” section of your Re:Desk admin area.'),
(6058, 'O', 'ro', 'Re:Desk API key', 'Copy and paste here the “api key” field value of the “Settings -> General” section of your Re:Desk admin area.'),
(6058, 'O', 'ru', 'Re:Desk API key', 'Copy and paste here the “api key” field value of the “Settings -> General” section of your Re:Desk admin area.'),
(6059, 'O', 'da', 'Allow customer to create ticket on order page', ''),
(6059, 'O', 'de', 'Allow customer to create ticket on order page', ''),
(6059, 'O', 'el', 'Allow customer to create ticket on order page', ''),
(6059, 'O', 'en', 'Allow customer to create ticket on order page', ''),
(6059, 'O', 'es', 'Allow customer to create ticket on order page', ''),
(6059, 'O', 'fr', 'Allow customer to create ticket on order page', ''),
(6059, 'O', 'it', 'Allow customer to create ticket on order page', ''),
(6059, 'O', 'nl', 'Allow customer to create ticket on order page', ''),
(6059, 'O', 'no', 'Allow customer to create ticket on order page', ''),
(6059, 'O', 'pt', 'Allow customer to create ticket on order page', ''),
(6059, 'O', 'ro', 'Allow customer to create ticket on order page', ''),
(6059, 'O', 'ru', 'Allow customer to create ticket on order page', ''),
(6060, 'O', 'da', 'Allow customer to ask a question on product page', ''),
(6060, 'O', 'de', 'Allow customer to ask a question on product page', ''),
(6060, 'O', 'el', 'Allow customer to ask a question on product page', ''),
(6060, 'O', 'en', 'Allow customer to ask a question on product page', ''),
(6060, 'O', 'es', 'Allow customer to ask a question on product page', ''),
(6060, 'O', 'fr', 'Allow customer to ask a question on product page', ''),
(6060, 'O', 'it', 'Allow customer to ask a question on product page', ''),
(6060, 'O', 'nl', 'Allow customer to ask a question on product page', ''),
(6060, 'O', 'no', 'Allow customer to ask a question on product page', ''),
(6060, 'O', 'pt', 'Allow customer to ask a question on product page', ''),
(6060, 'O', 'ro', 'Allow customer to ask a question on product page', ''),
(6060, 'O', 'ru', 'Allow customer to ask a question on product page', ''),
(6061, 'O', 'da', 'Contact Us Form', ''),
(6061, 'O', 'de', 'Contact Us Form', ''),
(6061, 'O', 'el', 'Contact Us Form', ''),
(6061, 'O', 'en', 'Contact Us Form', ''),
(6061, 'O', 'es', 'Contact Us Form', ''),
(6061, 'O', 'fr', 'Contact Us Form', ''),
(6061, 'O', 'it', 'Contact Us Form', ''),
(6061, 'O', 'nl', 'Contact Us Form', ''),
(6061, 'O', 'no', 'Contact Us Form', ''),
(6061, 'O', 'pt', 'Contact Us Form', ''),
(6061, 'O', 'ro', 'Contact Us Form', ''),
(6061, 'O', 'ru', 'Форма Обратной Связи ', ''),
(6062, 'O', 'da', 'Contact form', ''),
(6062, 'O', 'de', 'Contact form', ''),
(6062, 'O', 'el', 'Contact form', ''),
(6062, 'O', 'en', 'Contact form', ''),
(6062, 'O', 'es', 'Contact form', ''),
(6062, 'O', 'fr', 'Contact form', ''),
(6062, 'O', 'it', 'Contact form', ''),
(6062, 'O', 'nl', 'Contact form', ''),
(6062, 'O', 'no', 'Contact form', ''),
(6062, 'O', 'pt', 'Contact form', ''),
(6062, 'O', 'ro', 'Contact form', ''),
(6062, 'O', 'ru', 'Форма обратной связи', ''),
(6063, 'O', 'en', 'Use for Re:Desk', NULL),
(6064, 'O', 'da', 'Access Token', 'Access Token'),
(6064, 'O', 'de', 'Access Token', 'Access Token'),
(6064, 'O', 'el', 'Access Token', 'Access Token'),
(6064, 'O', 'en', 'Access Token', 'Access Token'),
(6064, 'O', 'es', 'Access Token', 'Access Token'),
(6064, 'O', 'fr', 'Access Token', 'Access Token'),
(6064, 'O', 'it', 'Access Token', 'Access Token'),
(6064, 'O', 'nl', 'Access Token', 'Access Token'),
(6064, 'O', 'no', 'Access Token', 'Access Token'),
(6064, 'O', 'pt', 'Access Token', 'Access Token'),
(6064, 'O', 'ro', 'Access Token', 'Access Token'),
(6064, 'O', 'ru', 'Access Token', 'Access Token'),
(6065, 'O', 'da', 'Company Domain', 'Company Domain'),
(6065, 'O', 'de', 'Company Domain', 'Company Domain'),
(6065, 'O', 'el', 'Company Domain', 'Company Domain'),
(6065, 'O', 'en', 'Company Domain', 'Company Domain'),
(6065, 'O', 'es', 'Company Domain', 'Company Domain'),
(6065, 'O', 'fr', 'Company Domain', 'Company Domain'),
(6065, 'O', 'it', 'Company Domain', 'Company Domain'),
(6065, 'O', 'nl', 'Company Domain', 'Company Domain'),
(6065, 'O', 'no', 'Company Domain', 'Company Domain'),
(6065, 'O', 'pt', 'Company Domain', 'Company Domain'),
(6065, 'O', 'ro', 'Company Domain', 'Company Domain'),
(6065, 'O', 'ru', 'Company Domain', 'Company Domain'),
(6066, 'O', 'da', 'Agile Information', ''),
(6066, 'O', 'de', 'Agile Information', ''),
(6066, 'O', 'el', 'Agile Information', ''),
(6066, 'O', 'en', 'Agile Information', ''),
(6066, 'O', 'es', 'Agile Information', ''),
(6066, 'O', 'fr', 'Agile Information', ''),
(6066, 'O', 'it', 'Agile Information', ''),
(6066, 'O', 'nl', 'Agile Information', ''),
(6066, 'O', 'no', 'Agile Information', ''),
(6066, 'O', 'pt', 'Agile Information', ''),
(6066, 'O', 'ro', 'Agile Information', ''),
(6066, 'O', 'ru', 'Agile Information', ''),
(6067, 'O', 'da', '', ''),
(6067, 'O', 'de', '', ''),
(6067, 'O', 'el', '', ''),
(6067, 'O', 'en', '', ''),
(6067, 'O', 'es', '', ''),
(6067, 'O', 'fr', '', ''),
(6067, 'O', 'it', '', ''),
(6067, 'O', 'nl', '', ''),
(6067, 'O', 'no', '', ''),
(6067, 'O', 'pt', '', ''),
(6067, 'O', 'ro', '', ''),
(6067, 'O', 'ru', '', ''),
(6068, 'O', 'da', 'Domain', ''),
(6068, 'O', 'de', 'Domain', ''),
(6068, 'O', 'el', 'Domain', ''),
(6068, 'O', 'en', 'Domain', ''),
(6068, 'O', 'es', 'Domain', ''),
(6068, 'O', 'fr', 'Domain', ''),
(6068, 'O', 'it', 'Domain', ''),
(6068, 'O', 'nl', 'Domain', ''),
(6068, 'O', 'no', 'Domain', ''),
(6068, 'O', 'pt', 'Domain', ''),
(6068, 'O', 'ro', 'Domain', ''),
(6068, 'O', 'ru', 'Domain', ''),
(6069, 'O', 'da', 'Email', ''),
(6069, 'O', 'de', 'Email', ''),
(6069, 'O', 'el', 'Email', ''),
(6069, 'O', 'en', 'Email', ''),
(6069, 'O', 'es', 'Email', ''),
(6069, 'O', 'fr', 'Email', ''),
(6069, 'O', 'it', 'Email', ''),
(6069, 'O', 'nl', 'Email', ''),
(6069, 'O', 'no', 'Email', ''),
(6069, 'O', 'pt', 'Email', ''),
(6069, 'O', 'ro', 'Email', ''),
(6069, 'O', 'ru', 'Email', ''),
(6070, 'O', 'da', 'Rest API Key', ''),
(6070, 'O', 'de', 'Rest API Key', ''),
(6070, 'O', 'el', 'Rest API Key', ''),
(6070, 'O', 'en', 'Rest API Key', ''),
(6070, 'O', 'es', 'Rest API Key', ''),
(6070, 'O', 'fr', 'Rest API Key', ''),
(6070, 'O', 'it', 'Rest API Key', ''),
(6070, 'O', 'nl', 'Rest API Key', ''),
(6070, 'O', 'no', 'Rest API Key', ''),
(6070, 'O', 'pt', 'Rest API Key', ''),
(6070, 'O', 'ro', 'Rest API Key', ''),
(6070, 'O', 'ru', 'Rest API Key', ''),
(6071, 'O', 'da', '', ''),
(6071, 'O', 'de', '', ''),
(6071, 'O', 'el', '', ''),
(6071, 'O', 'en', '', ''),
(6071, 'O', 'es', '', ''),
(6071, 'O', 'fr', '', ''),
(6071, 'O', 'it', '', ''),
(6071, 'O', 'nl', '', ''),
(6071, 'O', 'no', '', ''),
(6071, 'O', 'pt', '', ''),
(6071, 'O', 'ro', '', ''),
(6071, 'O', 'ru', '', ''),
(6072, 'O', 'da', 'Settings', ''),
(6072, 'O', 'de', 'Settings', ''),
(6072, 'O', 'el', 'Settings', ''),
(6072, 'O', 'en', 'Settings', ''),
(6072, 'O', 'es', 'Settings', ''),
(6072, 'O', 'fr', 'Settings', ''),
(6072, 'O', 'it', 'Settings', ''),
(6072, 'O', 'nl', 'Settings', ''),
(6072, 'O', 'no', 'Settings', ''),
(6072, 'O', 'pt', 'Settings', ''),
(6072, 'O', 'ro', 'Settings', ''),
(6072, 'O', 'ru', 'Settings', ''),
(6073, 'O', 'da', 'Sync Contacts to Agile', ''),
(6073, 'O', 'de', 'Sync Contacts to Agile', ''),
(6073, 'O', 'el', 'Sync Contacts to Agile', ''),
(6073, 'O', 'en', 'Sync Contacts to Agile', ''),
(6073, 'O', 'es', 'Sync Contacts to Agile', ''),
(6073, 'O', 'fr', 'Sync Contacts to Agile', ''),
(6073, 'O', 'it', 'Sync Contacts to Agile', ''),
(6073, 'O', 'nl', 'Sync Contacts to Agile', ''),
(6073, 'O', 'no', 'Sync Contacts to Agile', ''),
(6073, 'O', 'pt', 'Sync Contacts to Agile', ''),
(6073, 'O', 'ro', 'Sync Contacts to Agile', ''),
(6073, 'O', 'ru', 'Sync Contacts to Agile', ''),
(6074, 'O', 'da', 'Sync Orders', ''),
(6074, 'O', 'de', 'Sync Orders', ''),
(6074, 'O', 'el', 'Sync Orders', ''),
(6074, 'O', 'en', 'Sync Orders', ''),
(6074, 'O', 'es', 'Sync Orders', ''),
(6074, 'O', 'fr', 'Sync Orders', ''),
(6074, 'O', 'it', 'Sync Orders', ''),
(6074, 'O', 'nl', 'Sync Orders', ''),
(6074, 'O', 'no', 'Sync Orders', ''),
(6074, 'O', 'pt', 'Sync Orders', ''),
(6074, 'O', 'ro', 'Sync Orders', ''),
(6074, 'O', 'ru', 'Sync Orders', ''),
(6075, 'O', 'da', 'Web Rules', ''),
(6075, 'O', 'de', 'Web Rules', ''),
(6075, 'O', 'el', 'Web Rules', ''),
(6075, 'O', 'en', 'Web Rules', ''),
(6075, 'O', 'es', 'Web Rules', ''),
(6075, 'O', 'fr', 'Web Rules', ''),
(6075, 'O', 'it', 'Web Rules', ''),
(6075, 'O', 'nl', 'Web Rules', ''),
(6075, 'O', 'no', 'Web Rules', ''),
(6075, 'O', 'pt', 'Web Rules', ''),
(6075, 'O', 'ro', 'Web Rules', ''),
(6075, 'O', 'ru', 'Web Rules', ''),
(6076, 'O', 'da', 'Web Stats', ''),
(6076, 'O', 'de', 'Web Stats', ''),
(6076, 'O', 'el', 'Web Stats', ''),
(6076, 'O', 'en', 'Web Stats', ''),
(6076, 'O', 'es', 'Web Stats', ''),
(6076, 'O', 'fr', 'Web Stats', ''),
(6076, 'O', 'it', 'Web Stats', ''),
(6076, 'O', 'nl', 'Web Stats', ''),
(6076, 'O', 'no', 'Web Stats', ''),
(6076, 'O', 'pt', 'Web Stats', ''),
(6076, 'O', 'ro', 'Web Stats', ''),
(6076, 'O', 'ru', 'Web Stats', ''),
(6077, 'O', 'da', 'Import existing customers as Contacts to Agile', ''),
(6077, 'O', 'de', 'Import existing customers as Contacts to Agile', ''),
(6077, 'O', 'el', 'Import existing customers as Contacts to Agile', ''),
(6077, 'O', 'en', 'Import existing customers as Contacts to Agile', ''),
(6077, 'O', 'es', 'Import existing customers as Contacts to Agile', ''),
(6077, 'O', 'fr', 'Import existing customers as Contacts to Agile', ''),
(6077, 'O', 'it', 'Import existing customers as Contacts to Agile', ''),
(6077, 'O', 'nl', 'Import existing customers as Contacts to Agile', ''),
(6077, 'O', 'no', 'Import existing customers as Contacts to Agile', ''),
(6077, 'O', 'pt', 'Import existing customers as Contacts to Agile', ''),
(6077, 'O', 'ro', 'Import existing customers as Contacts to Agile', ''),
(6077, 'O', 'ru', 'Import existing customers as Contacts to Agile', ''),
(6078, 'O', 'da', 'LiveChat version', ''),
(6078, 'O', 'de', 'LiveChat version', ''),
(6078, 'O', 'el', 'LiveChat version', ''),
(6078, 'O', 'en', 'LiveChat version', ''),
(6078, 'O', 'es', 'LiveChat version', ''),
(6078, 'O', 'fr', 'LiveChat version', ''),
(6078, 'O', 'it', 'LiveChat version', ''),
(6078, 'O', 'nl', 'LiveChat version', ''),
(6078, 'O', 'no', 'LiveChat version', ''),
(6078, 'O', 'pt', 'LiveChat version', ''),
(6078, 'O', 'ro', 'LiveChat version', ''),
(6078, 'O', 'ru', 'Версия LiveChat', ''),
(6079, 'O', 'da', 'LiveChat', ''),
(6079, 'O', 'de', 'LiveChat', ''),
(6079, 'O', 'el', 'LiveChat', ''),
(6079, 'O', 'en', 'LiveChat', ''),
(6079, 'O', 'es', 'LiveChat', ''),
(6079, 'O', 'fr', 'LiveChat', ''),
(6079, 'O', 'it', 'LiveChat', ''),
(6079, 'O', 'nl', 'LiveChat', ''),
(6079, 'O', 'no', 'LiveChat', ''),
(6079, 'O', 'pt', 'LiveChat', ''),
(6079, 'O', 'ro', 'LiveChat', ''),
(6079, 'O', 'ru', 'LiveChat', ''),
(6080, 'O', 'da', 'LiveChat license', ''),
(6080, 'O', 'de', 'LiveChat license', ''),
(6080, 'O', 'el', 'LiveChat license', ''),
(6080, 'O', 'en', 'LiveChat license', ''),
(6080, 'O', 'es', 'LiveChat license', ''),
(6080, 'O', 'fr', 'LiveChat license', ''),
(6080, 'O', 'it', 'LiveChat license', ''),
(6080, 'O', 'nl', 'LiveChat license', ''),
(6080, 'O', 'no', 'LiveChat license', ''),
(6080, 'O', 'pt', 'LiveChat license', ''),
(6080, 'O', 'ro', 'LiveChat license', ''),
(6080, 'O', 'ru', 'Лицензия LiveChat', ''),
(6081, 'O', 'da', 'LiveChat account', ''),
(6081, 'O', 'de', 'LiveChat account', ''),
(6081, 'O', 'el', 'LiveChat account', ''),
(6081, 'O', 'en', 'LiveChat account', ''),
(6081, 'O', 'es', 'LiveChat account', ''),
(6081, 'O', 'fr', 'LiveChat account', ''),
(6081, 'O', 'it', 'LiveChat account', ''),
(6081, 'O', 'nl', 'LiveChat account', ''),
(6081, 'O', 'no', 'LiveChat account', ''),
(6081, 'O', 'pt', 'LiveChat account', ''),
(6081, 'O', 'ro', 'LiveChat account', ''),
(6081, 'O', 'ru', 'Аккаунт LiveChat', ''),
(6082, 'O', 'da', 'Track your customers\' carts', ''),
(6082, 'O', 'de', 'Track your customers\' carts', ''),
(6082, 'O', 'el', 'Track your customers\' carts', ''),
(6082, 'O', 'en', 'Track your customers\' carts', ''),
(6082, 'O', 'es', 'Track your customers\' carts', ''),
(6082, 'O', 'fr', 'Track your customers\' carts', ''),
(6082, 'O', 'it', 'Track your customers\' carts', ''),
(6082, 'O', 'nl', 'Track your customers\' carts', ''),
(6082, 'O', 'no', 'Track your customers\' carts', ''),
(6082, 'O', 'pt', 'Track your customers\' carts', ''),
(6082, 'O', 'ro', 'Track your customers\' carts', ''),
(6082, 'O', 'ru', 'Передавать содержимое корзины покупателя', ''),
(6083, 'O', 'da', 'Hide chat window on mobile', ''),
(6083, 'O', 'de', 'Hide chat window on mobile', ''),
(6083, 'O', 'el', 'Hide chat window on mobile', ''),
(6083, 'O', 'en', 'Hide chat window on mobile', ''),
(6083, 'O', 'es', 'Hide chat window on mobile', ''),
(6083, 'O', 'fr', 'Hide chat window on mobile', ''),
(6083, 'O', 'it', 'Hide chat window on mobile', ''),
(6083, 'O', 'nl', 'Hide chat window on mobile', ''),
(6083, 'O', 'no', 'Hide chat window on mobile', ''),
(6083, 'O', 'pt', 'Hide chat window on mobile', ''),
(6083, 'O', 'ro', 'Hide chat window on mobile', ''),
(6083, 'O', 'ru', 'Скрывать чат на мобильных устройствах', ''),
(6084, 'O', 'da', 'LiveChat info', ''),
(6084, 'O', 'de', 'LiveChat info', ''),
(6084, 'O', 'el', 'LiveChat info', ''),
(6084, 'O', 'en', 'LiveChat info', ''),
(6084, 'O', 'es', 'LiveChat info', ''),
(6084, 'O', 'fr', 'LiveChat info', ''),
(6084, 'O', 'it', 'LiveChat info', ''),
(6084, 'O', 'nl', 'LiveChat info', ''),
(6084, 'O', 'no', 'LiveChat info', ''),
(6084, 'O', 'pt', 'LiveChat info', ''),
(6084, 'O', 'ro', 'LiveChat info', ''),
(6084, 'O', 'ru', 'Информация о LiveChat', ''),
(6085, 'O', 'en', 'Add default expressions', 'Allows to add default expressions to the pages where search expressions have already been assigned'),
(6085, 'O', 'pt', 'Add default expressions', 'Allows to add default expressions to the pages where search expressions have already been assigned'),
(6086, 'O', 'en', 'Delay script execution for n seconds', 'The setting affects the loading speed of your page. You can delay the execution of the script so as not to interfere with the execution of more important tasks'),
(6086, 'O', 'pt', 'Delay script execution for n seconds', 'The setting affects the loading speed of your page. You can delay the execution of the script so as not to interfere with the execution of more important tasks'),
(6417, 'O', 'da', 'Информация', ''),
(6417, 'O', 'de', 'Информация', ''),
(6417, 'O', 'el', 'Информация', ''),
(6417, 'O', 'en', 'Information', ''),
(6417, 'O', 'es', 'Информация', ''),
(6417, 'O', 'fr', 'Информация', ''),
(6417, 'O', 'it', 'Информация', ''),
(6417, 'O', 'nl', 'Информация', ''),
(6417, 'O', 'no', 'Информация', ''),
(6417, 'O', 'pt', 'Информация', ''),
(6417, 'O', 'ro', 'Информация', ''),
(6417, 'O', 'ru', 'Информация', ''),
(6419, 'O', 'da', 'Настройка модуля', ''),
(6419, 'O', 'de', 'Настройка модуля', ''),
(6419, 'O', 'el', 'Настройка модуля', ''),
(6419, 'O', 'en', 'Settings', ''),
(6419, 'O', 'es', 'Настройка модуля', ''),
(6419, 'O', 'fr', 'Настройка модуля', ''),
(6419, 'O', 'it', 'Настройка модуля', ''),
(6419, 'O', 'nl', 'Настройка модуля', ''),
(6419, 'O', 'no', 'Настройка модуля', ''),
(6419, 'O', 'pt', 'Настройка модуля', ''),
(6419, 'O', 'ro', 'Настройка модуля', ''),
(6419, 'O', 'ru', 'Настройка модуля', ''),
(6420, 'O', 'da', 'Код вашего магазина', ''),
(6420, 'O', 'de', 'Код вашего магазина', ''),
(6420, 'O', 'el', 'Код вашего магазина', ''),
(6420, 'O', 'en', 'Store Key', ''),
(6420, 'O', 'es', 'Код вашего магазина', ''),
(6420, 'O', 'fr', 'Код вашего магазина', ''),
(6420, 'O', 'it', 'Код вашего магазина', ''),
(6420, 'O', 'nl', 'Код вашего магазина', ''),
(6420, 'O', 'no', 'Код вашего магазина', ''),
(6420, 'O', 'pt', 'Код вашего магазина', ''),
(6420, 'O', 'ro', 'Код вашего магазина', ''),
(6420, 'O', 'ru', 'Код вашего магазина', ''),
(6421, 'O', 'da', 'Секретный ключ вашего магазина', ''),
(6421, 'O', 'de', 'Секретный ключ вашего магазина', ''),
(6421, 'O', 'el', 'Секретный ключ вашего магазина', ''),
(6421, 'O', 'en', 'Secret Key', ''),
(6421, 'O', 'es', 'Секретный ключ вашего магазина', ''),
(6421, 'O', 'fr', 'Секретный ключ вашего магазина', ''),
(6421, 'O', 'it', 'Секретный ключ вашего магазина', ''),
(6421, 'O', 'nl', 'Секретный ключ вашего магазина', ''),
(6421, 'O', 'no', 'Секретный ключ вашего магазина', ''),
(6421, 'O', 'pt', 'Секретный ключ вашего магазина', ''),
(6421, 'O', 'ro', 'Секретный ключ вашего магазина', ''),
(6421, 'O', 'ru', 'Секретный ключ вашего магазина', ''),
(6422, 'O', 'da', 'Встраивать быстрый поиск REES46', ''),
(6422, 'O', 'de', 'Встраивать быстрый поиск REES46', ''),
(6422, 'O', 'el', 'Встраивать быстрый поиск REES46', ''),
(6422, 'O', 'en', 'Try to embed the REES46 instant search', ''),
(6422, 'O', 'es', 'Встраивать быстрый поиск REES46', ''),
(6422, 'O', 'fr', 'Встраивать быстрый поиск REES46', ''),
(6422, 'O', 'it', 'Встраивать быстрый поиск REES46', ''),
(6422, 'O', 'nl', 'Встраивать быстрый поиск REES46', ''),
(6422, 'O', 'no', 'Встраивать быстрый поиск REES46', ''),
(6422, 'O', 'pt', 'Встраивать быстрый поиск REES46', ''),
(6422, 'O', 'ro', 'Встраивать быстрый поиск REES46', ''),
(6422, 'O', 'ru', 'Встраивать быстрый поиск REES46', ''),
(6423, 'O', 'da', 'Автоматически синхронизировать статусы заказов во время получения YML', ''),
(6423, 'O', 'de', 'Автоматически синхронизировать статусы заказов во время получения YML', ''),
(6423, 'O', 'el', 'Автоматически синхронизировать статусы заказов во время получения YML', ''),
(6423, 'O', 'en', 'Synchronize order statuses while product feed (YML) is being received', ''),
(6423, 'O', 'es', 'Автоматически синхронизировать статусы заказов во время получения YML', ''),
(6423, 'O', 'fr', 'Автоматически синхронизировать статусы заказов во время получения YML', ''),
(6423, 'O', 'it', 'Автоматически синхронизировать статусы заказов во время получения YML', ''),
(6423, 'O', 'nl', 'Автоматически синхронизировать статусы заказов во время получения YML', ''),
(6423, 'O', 'no', 'Автоматически синхронизировать статусы заказов во время получения YML', ''),
(6423, 'O', 'pt', 'Автоматически синхронизировать статусы заказов во время получения YML', ''),
(6423, 'O', 'ro', 'Автоматически синхронизировать статусы заказов во время получения YML', ''),
(6423, 'O', 'ru', 'Автоматически синхронизировать статусы заказов во время получения YML', ''),
(6424, 'O', 'da', 'Модификация отраслевого алгоритма', ''),
(6424, 'O', 'de', 'Модификация отраслевого алгоритма', ''),
(6424, 'O', 'el', 'Модификация отраслевого алгоритма', ''),
(6424, 'O', 'en', 'Industry algorithm modification: ', ''),
(6424, 'O', 'es', 'Модификация отраслевого алгоритма', ''),
(6424, 'O', 'fr', 'Модификация отраслевого алгоритма', ''),
(6424, 'O', 'it', 'Модификация отраслевого алгоритма', ''),
(6424, 'O', 'nl', 'Модификация отраслевого алгоритма', ''),
(6424, 'O', 'no', 'Модификация отраслевого алгоритма', ''),
(6424, 'O', 'pt', 'Модификация отраслевого алгоритма', ''),
(6424, 'O', 'ro', 'Модификация отраслевого алгоритма', ''),
(6424, 'O', 'ru', 'Модификация отраслевого алгоритма', ''),
(6425, 'O', 'da', 'Настройка YML-файла', ''),
(6425, 'O', 'de', 'Настройка YML-файла', ''),
(6425, 'O', 'el', 'Настройка YML-файла', ''),
(6425, 'O', 'en', 'Catalog XML settings', ''),
(6425, 'O', 'es', 'Настройка YML-файла', ''),
(6425, 'O', 'fr', 'Настройка YML-файла', ''),
(6425, 'O', 'it', 'Настройка YML-файла', ''),
(6425, 'O', 'nl', 'Настройка YML-файла', ''),
(6425, 'O', 'no', 'Настройка YML-файла', ''),
(6425, 'O', 'pt', 'Настройка YML-файла', ''),
(6425, 'O', 'ro', 'Настройка YML-файла', ''),
(6425, 'O', 'ru', 'Настройка YML-файла', ''),
(6426, 'O', 'da', 'YML-файл', ''),
(6426, 'O', 'de', 'YML-файл', ''),
(6426, 'O', 'el', 'YML-файл', ''),
(6426, 'O', 'en', 'YML', ''),
(6426, 'O', 'es', 'YML-файл', ''),
(6426, 'O', 'fr', 'YML-файл', ''),
(6426, 'O', 'it', 'YML-файл', ''),
(6426, 'O', 'nl', 'YML-файл', ''),
(6426, 'O', 'no', 'YML-файл', ''),
(6426, 'O', 'pt', 'YML-файл', ''),
(6426, 'O', 'ro', 'YML-файл', ''),
(6426, 'O', 'ru', 'YML-файл', ''),
(6427, 'O', 'da', 'Cинхронизация заказов', ''),
(6427, 'O', 'de', 'Cинхронизация заказов', ''),
(6427, 'O', 'el', 'Cинхронизация заказов', ''),
(6427, 'O', 'en', 'Export orders', ''),
(6427, 'O', 'es', 'Cинхронизация заказов', ''),
(6427, 'O', 'fr', 'Cинхронизация заказов', ''),
(6427, 'O', 'it', 'Cинхронизация заказов', ''),
(6427, 'O', 'nl', 'Cинхронизация заказов', ''),
(6427, 'O', 'no', 'Cинхронизация заказов', ''),
(6427, 'O', 'pt', 'Cинхронизация заказов', ''),
(6427, 'O', 'ro', 'Cинхронизация заказов', ''),
(6427, 'O', 'ru', 'Cинхронизация заказов', ''),
(6429, 'O', 'da', 'Документация', ''),
(6429, 'O', 'de', 'Документация', ''),
(6429, 'O', 'el', 'Документация', ''),
(6429, 'O', 'en', 'Documentation', ''),
(6429, 'O', 'es', 'Документация', ''),
(6429, 'O', 'fr', 'Документация', ''),
(6429, 'O', 'it', 'Документация', ''),
(6429, 'O', 'nl', 'Документация', ''),
(6429, 'O', 'no', 'Документация', ''),
(6429, 'O', 'pt', 'Документация', ''),
(6429, 'O', 'ro', 'Документация', ''),
(6429, 'O', 'ru', 'Документация', ''),
(6431, 'O', 'da', 'Статистика', ''),
(6431, 'O', 'de', 'Статистика', ''),
(6431, 'O', 'el', 'Статистика', ''),
(6431, 'O', 'en', 'Statistics', ''),
(6431, 'O', 'es', 'Статистика', ''),
(6431, 'O', 'fr', 'Статистика', ''),
(6431, 'O', 'it', 'Статистика', ''),
(6431, 'O', 'nl', 'Статистика', ''),
(6431, 'O', 'no', 'Статистика', ''),
(6431, 'O', 'pt', 'Статистика', ''),
(6431, 'O', 'ro', 'Статистика', ''),
(6431, 'O', 'ru', 'Статистика', ''),
(6433, 'O', 'da', 'Habilitar pedidos de chamada para fornecedores', 'Isto também substituirá a informação de contato do marketplace com os fornecedores onde necessário.'),
(6433, 'O', 'en', 'Enable call requests for vendors', 'This will also replace marketplace contact information with vendors\' where necessary.'),
(6433, 'O', 'pt', 'Habilitar pedidos de chamada para fornecedores', 'Isto também substituirá a informação de contato do marketplace com os fornecedores onde necessário.'),
(6434, 'O', 'en', 'Enable microdata', 'Add information about video to the product\'s JSON-LD microdata'),
(6434, 'O', 'pt', 'Enable microdata', 'Add information about video to the product\'s JSON-LD microdata'),
(6435, 'O', 'en', 'Amount of displayed promotions in the product lists', 'Set amount of applied to a product catalog promotions, which will be displayed in products lists'),
(6435, 'O', 'pt', 'Amount of displayed promotions in the product lists', 'Set amount of applied to a product catalog promotions, which will be displayed in products lists'),
(6436, 'O', 'en', 'Use Ajax to download the second level elements', 'When setting is used the second level elements of \"Two-level navigation\" will be displayed after page downloading'),
(6436, 'O', 'pt', 'Use Ajax to download the second level elements', 'When setting is used the second level elements of \"Two-level navigation\" will be displayed after page downloading'),
(6437, 'O', 'en', 'Add watermarks for images in fast navigation', 'Note: \"Watermarks\" add-on must be installed and enabled'),
(6437, 'O', 'pt', 'Add watermarks for images in fast navigation', 'Note: \"Watermarks\" add-on must be installed and enabled'),
(6520, 'O', 'da', 'Chave de API do Google Maps', 'Siga as instruções para obter a chave de API: https://developers.google.com/maps/documentation/javascript/get-api-key'),
(6520, 'O', 'de', 'Google Maps API key', 'Get the API key by following the instructions here: https://developers.google.com/maps/documentation/javascript/get-api-key'),
(6520, 'O', 'el', 'Google Maps API key', 'Για να πάρετε το κλειδί API, ακολουθηστε τις οδηγίες εδώ: https://developers.google.com/maps/documentation/javascript/get-api-key'),
(6520, 'O', 'en', 'Google Maps API key', 'Get the API key by following the instructions here: https://developers.google.com/maps/documentation/javascript/get-api-key'),
(6520, 'O', 'es', 'Clave de API de Google Maps', 'Obtener la clave API siguiendo las instrucciones que se presentan a continuación: https://developers.google.com/maps/documentation/javascript/get-api-key'),
(6520, 'O', 'fr', 'Google Maps API key', 'Get the API key by following the instructions here: https://developers.google.com/maps/documentation/javascript/get-api-key'),
(6520, 'O', 'it', 'Google Maps API key', 'Get the API key by following the instructions here: https://developers.google.com/maps/documentation/javascript/get-api-key'),
(6520, 'O', 'nl', 'Google Maps API key', 'Get the API key by following the instructions here: https://developers.google.com/maps/documentation/javascript/get-api-key'),
(6520, 'O', 'no', 'Google Maps API nøkkel', 'Få API-nøkkelen ved å følge instruksjonene her: https://developers.google.com/maps/documentation/javascript/get-api-key'),
(6520, 'O', 'pt', 'Chave de API do Google Maps', 'Siga as instruções para obter a chave de API: https://developers.google.com/maps/documentation/javascript/get-api-key'),
(6520, 'O', 'ro', 'Google Maps API key', 'Get the API key by following the instructions here: https://developers.google.com/maps/documentation/javascript/get-api-key'),
(6520, 'O', 'ru', 'Ключ API Google Maps', 'Получите ключ API, следуя инструкции: https://developers.google.com/maps/documentation/javascript/get-api-key'),
(6521, 'O', 'da', 'Área padrão no filtro de distância', 'Você pode adicionar um filtro de produto que permite que os clientes busquem por produtos dentro de uma certa distância. Esta configuração determina a área padrão de busca para o filtro. Se você não criar um filtro, produtos serão exibidos seja qual for a distância, e esta configuração não terá efeito.'),
(6521, 'O', 'de', 'Default radius in distance filter', 'You can manually add a product filter that allows customers to search for products within a certain distance if they enter their location. This setting determines the default search radius for that filter. If you don\'t create a filter, products will be shown regardless of distance, and this setting won\'t have any effect.'),
(6521, 'O', 'el', 'Προεπιλεγμένη ακτίνα στο φίλτρο απόστασης', 'Μπορείτε να προσθέσετε με χειροκίνητο τρόπο ένα φίλτρο προϊόντος που επιτρέπει στους πελάτες να αναζητούν προϊόντα σε μια ορισμένη απόσταση αν εισάγουν την τοποθεσία τους. Αυτή η ρύθμιση καθορίζει την προεπιλεγμένη ακτίνα αναζήτησης για αυτό το φίλτρο. Εάν δεν δημιουργήσετε ένα φίλτρο, τα προϊόντα θα εμφανίζονται ανεξάρτητα από την απόσταση και αυτή η ρύθμιση δεν θα έχει καμία επίδραση.'),
(6521, 'O', 'en', 'Default radius in distance filter', 'You can manually add a product filter that allows customers to search for products within a certain distance if they enter their location. This setting determines the default search radius for that filter. If you don\'t create a filter, products will be shown regardless of distance, and this setting won\'t have any effect.'),
(6521, 'O', 'es', 'Radio por defecto en el filtro de la distancia', 'Puede agregar manualmente un filtro del producto que les permita a los clientes buscar productos dentro de una cierta distancia si ingresan a su ubicación. Esta configuración determina el radio de búsqueda predeterminado para ese filtro. Si no crea un filtro, los productos se mostrarán independientemente de la distancia, y esta configuración no tendrá ningún efecto.'),
(6521, 'O', 'fr', 'Default radius in distance filter', 'Vous pouvez ajouter manuellement un filtre par produits qui permets à vos clients de rechercher des produits présents dans les alentours, s\'ils entrent dans leur périmètre de détection. Ce paramètre détermine le diamètre de recherche par défaut de ce filtre. Si vous ne créez pas de filtre, les produits apparaîtront peu importe la distance, et ce paramètre n\'aura aucun effet.'),
(6521, 'O', 'it', 'Default radius in distance filter', 'You can manually add a product filter that allows customers to search for products within a certain distance if they enter their location. This setting determines the default search radius for that filter. If you don\'t create a filter, products will be shown regardless of distance, and this setting won\'t have any effect.'),
(6521, 'O', 'nl', 'Default radius in distance filter', 'You can manually add a product filter that allows customers to search for products within a certain distance if they enter their location. This setting determines the default search radius for that filter. If you don\'t create a filter, products will be shown regardless of distance, and this setting won\'t have any effect.'),
(6521, 'O', 'no', 'Default radius in distance filter', 'You can manually add a product filter that allows customers to search for products within a certain distance if they enter their location. This setting determines the default search radius for that filter. If you don\'t create a filter, products will be shown regardless of distance, and this setting won\'t have any effect.'),
(6521, 'O', 'pt', 'Área padrão no filtro de distância', 'Você pode adicionar um filtro de produto que permite que os clientes busquem por produtos dentro de uma certa distância. Esta configuração determina a área padrão de busca para o filtro. Se você não criar um filtro, produtos serão exibidos seja qual for a distância, e esta configuração não terá efeito.'),
(6521, 'O', 'ro', 'Default radius in distance filter', 'Poți adăuga manual un filtru produs care permite clienților să caute produse într-o anumită distanță dacă introduc locația lor. Această setare determină raza implicită de căutare pentru filtrul respectiv. Dacă nu creezi un filtru, produsele vor fi afișate indiferent de distantă, și această setare nu va avea niciun efect.'),
(6521, 'O', 'ru', 'Радиус по умолчанию в фильтре по расстоянию', 'Вы можете вручную добавить фильтр, который позволит покупателям искать товары на определённом расстоянии, если они укажут своё местоположение. Эта настройка определяет радиус по умолчанию для этого фильтра. Если вы не создадите фильтр, то товары всегда будут показываться независимо от расстояния, и настройка ни на что не повлияет.'),
(6522, 'O', 'da', 'Área máxima no filtro de distância', 'Você pode adicionar um filtro de produto que permite que os clientes busquem por produtos dentro de uma certa distância. Esta configuração determina a área máxima possível de busca para o filtro. Se você não criar um filtro, produtos serão exibidos seja qual for a distância, e esta configuração não terá efeito.'),
(6522, 'O', 'de', 'Maximum radius in distance filter', 'You can manually add a product filter that allows customers to search for products within a certain distance if they enter their location. This setting determines the maximum search radius possible for that filter. If you don\'t create a filter, products will be shown regardless of distance, and this setting won\'t have any effect.'),
(6522, 'O', 'el', 'Μέγιστη ακτίνα φίλτρου απόστασης', 'Μπορείτε να προσθέσετε με χειροκίνητο τρόπο ένα φίλτρο προϊόντος που επιτρέπει στους πελάτες να αναζητούν προϊόντα σε μια ορισμένη απόσταση αν εισάγουν την τοποθεσία τους. Αυτή η ρύθμιση καθορίζει την προεπιλεγμένη ακτίνα αναζήτησης για αυτό το φίλτρο. Εάν δεν δημιουργήσετε ένα φίλτρο, τα προϊόντα θα εμφανίζονται ανεξάρτητα από την απόσταση και αυτή η ρύθμιση δεν θα έχει καμία επίδραση.'),
(6522, 'O', 'en', 'Maximum radius in distance filter', 'You can manually add a product filter that allows customers to search for products within a certain distance if they enter their location. This setting determines the maximum search radius possible for that filter. If you don\'t create a filter, products will be shown regardless of distance, and this setting won\'t have any effect.'),
(6522, 'O', 'es', 'Radio máximo en el filtro de la distancia', 'Puede agregar manualmente un filtro de producto que les permita a los clientes buscar productos dentro de una cierta distancia si ingresan a su ubicación. Esta configuración determina el radio de búsqueda máximo posible para ese filtro. Si no crea un filtro, los productos se mostrarán independientemente de la distancia, y esta configuración no tendrá ningún efecto.'),
(6522, 'O', 'fr', 'Maximum radius in distance filter', 'Vous pouvez ajouter manuellement un filtre par produits qui permets à vos clients de rechercher des produits présents dans les alentours, s\'ils entrent dans leur périmètre de détection. Ce paramètre détermine le diamètre de recherche maximum de ce filtre. Si vous ne créez pas de filtre, les produits apparaîtront peu importe la distance, et ce paramètre n\'aura aucun effet.'),
(6522, 'O', 'it', 'Maximum radius in distance filter', 'You can manually add a product filter that allows customers to search for products within a certain distance if they enter their location. This setting determines the maximum search radius possible for that filter. If you don\'t create a filter, products will be shown regardless of distance, and this setting won\'t have any effect.'),
(6522, 'O', 'nl', 'Maximum radius in distance filter', 'You can manually add a product filter that allows customers to search for products within a certain distance if they enter their location. This setting determines the maximum search radius possible for that filter. If you don\'t create a filter, products will be shown regardless of distance, and this setting won\'t have any effect.'),
(6522, 'O', 'no', 'Maximum radius in distance filter', 'You can manually add a product filter that allows customers to search for products within a certain distance if they enter their location. This setting determines the maximum search radius possible for that filter. If you don\'t create a filter, products will be shown regardless of distance, and this setting won\'t have any effect.'),
(6522, 'O', 'pt', 'Área máxima no filtro de distância', 'Você pode adicionar um filtro de produto que permite que os clientes busquem por produtos dentro de uma certa distância. Esta configuração determina a área máxima possível de busca para o filtro. Se você não criar um filtro, produtos serão exibidos seja qual for a distância, e esta configuração não terá efeito.'),
(6522, 'O', 'ro', 'Maximum radius in distance filter', 'Poți adăuga manual un filtru produs care permite clienților să caute produse într-o anumită distanță dacă introduc locația lor. Această setare determină raza maximă de căutare pentru filtrul respectiv. Dacă nu creezi un filtru, produsele vor fi afișate indiferent de distantă, și această setare nu va avea niciun efect.'),
(6522, 'O', 'ru', 'Максимальный радиус в фильтре по расстоянию', 'Вы можете вручную добавить фильтр, который позволит покупателям искать товары на определённом расстоянии, если они укажут своё местоположение. Эта настройка определяет максимальный радиус для этого фильтра. Если вы не создадите фильтр, то товары всегда будут показываться независимо от расстояния, и настройка ни на что не повлияет.'),
(6523, 'O', 'da', 'Unidade de medida de distância', ''),
(6523, 'O', 'de', 'Distance measurement unit', ''),
(6523, 'O', 'el', 'Μονάδα μέτρησης απόστασης', ''),
(6523, 'O', 'en', 'Distance measurement unit', ''),
(6523, 'O', 'es', 'Unidad de medida de distancia', ''),
(6523, 'O', 'fr', 'Distance measurement unit', ''),
(6523, 'O', 'it', 'Distance measurement unit', ''),
(6523, 'O', 'nl', 'Distance measurement unit', ''),
(6523, 'O', 'no', 'Avstandsmålingsenhet', ''),
(6523, 'O', 'pt', 'Unidade de medida de distância', ''),
(6523, 'O', 'ro', 'Distance measurement unit', ''),
(6523, 'O', 'ru', 'Единица измерения расстояния', ''),
(6524, 'O', 'da', 'Fornecedores exibidos por padrão', 'Determina quais fornecedores são exibidos na página da lista de fornecedores (e no mapa exibido na página) por padrão.'),
(6524, 'O', 'de', 'Vendors shown by default', 'Determines what vendors are shown on the vendor list page (and on the map displayed on that page) by default.'),
(6524, 'O', 'el', 'Πωλητές που εμφανίζεται από προεπιλογή', 'Καθορίζει ποια πωλητές θα εμφανίζονται στη σελίδα λίστα προμηθευτών (και το χάρτη που εμφανίζεται σε αυτήν τη σελίδα) από προεπιλογή.'),
(6524, 'O', 'en', 'Vendors shown by default', 'Determines what vendors are shown on the vendor list page (and on the map displayed on that page) by default.'),
(6524, 'O', 'es', 'Vendedores mostratos por defecto', 'Determina qué vendedores se muestrán en la lista de vendedores de la página (y en el mapa que se muestra en esa página) de forma predeterminada.'),
(6524, 'O', 'fr', 'Vendors shown by default', 'Determines what vendors are shown on the vendor list page (and on the map displayed on that page) by default.'),
(6524, 'O', 'it', 'Vendors shown by default', 'Determines what vendors are shown on the vendor list page (and on the map displayed on that page) by default.'),
(6524, 'O', 'nl', 'Vendors shown by default', 'Determines what vendors are shown on the vendor list page (and on the map displayed on that page) by default.'),
(6524, 'O', 'no', 'Vendors shown by default', 'Determines what vendors are shown on the vendor list page (and on the map displayed on that page) by default.'),
(6524, 'O', 'pt', 'Fornecedores exibidos por padrão', 'Determina quais fornecedores são exibidos na página da lista de fornecedores (e no mapa exibido na página) por padrão.'),
(6524, 'O', 'ro', 'Vendors shown by default', 'Determines what vendors are shown on the vendor list page (and on the map displayed on that page) by default.'),
(6524, 'O', 'ru', 'Продавцы, отображаемые по умолчанию', 'Определяет, какие продавцы по умолчанию отображаются на странице списка продавцов и на карте на этой странице.'),
(7251, 'O', 'da', 'Show Alexbranding news channels', 'On the page \"AB: List of available sets/add-ons\" in the AB-menu will be displayed links to our news channels'),
(7251, 'O', 'de', 'Show Alexbranding news channels', 'On the page \"AB: List of available sets/add-ons\" in the AB-menu will be displayed links to our news channels'),
(7251, 'O', 'el', 'Show Alexbranding news channels', 'On the page \"AB: List of available sets/add-ons\" in the AB-menu will be displayed links to our news channels'),
(7251, 'O', 'en', 'Show Alexbranding news channels', 'On the page \"AB: List of available sets/add-ons\" in the AB-menu will be displayed links to our news channels'),
(7251, 'O', 'es', 'Show Alexbranding news channels', 'On the page \"AB: List of available sets/add-ons\" in the AB-menu will be displayed links to our news channels'),
(7251, 'O', 'fr', 'Show Alexbranding news channels', 'On the page \"AB: List of available sets/add-ons\" in the AB-menu will be displayed links to our news channels'),
(7251, 'O', 'it', 'Show Alexbranding news channels', 'On the page \"AB: List of available sets/add-ons\" in the AB-menu will be displayed links to our news channels'),
(7251, 'O', 'nl', 'Show Alexbranding news channels', 'On the page \"AB: List of available sets/add-ons\" in the AB-menu will be displayed links to our news channels'),
(7251, 'O', 'no', 'Show Alexbranding news channels', 'On the page \"AB: List of available sets/add-ons\" in the AB-menu will be displayed links to our news channels'),
(7251, 'O', 'pt', 'Show Alexbranding news channels', 'On the page \"AB: List of available sets/add-ons\" in the AB-menu will be displayed links to our news channels'),
(7251, 'O', 'ro', 'Show Alexbranding news channels', 'On the page \"AB: List of available sets/add-ons\" in the AB-menu will be displayed links to our news channels'),
(7251, 'O', 'ru', 'Показывать информационные каналы Alexbranding', 'На странице \"AB: Список доступных пакетов/модулей\" в AB-меню будут отображаться ссылки на наши информационные каналы'),
(7252, 'O', 'da', '', ''),
(7252, 'O', 'de', '', ''),
(7252, 'O', 'el', '', ''),
(7252, 'O', 'en', '', ''),
(7252, 'O', 'es', '', ''),
(7252, 'O', 'fr', '', ''),
(7252, 'O', 'it', '', ''),
(7252, 'O', 'nl', '', ''),
(7252, 'O', 'no', '', ''),
(7252, 'O', 'pt', '', ''),
(7252, 'O', 'ro', '', ''),
(7252, 'O', 'ru', '', ''),
(7253, 'O', 'da', '', ''),
(7253, 'O', 'de', '', ''),
(7253, 'O', 'el', '', ''),
(7253, 'O', 'en', '', ''),
(7253, 'O', 'es', '', ''),
(7253, 'O', 'fr', '', ''),
(7253, 'O', 'it', '', ''),
(7253, 'O', 'nl', '', ''),
(7253, 'O', 'no', '', ''),
(7253, 'O', 'pt', '', ''),
(7253, 'O', 'ro', '', ''),
(7253, 'O', 'ru', '', ''),
(7254, 'O', 'da', 'Comunicação cliente-fornecedor', NULL),
(7254, 'O', 'en', 'Customer-to-seller communication', NULL),
(7254, 'O', 'pt', 'Comunicação cliente-fornecedor', NULL),
(7255, 'O', 'da', 'Comunicação fornecedor-administrador', NULL),
(7255, 'O', 'en', 'Vendor-to-admin communication', NULL),
(7255, 'O', 'pt', 'Comunicação fornecedor-administrador', NULL),
(7256, 'O', 'da', 'Show unavailable shippings', 'Show real-time shipping methods even if their servers haven\'t returned the rates'),
(7256, 'O', 'en', 'Show unavailable shippings', 'Show real-time shipping methods even if their servers haven\'t returned the rates'),
(7256, 'O', 'pt', 'Show unavailable shippings', 'Show real-time shipping methods even if their servers haven\'t returned the rates'),
(7257, 'O', 'da', 'Configurações do reCAPTCHA v2', NULL),
(7257, 'O', 'en', 'reCAPTCHA v2 settings', NULL),
(7257, 'O', 'pt', 'Configurações do reCAPTCHA v2', NULL),
(7258, 'O', 'da', 'Configurações do reCAPTCHA v3', NULL),
(7258, 'O', 'en', 'reCAPTCHA v3 settings', NULL),
(7258, 'O', 'pt', 'Configurações do reCAPTCHA v3', NULL),
(7259, 'O', 'da', 'Chave do site', NULL),
(7259, 'O', 'en', 'Site key', NULL),
(7259, 'O', 'pt', 'Chave do site', NULL),
(7260, 'O', 'da', 'Chave secreta', NULL),
(7260, 'O', 'en', 'Secret', NULL),
(7260, 'O', 'pt', 'Chave secreta', NULL),
(7261, 'O', 'da', 'Pontuação requerida para passar na verificação', NULL),
(7261, 'O', 'en', 'Required rating to pass the check', NULL),
(7261, 'O', 'pt', 'Pontuação requerida para passar na verificação', NULL),
(7262, 'O', 'da', 'Configurações antirrobô', NULL),
(7262, 'O', 'en', 'Antibot settings', NULL),
(7262, 'O', 'pt', 'Configurações antirrobô', NULL),
(7265, 'O', 'da', 'Exibir todas as variações possíveis', 'Exibir uma variação mesmo se ela não estiver disponível.'),
(7265, 'O', 'en', 'Show all possible feature variants', 'Show a feature variant even if it is not available for this variation.'),
(7265, 'O', 'pt', 'Exibir todas as variações possíveis', 'Exibir uma variação mesmo se ela não estiver disponível.'),
(7266, 'O', 'da', 'Permitir que fornecedores gerenciem características dos produtos', NULL),
(7266, 'O', 'en', 'Allow vendors to manage product features', NULL),
(7266, 'O', 'pt', 'Permitir que fornecedores gerenciem características dos produtos', NULL),
(7267, 'O', 'da', 'Product variant selector thumbnail width', NULL),
(7267, 'O', 'en', 'Product variant selector thumbnail width', NULL),
(7267, 'O', 'pt', 'Product variant selector thumbnail width', NULL),
(7268, 'O', 'da', 'Product variant selector thumbnail height', NULL),
(7268, 'O', 'en', 'Product variant selector thumbnail height', NULL),
(7268, 'O', 'pt', 'Product variant selector thumbnail height', NULL),
(7269, 'O', 'da', 'Suspender fornecedor se seu saldo permanecer abaixo de', NULL),
(7269, 'O', 'en', 'Suspend vendors if their balance remains below', NULL),
(7269, 'O', 'pt', 'Suspender fornecedor se seu saldo permanecer abaixo de', NULL),
(7270, 'O', 'da', 'Prazo de tolerância para recuperar saldo', NULL),
(7270, 'O', 'en', 'Grace period to refill balance', NULL),
(7270, 'O', 'pt', 'Prazo de tolerância para recuperar saldo', NULL),
(7274, 'O', 'da', 'Bloquear painel administrativo de fornecedores suspensos', NULL),
(7274, 'O', 'en', 'Block admin panel of suspended vendors', NULL),
(7274, 'O', 'pt', 'Bloquear painel administrativo de fornecedores suspensos', NULL),
(7277, 'O', 'da', 'Salvar anexos no seu servidor', 'Anexos listados como URL\'s no arquivo importado serão baixados para o seu servidor.'),
(7277, 'O', 'en', 'Save attachments to your server', 'Attachments listed as URLs in the imported file will be downloaded to your server.'),
(7277, 'O', 'pt', 'Salvar anexos no seu servidor', 'Anexos listados como URL\'s no arquivo importado serão baixados para o seu servidor.'),
(7278, 'O', 'da', 'Recolher impostos dos fornecedores', 'Envie os impostos recolhidos para a conta do marketplace.'),
(7278, 'O', 'en', 'Collect taxes from vendors', 'Send collected taxes to the account of the marketplace.'),
(7278, 'O', 'pt', 'Recolher impostos dos fornecedores', 'Envie os impostos recolhidos para a conta do marketplace.'),
(7279, 'O', 'da', 'Approve vendors in 2 steps', 'New vendors will get the \"Pending\" status after approval. This will hide them on the storefront.'),
(7279, 'O', 'en', 'Approve vendors in 2 steps', 'New vendors will get the \"Pending\" status after approval. This will hide them on the storefront.'),
(7279, 'O', 'pt', 'Review new vendors before granting access to the admin panel', 'Novos fornecedores receberão o status \"Pendente\" após a aprovação. Isto os ocultará na loja virtual.'),
(7280, 'O', 'da', 'Tipo de opções', NULL),
(7280, 'O', 'en', 'Options type', NULL),
(7280, 'O', 'pt', 'Tipo de opções', NULL),
(7282, 'O', 'da', 'Tipo de exceções', NULL),
(7282, 'O', 'en', 'Exceptions type', NULL),
(7282, 'O', 'pt', 'Tipo de exceções', NULL),
(7284, 'O', 'da', 'O que fazer se o preço for zero', NULL),
(7284, 'O', 'en', 'Zero price action', NULL),
(7284, 'O', 'pt', 'O que fazer se o preço for zero', NULL),
(7286, 'O', 'da', 'Quantidade mínima de compra por produto', 'Vender não menos do que X unidades de um produto em um pedido.'),
(7286, 'O', 'en', 'Minimum quantity to buy per product', 'Sell no less than X units of a product in an order.'),
(7286, 'O', 'pt', 'Quantidade mínima de compra por produto', 'Vender não menos do que X unidades de um produto em um pedido.'),
(7288, 'O', 'da', 'Quantidade máxima de compra por produto', 'Vender não mais do que X unidades de um produto em um pedido.'),
(7288, 'O', 'en', 'Maximum quantity to buy per product', 'Sell no more than X units of a product in an order.'),
(7288, 'O', 'pt', 'Quantidade máxima de compra por produto', 'Vender não mais do que X unidades de um produto em um pedido.'),
(7290, 'O', 'da', 'Quantity step', 'Aumentar ou diminuir o número de unidades do produto comprado somente em X.'),
(7290, 'O', 'en', 'Quantity step', 'Increase or decrease the number of purchased product units only by X.'),
(7290, 'O', 'pt', 'Quantity step', 'Aumentar ou diminuir o número de unidades do produto comprado somente em X.'),
(7292, 'O', 'da', 'Quantidade disponível', 'Substituir o seletor de quantidade de produto por uma lista suspensa com X variações.'),
(7292, 'O', 'en', 'Number of available quantities', 'Replace product quantity selector with a dropdown list with X variants.'),
(7292, 'O', 'pt', 'Quantidade disponível', 'Substituir o seletor de quantidade de produto por uma lista suspensa com X variações.'),
(7294, 'O', 'da', 'Acompanhar estoque', NULL),
(7294, 'O', 'en', 'Track inventory', NULL),
(7294, 'O', 'pt', 'Acompanhar estoque', NULL),
(7297, 'O', 'da', 'Contact button on detailed order page', 'Show the \"Start communication\" button on detailed order page.'),
(7297, 'O', 'de', 'Contact button on detailed order page', 'Show the \"Start communication\" button on detailed order page.'),
(7297, 'O', 'el', 'Contact button on detailed order page', 'Show the \"Start communication\" button on detailed order page.'),
(7297, 'O', 'en', 'Contact button on detailed order page', 'Show the \"Start communication\" button on detailed order page.'),
(7297, 'O', 'es', 'Contact button on detailed order page', 'Show the \"Start communication\" button on detailed order page.'),
(7297, 'O', 'fr', 'Contact button on detailed order page', 'Show the \"Start communication\" button on detailed order page.'),
(7297, 'O', 'it', 'Contact button on detailed order page', 'Show the \"Start communication\" button on detailed order page.'),
(7297, 'O', 'nl', 'Contact button on detailed order page', 'Show the \"Start communication\" button on detailed order page.'),
(7297, 'O', 'no', 'Contact button on detailed order page', 'Show the \"Start communication\" button on detailed order page.'),
(7297, 'O', 'pt', 'Contact button on detailed order page', 'Show the \"Start communication\" button on detailed order page.'),
(7297, 'O', 'ro', 'Contact button on detailed order page', 'Show the \"Start communication\" button on detailed order page.'),
(7297, 'O', 'ru', 'Contact button on detailed order page', 'Show the \"Start communication\" button on detailed order page.'),
(7298, 'O', 'da', 'Approval of newly-created vendors', ''),
(7298, 'O', 'de', 'Approval of newly-created vendors', ''),
(7298, 'O', 'el', 'Approval of newly-created vendors', ''),
(7298, 'O', 'en', 'Approval of newly-created vendors', '');
INSERT INTO `partiushop_settings_descriptions` (`object_id`, `object_type`, `lang_code`, `value`, `tooltip`) VALUES
(7298, 'O', 'es', 'Approval of newly-created vendors', ''),
(7298, 'O', 'fr', 'Approval of newly-created vendors', ''),
(7298, 'O', 'it', 'Approval of newly-created vendors', ''),
(7298, 'O', 'nl', 'Approval of newly-created vendors', ''),
(7298, 'O', 'no', 'Approval of newly-created vendors', ''),
(7298, 'O', 'pt', 'Approval of newly-created vendors', ''),
(7298, 'O', 'ro', 'Approval of newly-created vendors', ''),
(7298, 'O', 'ru', 'Approval of newly-created vendors', ''),
(7299, 'O', 'da', 'PDF server', 'The location of the server where we\'ll be generating PDF files for your site. All servers work the same way, and they don\'t keep or analyze any of your data. Select the one that your legal advisor suggests, or the one you\'re most comfortable with.'),
(7299, 'O', 'de', 'PDF server', 'The location of the server where we\'ll be generating PDF files for your site. All servers work the same way, and they don\'t keep or analyze any of your data. Select the one that your legal advisor suggests, or the one you\'re most comfortable with.'),
(7299, 'O', 'el', 'PDF server', 'The location of the server where we\'ll be generating PDF files for your site. All servers work the same way, and they don\'t keep or analyze any of your data. Select the one that your legal advisor suggests, or the one you\'re most comfortable with.'),
(7299, 'O', 'en', 'PDF server', 'The location of the server where we\'ll be generating PDF files for your site. All servers work the same way, and they don\'t keep or analyze any of your data. Select the one that your legal advisor suggests, or the one you\'re most comfortable with.'),
(7299, 'O', 'es', 'PDF server', 'The location of the server where we\'ll be generating PDF files for your site. All servers work the same way, and they don\'t keep or analyze any of your data. Select the one that your legal advisor suggests, or the one you\'re most comfortable with.'),
(7299, 'O', 'fr', 'PDF server', 'The location of the server where we\'ll be generating PDF files for your site. All servers work the same way, and they don\'t keep or analyze any of your data. Select the one that your legal advisor suggests, or the one you\'re most comfortable with.'),
(7299, 'O', 'it', 'PDF server', 'The location of the server where we\'ll be generating PDF files for your site. All servers work the same way, and they don\'t keep or analyze any of your data. Select the one that your legal advisor suggests, or the one you\'re most comfortable with.'),
(7299, 'O', 'nl', 'PDF server', 'The location of the server where we\'ll be generating PDF files for your site. All servers work the same way, and they don\'t keep or analyze any of your data. Select the one that your legal advisor suggests, or the one you\'re most comfortable with.'),
(7299, 'O', 'no', 'PDF server', 'The location of the server where we\'ll be generating PDF files for your site. All servers work the same way, and they don\'t keep or analyze any of your data. Select the one that your legal advisor suggests, or the one you\'re most comfortable with.'),
(7299, 'O', 'pt', 'Servidor PDF', 'A localização do servidor onde nos estremos gerando arquivos PDF  para o nosso site. Todos os servidores funcionam da mesma forma, e eles não mantém ou analisam nenhum dado seu. Selecione aquele que o seu consultor legal sugerir, ou aquele que se sentir mais confortável'),
(7299, 'O', 'ro', 'PDF server', 'The location of the server where we\'ll be generating PDF files for your site. All servers work the same way, and they don\'t keep or analyze any of your data. Select the one that your legal advisor suggests, or the one you\'re most comfortable with.'),
(7299, 'O', 'ru', 'Сервер PDF', 'Местоположение сервера, где мы будем генерировать PDF-файлы для вашего сайта. Все серверы работают одинаково, а мы не храним и не анализируем ваши данные. Выберите тот сервер, который вам больше нравится или который больше подходит по законодательству.'),
(7332, 'O', 'da', '', ''),
(7332, 'O', 'de', '', ''),
(7332, 'O', 'el', '', ''),
(7332, 'O', 'en', '', ''),
(7332, 'O', 'es', '', ''),
(7332, 'O', 'fr', '', ''),
(7332, 'O', 'it', '', ''),
(7332, 'O', 'nl', '', ''),
(7332, 'O', 'no', '', ''),
(7332, 'O', 'pt', '', ''),
(7332, 'O', 'ro', '', ''),
(7332, 'O', 'ru', '', ''),
(7333, 'O', 'da', 'Reviews per page', ''),
(7333, 'O', 'de', 'Reviews per page', ''),
(7333, 'O', 'el', 'Κριτικές ανά σελίδα', ''),
(7333, 'O', 'en', 'Reviews per page', ''),
(7333, 'O', 'es', 'Opiniones por página', ''),
(7333, 'O', 'fr', 'Reviews per page', ''),
(7333, 'O', 'it', 'Reviews per page', ''),
(7333, 'O', 'nl', 'Reviews per page', ''),
(7333, 'O', 'no', 'Reviews per page', ''),
(7333, 'O', 'pt', 'Avaliações por página', ''),
(7333, 'O', 'ro', 'Reviews per page', ''),
(7333, 'O', 'ru', 'Отзывов на странице', ''),
(7334, 'O', 'da', 'Administrator must approve posts submitted by', ''),
(7334, 'O', 'de', 'Administrator must approve posts submitted by', ''),
(7334, 'O', 'el', 'Ο διαχειριστής πρέπει να εγκρίνει τις δημοσιεύσεις από', ''),
(7334, 'O', 'en', 'Administrator must approve posts submitted by', ''),
(7334, 'O', 'es', 'Administrador debe aprobar comentarios presentados por', ''),
(7334, 'O', 'fr', 'Administrator must approve posts submitted by', ''),
(7334, 'O', 'it', 'Administrator must approve posts submitted by', ''),
(7334, 'O', 'nl', 'Administrator must approve posts submitted by', ''),
(7334, 'O', 'no', 'Administrator must approve posts submitted by', ''),
(7334, 'O', 'pt', 'Administrador deve aprovar posts enviados por', ''),
(7334, 'O', 'ro', 'Administrator must approve posts submitted by', ''),
(7334, 'O', 'ru', 'Проверять перед публикацией отзывы', ''),
(7335, 'O', 'da', 'Allow one review per IP address', ''),
(7335, 'O', 'de', 'Allow one review per IP address', ''),
(7335, 'O', 'el', 'Allow one review per IP address', ''),
(7335, 'O', 'en', 'Allow one review per IP address', ''),
(7335, 'O', 'es', 'Allow one review per IP address', ''),
(7335, 'O', 'fr', 'Allow one review per IP address', ''),
(7335, 'O', 'it', 'Allow one review per IP address', ''),
(7335, 'O', 'nl', 'Allow one review per IP address', ''),
(7335, 'O', 'no', 'Allow one review per IP address', ''),
(7335, 'O', 'pt', 'Permitir uma revisão por endereço de IP', ''),
(7335, 'O', 'ro', 'Allow one review per IP address', ''),
(7335, 'O', 'ru', 'Не больше одного отзыва с одного IP-адреса', ''),
(7336, 'O', 'da', 'Review fields', ''),
(7336, 'O', 'de', 'Review fields', ''),
(7336, 'O', 'el', 'Πεδία Κριτικών', ''),
(7336, 'O', 'en', 'Review fields', ''),
(7336, 'O', 'es', 'Campos de opiniones', ''),
(7336, 'O', 'fr', 'Review fields', ''),
(7336, 'O', 'it', 'Review fields', ''),
(7336, 'O', 'nl', 'Review fields', ''),
(7336, 'O', 'no', 'Review fields', ''),
(7336, 'O', 'pt', 'Campos de revisão', ''),
(7336, 'O', 'ro', 'Review fields', ''),
(7336, 'O', 'ru', 'Поля отзывов', ''),
(7337, 'O', 'da', 'Only buyers can post', 'Allow leaving reviews for a product only to those who bought that product.'),
(7337, 'O', 'de', 'Only buyers can post', 'Allow leaving reviews for a product only to those who bought that product.'),
(7337, 'O', 'el', 'Αναρτηση μόνο από αγοραστές', 'Δώστε το δικαίωμα να αφήνουν κριτική για ένα προϊόν, μόνο αυτοί που αγόρασαν το εκάστοτε προϊόν.'),
(7337, 'O', 'en', 'Only buyers can post', 'Allow leaving reviews for a product only to those who bought that product.'),
(7337, 'O', 'es', 'Sólo los compradores pueden enviar un comentario', 'Permite dejar opiniones de un producto sólo a aquellos que compraron ese producto.'),
(7337, 'O', 'fr', 'Only buyers can post', 'Allow leaving reviews for a product only to those who bought that product.'),
(7337, 'O', 'it', 'Only buyers can post', 'Allow leaving reviews for a product only to those who bought that product.'),
(7337, 'O', 'nl', 'Only buyers can post', 'Allow leaving reviews for a product only to those who bought that product.'),
(7337, 'O', 'no', 'Only buyers can post', 'Allow leaving reviews for a product only to those who bought that product.'),
(7337, 'O', 'pt', 'Somente compradores podem postar', 'Permitir que deixe avaliações do produto somente quem o comprou.'),
(7337, 'O', 'ro', 'Only buyers can post', 'Allow leaving reviews for a product only to those who bought that product.'),
(7337, 'O', 'ru', 'Отзывы только от покупателей', 'Разрешить оставлять отзывы о товаре только тем, кто купил этот товар.'),
(7338, 'O', 'da', 'Ask for customer location', ''),
(7338, 'O', 'de', 'Ask for customer location', ''),
(7338, 'O', 'el', 'Ζητήστε την τοποθεσία του πελάτη', ''),
(7338, 'O', 'en', 'Ask for customer location', ''),
(7338, 'O', 'es', 'Preguntar por la ubicación del cliente', ''),
(7338, 'O', 'fr', 'Ask for customer location', ''),
(7338, 'O', 'it', 'Ask for customer location', ''),
(7338, 'O', 'nl', 'Ask for customer location', ''),
(7338, 'O', 'no', 'Ask for customer location', ''),
(7338, 'O', 'pt', 'Pedir pela localização do cliente', ''),
(7338, 'O', 'ro', 'Ask for customer location', ''),
(7338, 'O', 'ru', 'Спрашивать местоположение покупателя', ''),
(7339, 'O', 'da', 'Split reviews by storefront', ''),
(7339, 'O', 'de', 'Split reviews by storefront', ''),
(7339, 'O', 'el', 'Διαχωρίστε τις κριτικές ανά κατάστημα', ''),
(7339, 'O', 'en', 'Split reviews by storefront', ''),
(7339, 'O', 'es', 'Dividir las opiniones por tienda', ''),
(7339, 'O', 'fr', 'Split reviews by storefront', ''),
(7339, 'O', 'it', 'Split reviews by storefront', ''),
(7339, 'O', 'nl', 'Split reviews by storefront', ''),
(7339, 'O', 'no', 'Split reviews by storefront', ''),
(7339, 'O', 'pt', 'Partir avaliações por fachada', ''),
(7339, 'O', 'ro', 'Split reviews by storefront', ''),
(7339, 'O', 'ru', 'Разделять отзывы по витринам', ''),
(7340, 'O', 'da', '', ''),
(7340, 'O', 'de', '', ''),
(7340, 'O', 'el', '', ''),
(7340, 'O', 'en', '', ''),
(7340, 'O', 'es', '', ''),
(7340, 'O', 'fr', '', ''),
(7340, 'O', 'it', '', ''),
(7340, 'O', 'nl', '', ''),
(7340, 'O', 'no', '', ''),
(7340, 'O', 'pt', '', ''),
(7340, 'O', 'ro', '', ''),
(7340, 'O', 'ru', '', ''),
(7411, 'O', 'da', 'Login', ''),
(7411, 'O', 'de', 'Login', ''),
(7411, 'O', 'el', 'Login', ''),
(7411, 'O', 'en', 'Login', ''),
(7411, 'O', 'es', 'Login', ''),
(7411, 'O', 'fr', 'Login', ''),
(7411, 'O', 'it', 'Login', ''),
(7411, 'O', 'nl', 'Login', ''),
(7411, 'O', 'no', 'Login', ''),
(7411, 'O', 'pt', 'Login', ''),
(7411, 'O', 'ro', 'Login', ''),
(7411, 'O', 'ru', 'Login', ''),
(7412, 'O', 'da', 'Senha', ''),
(7412, 'O', 'de', 'Senha', ''),
(7412, 'O', 'el', 'Senha', ''),
(7412, 'O', 'en', 'Senha', ''),
(7412, 'O', 'es', 'Senha', ''),
(7412, 'O', 'fr', 'Senha', ''),
(7412, 'O', 'it', 'Senha', ''),
(7412, 'O', 'nl', 'Senha', ''),
(7412, 'O', 'no', 'Senha', ''),
(7412, 'O', 'pt', 'Senha', ''),
(7412, 'O', 'ro', 'Senha', ''),
(7412, 'O', 'ru', 'Senha', ''),
(7413, 'O', 'da', 'Fingerprint', ''),
(7413, 'O', 'de', 'Fingerprint', ''),
(7413, 'O', 'el', 'Fingerprint', ''),
(7413, 'O', 'en', 'Fingerprint', ''),
(7413, 'O', 'es', 'Fingerprint', ''),
(7413, 'O', 'fr', 'Fingerprint', ''),
(7413, 'O', 'it', 'Fingerprint', ''),
(7413, 'O', 'nl', 'Fingerprint', ''),
(7413, 'O', 'no', 'Fingerprint', ''),
(7413, 'O', 'pt', 'Fingerprint', ''),
(7413, 'O', 'ro', 'Fingerprint', ''),
(7413, 'O', 'ru', 'Fingerprint', ''),
(7414, 'O', 'da', 'Ambiente', ''),
(7414, 'O', 'de', 'Ambiente', ''),
(7414, 'O', 'el', 'Ambiente', ''),
(7414, 'O', 'en', 'Ambiente', ''),
(7414, 'O', 'es', 'Ambiente', ''),
(7414, 'O', 'fr', 'Ambiente', ''),
(7414, 'O', 'it', 'Ambiente', ''),
(7414, 'O', 'nl', 'Ambiente', ''),
(7414, 'O', 'no', 'Ambiente', ''),
(7414, 'O', 'pt', 'Ambiente', ''),
(7414, 'O', 'ro', 'Ambiente', ''),
(7414, 'O', 'ru', 'Ambiente', ''),
(7415, 'O', 'da', '', ''),
(7415, 'O', 'de', '', ''),
(7415, 'O', 'el', '', ''),
(7415, 'O', 'en', '', ''),
(7415, 'O', 'es', '', ''),
(7415, 'O', 'fr', '', ''),
(7415, 'O', 'it', '', ''),
(7415, 'O', 'nl', '', ''),
(7415, 'O', 'no', '', ''),
(7415, 'O', 'pt', '', ''),
(7415, 'O', 'ro', '', ''),
(7415, 'O', 'ru', '', ''),
(7416, 'O', 'da', '', ''),
(7416, 'O', 'de', '', ''),
(7416, 'O', 'el', '', ''),
(7416, 'O', 'en', '', ''),
(7416, 'O', 'es', '', ''),
(7416, 'O', 'fr', '', ''),
(7416, 'O', 'it', '', ''),
(7416, 'O', 'nl', '', ''),
(7416, 'O', 'no', '', ''),
(7416, 'O', 'pt', '', ''),
(7416, 'O', 'ro', '', ''),
(7416, 'O', 'ru', '', ''),
(7417, 'O', 'da', '', ''),
(7417, 'O', 'de', '', ''),
(7417, 'O', 'el', '', ''),
(7417, 'O', 'en', '', ''),
(7417, 'O', 'es', '', ''),
(7417, 'O', 'fr', '', ''),
(7417, 'O', 'it', '', ''),
(7417, 'O', 'nl', '', ''),
(7417, 'O', 'no', '', ''),
(7417, 'O', 'pt', '', ''),
(7417, 'O', 'ro', '', ''),
(7417, 'O', 'ru', '', ''),
(7418, 'O', 'da', '', ''),
(7418, 'O', 'de', '', ''),
(7418, 'O', 'el', '', ''),
(7418, 'O', 'en', '', ''),
(7418, 'O', 'es', '', ''),
(7418, 'O', 'fr', '', ''),
(7418, 'O', 'it', '', ''),
(7418, 'O', 'nl', '', ''),
(7418, 'O', 'no', '', ''),
(7418, 'O', 'pt', '', ''),
(7418, 'O', 'ro', '', ''),
(7418, 'O', 'ru', '', ''),
(7419, 'O', 'da', '', ''),
(7419, 'O', 'de', '', ''),
(7419, 'O', 'el', '', ''),
(7419, 'O', 'en', '', ''),
(7419, 'O', 'es', '', ''),
(7419, 'O', 'fr', '', ''),
(7419, 'O', 'it', '', ''),
(7419, 'O', 'nl', '', ''),
(7419, 'O', 'no', '', ''),
(7419, 'O', 'pt', '', ''),
(7419, 'O', 'ro', '', ''),
(7419, 'O', 'ru', '', ''),
(7420, 'O', 'da', '', ''),
(7420, 'O', 'de', '', ''),
(7420, 'O', 'el', '', ''),
(7420, 'O', 'en', '', ''),
(7420, 'O', 'es', '', ''),
(7420, 'O', 'fr', '', ''),
(7420, 'O', 'it', '', ''),
(7420, 'O', 'nl', '', ''),
(7420, 'O', 'no', '', ''),
(7420, 'O', 'pt', '', ''),
(7420, 'O', 'ro', '', ''),
(7420, 'O', 'ru', '', ''),
(7421, 'O', 'da', '', ''),
(7421, 'O', 'de', '', ''),
(7421, 'O', 'el', '', ''),
(7421, 'O', 'en', '', ''),
(7421, 'O', 'es', '', ''),
(7421, 'O', 'fr', '', ''),
(7421, 'O', 'it', '', ''),
(7421, 'O', 'nl', '', ''),
(7421, 'O', 'no', '', ''),
(7421, 'O', 'pt', '', ''),
(7421, 'O', 'ro', '', ''),
(7421, 'O', 'ru', '', ''),
(7426, 'O', 'da', 'Quantas vezes os planos gratuitos podem ser renovados', 'Quantas vezes os planos gratuitos podem ser renovados'),
(7426, 'O', 'de', 'Quantas vezes os planos gratuitos podem ser renovados', 'Quantas vezes os planos gratuitos podem ser renovados'),
(7426, 'O', 'el', 'Quantas vezes os planos gratuitos podem ser renovados', 'Quantas vezes os planos gratuitos podem ser renovados'),
(7426, 'O', 'en', 'Quantas vezes os planos gratuitos podem ser renovados', 'Quantas vezes os planos gratuitos podem ser renovados'),
(7426, 'O', 'es', 'Quantas vezes os planos gratuitos podem ser renovados', 'Quantas vezes os planos gratuitos podem ser renovados'),
(7426, 'O', 'fr', 'Quantas vezes os planos gratuitos podem ser renovados', 'Quantas vezes os planos gratuitos podem ser renovados'),
(7426, 'O', 'it', 'Quantas vezes os planos gratuitos podem ser renovados', 'Quantas vezes os planos gratuitos podem ser renovados'),
(7426, 'O', 'nl', 'Quantas vezes os planos gratuitos podem ser renovados', 'Quantas vezes os planos gratuitos podem ser renovados'),
(7426, 'O', 'no', 'Quantas vezes os planos gratuitos podem ser renovados', 'Quantas vezes os planos gratuitos podem ser renovados'),
(7426, 'O', 'pt', 'Quantas vezes os planos gratuitos podem ser renovados', 'Quantas vezes os planos gratuitos podem ser renovados'),
(7426, 'O', 'ro', 'Quantas vezes os planos gratuitos podem ser renovados', 'Quantas vezes os planos gratuitos podem ser renovados'),
(7426, 'O', 'ru', 'Quantas vezes os planos gratuitos podem ser renovados', 'Quantas vezes os planos gratuitos podem ser renovados'),
(7427, 'O', 'da', 'Quantos dias de antecedência para enviar notificações de pagamento', 'Quantos dias de antecedência para enviar notificações de pagamento'),
(7427, 'O', 'de', 'Quantos dias de antecedência para enviar notificações de pagamento', 'Quantos dias de antecedência para enviar notificações de pagamento'),
(7427, 'O', 'el', 'Quantos dias de antecedência para enviar notificações de pagamento', 'Quantos dias de antecedência para enviar notificações de pagamento'),
(7427, 'O', 'en', 'Quantos dias de antecedência para enviar notificações de pagamento', 'Quantos dias de antecedência para enviar notificações de pagamento'),
(7427, 'O', 'es', 'Quantos dias de antecedência para enviar notificações de pagamento', 'Quantos dias de antecedência para enviar notificações de pagamento'),
(7427, 'O', 'fr', 'Quantos dias de antecedência para enviar notificações de pagamento', 'Quantos dias de antecedência para enviar notificações de pagamento'),
(7427, 'O', 'it', 'Quantos dias de antecedência para enviar notificações de pagamento', 'Quantos dias de antecedência para enviar notificações de pagamento'),
(7427, 'O', 'nl', 'Quantos dias de antecedência para enviar notificações de pagamento', 'Quantos dias de antecedência para enviar notificações de pagamento'),
(7427, 'O', 'no', 'Quantos dias de antecedência para enviar notificações de pagamento', 'Quantos dias de antecedência para enviar notificações de pagamento'),
(7427, 'O', 'pt', 'Quantos dias de antecedência para enviar notificações de pagamento', 'Quantos dias de antecedência para enviar notificações de pagamento'),
(7427, 'O', 'ro', 'Quantos dias de antecedência para enviar notificações de pagamento', 'Quantos dias de antecedência para enviar notificações de pagamento'),
(7427, 'O', 'ru', 'Quantos dias de antecedência para enviar notificações de pagamento', 'Quantos dias de antecedência para enviar notificações de pagamento'),
(7428, 'O', 'da', 'Reorganizar pacotes de envios por armazém', 'Reorganizar pacotes de envios por armazém'),
(7428, 'O', 'de', 'Reorganizar pacotes de envios por armazém', 'Reorganizar pacotes de envios por armazém'),
(7428, 'O', 'el', 'Reorganizar pacotes de envios por armazém', 'Reorganizar pacotes de envios por armazém'),
(7428, 'O', 'en', 'Reorganizar pacotes de envios por armazém', 'Reorganizar pacotes de envios por armazém'),
(7428, 'O', 'es', 'Reorganizar pacotes de envios por armazém', 'Reorganizar pacotes de envios por armazém'),
(7428, 'O', 'fr', 'Reorganizar pacotes de envios por armazém', 'Reorganizar pacotes de envios por armazém'),
(7428, 'O', 'it', 'Reorganizar pacotes de envios por armazém', 'Reorganizar pacotes de envios por armazém'),
(7428, 'O', 'nl', 'Reorganizar pacotes de envios por armazém', 'Reorganizar pacotes de envios por armazém'),
(7428, 'O', 'no', 'Reorganizar pacotes de envios por armazém', 'Reorganizar pacotes de envios por armazém'),
(7428, 'O', 'pt', 'Reorganizar pacotes de envios por armazém', 'Reorganizar pacotes de envios por armazém'),
(7428, 'O', 'ro', 'Reorganizar pacotes de envios por armazém', 'Reorganizar pacotes de envios por armazém'),
(7428, 'O', 'ru', 'Reorganizar pacotes de envios por armazém', 'Reorganizar pacotes de envios por armazém'),
(7429, 'O', 'pt', 'Buy a default common product', 'The \"Add to cart\" button will appear next to the product (not just its offers) and select the best offer available.'),
(7466, 'O', 'da', 'VIVAshop functionality settings', ''),
(7466, 'O', 'de', 'VIVAshop functionality settings', ''),
(7466, 'O', 'el', 'VIVAshop functionality settings', ''),
(7466, 'O', 'en', 'VIVAshop functionality settings', ''),
(7466, 'O', 'es', 'VIVAshop functionality settings', ''),
(7466, 'O', 'fr', 'VIVAshop functionality settings', ''),
(7466, 'O', 'it', 'VIVAshop functionality settings', ''),
(7466, 'O', 'nl', 'VIVAshop functionality settings', ''),
(7466, 'O', 'no', 'VIVAshop functionality settings', ''),
(7466, 'O', 'pt', 'VIVAshop functionality settings', ''),
(7466, 'O', 'ro', 'VIVAshop functionality settings', ''),
(7466, 'O', 'ru', 'VIVAshop functionality settings', ''),
(7467, 'O', 'da', 'Product title rows', 'Display the product titles on single or multiple rows'),
(7467, 'O', 'de', 'Product title rows', 'Display the product titles on single or multiple rows'),
(7467, 'O', 'el', 'Product title rows', 'Display the product titles on single or multiple rows'),
(7467, 'O', 'en', 'Product title rows', 'Display the product titles on single or multiple rows'),
(7467, 'O', 'es', 'Product title rows', 'Display the product titles on single or multiple rows'),
(7467, 'O', 'fr', 'Product title rows', 'Display the product titles on single or multiple rows'),
(7467, 'O', 'it', 'Product title rows', 'Display the product titles on single or multiple rows'),
(7467, 'O', 'nl', 'Product title rows', 'Display the product titles on single or multiple rows'),
(7467, 'O', 'no', 'Product title rows', 'Display the product titles on single or multiple rows'),
(7467, 'O', 'pt', 'Product title rows', 'Display the product titles on single or multiple rows'),
(7467, 'O', 'ro', 'Product title rows', 'Display the product titles on single or multiple rows'),
(7467, 'O', 'ru', 'Product title rows', 'Display the product titles on single or multiple rows'),
(7468, 'O', 'da', 'Scroll up button position', 'Choose the position of the scroll to top button'),
(7468, 'O', 'de', 'Scroll up button position', 'Choose the position of the scroll to top button'),
(7468, 'O', 'el', 'Scroll up button position', 'Choose the position of the scroll to top button'),
(7468, 'O', 'en', 'Scroll up button position', 'Choose the position of the scroll to top button'),
(7468, 'O', 'es', 'Scroll up button position', 'Choose the position of the scroll to top button'),
(7468, 'O', 'fr', 'Scroll up button position', 'Choose the position of the scroll to top button'),
(7468, 'O', 'it', 'Scroll up button position', 'Choose the position of the scroll to top button'),
(7468, 'O', 'nl', 'Scroll up button position', 'Choose the position of the scroll to top button'),
(7468, 'O', 'no', 'Scroll up button position', 'Choose the position of the scroll to top button'),
(7468, 'O', 'pt', 'Scroll up button position', 'Choose the position of the scroll to top button'),
(7468, 'O', 'ro', 'Scroll up button position', 'Choose the position of the scroll to top button'),
(7468, 'O', 'ru', 'Scroll up button position', 'Choose the position of the scroll to top button'),
(7469, 'O', 'da', 'Brand page type', 'Set the way brands are displayed on the Brands page'),
(7469, 'O', 'de', 'Brand page type', 'Set the way brands are displayed on the Brands page'),
(7469, 'O', 'el', 'Brand page type', 'Set the way brands are displayed on the Brands page'),
(7469, 'O', 'en', 'Brand page type', 'Set the way brands are displayed on the Brands page'),
(7469, 'O', 'es', 'Brand page type', 'Set the way brands are displayed on the Brands page'),
(7469, 'O', 'fr', 'Brand page type', 'Set the way brands are displayed on the Brands page'),
(7469, 'O', 'it', 'Brand page type', 'Set the way brands are displayed on the Brands page'),
(7469, 'O', 'nl', 'Brand page type', 'Set the way brands are displayed on the Brands page'),
(7469, 'O', 'no', 'Brand page type', 'Set the way brands are displayed on the Brands page'),
(7469, 'O', 'pt', 'Brand page type', 'Set the way brands are displayed on the Brands page'),
(7469, 'O', 'ro', 'Brand page type', 'Set the way brands are displayed on the Brands page'),
(7469, 'O', 'ru', 'Brand page type', 'Set the way brands are displayed on the Brands page'),
(7470, 'O', 'da', 'Filters', 'Set the way filters are displayed'),
(7470, 'O', 'de', 'Filters', 'Set the way filters are displayed'),
(7470, 'O', 'el', 'Filters', 'Set the way filters are displayed'),
(7470, 'O', 'en', 'Filters', 'Set the way filters are displayed'),
(7470, 'O', 'es', 'Filters', 'Set the way filters are displayed'),
(7470, 'O', 'fr', 'Filters', 'Set the way filters are displayed'),
(7470, 'O', 'it', 'Filters', 'Set the way filters are displayed'),
(7470, 'O', 'nl', 'Filters', 'Set the way filters are displayed'),
(7470, 'O', 'no', 'Filters', 'Set the way filters are displayed'),
(7470, 'O', 'pt', 'Filters', 'Set the way filters are displayed'),
(7470, 'O', 'ro', 'Filters', 'Set the way filters are displayed'),
(7470, 'O', 'ru', 'Filters', 'Set the way filters are displayed'),
(7471, 'O', 'da', 'Sidebar categories', 'Set the way the category sidebar is displayed'),
(7471, 'O', 'de', 'Sidebar categories', 'Set the way the category sidebar is displayed'),
(7471, 'O', 'el', 'Sidebar categories', 'Set the way the category sidebar is displayed'),
(7471, 'O', 'en', 'Sidebar categories', 'Set the way the category sidebar is displayed'),
(7471, 'O', 'es', 'Sidebar categories', 'Set the way the category sidebar is displayed'),
(7471, 'O', 'fr', 'Sidebar categories', 'Set the way the category sidebar is displayed'),
(7471, 'O', 'it', 'Sidebar categories', 'Set the way the category sidebar is displayed'),
(7471, 'O', 'nl', 'Sidebar categories', 'Set the way the category sidebar is displayed'),
(7471, 'O', 'no', 'Sidebar categories', 'Set the way the category sidebar is displayed'),
(7471, 'O', 'pt', 'Sidebar categories', 'Set the way the category sidebar is displayed'),
(7471, 'O', 'ro', 'Sidebar categories', 'Set the way the category sidebar is displayed'),
(7471, 'O', 'ru', 'Sidebar categories', 'Set the way the category sidebar is displayed'),
(7472, 'O', 'da', 'Responsive mode', 'Set the responsive mode to be used: <br/><b>Default</b> (device based)<br/>or <br/><b>Traditional</b> (resolution based)'),
(7472, 'O', 'de', 'Responsive mode', 'Set the responsive mode to be used: <br/><b>Default</b> (device based)<br/>or <br/><b>Traditional</b> (resolution based)'),
(7472, 'O', 'el', 'Responsive mode', 'Set the responsive mode to be used: <br/><b>Default</b> (device based)<br/>or <br/><b>Traditional</b> (resolution based)'),
(7472, 'O', 'en', 'Responsive mode', 'Set the responsive mode to be used: <br/><b>Default</b> (device based)<br/>or <br/><b>Traditional</b> (resolution based)'),
(7472, 'O', 'es', 'Responsive mode', 'Set the responsive mode to be used: <br/><b>Default</b> (device based)<br/>or <br/><b>Traditional</b> (resolution based)'),
(7472, 'O', 'fr', 'Responsive mode', 'Set the responsive mode to be used: <br/><b>Default</b> (device based)<br/>or <br/><b>Traditional</b> (resolution based)'),
(7472, 'O', 'it', 'Responsive mode', 'Set the responsive mode to be used: <br/><b>Default</b> (device based)<br/>or <br/><b>Traditional</b> (resolution based)'),
(7472, 'O', 'nl', 'Responsive mode', 'Set the responsive mode to be used: <br/><b>Default</b> (device based)<br/>or <br/><b>Traditional</b> (resolution based)'),
(7472, 'O', 'no', 'Responsive mode', 'Set the responsive mode to be used: <br/><b>Default</b> (device based)<br/>or <br/><b>Traditional</b> (resolution based)'),
(7472, 'O', 'pt', 'Responsive mode', 'Set the responsive mode to be used: <br/><b>Default</b> (device based)<br/>or <br/><b>Traditional</b> (resolution based)'),
(7472, 'O', 'ro', 'Responsive mode', 'Set the responsive mode to be used: <br/><b>Default</b> (device based)<br/>or <br/><b>Traditional</b> (resolution based)'),
(7472, 'O', 'ru', 'Responsive mode', 'Set the responsive mode to be used: <br/><b>Default</b> (device based)<br/>or <br/><b>Traditional</b> (resolution based)'),
(7473, 'O', 'da', 'Show product count on sidebar categories block', ''),
(7473, 'O', 'de', 'Show product count on sidebar categories block', ''),
(7473, 'O', 'el', 'Show product count on sidebar categories block', ''),
(7473, 'O', 'en', 'Show product count on sidebar categories block', ''),
(7473, 'O', 'es', 'Show product count on sidebar categories block', ''),
(7473, 'O', 'fr', 'Show product count on sidebar categories block', ''),
(7473, 'O', 'it', 'Show product count on sidebar categories block', ''),
(7473, 'O', 'nl', 'Show product count on sidebar categories block', ''),
(7473, 'O', 'no', 'Show product count on sidebar categories block', ''),
(7473, 'O', 'pt', 'Show product count on sidebar categories block', ''),
(7473, 'O', 'ro', 'Show product count on sidebar categories block', ''),
(7473, 'O', 'ru', 'Show product count on sidebar categories block', ''),
(7474, 'O', 'da', 'Show product count on filters block', ''),
(7474, 'O', 'de', 'Show product count on filters block', ''),
(7474, 'O', 'el', 'Show product count on filters block', ''),
(7474, 'O', 'en', 'Show product count on filters block', ''),
(7474, 'O', 'es', 'Show product count on filters block', ''),
(7474, 'O', 'fr', 'Show product count on filters block', ''),
(7474, 'O', 'it', 'Show product count on filters block', ''),
(7474, 'O', 'nl', 'Show product count on filters block', ''),
(7474, 'O', 'no', 'Show product count on filters block', ''),
(7474, 'O', 'pt', 'Show product count on filters block', ''),
(7474, 'O', 'ro', 'Show product count on filters block', ''),
(7474, 'O', 'ru', 'Show product count on filters block', ''),
(7475, 'O', 'da', 'Demo data', ''),
(7475, 'O', 'de', 'Demo data', ''),
(7475, 'O', 'el', 'Demo data', ''),
(7475, 'O', 'en', 'Demo data', ''),
(7475, 'O', 'es', 'Demo data', ''),
(7475, 'O', 'fr', 'Demo data', ''),
(7475, 'O', 'it', 'Demo data', ''),
(7475, 'O', 'nl', 'Demo data', ''),
(7475, 'O', 'no', 'Demo data', ''),
(7475, 'O', 'pt', 'Demo data', ''),
(7475, 'O', 'ro', 'Demo data', ''),
(7475, 'O', 'ru', 'Demo data', ''),
(7476, 'O', 'da', '', ''),
(7476, 'O', 'de', '', ''),
(7476, 'O', 'el', '', ''),
(7476, 'O', 'en', '', ''),
(7476, 'O', 'es', '', ''),
(7476, 'O', 'fr', '', ''),
(7476, 'O', 'it', '', ''),
(7476, 'O', 'nl', '', ''),
(7476, 'O', 'no', '', ''),
(7476, 'O', 'pt', '', ''),
(7476, 'O', 'ro', '', ''),
(7476, 'O', 'ru', '', ''),
(7477, 'O', 'da', 'License number', 'Insert your license key as described in the theme documentation'),
(7477, 'O', 'de', 'License number', 'Insert your license key as described in the theme documentation'),
(7477, 'O', 'el', 'License number', 'Insert your license key as described in the theme documentation'),
(7477, 'O', 'en', 'License number', 'Insert your license key as described in the theme documentation'),
(7477, 'O', 'es', 'License number', 'Insert your license key as described in the theme documentation'),
(7477, 'O', 'fr', 'License number', 'Insert your license key as described in the theme documentation'),
(7477, 'O', 'it', 'License number', 'Insert your license key as described in the theme documentation'),
(7477, 'O', 'nl', 'License number', 'Insert your license key as described in the theme documentation'),
(7477, 'O', 'no', 'License number', 'Insert your license key as described in the theme documentation'),
(7477, 'O', 'pt', 'License number', 'Insert your license key as described in the theme documentation'),
(7477, 'O', 'ro', 'License number', 'Insert your license key as described in the theme documentation'),
(7477, 'O', 'ru', 'License number', 'Insert your license key as described in the theme documentation'),
(7478, 'O', 'da', '', ''),
(7478, 'O', 'de', '', ''),
(7478, 'O', 'el', '', ''),
(7478, 'O', 'en', '', ''),
(7478, 'O', 'es', '', ''),
(7478, 'O', 'fr', '', ''),
(7478, 'O', 'it', '', ''),
(7478, 'O', 'nl', '', ''),
(7478, 'O', 'no', '', ''),
(7478, 'O', 'pt', '', ''),
(7478, 'O', 'ro', '', ''),
(7478, 'O', 'ru', '', ''),
(7479, 'O', 'da', '', ''),
(7479, 'O', 'de', '', ''),
(7479, 'O', 'el', '', ''),
(7479, 'O', 'en', '', ''),
(7479, 'O', 'es', '', ''),
(7479, 'O', 'fr', '', ''),
(7479, 'O', 'it', '', ''),
(7479, 'O', 'nl', '', ''),
(7479, 'O', 'no', '', ''),
(7479, 'O', 'pt', '', ''),
(7479, 'O', 'ro', '', ''),
(7479, 'O', 'ru', '', ''),
(7480, 'O', 'da', '', ''),
(7480, 'O', 'de', '', ''),
(7480, 'O', 'el', '', ''),
(7480, 'O', 'en', '', ''),
(7480, 'O', 'es', '', ''),
(7480, 'O', 'fr', '', ''),
(7480, 'O', 'it', '', ''),
(7480, 'O', 'nl', '', ''),
(7480, 'O', 'no', '', ''),
(7480, 'O', 'pt', '', ''),
(7480, 'O', 'ro', '', ''),
(7480, 'O', 'ru', '', ''),
(7481, 'O', 'da', 'DO NOT MODIFY ANYTHING', 'DO NOT MODIFY ANYTHING'),
(7481, 'O', 'de', 'DO NOT MODIFY ANYTHING', 'DO NOT MODIFY ANYTHING'),
(7481, 'O', 'el', 'DO NOT MODIFY ANYTHING', 'DO NOT MODIFY ANYTHING'),
(7481, 'O', 'en', 'DO NOT MODIFY ANYTHING', 'DO NOT MODIFY ANYTHING'),
(7481, 'O', 'es', 'DO NOT MODIFY ANYTHING', 'DO NOT MODIFY ANYTHING'),
(7481, 'O', 'fr', 'DO NOT MODIFY ANYTHING', 'DO NOT MODIFY ANYTHING'),
(7481, 'O', 'it', 'DO NOT MODIFY ANYTHING', 'DO NOT MODIFY ANYTHING'),
(7481, 'O', 'nl', 'DO NOT MODIFY ANYTHING', 'DO NOT MODIFY ANYTHING'),
(7481, 'O', 'no', 'DO NOT MODIFY ANYTHING', 'DO NOT MODIFY ANYTHING'),
(7481, 'O', 'pt', 'DO NOT MODIFY ANYTHING', 'DO NOT MODIFY ANYTHING'),
(7481, 'O', 'ro', 'DO NOT MODIFY ANYTHING', 'DO NOT MODIFY ANYTHING'),
(7481, 'O', 'ru', 'DO NOT MODIFY ANYTHING', 'DO NOT MODIFY ANYTHING'),
(7482, 'O', 'da', 'YOU HAVE BEEN WARNED', 'YOU HAVE BEEN WARNED'),
(7482, 'O', 'de', 'YOU HAVE BEEN WARNED', 'YOU HAVE BEEN WARNED'),
(7482, 'O', 'el', 'YOU HAVE BEEN WARNED', 'YOU HAVE BEEN WARNED'),
(7482, 'O', 'en', 'YOU HAVE BEEN WARNED', 'YOU HAVE BEEN WARNED'),
(7482, 'O', 'es', 'YOU HAVE BEEN WARNED', 'YOU HAVE BEEN WARNED'),
(7482, 'O', 'fr', 'YOU HAVE BEEN WARNED', 'YOU HAVE BEEN WARNED'),
(7482, 'O', 'it', 'YOU HAVE BEEN WARNED', 'YOU HAVE BEEN WARNED'),
(7482, 'O', 'nl', 'YOU HAVE BEEN WARNED', 'YOU HAVE BEEN WARNED'),
(7482, 'O', 'no', 'YOU HAVE BEEN WARNED', 'YOU HAVE BEEN WARNED'),
(7482, 'O', 'pt', 'YOU HAVE BEEN WARNED', 'YOU HAVE BEEN WARNED'),
(7482, 'O', 'ro', 'YOU HAVE BEEN WARNED', 'YOU HAVE BEEN WARNED'),
(7482, 'O', 'ru', 'YOU HAVE BEEN WARNED', 'YOU HAVE BEEN WARNED'),
(7483, 'O', 'da', '', ''),
(7483, 'O', 'de', '', ''),
(7483, 'O', 'el', '', ''),
(7483, 'O', 'en', '', ''),
(7483, 'O', 'es', '', ''),
(7483, 'O', 'fr', '', ''),
(7483, 'O', 'it', '', ''),
(7483, 'O', 'nl', '', ''),
(7483, 'O', 'no', '', ''),
(7483, 'O', 'pt', '', ''),
(7483, 'O', 'ro', '', ''),
(7483, 'O', 'ru', '', ''),
(7484, 'O', 'da', '', ''),
(7484, 'O', 'de', '', ''),
(7484, 'O', 'el', '', ''),
(7484, 'O', 'en', '', ''),
(7484, 'O', 'es', '', ''),
(7484, 'O', 'fr', '', ''),
(7484, 'O', 'it', '', ''),
(7484, 'O', 'nl', '', ''),
(7484, 'O', 'no', '', ''),
(7484, 'O', 'pt', '', ''),
(7484, 'O', 'ro', '', ''),
(7484, 'O', 'ru', '', ''),
(7485, 'O', 'da', 'Levels to show', 'Number of children categories to show (default: 2)'),
(7485, 'O', 'de', 'Levels to show', 'Number of children categories to show (default: 2)'),
(7485, 'O', 'el', 'Levels to show', 'Number of children categories to show (default: 2)'),
(7485, 'O', 'en', 'Levels to show', 'Number of children categories to show (default: 2)'),
(7485, 'O', 'es', 'Levels to show', 'Number of children categories to show (default: 2)'),
(7485, 'O', 'fr', 'Levels to show', 'Number of children categories to show (default: 2)'),
(7485, 'O', 'it', 'Levels to show', 'Number of children categories to show (default: 2)'),
(7485, 'O', 'nl', 'Levels to show', 'Number of children categories to show (default: 2)'),
(7485, 'O', 'no', 'Levels to show', 'Number of children categories to show (default: 2)'),
(7485, 'O', 'pt', 'Levels to show', 'Number of children categories to show (default: 2)'),
(7485, 'O', 'ro', 'Levels to show', 'Number of children categories to show (default: 2)'),
(7485, 'O', 'ru', 'Levels to show', 'Number of children categories to show (default: 2)'),
(7486, 'O', 'da', 'Level separator', 'Insert the text to indent each category level (default: \"¦    \" - empty)'),
(7486, 'O', 'de', 'Level separator', 'Insert the text to indent each category level (default: \"¦    \" - empty)'),
(7486, 'O', 'el', 'Level separator', 'Insert the text to indent each category level (default: \"¦    \" - empty)'),
(7486, 'O', 'en', 'Level separator', 'Insert the text to indent each category level (default: \"¦    \" - empty)'),
(7486, 'O', 'es', 'Level separator', 'Insert the text to indent each category level (default: \"¦    \" - empty)'),
(7486, 'O', 'fr', 'Level separator', 'Insert the text to indent each category level (default: \"¦    \" - empty)'),
(7486, 'O', 'it', 'Level separator', 'Insert the text to indent each category level (default: \"¦    \" - empty)'),
(7486, 'O', 'nl', 'Level separator', 'Insert the text to indent each category level (default: \"¦    \" - empty)'),
(7486, 'O', 'no', 'Level separator', 'Insert the text to indent each category level (default: \"¦    \" - empty)'),
(7486, 'O', 'pt', 'Level separator', 'Insert the text to indent each category level (default: \"¦    \" - empty)'),
(7486, 'O', 'ro', 'Level separator', 'Insert the text to indent each category level (default: \"¦    \" - empty)'),
(7486, 'O', 'ru', 'Level separator', 'Insert the text to indent each category level (default: \"¦    \" - empty)'),
(7487, 'O', 'da', 'Custom width', 'Insert your custom pixel width. Please insert only the number without the \"px\" at the end. (default: \"204\")'),
(7487, 'O', 'de', 'Custom width', 'Insert your custom pixel width. Please insert only the number without the \"px\" at the end. (default: \"204\")'),
(7487, 'O', 'el', 'Custom width', 'Insert your custom pixel width. Please insert only the number without the \"px\" at the end. (default: \"204\")'),
(7487, 'O', 'en', 'Custom width', 'Insert your custom pixel width. Please insert only the number without the \"px\" at the end. (default: \"204\")'),
(7487, 'O', 'es', 'Custom width', 'Insert your custom pixel width. Please insert only the number without the \"px\" at the end. (default: \"204\")'),
(7487, 'O', 'fr', 'Custom width', 'Insert your custom pixel width. Please insert only the number without the \"px\" at the end. (default: \"204\")'),
(7487, 'O', 'it', 'Custom width', 'Insert your custom pixel width. Please insert only the number without the \"px\" at the end. (default: \"204\")'),
(7487, 'O', 'nl', 'Custom width', 'Insert your custom pixel width. Please insert only the number without the \"px\" at the end. (default: \"204\")'),
(7487, 'O', 'no', 'Custom width', 'Insert your custom pixel width. Please insert only the number without the \"px\" at the end. (default: \"204\")'),
(7487, 'O', 'pt', 'Custom width', 'Insert your custom pixel width. Please insert only the number without the \"px\" at the end. (default: \"204\")'),
(7487, 'O', 'ro', 'Custom width', 'Insert your custom pixel width. Please insert only the number without the \"px\" at the end. (default: \"204\")'),
(7487, 'O', 'ru', 'Custom width', 'Insert your custom pixel width. Please insert only the number without the \"px\" at the end. (default: \"204\")'),
(7488, 'O', 'da', 'Product links settings', ''),
(7488, 'O', 'de', 'Product links settings', ''),
(7488, 'O', 'el', 'Product links settings', ''),
(7488, 'O', 'en', 'Product links settings', ''),
(7488, 'O', 'es', 'Product links settings', ''),
(7488, 'O', 'fr', 'Product links settings', ''),
(7488, 'O', 'it', 'Product links settings', ''),
(7488, 'O', 'nl', 'Product links settings', ''),
(7488, 'O', 'no', 'Product links settings', ''),
(7488, 'O', 'pt', 'Product links settings', ''),
(7488, 'O', 'ro', 'Product links settings', ''),
(7488, 'O', 'ru', 'Product links settings', ''),
(7489, 'O', 'da', 'Product links', 'Select which product page to use'),
(7489, 'O', 'de', 'Product links', 'Select which product page to use'),
(7489, 'O', 'el', 'Product links', 'Select which product page to use'),
(7489, 'O', 'en', 'Product links', 'Select which product page to use'),
(7489, 'O', 'es', 'Product links', 'Select which product page to use'),
(7489, 'O', 'fr', 'Product links', 'Select which product page to use'),
(7489, 'O', 'it', 'Product links', 'Select which product page to use'),
(7489, 'O', 'nl', 'Product links', 'Select which product page to use'),
(7489, 'O', 'no', 'Product links', 'Select which product page to use'),
(7489, 'O', 'pt', 'Product links', 'Select which product page to use'),
(7489, 'O', 'ro', 'Product links', 'Select which product page to use'),
(7489, 'O', 'ru', 'Product links', 'Select which product page to use'),
(7490, 'O', 'da', 'Vendor menu items', ''),
(7490, 'O', 'de', 'Vendor menu items', ''),
(7490, 'O', 'el', 'Vendor menu items', ''),
(7490, 'O', 'en', 'Vendor menu items', ''),
(7490, 'O', 'es', 'Vendor menu items', ''),
(7490, 'O', 'fr', 'Vendor menu items', ''),
(7490, 'O', 'it', 'Vendor menu items', ''),
(7490, 'O', 'nl', 'Vendor menu items', ''),
(7490, 'O', 'no', 'Vendor menu items', ''),
(7490, 'O', 'pt', 'Vendor menu items', ''),
(7490, 'O', 'ro', 'Vendor menu items', ''),
(7490, 'O', 'ru', 'Vendor menu items', ''),
(7491, 'O', 'da', 'New items', 'Only for Vendors with microstore plan'),
(7491, 'O', 'de', 'New items', 'Only for Vendors with microstore plan'),
(7491, 'O', 'el', 'New items', 'Only for Vendors with microstore plan'),
(7491, 'O', 'en', 'New items', 'Only for Vendors with microstore plan'),
(7491, 'O', 'es', 'New items', 'Only for Vendors with microstore plan'),
(7491, 'O', 'fr', 'New items', 'Only for Vendors with microstore plan'),
(7491, 'O', 'it', 'New items', 'Only for Vendors with microstore plan'),
(7491, 'O', 'nl', 'New items', 'Only for Vendors with microstore plan'),
(7491, 'O', 'no', 'New items', 'Only for Vendors with microstore plan'),
(7491, 'O', 'pt', 'New items', 'Only for Vendors with microstore plan'),
(7491, 'O', 'ro', 'New items', 'Only for Vendors with microstore plan'),
(7491, 'O', 'ru', 'New items', 'Only for Vendors with microstore plan'),
(7492, 'O', 'da', 'On sale', 'Only for Vendors with microstore plan'),
(7492, 'O', 'de', 'On sale', 'Only for Vendors with microstore plan'),
(7492, 'O', 'el', 'On sale', 'Only for Vendors with microstore plan'),
(7492, 'O', 'en', 'On sale', 'Only for Vendors with microstore plan'),
(7492, 'O', 'es', 'On sale', 'Only for Vendors with microstore plan'),
(7492, 'O', 'fr', 'On sale', 'Only for Vendors with microstore plan'),
(7492, 'O', 'it', 'On sale', 'Only for Vendors with microstore plan'),
(7492, 'O', 'nl', 'On sale', 'Only for Vendors with microstore plan'),
(7492, 'O', 'no', 'On sale', 'Only for Vendors with microstore plan'),
(7492, 'O', 'pt', 'On sale', 'Only for Vendors with microstore plan'),
(7492, 'O', 'ro', 'On sale', 'Only for Vendors with microstore plan'),
(7492, 'O', 'ru', 'On sale', 'Only for Vendors with microstore plan'),
(7493, 'O', 'da', 'Bestsellers', 'Only for Vendors with microstore plan'),
(7493, 'O', 'de', 'Bestsellers', 'Only for Vendors with microstore plan'),
(7493, 'O', 'el', 'Bestsellers', 'Only for Vendors with microstore plan'),
(7493, 'O', 'en', 'Bestsellers', 'Only for Vendors with microstore plan'),
(7493, 'O', 'es', 'Bestsellers', 'Only for Vendors with microstore plan'),
(7493, 'O', 'fr', 'Bestsellers', 'Only for Vendors with microstore plan'),
(7493, 'O', 'it', 'Bestsellers', 'Only for Vendors with microstore plan'),
(7493, 'O', 'nl', 'Bestsellers', 'Only for Vendors with microstore plan'),
(7493, 'O', 'no', 'Bestsellers', 'Only for Vendors with microstore plan'),
(7493, 'O', 'pt', 'Bestsellers', 'Only for Vendors with microstore plan'),
(7493, 'O', 'ro', 'Bestsellers', 'Only for Vendors with microstore plan'),
(7493, 'O', 'ru', 'Bestsellers', 'Only for Vendors with microstore plan'),
(7494, 'O', 'da', 'About us', ''),
(7494, 'O', 'de', 'About us', ''),
(7494, 'O', 'el', 'About us', ''),
(7494, 'O', 'en', 'About us', ''),
(7494, 'O', 'es', 'About us', ''),
(7494, 'O', 'fr', 'About us', ''),
(7494, 'O', 'it', 'About us', ''),
(7494, 'O', 'nl', 'About us', ''),
(7494, 'O', 'no', 'About us', ''),
(7494, 'O', 'pt', 'About us', ''),
(7494, 'O', 'ro', 'About us', ''),
(7494, 'O', 'ru', 'About us', ''),
(7495, 'O', 'da', 'Vendor pages', ''),
(7495, 'O', 'de', 'Vendor pages', ''),
(7495, 'O', 'el', 'Vendor pages', ''),
(7495, 'O', 'en', 'Vendor pages', ''),
(7495, 'O', 'es', 'Vendor pages', ''),
(7495, 'O', 'fr', 'Vendor pages', ''),
(7495, 'O', 'it', 'Vendor pages', ''),
(7495, 'O', 'nl', 'Vendor pages', ''),
(7495, 'O', 'no', 'Vendor pages', ''),
(7495, 'O', 'pt', 'Vendor pages', ''),
(7495, 'O', 'ro', 'Vendor pages', ''),
(7495, 'O', 'ru', 'Vendor pages', ''),
(7496, 'O', 'da', 'Contact', ''),
(7496, 'O', 'de', 'Contact', ''),
(7496, 'O', 'el', 'Contact', ''),
(7496, 'O', 'en', 'Contact', ''),
(7496, 'O', 'es', 'Contact', ''),
(7496, 'O', 'fr', 'Contact', ''),
(7496, 'O', 'it', 'Contact', ''),
(7496, 'O', 'nl', 'Contact', ''),
(7496, 'O', 'no', 'Contact', ''),
(7496, 'O', 'pt', 'Contact', ''),
(7496, 'O', 'ro', 'Contact', ''),
(7496, 'O', 'ru', 'Contact', ''),
(7497, 'O', 'da', 'Vendor store default settings', ''),
(7497, 'O', 'de', 'Vendor store default settings', ''),
(7497, 'O', 'el', 'Vendor store default settings', ''),
(7497, 'O', 'en', 'Vendor store default settings', ''),
(7497, 'O', 'es', 'Vendor store default settings', ''),
(7497, 'O', 'fr', 'Vendor store default settings', ''),
(7497, 'O', 'it', 'Vendor store default settings', ''),
(7497, 'O', 'nl', 'Vendor store default settings', ''),
(7497, 'O', 'no', 'Vendor store default settings', ''),
(7497, 'O', 'pt', 'Vendor store default settings', ''),
(7497, 'O', 'ro', 'Vendor store default settings', ''),
(7497, 'O', 'ru', 'Vendor store default settings', ''),
(7498, 'O', 'da', 'Product filters', 'Set the default filter type for all vendors stores'),
(7498, 'O', 'de', 'Product filters', 'Set the default filter type for all vendors stores'),
(7498, 'O', 'el', 'Product filters', 'Set the default filter type for all vendors stores'),
(7498, 'O', 'en', 'Product filters', 'Set the default filter type for all vendors stores'),
(7498, 'O', 'es', 'Product filters', 'Set the default filter type for all vendors stores'),
(7498, 'O', 'fr', 'Product filters', 'Set the default filter type for all vendors stores'),
(7498, 'O', 'it', 'Product filters', 'Set the default filter type for all vendors stores'),
(7498, 'O', 'nl', 'Product filters', 'Set the default filter type for all vendors stores'),
(7498, 'O', 'no', 'Product filters', 'Set the default filter type for all vendors stores'),
(7498, 'O', 'pt', 'Product filters', 'Set the default filter type for all vendors stores'),
(7498, 'O', 'ro', 'Product filters', 'Set the default filter type for all vendors stores'),
(7498, 'O', 'ru', 'Product filters', 'Set the default filter type for all vendors stores'),
(7499, 'O', 'da', 'Side category menu', 'Set the default vendor category sidebar style for all vendor stores'),
(7499, 'O', 'de', 'Side category menu', 'Set the default vendor category sidebar style for all vendor stores'),
(7499, 'O', 'el', 'Side category menu', 'Set the default vendor category sidebar style for all vendor stores'),
(7499, 'O', 'en', 'Side category menu', 'Set the default vendor category sidebar style for all vendor stores'),
(7499, 'O', 'es', 'Side category menu', 'Set the default vendor category sidebar style for all vendor stores'),
(7499, 'O', 'fr', 'Side category menu', 'Set the default vendor category sidebar style for all vendor stores'),
(7499, 'O', 'it', 'Side category menu', 'Set the default vendor category sidebar style for all vendor stores'),
(7499, 'O', 'nl', 'Side category menu', 'Set the default vendor category sidebar style for all vendor stores'),
(7499, 'O', 'no', 'Side category menu', 'Set the default vendor category sidebar style for all vendor stores'),
(7499, 'O', 'pt', 'Side category menu', 'Set the default vendor category sidebar style for all vendor stores'),
(7499, 'O', 'ro', 'Side category menu', 'Set the default vendor category sidebar style for all vendor stores'),
(7499, 'O', 'ru', 'Side category menu', 'Set the default vendor category sidebar style for all vendor stores'),
(7500, 'O', 'da', 'Vendor store default colors', ''),
(7500, 'O', 'de', 'Vendor store default colors', ''),
(7500, 'O', 'el', 'Vendor store default colors', ''),
(7500, 'O', 'en', 'Vendor store default colors', ''),
(7500, 'O', 'es', 'Vendor store default colors', ''),
(7500, 'O', 'fr', 'Vendor store default colors', ''),
(7500, 'O', 'it', 'Vendor store default colors', ''),
(7500, 'O', 'nl', 'Vendor store default colors', ''),
(7500, 'O', 'no', 'Vendor store default colors', ''),
(7500, 'O', 'pt', 'Vendor store default colors', ''),
(7500, 'O', 'ro', 'Vendor store default colors', ''),
(7500, 'O', 'ru', 'Vendor store default colors', ''),
(7501, 'O', 'da', 'Colors', 'Colors'),
(7501, 'O', 'de', 'Colors', 'Colors'),
(7501, 'O', 'el', 'Colors', 'Colors'),
(7501, 'O', 'en', 'Colors', 'Colors'),
(7501, 'O', 'es', 'Colors', 'Colors'),
(7501, 'O', 'fr', 'Colors', 'Colors'),
(7501, 'O', 'it', 'Colors', 'Colors'),
(7501, 'O', 'nl', 'Colors', 'Colors'),
(7501, 'O', 'no', 'Colors', 'Colors'),
(7501, 'O', 'pt', 'Colors', 'Colors'),
(7501, 'O', 'ro', 'Colors', 'Colors'),
(7501, 'O', 'ru', 'Colors', 'Colors'),
(7502, 'O', 'da', '', ''),
(7502, 'O', 'de', '', ''),
(7502, 'O', 'el', '', ''),
(7502, 'O', 'en', '', ''),
(7502, 'O', 'es', '', ''),
(7502, 'O', 'fr', '', ''),
(7502, 'O', 'it', '', ''),
(7502, 'O', 'nl', '', ''),
(7502, 'O', 'no', '', ''),
(7502, 'O', 'pt', '', ''),
(7502, 'O', 'ro', '', ''),
(7502, 'O', 'ru', '', ''),
(7503, 'O', 'da', 'Vendor plans page settings', ''),
(7503, 'O', 'de', 'Vendor plans page settings', ''),
(7503, 'O', 'el', 'Vendor plans page settings', ''),
(7503, 'O', 'en', 'Vendor plans page settings', ''),
(7503, 'O', 'es', 'Vendor plans page settings', ''),
(7503, 'O', 'fr', 'Vendor plans page settings', ''),
(7503, 'O', 'it', 'Vendor plans page settings', ''),
(7503, 'O', 'nl', 'Vendor plans page settings', ''),
(7503, 'O', 'no', 'Vendor plans page settings', ''),
(7503, 'O', 'pt', 'Vendor plans page settings', ''),
(7503, 'O', 'ro', 'Vendor plans page settings', ''),
(7503, 'O', 'ru', 'Vendor plans page settings', ''),
(7504, 'O', 'da', 'Plans', 'Plans'),
(7504, 'O', 'de', 'Plans', 'Plans'),
(7504, 'O', 'el', 'Plans', 'Plans'),
(7504, 'O', 'en', 'Plans', 'Plans'),
(7504, 'O', 'es', 'Plans', 'Plans'),
(7504, 'O', 'fr', 'Plans', 'Plans'),
(7504, 'O', 'it', 'Plans', 'Plans'),
(7504, 'O', 'nl', 'Plans', 'Plans'),
(7504, 'O', 'no', 'Plans', 'Plans'),
(7504, 'O', 'pt', 'Plans', 'Plans'),
(7504, 'O', 'ro', 'Plans', 'Plans'),
(7504, 'O', 'ru', 'Plans', 'Plans'),
(7505, 'O', 'da', '', ''),
(7505, 'O', 'de', '', ''),
(7505, 'O', 'el', '', ''),
(7505, 'O', 'en', '', ''),
(7505, 'O', 'es', '', ''),
(7505, 'O', 'fr', '', ''),
(7505, 'O', 'it', '', ''),
(7505, 'O', 'nl', '', ''),
(7505, 'O', 'no', '', ''),
(7505, 'O', 'pt', '', ''),
(7505, 'O', 'ro', '', ''),
(7505, 'O', 'ru', '', ''),
(7506, 'O', 'da', 'Senha de acesso', 'Senha de acesso'),
(7506, 'O', 'de', 'Senha de acesso', 'Senha de acesso'),
(7506, 'O', 'el', 'Senha de acesso', 'Senha de acesso'),
(7506, 'O', 'en', 'Senha de acesso', 'Senha de acesso'),
(7506, 'O', 'es', 'Senha de acesso', 'Senha de acesso'),
(7506, 'O', 'fr', 'Senha de acesso', 'Senha de acesso'),
(7506, 'O', 'it', 'Senha de acesso', 'Senha de acesso'),
(7506, 'O', 'nl', 'Senha de acesso', 'Senha de acesso'),
(7506, 'O', 'no', 'Senha de acesso', 'Senha de acesso'),
(7506, 'O', 'pt', 'Senha de acesso', 'Senha de acesso'),
(7506, 'O', 'ro', 'Senha de acesso', 'Senha de acesso'),
(7506, 'O', 'ru', 'Senha de acesso', 'Senha de acesso'),
(7507, 'O', 'da', 'Ambiente', 'Ambiente'),
(7507, 'O', 'de', 'Ambiente', 'Ambiente'),
(7507, 'O', 'el', 'Ambiente', 'Ambiente'),
(7507, 'O', 'en', 'Ambiente', 'Ambiente'),
(7507, 'O', 'es', 'Ambiente', 'Ambiente'),
(7507, 'O', 'fr', 'Ambiente', 'Ambiente'),
(7507, 'O', 'it', 'Ambiente', 'Ambiente'),
(7507, 'O', 'nl', 'Ambiente', 'Ambiente'),
(7507, 'O', 'no', 'Ambiente', 'Ambiente'),
(7507, 'O', 'pt', 'Ambiente', 'Ambiente'),
(7507, 'O', 'ro', 'Ambiente', 'Ambiente'),
(7507, 'O', 'ru', 'Ambiente', 'Ambiente'),
(7508, 'O', 'da', 'CNPJ', 'CNPJ'),
(7508, 'O', 'de', 'CNPJ', 'CNPJ'),
(7508, 'O', 'el', 'CNPJ', 'CNPJ'),
(7508, 'O', 'en', 'CNPJ', 'CNPJ'),
(7508, 'O', 'es', 'CNPJ', 'CNPJ'),
(7508, 'O', 'fr', 'CNPJ', 'CNPJ'),
(7508, 'O', 'it', 'CNPJ', 'CNPJ'),
(7508, 'O', 'nl', 'CNPJ', 'CNPJ');
INSERT INTO `partiushop_settings_descriptions` (`object_id`, `object_type`, `lang_code`, `value`, `tooltip`) VALUES
(7508, 'O', 'no', 'CNPJ', 'CNPJ'),
(7508, 'O', 'pt', 'CNPJ', 'CNPJ'),
(7508, 'O', 'ro', 'CNPJ', 'CNPJ'),
(7508, 'O', 'ru', 'CNPJ', 'CNPJ'),
(7509, 'O', 'da', 'Usuario', 'Usuario'),
(7509, 'O', 'de', 'Usuario', 'Usuario'),
(7509, 'O', 'el', 'Usuario', 'Usuario'),
(7509, 'O', 'en', 'Usuario', 'Usuario'),
(7509, 'O', 'es', 'Usuario', 'Usuario'),
(7509, 'O', 'fr', 'Usuario', 'Usuario'),
(7509, 'O', 'it', 'Usuario', 'Usuario'),
(7509, 'O', 'nl', 'Usuario', 'Usuario'),
(7509, 'O', 'no', 'Usuario', 'Usuario'),
(7509, 'O', 'pt', 'Usuario', 'Usuario'),
(7509, 'O', 'ro', 'Usuario', 'Usuario'),
(7509, 'O', 'ru', 'Usuario', 'Usuario'),
(7510, 'O', 'da', 'Senha', 'Senha'),
(7510, 'O', 'de', 'Senha', 'Senha'),
(7510, 'O', 'el', 'Senha', 'Senha'),
(7510, 'O', 'en', 'Senha', 'Senha'),
(7510, 'O', 'es', 'Senha', 'Senha'),
(7510, 'O', 'fr', 'Senha', 'Senha'),
(7510, 'O', 'it', 'Senha', 'Senha'),
(7510, 'O', 'nl', 'Senha', 'Senha'),
(7510, 'O', 'no', 'Senha', 'Senha'),
(7510, 'O', 'pt', 'Senha', 'Senha'),
(7510, 'O', 'ro', 'Senha', 'Senha'),
(7510, 'O', 'ru', 'Senha', 'Senha'),
(7511, 'O', 'da', 'Contrato', 'Contrato'),
(7511, 'O', 'de', 'Contrato', 'Contrato'),
(7511, 'O', 'el', 'Contrato', 'Contrato'),
(7511, 'O', 'en', 'Contrato', 'Contrato'),
(7511, 'O', 'es', 'Contrato', 'Contrato'),
(7511, 'O', 'fr', 'Contrato', 'Contrato'),
(7511, 'O', 'it', 'Contrato', 'Contrato'),
(7511, 'O', 'nl', 'Contrato', 'Contrato'),
(7511, 'O', 'no', 'Contrato', 'Contrato'),
(7511, 'O', 'pt', 'Contrato', 'Contrato'),
(7511, 'O', 'ro', 'Contrato', 'Contrato'),
(7511, 'O', 'ru', 'Contrato', 'Contrato'),
(7512, 'O', 'da', 'Código Administrativo', 'Código Administrativo'),
(7512, 'O', 'de', 'Código Administrativo', 'Código Administrativo'),
(7512, 'O', 'el', 'Código Administrativo', 'Código Administrativo'),
(7512, 'O', 'en', 'Código Administrativo', 'Código Administrativo'),
(7512, 'O', 'es', 'Código Administrativo', 'Código Administrativo'),
(7512, 'O', 'fr', 'Código Administrativo', 'Código Administrativo'),
(7512, 'O', 'it', 'Código Administrativo', 'Código Administrativo'),
(7512, 'O', 'nl', 'Código Administrativo', 'Código Administrativo'),
(7512, 'O', 'no', 'Código Administrativo', 'Código Administrativo'),
(7512, 'O', 'pt', 'Código Administrativo', 'Código Administrativo'),
(7512, 'O', 'ro', 'Código Administrativo', 'Código Administrativo'),
(7512, 'O', 'ru', 'Código Administrativo', 'Código Administrativo'),
(7513, 'O', 'da', 'Código da Diretoria Regional', 'Código da Diretoria Regional'),
(7513, 'O', 'de', 'Código da Diretoria Regional', 'Código da Diretoria Regional'),
(7513, 'O', 'el', 'Código da Diretoria Regional', 'Código da Diretoria Regional'),
(7513, 'O', 'en', 'Código da Diretoria Regional', 'Código da Diretoria Regional'),
(7513, 'O', 'es', 'Código da Diretoria Regional', 'Código da Diretoria Regional'),
(7513, 'O', 'fr', 'Código da Diretoria Regional', 'Código da Diretoria Regional'),
(7513, 'O', 'it', 'Código da Diretoria Regional', 'Código da Diretoria Regional'),
(7513, 'O', 'nl', 'Código da Diretoria Regional', 'Código da Diretoria Regional'),
(7513, 'O', 'no', 'Código da Diretoria Regional', 'Código da Diretoria Regional'),
(7513, 'O', 'pt', 'Código da Diretoria Regional', 'Código da Diretoria Regional'),
(7513, 'O', 'ro', 'Código da Diretoria Regional', 'Código da Diretoria Regional'),
(7513, 'O', 'ru', 'Código da Diretoria Regional', 'Código da Diretoria Regional'),
(7514, 'O', 'da', 'Cartão', 'Cartão'),
(7514, 'O', 'de', 'Cartão', 'Cartão'),
(7514, 'O', 'el', 'Cartão', 'Cartão'),
(7514, 'O', 'en', 'Cartão', 'Cartão'),
(7514, 'O', 'es', 'Cartão', 'Cartão'),
(7514, 'O', 'fr', 'Cartão', 'Cartão'),
(7514, 'O', 'it', 'Cartão', 'Cartão'),
(7514, 'O', 'nl', 'Cartão', 'Cartão'),
(7514, 'O', 'no', 'Cartão', 'Cartão'),
(7514, 'O', 'pt', 'Cartão', 'Cartão'),
(7514, 'O', 'ro', 'Cartão', 'Cartão'),
(7514, 'O', 'ru', 'Cartão', 'Cartão'),
(7515, 'O', 'da', 'Usuário', 'Usuário'),
(7515, 'O', 'de', 'Usuário', 'Usuário'),
(7515, 'O', 'el', 'Usuário', 'Usuário'),
(7515, 'O', 'en', 'Usuário', 'Usuário'),
(7515, 'O', 'es', 'Usuário', 'Usuário'),
(7515, 'O', 'fr', 'Usuário', 'Usuário'),
(7515, 'O', 'it', 'Usuário', 'Usuário'),
(7515, 'O', 'nl', 'Usuário', 'Usuário'),
(7515, 'O', 'no', 'Usuário', 'Usuário'),
(7515, 'O', 'pt', 'Usuário', 'Usuário'),
(7515, 'O', 'ro', 'Usuário', 'Usuário'),
(7515, 'O', 'ru', 'Usuário', 'Usuário'),
(7516, 'O', 'da', 'Senha', 'Senha'),
(7516, 'O', 'de', 'Senha', 'Senha'),
(7516, 'O', 'el', 'Senha', 'Senha'),
(7516, 'O', 'en', 'Senha', 'Senha'),
(7516, 'O', 'es', 'Senha', 'Senha'),
(7516, 'O', 'fr', 'Senha', 'Senha'),
(7516, 'O', 'it', 'Senha', 'Senha'),
(7516, 'O', 'nl', 'Senha', 'Senha'),
(7516, 'O', 'no', 'Senha', 'Senha'),
(7516, 'O', 'pt', 'Senha', 'Senha'),
(7516, 'O', 'ro', 'Senha', 'Senha'),
(7516, 'O', 'ru', 'Senha', 'Senha'),
(7517, 'O', 'da', 'Resultado', 'Resultado'),
(7517, 'O', 'de', 'Resultado', 'Resultado'),
(7517, 'O', 'el', 'Resultado', 'Resultado'),
(7517, 'O', 'en', 'Resultado', 'Resultado'),
(7517, 'O', 'es', 'Resultado', 'Resultado'),
(7517, 'O', 'fr', 'Resultado', 'Resultado'),
(7517, 'O', 'it', 'Resultado', 'Resultado'),
(7517, 'O', 'nl', 'Resultado', 'Resultado'),
(7517, 'O', 'no', 'Resultado', 'Resultado'),
(7517, 'O', 'pt', 'Resultado', 'Resultado'),
(7517, 'O', 'ro', 'Resultado', 'Resultado'),
(7517, 'O', 'ru', 'Resultado', 'Resultado'),
(7518, 'O', 'da', '', ''),
(7518, 'O', 'de', '', ''),
(7518, 'O', 'el', '', ''),
(7518, 'O', 'en', '', ''),
(7518, 'O', 'es', '', ''),
(7518, 'O', 'fr', '', ''),
(7518, 'O', 'it', '', ''),
(7518, 'O', 'nl', '', ''),
(7518, 'O', 'no', '', ''),
(7518, 'O', 'pt', '', ''),
(7518, 'O', 'ro', '', ''),
(7518, 'O', 'ru', '', ''),
(7519, 'O', 'da', 'Ambiente', 'Ambiente'),
(7519, 'O', 'de', 'Ambiente', 'Ambiente'),
(7519, 'O', 'el', 'Ambiente', 'Ambiente'),
(7519, 'O', 'en', 'Ambiente', 'Ambiente'),
(7519, 'O', 'es', 'Ambiente', 'Ambiente'),
(7519, 'O', 'fr', 'Ambiente', 'Ambiente'),
(7519, 'O', 'it', 'Ambiente', 'Ambiente'),
(7519, 'O', 'nl', 'Ambiente', 'Ambiente'),
(7519, 'O', 'no', 'Ambiente', 'Ambiente'),
(7519, 'O', 'pt', 'Ambiente', 'Ambiente'),
(7519, 'O', 'ro', 'Ambiente', 'Ambiente'),
(7519, 'O', 'ru', 'Ambiente', 'Ambiente'),
(7520, 'O', 'da', 'Usuário', 'Usuário'),
(7520, 'O', 'de', 'Usuário', 'Usuário'),
(7520, 'O', 'el', 'Usuário', 'Usuário'),
(7520, 'O', 'en', 'Usuário', 'Usuário'),
(7520, 'O', 'es', 'Usuário', 'Usuário'),
(7520, 'O', 'fr', 'Usuário', 'Usuário'),
(7520, 'O', 'it', 'Usuário', 'Usuário'),
(7520, 'O', 'nl', 'Usuário', 'Usuário'),
(7520, 'O', 'no', 'Usuário', 'Usuário'),
(7520, 'O', 'pt', 'Usuário', 'Usuário'),
(7520, 'O', 'ro', 'Usuário', 'Usuário'),
(7520, 'O', 'ru', 'Usuário', 'Usuário'),
(7521, 'O', 'da', 'Senha', 'Senha'),
(7521, 'O', 'de', 'Senha', 'Senha'),
(7521, 'O', 'el', 'Senha', 'Senha'),
(7521, 'O', 'en', 'Senha', 'Senha'),
(7521, 'O', 'es', 'Senha', 'Senha'),
(7521, 'O', 'fr', 'Senha', 'Senha'),
(7521, 'O', 'it', 'Senha', 'Senha'),
(7521, 'O', 'nl', 'Senha', 'Senha'),
(7521, 'O', 'no', 'Senha', 'Senha'),
(7521, 'O', 'pt', 'Senha', 'Senha'),
(7521, 'O', 'ro', 'Senha', 'Senha'),
(7521, 'O', 'ru', 'Senha', 'Senha'),
(7522, 'O', 'da', 'Habilitar procura por API', 'Habilitar procura por API'),
(7522, 'O', 'de', 'Habilitar procura por API', 'Habilitar procura por API'),
(7522, 'O', 'el', 'Habilitar procura por API', 'Habilitar procura por API'),
(7522, 'O', 'en', 'Habilitar procura por API', 'Habilitar procura por API'),
(7522, 'O', 'es', 'Habilitar procura por API', 'Habilitar procura por API'),
(7522, 'O', 'fr', 'Habilitar procura por API', 'Habilitar procura por API'),
(7522, 'O', 'it', 'Habilitar procura por API', 'Habilitar procura por API'),
(7522, 'O', 'nl', 'Habilitar procura por API', 'Habilitar procura por API'),
(7522, 'O', 'no', 'Habilitar procura por API', 'Habilitar procura por API'),
(7522, 'O', 'pt', 'Habilitar procura por API', 'Habilitar procura por API'),
(7522, 'O', 'ro', 'Habilitar procura por API', 'Habilitar procura por API'),
(7522, 'O', 'ru', 'Habilitar procura por API', 'Habilitar procura por API'),
(7523, 'O', 'da', 'Opção de pagamento no template do produto', 'Opção de pagamento no template do produto'),
(7523, 'O', 'de', 'Opção de pagamento no template do produto', 'Opção de pagamento no template do produto'),
(7523, 'O', 'el', 'Opção de pagamento no template do produto', 'Opção de pagamento no template do produto'),
(7523, 'O', 'en', 'Opção de pagamento no template do produto', 'Opção de pagamento no template do produto'),
(7523, 'O', 'es', 'Opção de pagamento no template do produto', 'Opção de pagamento no template do produto'),
(7523, 'O', 'fr', 'Opção de pagamento no template do produto', 'Opção de pagamento no template do produto'),
(7523, 'O', 'it', 'Opção de pagamento no template do produto', 'Opção de pagamento no template do produto'),
(7523, 'O', 'nl', 'Opção de pagamento no template do produto', 'Opção de pagamento no template do produto'),
(7523, 'O', 'no', 'Opção de pagamento no template do produto', 'Opção de pagamento no template do produto'),
(7523, 'O', 'pt', 'Opção de pagamento no template do produto', 'Opção de pagamento no template do produto'),
(7523, 'O', 'ro', 'Opção de pagamento no template do produto', 'Opção de pagamento no template do produto'),
(7523, 'O', 'ru', 'Opção de pagamento no template do produto', 'Opção de pagamento no template do produto'),
(7524, 'O', 'da', 'Token de acesso', 'Token de acesso'),
(7524, 'O', 'de', 'Token de acesso', 'Token de acesso'),
(7524, 'O', 'el', 'Token de acesso', 'Token de acesso'),
(7524, 'O', 'en', 'Token de acesso', 'Token de acesso'),
(7524, 'O', 'es', 'Token de acesso', 'Token de acesso'),
(7524, 'O', 'fr', 'Token de acesso', 'Token de acesso'),
(7524, 'O', 'it', 'Token de acesso', 'Token de acesso'),
(7524, 'O', 'nl', 'Token de acesso', 'Token de acesso'),
(7524, 'O', 'no', 'Token de acesso', 'Token de acesso'),
(7524, 'O', 'pt', 'Token de acesso', 'Token de acesso'),
(7524, 'O', 'ro', 'Token de acesso', 'Token de acesso'),
(7524, 'O', 'ru', 'Token de acesso', 'Token de acesso'),
(7525, 'O', 'da', 'Nome do documento (seller)', 'Nome do documento (seller)'),
(7525, 'O', 'de', 'Nome do documento (seller)', 'Nome do documento (seller)'),
(7525, 'O', 'el', 'Nome do documento (seller)', 'Nome do documento (seller)'),
(7525, 'O', 'en', 'Nome do documento (seller)', 'Nome do documento (seller)'),
(7525, 'O', 'es', 'Nome do documento (seller)', 'Nome do documento (seller)'),
(7525, 'O', 'fr', 'Nome do documento (seller)', 'Nome do documento (seller)'),
(7525, 'O', 'it', 'Nome do documento (seller)', 'Nome do documento (seller)'),
(7525, 'O', 'nl', 'Nome do documento (seller)', 'Nome do documento (seller)'),
(7525, 'O', 'no', 'Nome do documento (seller)', 'Nome do documento (seller)'),
(7525, 'O', 'pt', 'Nome do documento (seller)', 'Nome do documento (seller)'),
(7525, 'O', 'ro', 'Nome do documento (seller)', 'Nome do documento (seller)'),
(7525, 'O', 'ru', 'Nome do documento (seller)', 'Nome do documento (seller)'),
(7526, 'O', 'da', 'Ambiente de desenvolvimento', 'Ambiente de desenvolvimento'),
(7526, 'O', 'de', 'Ambiente de desenvolvimento', 'Ambiente de desenvolvimento'),
(7526, 'O', 'el', 'Ambiente de desenvolvimento', 'Ambiente de desenvolvimento'),
(7526, 'O', 'en', 'Ambiente de desenvolvimento', 'Ambiente de desenvolvimento'),
(7526, 'O', 'es', 'Ambiente de desenvolvimento', 'Ambiente de desenvolvimento'),
(7526, 'O', 'fr', 'Ambiente de desenvolvimento', 'Ambiente de desenvolvimento'),
(7526, 'O', 'it', 'Ambiente de desenvolvimento', 'Ambiente de desenvolvimento'),
(7526, 'O', 'nl', 'Ambiente de desenvolvimento', 'Ambiente de desenvolvimento'),
(7526, 'O', 'no', 'Ambiente de desenvolvimento', 'Ambiente de desenvolvimento'),
(7526, 'O', 'pt', 'Ambiente de desenvolvimento', 'Ambiente de desenvolvimento'),
(7526, 'O', 'ro', 'Ambiente de desenvolvimento', 'Ambiente de desenvolvimento'),
(7526, 'O', 'ru', 'Ambiente de desenvolvimento', 'Ambiente de desenvolvimento');

-- --------------------------------------------------------

--
-- Table structure for table `partiushop_settings_objects`
--

CREATE TABLE `partiushop_settings_objects` (
  `object_id` mediumint(8) UNSIGNED NOT NULL,
  `edition_type` set('NONE','ROOT','VENDOR','STOREFRONT','MVE:NONE','MVE:ROOT','MVE:STOREFRONT','ULT:NONE','ULT:ROOT','ULT:VENDOR','ULT:VENDORONLY','ULT:STOREFRONT') NOT NULL DEFAULT 'ROOT',
  `name` varchar(128) NOT NULL DEFAULT '',
  `section_id` int(11) UNSIGNED NOT NULL,
  `section_tab_id` int(11) UNSIGNED NOT NULL,
  `type` char(1) NOT NULL DEFAULT 'I',
  `value` text DEFAULT NULL,
  `position` smallint(5) UNSIGNED NOT NULL DEFAULT 0,
  `is_global` char(1) NOT NULL DEFAULT 'Y',
  `handler` varchar(128) NOT NULL DEFAULT '',
  `parent_id` mediumint(8) UNSIGNED NOT NULL DEFAULT 0
) ENGINE=InnoDB DEFAULT CHARSET=utf8;

--
-- Dumping data for table `partiushop_settings_objects`
--

INSERT INTO `partiushop_settings_objects` (`object_id`, `edition_type`, `name`, `section_id`, `section_tab_id`, `type`, `value`, `position`, `is_global`, `handler`, `parent_id`) VALUES
(2, 'ROOT,STOREFRONT', 'allow_usergroup_signup', 2, 0, 'C', 'Y', 249, 'Y', '', 0),
(3, 'ROOT,STOREFRONT', 'exception_style', 2, 0, 'S', 'hide', 160, 'Y', '', 0),
(7, 'ROOT', 'feedback_type', 2, 0, 'S', 'manual', 57, 'Y', '', 0),
(8, 'ROOT', 'ftp_hostname', 13, 0, 'I', '', 30, 'N', '', 0),
(9, 'ROOT', 'ftp_username', 13, 0, 'I', 'eantunes@fastcore.com.br', 40, 'N', '', 0),
(10, 'ROOT', 'ftp_password', 13, 0, 'P', 'POxK$8VtnTYYl2Zke', 50, 'N', '', 0),
(11, 'ROOT', 'ftp_directory', 13, 0, 'I', '', 60, 'N', '', 0),
(12, 'ROOT', 'license_number', 13, 0, 'I', 'CS-MV-ULT-44IK-K8V8-0137-88WL', 10, 'N', '', 0),
(14, 'ROOT', 'auto_check_updates', 2, 0, 'C', 'Y', 58, 'Y', '', 0),
(15, 'ROOT,STOREFRONT', 'alternative_currency', 2, 0, 'S', 'use_only_selected', 10, 'Y', '', 0),
(16, 'ROOT,STOREFRONT', 'weight_symbol', 2, 0, 'I', 'Kg', 30, 'Y', '', 0),
(17, 'ROOT,STOREFRONT', 'default_address', 6, 0, 'I', 'Boston street', 410, 'Y', '', 0),
(18, 'ROOT,STOREFRONT', 'default_zipcode', 6, 0, 'I', '02125', 420, 'Y', '', 0),
(19, 'ROOT,STOREFRONT', 'default_city', 6, 0, 'I', 'Boston', 430, 'Y', '', 0),
(20, 'ROOT,STOREFRONT', 'default_country', 6, 0, 'X', 'US', 440, 'Y', '', 0),
(21, 'ROOT,STOREFRONT', 'default_state', 6, 0, 'W', 'MA', 450, 'Y', '', 0),
(22, 'ROOT,STOREFRONT', 'products_per_page', 4, 0, 'U', '50', 100, 'Y', '', 0),
(24, 'ROOT', 'admin_elements_per_page', 4, 0, 'U', '10', 60, 'Y', '', 0),
(25, 'ROOT,ULT:VENDOR', 'company_state', 5, 0, 'W', '', 40, 'Y', '', 0),
(26, 'ROOT,ULT:VENDOR', 'company_city', 5, 0, 'I', 'São Paulo', 20, 'Y', '', 0),
(27, 'ROOT,ULT:VENDOR', 'company_address', 5, 0, 'I', 'Av. Paulista, 2202', 10, 'Y', '', 0),
(28, 'ROOT,ULT:VENDOR', 'company_phone', 5, 0, 'L', '+55(11)99223-8646', 60, 'Y', '', 0),
(29, 'ROOT,ULT:VENDOR', 'company_phone_2', 5, 0, 'L', '+55(11)99223-8646', 70, 'Y', '', 0),
(31, 'ROOT,ULT:VENDOR', 'company_name', 5, 0, 'I', 'Partiu Shop', 0, 'Y', '', 0),
(32, 'ROOT,ULT:VENDOR', 'company_website', 5, 0, 'I', 'https://partiushop.com.br/', 90, 'Y', '', 0),
(33, 'ROOT,ULT:VENDOR', 'company_zipcode', 5, 0, 'I', '01310-200', 50, 'Y', '', 0),
(34, 'ROOT,ULT:VENDOR', 'company_country', 5, 0, 'X', 'BR', 30, 'Y', '', 0),
(35, 'ROOT,ULT:VENDOR', 'company_users_department', 5, 0, 'I', 'giovanni@partiushop.com.br', 100, 'Y', '', 0),
(36, 'ROOT,ULT:VENDOR', 'company_site_administrator', 5, 0, 'I', 'giovanni@partiushop.com.br', 110, 'Y', '', 0),
(37, 'ROOT,ULT:VENDOR', 'company_orders_department', 5, 0, 'I', 'giovanni@partiushop.com.br', 120, 'Y', '', 0),
(38, 'ROOT,ULT:VENDOR', 'company_support_department', 5, 0, 'I', 'giovanni@partiushop.com.br', 130, 'Y', '', 0),
(39, 'ROOT,ULT:VENDOR', 'company_newsletter_email', 5, 0, 'I', 'giovanni@partiushop.com.br', 140, 'Y', '', 0),
(40, 'ROOT,ULT:VENDOR', 'company_start_year', 5, 0, 'I', '2020', 95, 'Y', '', 0),
(41, 'ROOT,STOREFRONT', 'default_phone', 6, 0, 'L', '+1(617)555-6985', 460, 'Y', '', 0),
(42, 'ROOT,STOREFRONT', 'weight_symbol_grams', 2, 0, 'I', '453.6', 40, 'Y', '', 0),
(44, 'ROOT', 'allow_negative_amount', 2, 0, 'C', 'N', 135, 'Y', '', 0),
(46, 'ROOT,STOREFRONT', 'orders_per_page', 4, 0, 'U', '10', 90, 'Y', '', 0),
(47, 'ROOT,STOREFRONT', 'elements_per_page', 4, 0, 'U', '8', 130, 'Y', '', 0),
(48, 'ROOT', 'notice_displaying_time', 4, 0, 'I', '5', 260, 'Y', '', 0),
(49, 'ROOT', 'default_wysiwyg_editor', 4, 0, 'S', 'redactor2', 60, 'Y', '', 0),
(50, 'ROOT', 'default_image_previewer', 4, 0, 'S', 'owl', 189, 'Y', '', 0),
(52, 'ROOT', 'date_format', 4, 0, 'S', '%d/%m/%Y', 200, 'Y', '', 0),
(53, 'ROOT,STOREFRONT', 'frontend_default_language', 4, 0, 'S', 'pt', 80, 'Y', '', 0),
(54, 'ROOT', 'backend_default_language', 4, 0, 'S', 'pt', 15, 'Y', '', 0),
(55, 'ROOT,STOREFRONT', 'secure_storefront', 15, 0, 'C', 'N', 1, 'Y', '', 0),
(56, 'ROOT', 'secure_admin', 15, 0, 'C', 'N', 2, 'N', '', 0),
(58, 'ROOT,ULT:VENDOR', 'inventory_tracking', 2, 0, 'C', 'Y', 130, 'Y', '', 0),
(61, 'ROOT,ULT:VENDOR', 'store_access_key', 2, 0, 'O', '', 51, 'Y', 'fn_get_store_access_key_notice', 0),
(62, 'ROOT', 'order_start_id', 6, 0, 'I', '', 340, 'Y', '', 0),
(63, 'ROOT,STOREFRONT', 'columns_in_products_list', 4, 0, 'I', '5', 150, 'Y', '', 0),
(64, 'ROOT,STOREFRONT', 'default_products_sorting', 4, 0, 'K', 'product-asc', 198, 'Y', '', 0),
(65, 'ROOT,ULT:VENDOR', 'edp_key_ttl', 2, 0, 'I', '24', 140, 'Y', '', 0),
(66, 'ROOT', 'time_format', 4, 0, 'S', '%H:%M', 210, 'Y', '', 0),
(67, 'ROOT,STOREFRONT', 'user_multiple_profiles', 2, 0, 'C', 'N', 240, 'Y', '', 0),
(69, 'ROOT,STOREFRONT', 'min_order_amount', 6, 0, 'I', '0', 360, 'Y', '', 0),
(70, 'ROOT,STOREFRONT', 'min_order_amount_type', 2, 0, 'D', 'only_products', 242, 'Y', '', 0),
(71, 'ROOT,STOREFRONT', 'allow_anonymous_shopping', 6, 0, 'S', 'allow_shopping', 370, 'Y', '', 0),
(72, 'ROOT,STOREFRONT', 'show_products_from_subcategories', 2, 0, 'C', 'Y', 150, 'Y', '', 0),
(73, 'ROOT,STOREFRONT', 'disable_anonymous_checkout', 6, 0, 'C', 'Y', 244, 'Y', '', 0),
(77, 'ROOT,ULT:VENDOR', 'low_stock_threshold', 2, 0, 'I', '0', 145, 'Y', '', 0),
(78, 'ROOT,STOREFRONT', 'approve_user_profiles', 2, 0, 'C', 'N', 250, 'Y', '', 0),
(84, 'ROOT,ULT:VENDOR', 'day', 10, 0, 'S', '%a, %b %e', 20, 'Y', '', 0),
(85, 'ROOT,ULT:VENDOR', 'week', 10, 0, 'S', '%U, %b', 30, 'Y', '', 0),
(86, 'ROOT,ULT:VENDOR', 'month', 10, 0, 'S', '%B', 40, 'Y', '', 0),
(87, 'ROOT,ULT:VENDOR', 'year', 10, 0, 'S', '%Y', 50, 'Y', '', 0),
(89, 'ROOT', 'jpeg_quality', 9, 0, 'U', '80', 90, 'Y', '', 0),
(90, 'ROOT', 'convert_to', 9, 0, 'S', 'original', 80, 'Y', '', 0),
(91, 'ROOT,STOREFRONT', 'thumbnail_background_color', 9, 0, 'I', '', 70, 'Y', '', 0),
(93, 'ROOT,STOREFRONT', 'display_options_modifiers', 2, 0, 'C', 'Y', 155, 'Y', '', 0),
(94, 'ROOT,STOREFRONT', 'show_out_of_stock_products', 2, 0, 'C', 'Y', 180, 'Y', '', 0),
(98, 'ROOT,STOREFRONT', 'use_single_coupon', 2, 0, 'C', 'Y', 225, 'Y', '', 0),
(100, 'ROOT,STOREFRONT', 'agree_terms_conditions', 6, 0, 'D', 'N', 270, 'Y', '', 0),
(105, 'ROOT,STOREFRONT', 'show_cats', 8, 0, 'C', 'Y', 10, 'N', '', 0),
(106, 'ROOT,STOREFRONT', 'show_rootcats_only', 8, 0, 'C', 'N', 20, 'N', '', 0),
(107, 'ROOT,STOREFRONT', 'show_site_info', 8, 0, 'C', 'Y', 35, 'N', '', 0),
(108, 'ROOT', 'mailer_send_method', 1, 0, 'S', 'mail', 10, 'N', '', 0),
(109, 'ROOT,ULT:VENDOR', 'mailer_smtp_host', 1, 0, 'I', 'smtp.zoho.com:587', 30, 'N', '', 0),
(110, 'ROOT,ULT:VENDOR', 'mailer_smtp_auth', 1, 0, 'C', 'Y', 60, 'N', '', 0),
(111, 'ROOT,ULT:VENDOR', 'mailer_smtp_username', 1, 0, 'I', 'giovanni@partiushop.com.br', 40, 'N', '', 0),
(112, 'ROOT,ULT:VENDOR', 'mailer_smtp_password', 1, 0, 'P', '@Carneiro10', 50, 'N', '', 0),
(113, 'ROOT', 'mailer_sendmail_path', 1, 0, 'I', '/usr/sbin/sendmail', 80, 'N', '', 0),
(116, 'ROOT,STOREFRONT', 'show_prices_taxed_clean', 4, 0, 'C', 'N', 184, 'Y', '', 0),
(117, 'ROOT,STOREFRONT', 'height', 11, 0, 'D', '30', 20, 'N', '', 0),
(118, 'ROOT,STOREFRONT', 'string_length', 11, 0, 'D', '5', 30, 'N', '', 0),
(119, 'ROOT,STOREFRONT', 'min_font_size', 11, 0, 'D', '14', 40, 'N', '', 0),
(120, 'ROOT,STOREFRONT', 'max_font_size', 11, 0, 'D', '16', 50, 'N', '', 0),
(121, 'ROOT,STOREFRONT', 'string_type', 11, 0, 'D', 'mixed', 60, 'N', '', 0),
(122, 'ROOT,STOREFRONT', 'char_shadow', 11, 0, 'D', 'N', 65, 'N', '', 0),
(123, 'ROOT,STOREFRONT', 'colour', 11, 0, 'D', 'N', 70, 'N', '', 0),
(124, 'ROOT,STOREFRONT', 'background_image', 11, 0, 'D', '', 80, 'N', '', 0),
(125, 'ROOT,STOREFRONT', 'lines_number', 11, 0, 'D', '20', 35, 'N', '', 0),
(126, 'ROOT,STOREFRONT', 'grid_color', 11, 0, 'D', 'cccccc', 36, 'N', '', 0),
(133, 'ROOT,STOREFRONT', 'width', 11, 0, 'D', '110', 10, 'N', '', 0),
(134, 'ROOT,STOREFRONT', 'hide_if_logged', 11, 0, 'C', 'Y', 85, 'Y', '', 0),
(138, 'ROOT,STOREFRONT', 'use_for', 11, 0, 'N', '#M#login=Y&register=Y&checkout=Y&track_orders=Y&apply_for_vendor_account=Y&gift_certificates=Y&call_request=Y&form_builder=Y&discussion=Y', 5, 'Y', '', 0),
(139, 'ROOT', 'timezone', 4, 0, 'S', 'America/Sao_Paulo', 220, 'Y', '', 0),
(140, 'ROOT,STOREFRONT', 'estimate_shipping_cost', 6, 0, 'C', 'Y', 390, 'Y', '', 0),
(141, 'ROOT,STOREFRONT', 'allow_create_account_after_order', 6, 0, 'C', 'Y', 305, 'Y', '', 0),
(143, 'ROOT', 'init_addons', 0, 0, 'C', '', 0, 'Y', '', 0),
(145, 'ROOT,STOREFRONT', 'cart_prices_w_taxes', 4, 0, 'C', 'N', 185, 'Y', '', 0),
(146, 'ROOT,STOREFRONT', 'in_stock_field', 4, 0, 'C', 'N', 186, 'Y', '', 0),
(147, 'ROOT,STOREFRONT', 'thumbnails_gallery', 4, 0, 'C', 'Y', 186, 'Y', '', 0),
(148, 'ROOT,STOREFRONT', 'quantity_changer', 4, 0, 'C', 'Y', 186, 'Y', '', 0),
(149, 'ROOT,STOREFRONT', 'top_pagination', 4, 0, 'C', 'N', 187, 'Y', '', 0),
(150, 'ROOT,STOREFRONT', 'taxes_using_default_address', 4, 0, 'C', 'N', 183, 'Y', '', 0),
(151, 'ROOT', 'proxy_host', 2, 0, 'I', '', 320, 'Y', '', 0),
(152, 'ROOT', 'proxy_port', 2, 0, 'I', '', 330, 'Y', '', 0),
(153, 'ROOT', 'proxy_user', 2, 0, 'I', '', 340, 'Y', '', 0),
(154, 'ROOT', 'proxy_password', 2, 0, 'P', '', 350, 'Y', '', 0),
(156, 'ROOT,STOREFRONT', 'search_objects', 2, 0, 'N', '#M#=Y', 1010, 'Y', '', 0),
(158, 'ROOT,ULT:VENDOR', 'log_type_orders', 12, 0, 'N', '#M#create=Y&delete=Y&update=Y&status=Y', 10, 'Y', '', 0),
(159, 'ROOT,ULT:VENDOR', 'log_type_users', 12, 0, 'N', '#M#create=Y&delete=Y&update=Y&session=Y&failed_login=Y', 10, 'Y', '', 0),
(160, 'ROOT,ULT:VENDOR', 'log_type_products', 12, 0, 'N', '#M#create=Y&delete=Y&update=Y&low_stock=Y', 10, 'Y', '', 0),
(161, 'ROOT,ULT:VENDOR', 'log_type_categories', 12, 0, 'N', '#M#create=Y&delete=Y&update=Y', 10, 'Y', '', 0),
(162, 'ROOT,ULT:VENDOR', 'log_type_database', 12, 0, 'N', '#M#restore=Y&backup=Y&optimize=Y&error=Y', 10, 'Y', '', 0),
(163, 'ROOT,ULT:VENDOR', 'log_type_requests', 12, 0, 'N', '#M#http=Y&shipping=Y', 10, 'Y', '', 0),
(165, 'ROOT,STOREFRONT', 'hide_after_validation', 11, 0, 'C', 'Y', 87, 'Y', '', 0),
(166, 'ROOT', 'calendar_date_format', 4, 0, 'S', 'day_first', 230, 'Y', '', 0),
(167, 'ROOT', 'calendar_week_format', 4, 0, 'S', 'monday_first', 240, 'Y', '', 0),
(168, 'ROOT,ULT:VENDOR', 'store_mode', 2, 0, 'O', 'N', 50, 'Y', 'fn_get_store_mode_notice', 0),
(169, 'ROOT,STOREFRONT', 'default_products_view', 4, 0, 'K', 'products_multicolumns', 195, 'Y', '', 0),
(170, 'ROOT,STOREFRONT', 'save_selected_view', 4, 0, 'C', 'Y', 196, 'Y', '', 0),
(171, 'ROOT,STOREFRONT', 'default_products_view_templates', 4, 0, 'G', '#M#products_multicolumns=Y&products_without_options=Y&short_list=Y', 194, 'Y', '', 0),
(173, 'ROOT,STOREFRONT', 'checkout_redirect', 6, 0, 'C', 'N', 380, 'Y', '', 0),
(174, 'ROOT', 'min_account_password_length', 15, 0, 'I', '5', 10, 'Y', '', 0),
(175, 'ROOT', 'account_passwords_must_contain_mix', 15, 0, 'C', 'N', 20, 'Y', '', 0),
(176, 'ROOT', 'change_admin_password_on_first_login', 15, 0, 'C', 'N', 30, 'Y', '', 0),
(177, 'ROOT', 'account_password_expiration_period', 15, 0, 'I', '0', 40, 'Y', '', 0),
(178, 'ROOT', 'cron_password', 15, 0, 'I', 'MYPASS', 50, 'Y', '', 0),
(179, 'ROOT', 'tax_calculation', 6, 0, 'S', 'subtotal', 350, 'Y', '', 0),
(180, 'ROOT,STOREFRONT', 'default_product_details_view', 4, 0, 'S', 'default_template', 191, 'Y', '', 0),
(182, 'ROOT,STOREFRONT', 'address_position', 6, 0, 'D', 'shipping_first', 250, 'Y', '', 0),
(183, 'ROOT', 'changes_warning', 4, 0, 'C', 'Y', 250, 'Y', '', 0),
(184, 'ROOT,STOREFRONT', 'product_lists_thumbnail_width', 9, 0, 'U', '239', 100, 'Y', '', 0),
(185, 'ROOT,STOREFRONT', 'product_lists_thumbnail_height', 9, 0, 'U', '239', 110, 'Y', '', 0),
(186, 'ROOT,STOREFRONT', 'product_details_thumbnail_width', 9, 0, 'U', '590', 120, 'Y', '', 0),
(187, 'ROOT,STOREFRONT', 'product_details_thumbnail_height', 9, 0, 'U', '590', 130, 'Y', '', 0),
(190, 'ROOT,STOREFRONT', 'product_cart_thumbnail_width', 9, 0, 'U', '196', 160, 'Y', '', 0),
(191, 'ROOT,STOREFRONT', 'product_cart_thumbnail_height', 9, 0, 'U', '196', 170, 'Y', '', 0),
(192, 'ROOT,STOREFRONT', 'category_lists_thumbnail_width', 9, 0, 'U', '129', 180, 'Y', '', 0),
(193, 'ROOT,STOREFRONT', 'category_lists_thumbnail_height', 9, 0, 'U', '129', 190, 'Y', '', 0),
(194, 'ROOT,STOREFRONT', 'category_details_thumbnail_width', 9, 0, 'U', '120', 200, 'Y', '', 0),
(195, 'ROOT,STOREFRONT', 'category_details_thumbnail_height', 9, 0, 'U', '120', 210, 'Y', '', 0),
(196, 'ROOT,STOREFRONT', 'category_detailed_image_width', 9, 0, 'U', '', 220, 'Y', '', 0),
(197, 'ROOT,STOREFRONT', 'category_detailed_image_height', 9, 0, 'U', '', 230, 'Y', '', 0),
(199, 'ROOT', 'show_menu_descriptions', 4, 0, 'C', 'Y', 255, 'Y', '', 0),
(201, 'ROOT', 'store_key', 0, 0, 'I', '3568101368;partiushop.com.br', 0, 'Y', '', 0),
(203, 'ROOT', 'header_1', 4, 0, 'H', '', 10, 'N', '', 0),
(204, 'ROOT,ULT:VENDOR', 'header_7010', 10, 0, 'H', '', 10, 'N', '', 0),
(206, 'ROOT,ULT:VENDOR', 'header_10003', 1, 0, 'H', '', 20, 'N', '', 0),
(207, 'ROOT,STOREFRONT', 'header_7003', 6, 0, 'H', '', 400, 'N', '', 0),
(208, 'ROOT,STOREFRONT', 'header_2', 4, 0, 'H', '', 70, 'N', '', 0),
(209, 'ROOT', 'header_10004', 1, 0, 'H', '', 70, 'N', '', 0),
(210, 'ROOT,STOREFRONT', 'header_7004', 2, 0, 'H', '', 125, 'N', '', 0),
(211, 'ROOT', 'header_10080', 4, 0, 'H', '', 199, 'N', '', 0),
(212, 'ROOT,STOREFRONT', 'header_7024', 2, 0, 'H', '', 215, 'N', '', 0),
(213, 'ROOT,STOREFRONT', 'header_7005', 2, 0, 'H', '', 235, 'N', '', 0),
(216, 'ROOT', 'header_8057', 2, 0, 'H', '', 310, 'N', '', 0),
(217, 'ROOT,STOREFRONT', 'header_15000', 2, 0, 'H', '', 1000, 'N', '', 0),
(219, 'ROOT', 'header_8158', 13, 0, 'H', '', 20, 'N', '', 0),
(221, 'ROOT,STOREFRONT', 'header_10070', 4, 0, 'H', '', 192, 'N', '', 0),
(222, 'ROOT', 'header_10086', 0, 0, 'H', '', 190, 'N', '', 0),
(223, 'ROOT,STOREFRONT', 'disregard_options_for_discounts', 2, 0, 'C', 'N', 190, 'Y', '', 0),
(272, 'ROOT', 'display_track_orders', 4, 0, 'C', 'Y', 191, 'Y', '', 0),
(274, 'ROOT,ULT:VENDOR', 'log_type_general', 12, 0, 'N', '#M#runtime=Y&deprecated=Y&', 10, 'Y', '', 0),
(275, 'ROOT,STOREFRONT', 'quick_registration', 2, 0, 'C', 'Y', 260, 'Y', '', 0),
(288, 'ROOT,STOREFRONT', 'product_details_in_tab', 4, 0, 'C', 'N', 191, 'Y', '', 0),
(289, 'ROOT,STOREFRONT', 'available_product_list_sortings', 4, 0, 'G', '#M#timestamp-desc=Y&product-asc=Y&product-desc=Y&price-asc=Y&price-desc=Y&popularity-desc=Y', 197, 'Y', '', 0),
(290, 'ROOT,STOREFRONT', 'enable_quick_view', 4, 0, 'C', 'Y', 198, 'Y', '', 0),
(291, 'ROOT', 'storage', 0, 0, 'I', 'a:1:{s:7:\"storage\";s:4:\"file\";}', 10, 'N', '', 0),
(292, 'ROOT,STOREFRONT', 'product_quick_view_thumbnail_width', 9, 0, 'U', '449', 135, 'Y', '', 0),
(293, 'ROOT,STOREFRONT', 'product_quick_view_thumbnail_height', 9, 0, 'U', '449', 136, 'Y', '', 0),
(294, 'ROOT', 'cdn', 0, 0, 'I', '', 10, 'N', '', 0),
(295, 'ROOT,ULT:VENDOR', 'mailer_smtp_ecrypted_connection', 1, 0, 'S', 'tls', 55, 'N', '', 0),
(300, 'ROOT,STOREFRONT', 'configure_sign_in_step', 6, 0, 'D', 'returning_customer_first', 310, 'Y', '', 0),
(301, 'ULT:ROOT,ULT:STOREFRONT', 'display_shipping_step', 6, 0, 'D', 'Y', 320, 'Y', '', 0),
(302, 'ROOT,STOREFRONT', 'display_payment_step', 6, 0, 'D', 'Y', 330, 'Y', '', 0),
(305, 'ROOT,STOREFRONT', 'sign_in_default_action', 6, 0, 'D', 'register', 315, 'Y', '', 0),
(306, 'ROOT,ULT:VENDOR', 'enable_edp', 2, 0, 'C', 'N', 135, 'Y', '', 0),
(307, 'ROOT,STOREFRONT', 'enable_compare_products', 2, 0, 'C', 'Y', 130, 'Y', '', 0),
(308, 'ROOT', 'email_templates', 4, 0, 'S', 'new', 400, 'Y', '', 0),
(309, 'ROOT', 'product_admin_mini_icon_width', 9, 0, 'U', '50', 300, 'Y', '', 0),
(310, 'ROOT', 'product_admin_mini_icon_height', 9, 0, 'U', '50', 310, 'Y', '', 0),
(311, 'ROOT', 'monitor_core_changes', 2, 0, 'C', 'Y', 59, 'Y', '', 0),
(312, 'ROOT', 'log_lifetime', 12, 0, 'I', '90', 5, 'Y', '', 0),
(313, 'ROOT', 'phone_validation_mode', 4, 0, 'S', 'international_format', 450, 'Y', '', 0),
(1000, 'ROOT', 'vendors_per_page', 16, 0, 'I', '10', 150, 'Y', '', 0),
(1001, 'ROOT', 'apply_for_vendor', 16, 0, 'C', 'Y', 130, 'Y', '', 0),
(1002, 'ROOT', 'create_vendor_administrator_account', 16, 0, 'C', 'Y', 140, 'Y', '', 0),
(1007, 'ROOT,STOREFRONT', 'display_vendor', 16, 0, 'C', 'Y', 57, 'Y', '', 0),
(1008, 'ROOT', 'can_edit_blocks', 16, 0, 'C', 'N', 58, 'Y', '', 0),
(1009, 'ROOT', 'can_edit_styles', 16, 0, 'C', 'N', 59, 'Y', '', 0),
(1010, 'ROOT', 'mailer_send_from_admin', 1, 0, 'C', 'Y', 5, 'N', '', 0),
(5678, 'ROOT', 'current_timestamp', 0, 0, 'T', '1586347374', 10, 'Y', '', 0),
(5679, 'ROOT', 'default_upload_high_res_image', 17, 18, 'C', 'N', 0, 'N', '', 0),
(5680, 'ROOT,ULT:VENDOR', 'paypal_ipn_settings', 19, 20, 'H', '', 0, 'N', '', 0),
(5681, 'ROOT,ULT:VENDOR', 'override_customer_info', 19, 20, 'C', 'N', 10, 'N', '', 0),
(5682, 'ROOT,ULT:VENDOR', 'paypal_status_map', 19, 20, 'H', '', 20, 'N', '', 0),
(5683, 'ROOT,ULT:VENDOR', 'paypal_status_map_settings', 19, 20, 'E', 'statuses_map.tpl', 30, 'N', '', 0),
(5684, 'ROOT,ULT:VENDOR', 'paypal_partial_refund_action', 19, 20, 'H', '', 40, 'N', '', 0),
(5685, 'ROOT,ULT:VENDOR', 'paypal_partial_refund_action_settings', 19, 20, 'E', 'partial_refund_action.tpl', 50, 'N', '', 0),
(5686, 'ROOT,STOREFRONT', 'paypal_logo_uploader', 19, 20, 'H', '', 60, 'N', '', 0),
(5687, 'ROOT,STOREFRONT', 'paypal_logo_uploader_settings', 19, 20, 'E', 'logo_uploader.tpl', 70, 'N', '', 0),
(5688, 'ROOT,ULT:VENDOR', 'pp_statuses', 19, 20, 'D', 'a:10:{s:8:\"refunded\";s:1:\"I\";s:9:\"completed\";s:1:\"P\";s:7:\"pending\";s:1:\"O\";s:17:\"canceled_reversal\";s:1:\"I\";s:7:\"created\";s:1:\"O\";s:6:\"denied\";s:1:\"I\";s:7:\"expired\";s:1:\"F\";s:8:\"reversed\";s:1:\"I\";s:9:\"processed\";s:1:\"P\";s:6:\"voided\";s:1:\"P\";}', 80, 'N', '', 0),
(5689, 'ROOT,ULT:VENDOR', 'partial_refund_action', 19, 20, 'D', 'ignore', 90, 'N', '', 0),
(5691, 'ROOT,STOREFRONT', 'twitter_enable', 21, 22, 'C', 'Y', 10, 'N', '', 0),
(5692, 'ROOT,STOREFRONT', 'twitter_via', 21, 22, 'I', '', 20, 'N', '', 0),
(5693, 'ROOT,STOREFRONT', 'twitter_size', 21, 22, 'S', 'medium', 30, 'N', '', 0),
(5694, 'ROOT,STOREFRONT', 'twitter_display_count', 21, 22, 'S', 'horizontal', 40, 'N', '', 0),
(5695, 'ROOT,STOREFRONT', 'twitter_display_on', 21, 22, 'N', '#M#products=Y', 50, 'N', '', 0),
(5697, 'ROOT,STOREFRONT', 'facebook_enable', 21, 23, 'C', 'Y', 10, 'N', '', 0),
(5698, 'ROOT,STOREFRONT', 'facebook_app_id', 21, 23, 'I', '', 20, 'N', '', 0),
(5699, 'ROOT,STOREFRONT', 'facebook_href', 21, 23, 'I', '', 30, 'N', '', 0),
(5700, 'ROOT,STOREFRONT', 'facebook_send', 21, 23, 'C', 'Y', 40, 'N', '', 0),
(5701, 'ROOT,STOREFRONT', 'facebook_width', 21, 23, 'I', '450', 50, 'N', '', 0),
(5702, 'ROOT,STOREFRONT', 'facebook_layout', 21, 23, 'S', 'button_count', 60, 'N', '', 0),
(5703, 'ROOT,STOREFRONT', 'facebook_show_faces', 21, 23, 'C', 'N', 70, 'N', '', 0),
(5704, 'ROOT,STOREFRONT', 'facebook_action', 21, 23, 'S', 'like', 80, 'N', '', 0),
(5705, 'ROOT,STOREFRONT', 'facebook_lang', 21, 23, 'S', 'pt_BR', 90, 'N', '', 0),
(5706, 'ROOT,STOREFRONT', 'facebook_action_font', 21, 23, 'S', 'arial', 100, 'N', '', 0),
(5707, 'ROOT,STOREFRONT', 'facebook_colorscheme', 21, 23, 'S', 'light', 110, 'N', '', 0),
(5708, 'ROOT,STOREFRONT', 'facebook_display_on', 21, 23, 'N', '#M#products=Y', 120, 'N', '', 0),
(5710, 'ROOT,STOREFRONT', 'vkontakte_enable', 21, 24, 'C', 'N', 10, 'N', '', 0),
(5711, 'ROOT,STOREFRONT', 'vkontakte_appid', 21, 24, 'I', '', 20, 'N', '', 0),
(5712, 'ROOT,STOREFRONT', 'vkontakte_button_style', 21, 24, 'S', 'mini', 30, 'N', '', 0),
(5713, 'ROOT,STOREFRONT', 'vkontakte_height', 21, 24, 'I', '22', 40, 'N', '', 0),
(5714, 'ROOT,STOREFRONT', 'vkontakte_width', 21, 24, 'I', '350', 50, 'N', '', 0),
(5715, 'ROOT,STOREFRONT', 'vkontakte_buttons_name', 21, 24, 'S', 'like', 60, 'N', '', 0),
(5716, 'ROOT,STOREFRONT', 'vkontakte_display_on', 21, 24, 'N', 'N', 70, 'N', '', 0),
(5718, 'ROOT,STOREFRONT', 'yandex_enable', 21, 25, 'C', 'Y', 10, 'N', '', 0),
(5719, 'ROOT,STOREFRONT', 'yandex_share_code', 21, 25, 'T', '<script src=\"//yastatic.net/es5-shims/0.0.2/es5-shims.min.js\"></script><script src=\"//yastatic.net/share2/share.js\"></script><div class=\"ya-share2\" data-services=\"collections,vkontakte,facebook,twitter,odnoklassniki,moimir\"></div>', 20, 'N', '', 0),
(5720, 'ROOT,STOREFRONT', 'yandex_display_on', 21, 25, 'N', 'N', 30, 'N', '', 0),
(5722, 'ROOT,STOREFRONT', 'pinterest_enable', 21, 26, 'C', 'Y', 10, 'N', '', 0),
(5723, 'ROOT,STOREFRONT', 'pinterest_size', 21, 26, 'S', '20', 20, 'N', '', 0),
(5724, 'ROOT,STOREFRONT', 'pinterest_shape', 21, 26, 'S', 'rect', 30, 'N', '', 0),
(5726, 'ROOT,STOREFRONT', 'pinterest_display_on', 21, 26, 'N', '#M#products=Y', 50, 'N', '', 0),
(5727, 'ROOT,ULT:VENDOR', 'tags_for_products', 27, 28, 'C', 'Y', 0, 'N', '', 0),
(5728, 'ROOT,ULT:VENDOR', 'tags_for_pages', 27, 28, 'C', 'Y', 10, 'N', '', 0),
(5729, 'ROOT', 'managing_editor', 29, 30, 'I', '', 0, 'N', '', 0),
(5730, 'ROOT', 'display_rss_feed_in_category', 29, 30, 'C', 'N', 10, 'N', '', 0),
(5731, 'ROOT', 'category_max_products_items', 29, 30, 'I', '5', 20, 'N', '', 0),
(5732, 'ROOT,STOREFRONT', 'em_show_on_checkout', 31, 32, 'C', 'N', 0, 'N', '', 0),
(5733, 'ROOT,STOREFRONT', 'em_checkout_enabled', 31, 32, 'C', 'N', 10, 'N', '', 5732),
(5734, 'ROOT,STOREFRONT', 'em_double_opt_in', 31, 32, 'C', 'N', 20, 'N', '', 0),
(5735, 'ROOT,STOREFRONT', 'em_welcome_letter', 31, 32, 'C', 'N', 30, 'N', '', 0),
(5736, 'ROOT,STOREFRONT', 'em_service', 31, 32, 'S', 'dummy', 40, 'N', '', 0),
(5737, 'ROOT,STOREFRONT', 'em_token', 31, 32, 'D', '5f4c3e1b8dc6ed0f027229b07bb46bd4', 50, 'N', '', 0),
(5738, 'ROOT,STOREFRONT', 'em_lastsync', 31, 32, 'D', '1586347359', 60, 'N', '', 0),
(5739, 'ROOT,STOREFRONT', 'em_mailchimp_api_key', 31, 33, 'I', '', 0, 'N', '', 0),
(5740, 'ROOT,STOREFRONT', 'em_mailchimp_list', 31, 33, 'S', '', 10, 'N', '', 0),
(5741, 'ROOT,STOREFRONT', 'em_madmimi_username', 31, 34, 'I', '', 0, 'N', '', 0),
(5742, 'ROOT,STOREFRONT', 'em_madmimi_api_key', 31, 34, 'I', '', 10, 'N', '', 0),
(5743, 'ROOT,STOREFRONT', 'em_madmimi_list', 31, 34, 'S', '', 20, 'N', '', 0),
(5744, 'ROOT', 'newsletters_per_pass', 35, 36, 'I', '10', 0, 'N', '', 0),
(5745, 'ROOT', 'elm_advanced_mailing_server_options', 35, 36, 'H', '', 10, 'N', '', 0),
(5746, 'ROOT', 'mailer_send_method', 35, 36, 'S', 'default', 20, 'N', '', 0),
(5747, 'ROOT', 'elm_smtp_server_settings', 35, 36, 'H', '', 30, 'N', '', 0),
(5748, 'ROOT', 'mailer_smtp_host', 35, 36, 'I', '', 40, 'N', '', 0),
(5749, 'ROOT', 'mailer_smtp_username', 35, 36, 'I', '', 50, 'N', '', 0),
(5750, 'ROOT', 'mailer_smtp_password', 35, 36, 'I', '', 60, 'N', '', 0),
(5751, 'ROOT', 'mailer_smtp_ecrypted_connection', 35, 36, 'S', 'none', 70, 'N', '', 0),
(5752, 'ROOT', 'mailer_smtp_auth', 35, 36, 'C', 'N', 80, 'N', '', 0),
(5753, 'ROOT', 'coupon', 35, 37, 'S', '', 0, 'N', '', 0),
(5754, 'ROOT', 'provider', 38, 39, 'S', 'google', 0, 'N', '', 0),
(5755, 'ROOT', 'show_shippings_on_product', 38, 39, 'C', 'N', 10, 'N', '', 0),
(5756, 'ROOT', 'yandex_api_key', 38, 40, 'I', '', 0, 'N', '', 0),
(5757, 'ROOT', 'yandex_commercial', 38, 40, 'C', '', 10, 'N', '', 0),
(5758, 'ROOT', 'google_api_notice', 38, 41, 'O', '', 0, 'N', 'fn_geo_maps_settings_google_api_notice_handler', 0),
(5759, 'ROOT', 'google_api_key', 38, 41, 'I', '', 10, 'N', '', 0),
(5760, 'ROOT,STOREFRONT', 'show_on_product', 42, 485, 'C', 'Y', 0, 'N', '', 0),
(5761, 'MVE:ROOT,MVE:STOREFRONT', 'show_on_vendor', 42, 485, 'C', 'Y', 10, 'N', '', 0),
(5762, 'ROOT', 'products_prior_approval', 44, 46, 'S', 'all', 0, 'N', '', 0),
(5763, 'ROOT', 'products_updates_approval', 44, 46, 'S', 'all', 10, 'N', '', 0),
(5764, 'ROOT', 'vendor_profile_updates_approval', 44, 45, 'S', 'all', 10, 'N', '', 0),
(5765, 'ROOT', 'approval_info', 44, 45, 'O', '', 20, 'N', 'fn_vendor_data_premoderation_get_approval_info_text', 0),
(5766, 'ROOT', 'product_premoderation_fields', 44, 46, 'N', '#M#product_prices:*=Y&products:list_price=Y', 20, 'N', '', 0),
(5767, 'ROOT,STOREFRONT', 'commissions_header', 47, 48, 'H', '', 0, 'N', '', 0),
(5768, 'ROOT', 'include_shipping', 47, 48, 'C', 'Y', 10, 'N', '', 0),
(5769, 'ROOT', 'include_taxes_in_commission', 47, 48, 'C', 'Y', 20, 'N', '', 0),
(5770, 'ROOT', 'allow_vendors_to_change_plan', 47, 48, 'C', 'Y', 30, 'N', '', 0),
(5771, 'ROOT', 'min_amount', 49, 50, 'I', '50', 0, 'N', '', 0),
(5772, 'ROOT', 'max_amount', 49, 50, 'I', '1500', 10, 'N', '', 0),
(5773, 'ROOT', 'code_prefix', 49, 50, 'I', 'GC', 20, 'N', '', 0),
(5774, 'ROOT', 'cert_per_page', 49, 50, 'I', '10', 30, 'N', '', 0),
(5775, 'ROOT', 'free_products_allow', 49, 50, 'C', 'Y', 40, 'N', '', 0),
(5776, 'ROOT', 'redeem_shipping_cost', 49, 50, 'C', 'Y', 50, 'N', '', 0),
(5777, 'ROOT,STOREFRONT', 'print_map', 51, 52, 'C', 'Y', 0, 'N', '', 0),
(5778, 'ROOT,STOREFRONT', 'show_locations_at_geolocator', 51, 52, 'C', 'N', 10, 'N', '', 0),
(5779, 'ROOT', 'access_key', 53, 54, 'I', '204213218e36158fc3eccea211e0a591', 0, 'N', '', 0),
(5780, 'ROOT', 'variations_allow_own_images', 55, 56, 'C', 'Y', 0, 'N', '', 0),
(5781, 'ROOT', 'variations_allow_own_features', 55, 56, 'C', 'N', 10, 'N', '', 0),
(5782, 'ROOT', 'variations_allow_auto_change_default_variation', 55, 56, 'C', 'Y', 20, 'N', '', 0),
(5783, 'ROOT', 'notice', 57, 58, 'O', '', 0, 'N', 'fn_recaptcha_settings_notice_handler', 0),
(5784, 'ROOT', 'recaptcha_site_key', 57, 58, 'I', '6LeFuOgUAAAAAKKJ7zUwvtq1aQh_wb0MTfXtUjSj', 10, 'N', '', 0),
(5785, 'ROOT', 'recaptcha_secret', 57, 58, 'I', '6LeFuOgUAAAAAJdnKnCQkkl0nSnPGwfQD0AAAiar', 20, 'N', '', 0),
(5786, 'ROOT,STOREFRONT', 'recaptcha_theme', 57, 58, 'S', 'light', 30, 'N', '', 0),
(5787, 'ROOT,STOREFRONT', 'recaptcha_size', 57, 58, 'S', 'normal', 40, 'N', '', 0),
(5788, 'ROOT,STOREFRONT', 'recaptcha_type', 57, 58, 'S', 'image', 50, 'N', '', 0),
(5789, 'ROOT,STOREFRONT', 'settings_proxy', 57, 58, 'O', '', 60, 'N', 'fn_recaptcha_image_verification_settings_proxy', 0),
(5790, 'ROOT', 'forbidden_countries_notice', 57, 59, 'O', '', 0, 'N', 'fn_recaptcha_forbidden_countries_notice_handler', 0),
(5791, 'ROOT', 'forbidden_countries', 57, 59, 'B', '#M#=Y', 10, 'N', '', 0),
(5792, 'ROOT', 'display_product_return_period', 60, 61, 'C', 'Y', 0, 'N', '', 0),
(5793, 'ROOT', 'dont_take_weekends_into_account', 60, 61, 'C', 'Y', 10, 'N', '', 0),
(5794, 'ROOT,STOREFRONT', 'final_sale_from', 62, 63, 'I', '40', 0, 'N', '', 0),
(5795, 'ROOT,STOREFRONT', 'sales_amount_from', 62, 63, 'I', '1', 10, 'N', '', 0),
(5796, 'ROOT,STOREFRONT', 'period', 62, 64, 'S', 'all', 0, 'N', '', 0),
(5797, 'ROOT,STOREFRONT', 'last_days', 62, 64, 'I', '3', 10, 'N', '', 0),
(5798, 'ROOT,ULT:VENDOR', 'seo_product_type', 65, 66, 'S', 'product_category_nohtml', 0, 'N', '', 0),
(5799, 'ROOT,ULT:VENDOR', 'seo_category_type', 65, 66, 'S', 'category_nohtml', 10, 'N', '', 0),
(5800, 'ROOT,ULT:VENDOR', 'seo_page_type', 65, 66, 'S', 'page_nohtml', 20, 'N', '', 0),
(5801, 'ROOT,ULT:VENDOR', 'seo_other_type', 65, 66, 'S', 'directory', 30, 'N', '', 0),
(5802, 'ROOT,ULT:VENDOR', 'seo_language', 65, 66, 'C', 'N', 40, 'N', '', 0),
(5803, 'ROOT,ULT:VENDOR', 'single_url', 65, 66, 'C', 'Y', 50, 'N', '', 0),
(5804, 'ROOT,ULT:VENDOR', 'non_latin_symbols', 65, 66, 'C', 'N', 60, 'N', '', 0),
(5805, 'ROOT,ULT:VENDOR', 'point_rate', 67, 68, 'I', '1', 0, 'N', '', 0),
(5806, 'ROOT,ULT:VENDOR', 'auto_price_in_points', 67, 68, 'C', 'Y', 10, 'N', '', 0),
(5807, 'ROOT,ULT:VENDOR', 'price_in_points_with_discounts', 67, 68, 'C', 'Y', 20, 'N', '', 0),
(5808, 'ROOT,ULT:VENDOR', 'points_with_discounts', 67, 68, 'C', 'Y', 30, 'N', '', 0),
(5809, 'ROOT,ULT:VENDOR', 'price_in_points_order_discount', 67, 68, 'C', 'Y', 40, 'N', '', 0),
(5810, 'ROOT,ULT:VENDOR', 'reward_points_order_discount', 67, 68, 'C', 'Y', 50, 'N', '', 0),
(5811, 'ROOT,ULT:VENDOR', 'higher_level_extract', 67, 68, 'C', 'Y', 60, 'N', '', 0),
(5812, 'ROOT,ULT:VENDOR', 'several_points_action', 67, 68, 'S', 'minimal_absolute', 70, 'N', '', 0),
(5813, 'ROOT,ULT:VENDOR', 'consider_zero_values', 67, 68, 'C', 'N', 80, 'N', '', 0),
(5814, 'ROOT,ULT:VENDOR', 'log_per_page', 67, 68, 'I', '10', 90, 'N', '', 0),
(5815, 'ROOT,STOREFRONT', 'tracking_code', 69, 70, 'I', 'UA-163308049-1', 0, 'N', '', 0),
(5816, 'ROOT,STOREFRONT', 'track_ecommerce', 69, 70, 'C', 'Y', 10, 'N', '', 0),
(5817, 'ROOT,STOREFRONT', 'pixel_id', 71, 72, 'I', '', 0, 'N', '', 0),
(5818, 'ROOT,STOREFRONT', 'track_all_page_views', 71, 72, 'C', 'Y', 10, 'N', '', 0),
(5819, 'ROOT,STOREFRONT', 'track_add_to_cart', 71, 72, 'C', 'N', 20, 'N', '', 0),
(5820, 'ROOT,STOREFRONT', 'track_order_placed', 71, 72, 'C', 'N', 30, 'N', '', 0),
(5821, 'ROOT,STOREFRONT', 'general', 73, 74, 'H', '', 0, 'N', '', 0),
(5822, 'ROOT,STOREFRONT', 'info', 73, 74, 'O', '', 10, 'N', 'fn_call_requests_info', 0),
(5823, 'ROOT,STOREFRONT', 'phone', 73, 74, 'I', '', 20, 'N', '', 0),
(5824, 'ROOT,STOREFRONT', 'phone_prefix_length', 73, 74, 'I', '7', 30, 'N', '', 0),
(5825, 'ROOT,STOREFRONT', 'phone_mask', 73, 74, 'I', '', 40, 'N', '', 0),
(5826, 'ROOT,STOREFRONT', 'buy_now_with_one_click', 73, 74, 'C', 'Y', 50, 'N', '', 0),
(5827, 'ROOT,ULT:VENDOR', 'order_status', 73, 74, 'S', 'Y', 60, 'N', '', 0),
(5828, 'ROOT', 'elm_image', 75, 76, 'H', '', 0, 'N', '', 0),
(5829, 'ROOT', 'elm_image_info', 75, 76, 'O', '', 10, 'N', 'fn_get_barcode_image', 0),
(5830, 'ROOT', 'elm_configs', 75, 76, 'H', '', 20, 'N', '', 0),
(5831, 'ROOT', 'type', 75, 76, 'S', 'C128B', 30, 'N', '', 0),
(5832, 'ROOT', 'output', 75, 76, 'S', 'png', 40, 'N', '', 0),
(5833, 'ROOT', 'text', 75, 76, 'S', 'N', 50, 'N', '', 0),
(5834, 'ROOT', 'height', 75, 76, 'I', '60', 60, 'N', '', 0),
(5835, 'ROOT', 'width', 75, 76, 'I', '250', 70, 'N', '', 0),
(5836, 'ROOT', 'prefix', 75, 76, 'I', '', 80, 'N', '', 0),
(5837, 'ROOT', 'elm_specification', 75, 76, 'H', '', 90, 'N', '', 0),
(5838, 'ROOT', 'elm_spec_descr', 75, 76, 'O', '', 100, 'N', 'fn_get_barcode_specification', 0),
(5839, 'ROOT', 'polls_votes_on_page', 77, 78, 'I', '20', 0, 'N', '', 0),
(5840, 'ROOT', 'polls_comments_on_page', 77, 78, 'I', '20', 10, 'N', '', 0),
(5841, 'ROOT', 'elm_administrator_area_settings', 79, 80, 'H', '', 0, 'N', '', 0),
(5842, 'ROOT', 'admin_reverse_ip_access', 79, 80, 'C', '', 10, 'N', '', 0),
(5843, 'ROOT', 'unsuccessful_attempts_login', 79, 80, 'C', '', 20, 'N', '', 0),
(5844, 'ROOT', 'number_unsuccessful_attempts', 79, 80, 'I', '5', 30, 'N', '', 0),
(5845, 'ROOT', 'login_intervals', 79, 80, 'I', '60', 40, 'N', '', 0),
(5846, 'ROOT', 'time_block', 79, 80, 'I', '24', 50, 'N', '', 0),
(5847, 'ROOT', 'elm_customer_and_affiliate_area_settings', 79, 80, 'H', '', 60, 'N', '', 0),
(5848, 'ROOT', 'unsuccessful_attempts_login_customer', 79, 80, 'C', '', 70, 'N', '', 0),
(5849, 'ROOT', 'number_unsuccessful_attempts_customer', 79, 80, 'I', '5', 80, 'N', '', 0),
(5850, 'ROOT', 'login_intervals_customer', 79, 80, 'I', '60', 90, 'N', '', 0),
(5851, 'ROOT', 'time_block_customer', 79, 80, 'I', '24', 100, 'N', '', 0),
(5852, 'ROOT', 'banner_multilang', 81, 82, 'C', 'Y', 0, 'N', '', 0),
(5853, 'ROOT,ULT:VENDOR', 'watermark', 83, 84, 'H', '', 0, 'N', '', 0),
(5854, 'ROOT,ULT:VENDOR', 'watermark_settings', 83, 84, 'E', 'watermark.tpl', 10, 'N', '', 0),
(5855, 'ROOT,ULT:VENDOR', 'apply_to_product', 83, 84, 'H', '', 20, 'N', '', 0),
(5856, 'ROOT,ULT:VENDOR', 'use_for_product_icons', 83, 84, 'C', 'N', 30, 'N', '', 0),
(5857, 'ROOT,ULT:VENDOR', 'use_for_product_detailed', 83, 84, 'C', 'N', 40, 'N', '', 0),
(5858, 'ROOT,ULT:VENDOR', 'apply_to_categories', 83, 84, 'H', '', 50, 'N', '', 0),
(5859, 'ROOT,ULT:VENDOR', 'use_for_category_icons', 83, 84, 'C', 'N', 60, 'N', '', 0),
(5860, 'ROOT,ULT:VENDOR', 'use_for_category_detailed', 83, 84, 'C', 'N', 70, 'N', '', 0),
(5861, 'ROOT,ULT:VENDOR', 'images_access_info', 83, 84, 'O', '', 80, 'N', 'fn_watermarks_images_access_info', 0),
(5862, 'ROOT,STOREFRONT', 'product_posts_per_page', 85, 86, 'I', '10', 0, 'N', '', 0),
(5863, 'ROOT,ULT:VENDOR', 'product_post_approval', 85, 86, 'S', 'any', 10, 'N', '', 0),
(5864, 'ROOT,ULT:VENDOR', 'product_post_ip_check', 85, 86, 'C', 'N', 20, 'N', '', 0),
(5867, 'ROOT,ULT:VENDOR', 'product_discussion_type', 85, 86, 'S', 'D', 50, 'N', '', 0),
(5868, 'ROOT,ULT:VENDOR', 'product_review_after_purchase', 85, 86, 'C', 'Y', 70, 'N', '', 0),
(5869, 'ROOT,STOREFRONT', 'category_posts_per_page', 85, 87, 'I', '10', 0, 'N', '', 0),
(5870, 'ROOT,ULT:VENDOR', 'category_post_approval', 85, 87, 'S', 'any', 10, 'N', '', 0),
(5871, 'ROOT,ULT:VENDOR', 'category_post_ip_check', 85, 87, 'C', 'N', 20, 'N', '', 0),
(5873, 'ROOT,ULT:VENDOR', 'category_discussion_type', 85, 87, 'S', 'D', 40, 'N', '', 0),
(5874, 'ROOT,STOREFRONT', 'order_posts_per_page', 85, 88, 'I', '10', 0, 'N', '', 0),
(5875, 'ROOT,STOREFRONT', 'order_initiate', 85, 88, 'C', 'Y', 10, 'N', '', 0),
(5877, 'ROOT,STOREFRONT', 'page_posts_per_page', 85, 89, 'I', '10', 0, 'N', '', 0),
(5878, 'ROOT,ULT:VENDOR', 'page_post_approval', 85, 89, 'S', 'disabled', 10, 'N', '', 0),
(5879, 'ROOT,ULT:VENDOR', 'page_post_ip_check', 85, 89, 'C', 'N', 20, 'N', '', 0),
(5881, 'ROOT,ULT:VENDOR', 'page_discussion_type', 85, 89, 'S', 'D', 40, 'N', '', 0),
(5883, 'ROOT,STOREFRONT', 'home_page_posts_per_page', 85, 90, 'I', '10', 0, 'N', '', 0),
(5884, 'ROOT,ULT:VENDOR', 'home_page_post_approval', 85, 90, 'S', 'any', 10, 'N', '', 0),
(5885, 'ROOT,ULT:VENDOR', 'home_page_post_ip_check', 85, 90, 'C', 'Y', 20, 'N', '', 0),
(5887, 'ROOT,ULT:VENDOR', 'home_page_testimonials', 85, 90, 'S', 'B', 40, 'N', '', 0),
(5888, 'MVE:ROOT', 'company_discussion_type', 85, 91, 'S', 'D', 0, 'N', '', 0),
(5889, 'MVE:ROOT', 'company_only_buyers', 85, 91, 'C', 'Y', 10, 'N', '', 0),
(5890, 'MVE:ROOT,MVE:STOREFRONT', 'company_posts_per_page', 85, 91, 'I', '10', 20, 'N', '', 0),
(5891, 'MVE:ROOT', 'company_post_approval', 85, 91, 'S', 'any', 30, 'N', '', 0),
(5892, 'MVE:ROOT', 'company_post_ip_check', 85, 91, 'C', 'N', 40, 'N', '', 0),
(5895, 'ROOT,STOREFRONT', 'information', 92, 93, 'H', '', 0, 'N', '', 0),
(5896, 'ROOT,STOREFRONT', 'clear_url', 92, 93, 'O', '', 10, 'N', 'fn_google_sitemap_clear_url_info', 0),
(5897, 'ROOT,STOREFRONT', 'site_setting', 92, 93, 'H', '', 20, 'N', '', 0),
(5898, 'ROOT,STOREFRONT', 'site_change', 92, 93, 'S', 'daily', 30, 'N', '', 0),
(5899, 'ROOT,STOREFRONT', 'site_priority', 92, 93, 'S', '1', 40, 'N', '', 0),
(5900, 'ROOT,STOREFRONT', 'products_setting', 92, 93, 'H', '', 50, 'N', '', 0),
(5901, 'ROOT,STOREFRONT', 'include_products', 92, 93, 'C', 'Y', 60, 'N', '', 0),
(5902, 'ROOT,STOREFRONT', 'products_change', 92, 93, 'S', 'daily', 70, 'N', '', 0),
(5903, 'ROOT,STOREFRONT', 'products_priority', 92, 93, 'S', '0.5', 80, 'N', '', 0),
(5904, 'ROOT,STOREFRONT', 'categories_setting', 92, 93, 'H', '', 90, 'N', '', 0),
(5905, 'ROOT,STOREFRONT', 'include_categories', 92, 93, 'C', 'Y', 100, 'N', '', 0),
(5906, 'ROOT,STOREFRONT', 'categories_change', 92, 93, 'S', 'daily', 110, 'N', '', 0),
(5907, 'ROOT,STOREFRONT', 'categories_priority', 92, 93, 'S', '0.5', 120, 'N', '', 0),
(5908, 'ROOT,STOREFRONT', 'pages_setting', 92, 93, 'H', '', 130, 'N', '', 0),
(5909, 'ROOT,STOREFRONT', 'include_pages', 92, 93, 'C', 'Y', 140, 'N', '', 0),
(5910, 'ROOT,STOREFRONT', 'pages_change', 92, 93, 'S', 'daily', 150, 'N', '', 0),
(5911, 'ROOT,STOREFRONT', 'pages_priority', 92, 93, 'S', '0.5', 160, 'N', '', 0),
(5912, 'ROOT,STOREFRONT', 'extended_setting', 92, 93, 'H', '', 170, 'N', '', 0),
(5913, 'ROOT,STOREFRONT', 'include_extended', 92, 93, 'C', 'Y', 180, 'N', '', 0),
(5914, 'ROOT,STOREFRONT', 'extended_change', 92, 93, 'S', 'daily', 190, 'N', '', 0),
(5915, 'ROOT,STOREFRONT', 'extended_priority', 92, 93, 'S', '0.5', 200, 'N', '', 0),
(5916, 'MVE:ROOT,MVE:STOREFRONT', 'companies_setting', 92, 93, 'H', '', 210, 'N', '', 0),
(5917, 'MVE:ROOT,MVE:STOREFRONT', 'include_companies', 92, 93, 'C', 'Y', 220, 'N', '', 0),
(5918, 'MVE:ROOT,MVE:STOREFRONT', 'companies_change', 92, 93, 'S', 'daily', 230, 'N', '', 0),
(5919, 'MVE:ROOT,MVE:STOREFRONT', 'companies_priority', 92, 93, 'S', '0.5', 240, 'N', '', 0),
(5920, 'ROOT,STOREFRONT', 'cz_animation_time', 94, 95, 'I', '200', 0, 'N', '', 0),
(5921, 'ROOT,STOREFRONT', 'cz_zoom_position', 94, 95, 'S', '3', 10, 'N', '', 0),
(5922, 'ROOT', 'cron_password', 96, 97, 'I', 'MYPASS', 0, 'N', '', 0),
(5923, 'ROOT,STOREFRONT', 'price_list_info', 98, 99, 'O', '', 0, 'N', 'fn_price_list_info', 0),
(5924, 'ROOT,ULT:VENDOR', 'price_list_fields', 98, 99, 'B', '#M#=Y&product_code=Y&product=Y&amount=Y&price=Y', 10, 'N', '', 0),
(5925, 'ROOT,ULT:VENDOR', 'price_list_sorting', 98, 99, 'S', 'product', 20, 'N', '', 0),
(5926, 'ROOT,ULT:VENDOR', 'group_by_category', 98, 99, 'C', 'Y', 30, 'N', '', 0),
(5927, 'ROOT,ULT:VENDOR', 'include_options', 98, 99, 'C', 'N', 40, 'N', '', 0),
(5928, 'ROOT,STOREFRONT', 'icons_pack', 100, 101, 'S', 'flat_24x24', 0, 'N', '', 0),
(5929, 'ROOT,ULT:VENDOR', 'autogen_email', 100, 101, 'C', 'N', 10, 'N', '', 0),
(5930, 'ROOT,STOREFRONT', 'main_store_mode', 102, 103, 'R', 'catalog', 0, 'N', '', 0),
(5931, 'ROOT,STOREFRONT', 'add_to_cart_empty_buy_now_url', 102, 103, 'C', 'N', 10, 'N', '', 0),
(5932, 'ROOT', 'general_info', 104, 105, 'O', '', 0, 'N', 'fn_janrain_generate_info', 0),
(5933, 'ROOT', 'apikey', 104, 105, 'I', '', 10, 'N', '', 0),
(5934, 'ROOT', 'appdomain', 104, 105, 'I', '', 20, 'N', '', 0),
(5937, 'ROOT', 'settings_template', 106, 107, 'E', 'settings.tpl', 20, 'N', '', 0),
(5938, 'ROOT', 'default_vendor_usesrgroup', 108, 109, 'S', '5', 0, 'N', '', 0),
(5941, 'ROOT,ULT:VENDOR', 'code', 112, 113, 'D', 'ABA-CPVKjegvmMulK69CheC63', 0, 'N', '', 0),
(5942, 'ROOT,ULT:VENDOR', 'build', 112, 113, 'D', '693', 10, 'N', '', 0),
(5943, 'ROOT,ULT:VENDOR', 'code', 114, 115, 'D', 'ABA-uWthuKk6wJChVLfxkfuXN', 0, 'N', '', 0),
(5944, 'ROOT,ULT:VENDOR', 'build', 114, 115, 'D', '690', 10, 'N', '', 0),
(5945, 'ROOT,ULT:VENDOR', 'cron_key', 116, 117, '', '0E5Z3t9i1j9h3f3', 0, 'N', '', 0),
(5946, 'ROOT,ULT:VENDOR', 'item_nth', 116, 117, 'I', '7', 10, 'N', '', 0),
(5947, 'ROOT,ULT:VENDOR', 'decrease_items_per_page', 116, 117, 'C', 'Y', 20, 'N', '', 0),
(5948, 'ROOT,ULT:VENDOR', 'code', 116, 117, 'D', 'ABA-eaHwpo5Edrao61gzaw6Bu', 30, 'N', '', 0),
(5949, 'ROOT,ULT:VENDOR', 'build', 116, 117, 'D', '640', 40, 'N', '', 0),
(5950, 'ROOT,ULT:VENDOR', 'description_type', 118, 119, 'S', 'html', 0, 'N', '', 0),
(5951, 'ROOT,ULT:VENDOR', 'use_additional_categories', 118, 119, 'C', 'N', 10, 'N', '', 0),
(5952, 'ROOT,ULT:VENDOR', 'save_element_state', 118, 119, 'C', 'N', 20, 'N', '', 0),
(5953, 'ROOT,ULT:VENDOR', 'bg_color', 118, 119, 'D', '#ffffff', 30, 'N', '', 0),
(5954, 'ROOT,ULT:VENDOR', 'code', 118, 119, 'D', 'ABA-zCpj7zDrzxErRRAeN9JsB', 40, 'N', '', 0),
(5955, 'ROOT,ULT:VENDOR', 'build', 118, 119, 'D', '665', 50, 'N', '', 0),
(5956, 'ROOT,ULT:VENDOR', 'template_variant', 118, 120, 'S', 'vertical_tabs', 0, 'N', '', 0),
(5957, 'ROOT,ULT:VENDOR', 'appearance_type_styles', 118, 120, 'S', 'fill', 10, 'N', '', 0),
(5958, 'ROOT,ULT:VENDOR', 'bg_color_template', 118, 120, 'E', 'color.tpl', 20, 'N', '', 0),
(5959, 'ROOT,ULT:VENDOR', 'use_style_presets', 118, 120, 'C', 'Y', 30, 'N', '', 0),
(5960, 'ROOT,ULT:VENDOR', 'display_attached_mb_items_on_cat_page', 118, 121, 'C', 'N', 0, 'N', '', 0),
(5961, 'ROOT,ULT:VENDOR', 'code', 122, 123, 'D', 'ABA-K27MPjVrlvm5huncvvFiZ', 0, 'N', '', 0),
(5962, 'ROOT,ULT:VENDOR', 'build', 122, 123, 'D', '666', 10, 'N', '', 0),
(5963, 'ROOT,ULT:VENDOR', 'position', 124, 125, 'S', 'post', 0, 'N', '', 0),
(5964, 'ROOT,ULT:VENDOR', 'show_in_lists', 124, 125, 'C', 'Y', 10, 'N', '', 0),
(5965, 'ROOT,ULT:VENDOR', 'on_thumbnail_click', 124, 125, 'S', 'open_popup', 20, 'N', '', 0),
(5966, 'ROOT,ULT:VENDOR', 'controls', 124, 125, 'C', 'N', 30, 'N', '', 0),
(5967, 'ROOT,ULT:VENDOR', 'repeat', 124, 125, 'C', 'N', 40, 'N', '', 0),
(5968, 'ROOT,ULT:VENDOR', 'th_size', 124, 125, 'I', '50', 50, 'N', '', 0),
(5969, 'ROOT,ULT:VENDOR', 'cycle', 124, 125, 'C', 'Y', 60, 'N', '', 0),
(5970, 'ROOT,ULT:VENDOR', 'vertical', 124, 125, 'C', 'Y', 70, 'N', '', 0),
(5971, 'ROOT,ULT:VENDOR', 'code', 124, 125, 'D', 'ABA-Xcl3VaDyWkjfb7jwr4Yy0', 80, 'N', '', 0),
(5972, 'ROOT,ULT:VENDOR', 'build', 124, 125, 'D', '671', 90, 'N', '', 0),
(5973, 'ROOT,ULT:VENDOR', 'position', 126, 127, 'S', 'bottom_right', 0, 'N', '', 0),
(5974, 'ROOT,ULT:VENDOR', 'transition', 126, 127, 'I', '600', 10, 'N', '', 0),
(5975, 'ROOT,ULT:VENDOR', 'icon', 126, 127, 'S', 'arrow_9', 20, 'N', '', 0),
(5976, 'ROOT,ULT:VENDOR', 'margin_top', 126, 127, 'I', '0', 30, 'N', '', 0),
(5977, 'ROOT,ULT:VENDOR', 'margin_right', 126, 127, 'I', '10', 40, 'N', '', 0),
(5978, 'ROOT,ULT:VENDOR', 'margin_bottom', 126, 127, 'I', '10', 50, 'N', '', 0),
(5979, 'ROOT,ULT:VENDOR', 'margin_left', 126, 127, 'I', '0', 60, 'N', '', 0),
(5980, 'ROOT,ULT:VENDOR', 'font_size', 126, 127, 'I', '64', 70, 'N', '', 0),
(5981, 'ROOT,ULT:VENDOR', 'units', 126, 127, 'S', 'px', 80, 'N', '', 0),
(5982, 'ROOT,ULT:VENDOR', 'font_weight', 126, 127, 'S', 'normal', 90, 'N', '', 0),
(5983, 'ROOT,ULT:VENDOR', 'color', 126, 127, 'E', 'color.tpl', 100, 'N', '', 0),
(5984, 'ROOT,ULT:VENDOR', 'hide_on_mobile', 126, 127, 'C', 'Y', 110, 'N', '', 0),
(5985, 'ROOT,ULT:VENDOR', 'show_in_admin_panel', 126, 127, 'C', 'N', 120, 'N', '', 0),
(5986, 'ROOT,ULT:VENDOR', 'ab__stt_color', 126, 127, 'D', '#ffc014', 130, 'N', '', 0),
(5987, 'ROOT,ULT:VENDOR', 'code', 126, 127, 'D', 'ABA-HVyW6ZyKJj44nDrkXWq9p', 140, 'N', '', 0),
(5988, 'ROOT,ULT:VENDOR', 'build', 126, 127, 'D', '602', 150, 'N', '', 0),
(5989, 'ROOT,ULT:VENDOR', 'show_on_homepage', 128, 129, 'C', 'Y', 0, 'N', '', 0),
(5990, 'ROOT,ULT:VENDOR', 'show_on_category_page', 128, 129, 'C', 'Y', 10, 'N', '', 0),
(5991, 'ROOT,ULT:VENDOR', 'show_on_product_page', 128, 129, 'C', 'Y', 20, 'N', '', 0),
(5992, 'ROOT,ULT:VENDOR', 'show_on_cart_page', 128, 129, 'C', 'Y', 30, 'N', '', 0),
(5993, 'ROOT,ULT:VENDOR', 'show_on_checkout_page', 128, 129, 'C', 'Y', 40, 'N', '', 0),
(5994, 'ROOT,ULT:VENDOR', 'shuffle', 128, 129, 'C', 'Y', 50, 'N', '', 0),
(5995, 'ROOT,ULT:VENDOR', 'code', 128, 129, 'D', 'ABA-qcW6ZBqL6KEp9Y51aCA8K', 60, 'N', '', 0),
(5996, 'ROOT,ULT:VENDOR', 'build', 128, 129, 'D', '638', 70, 'N', '', 0),
(5997, 'ROOT,ULT:VENDOR', 'code', 130, 131, 'D', 'ABA-455qK6nhJ3Bhr7Ft5rilE', 0, 'N', '', 0),
(5998, 'ROOT,ULT:VENDOR', 'build', 130, 131, 'D', '619', 10, 'N', '', 0),
(5999, 'ROOT,ULT:VENDOR', 'add_catalog_to_breadcrumbs', 130, 131, 'C', 'N', 20, 'N', '', 0),
(6000, 'ROOT,ULT:VENDOR', 'maximum_number_of_displayed_items', 130, 131, 'I', '5', 30, 'N', '', 0),
(6001, 'ROOT,ULT:VENDOR', 'catalog_menu', 130, 131, 'I', '0', 40, 'N', '', 0),
(6002, 'ROOT,ULT:VENDOR', 'show_category_tree', 130, 131, 'C', 'N', 50, 'N', '', 0),
(6003, 'ROOT,ULT:VENDOR', 'link', 130, 131, 'O', '', 60, 'N', 'fn_ab__lc_link', 0),
(6004, 'ROOT,ULT:VENDOR', 'ab__as', 130, 131, 'H', '', 70, 'N', '', 0),
(6005, 'ROOT,ULT:VENDOR', 'ab__as_add_to_sitemap', 130, 131, 'C', 'Y', 80, 'N', '', 0),
(6006, 'ROOT,ULT:VENDOR', 'code', 132, 133, 'D', 'ABA-6lkCD2YL2xxrJn4Dla0px', 0, 'N', '', 0),
(6007, 'ROOT,ULT:VENDOR', 'build', 132, 133, 'D', '630', 10, 'N', '', 0),
(6008, 'ROOT,ULT:VENDOR', 'max_height', 132, 133, '', '250', 20, 'N', '', 0),
(6009, 'ROOT,ULT:VENDOR', 'hide_in_product', 132, 133, 'C', 'Y', 30, 'N', '', 0),
(6010, 'ROOT,ULT:VENDOR', 'hide_in_category', 132, 133, 'C', 'Y', 40, 'N', '', 0),
(6011, 'ROOT,ULT:VENDOR', 'hide_in_brand', 132, 133, 'C', 'Y', 50, 'N', '', 0),
(6012, 'ROOT,ULT:VENDOR', 'selectors', 132, 133, 'I', '', 60, 'N', '', 0),
(6013, 'ROOT,ULT:VENDOR', 'transition', 132, 133, 'S', '10', 70, 'N', '', 0),
(6014, 'ROOT,ULT:VENDOR', 'align', 132, 133, 'S', 'left', 80, 'N', '', 0),
(6015, 'ROOT,ULT:VENDOR', 'appearance', 132, 133, 'S', 'text', 90, 'N', '', 0),
(6016, 'ROOT,ULT:VENDOR', 'show_button_after_action', 132, 133, 'C', 'N', 100, 'N', '', 0),
(6017, 'ROOT,ULT:VENDOR', 'custom_class', 132, 133, 'I', 'ab-smc', 110, 'N', '', 0),
(6018, 'ROOT,ULT:VENDOR', 'count_to', 134, 135, 'S', 'day_end', 0, 'N', '', 0),
(6019, 'ROOT,ULT:VENDOR', 'max_height', 134, 135, 'I', '250', 10, 'N', '', 0),
(6020, 'ROOT,ULT:VENDOR', 'promotions_per_page', 134, 135, 'I', '12', 20, 'N', '', 0),
(6021, 'ROOT,ULT:VENDOR', 'chains_per_page', 134, 135, 'I', '3', 30, 'N', '', 0),
(6022, 'ROOT,ULT:VENDOR', 'highlight_when_left', 134, 135, 'S', '1', 40, 'N', '', 0),
(6024, 'ROOT,ULT:VENDOR', 'ab__show_expired_promos', 134, 135, 'C', 'Y', 60, 'N', '', 0),
(6025, 'ROOT,ULT:VENDOR', 'ab__show_awaited_promos', 134, 135, 'C', 'Y', 70, 'N', '', 0),
(6026, 'ROOT,ULT:VENDOR', 'ab__as', 134, 135, 'H', '', 80, 'N', '', 0),
(6027, 'ROOT,ULT:VENDOR', 'ab__as_add_to_sitemap', 134, 135, 'C', 'Y', 90, 'N', '', 0),
(6028, 'ROOT,ULT:VENDOR', 'code', 134, 135, 'D', 'ABA-nVAnviebK1crnc8nXpXti', 100, 'N', '', 0),
(6029, 'ROOT,ULT:VENDOR', 'build', 134, 135, 'D', '641', 110, 'N', '', 0),
(6030, 'ROOT', 'backend_google_warning', 136, 137, 'E', 'warning.tpl', 0, 'N', '', 0),
(6031, 'ROOT', 'credentials', 136, 137, 'H', '', 10, 'N', '', 0),
(6032, 'ROOT', 'backend_google_auth_info', 136, 137, 'E', 'credentials.tpl', 20, 'N', '', 0),
(6033, 'ROOT', 'backend_google_auth_client_id', 136, 137, 'I', '', 30, 'N', '', 0),
(6034, 'ROOT', 'backend_google_auth_client_secret', 136, 137, 'I', '', 40, 'N', '', 0),
(6035, 'ROOT', 'backend_google_auth_check', 136, 137, 'E', 'check.tpl', 50, 'N', '', 0),
(6036, 'ROOT,STOREFRONT', 'display_supplier', 138, 139, 'C', 'Y', 0, 'N', '', 0),
(6037, 'ROOT,STOREFRONT', 'display_shipping_methods_separately', 138, 139, 'C', 'Y', 10, 'N', '', 0),
(6038, 'ROOT', 'allow_vendors_to_create_products', 140, 141, 'C', 'Y', 0, 'N', '', 0),
(6053, 'ROOT,STOREFRONT', 'config', 146, 147, 'E', 'config.tpl', 0, 'N', '', 0);
INSERT INTO `partiushop_settings_objects` (`object_id`, `edition_type`, `name`, `section_id`, `section_tab_id`, `type`, `value`, `position`, `is_global`, `handler`, `parent_id`) VALUES
(6054, 'ROOT,STOREFRONT', 'config_data', 146, 147, 'D', '{\"app_settings\":{\"utility\":{\"shopName\":\"Partiu Shop\",\"pushNotifications\":\"1\",\"fcmApiKey\":\"\"},\"build\":{\"appName\":\"Partiu.Shop\",\"appShortDescription\":\"Comprar e Vender nunca foi t\\u00e3o f\\u00e1cil!\",\"appFullDescription\":\"Comprar e Vender nunca foi t\\u00e3o f\\u00e1cil!\",\"supportEmail\":\"admin@partiushop.com.br\",\"privacyPolicyUrl\":\"fastcore.com.br\"},\"apple_pay\":{\"applePay\":\"off\",\"applePayMerchantIdentifier\":\"\",\"applePayMerchantName\":\"\"},\"google_pay\":{\"googlePay\":\"off\",\"googlePayApiKey\":\"\"}},\"app_appearance\":{\"colors\":{\"categories\":{\"categoriesBackgroundColor\":{\"value\":\"#f3f3f3\",\"type\":\"color\",\"name\":\"Background\",\"description\":\"The background color of the block with categories.\"},\"categoriesHeaderColor\":{\"value\":\"#ffaa00\",\"type\":\"color\",\"name\":\"Block title color\",\"description\":\"Affects the titles of all blocks, not just the one with categories.\"},\"categoryBlockBackgroundColor\":{\"value\":\"#017dc7\",\"type\":\"color\",\"name\":\"Card background\",\"description\":\"The background color of category cards.\"},\"categoryBlockTextColor\":{\"value\":\"#ffffff\",\"type\":\"color\",\"name\":\"Card text\",\"description\":\"The color of text in a category card.\"},\"categoryBorderRadius\":{\"value\":\"4\",\"type\":\"number\",\"name\":\"Card corners radius\",\"description\":\"Determines how rounded the corners of a category card will be.\"}},\"navbar\":{\"statusBarColor\":{\"value\":\"#c1c1c1\",\"type\":\"color\",\"name\":\"Status bar color\",\"description\":\"The color of the system status bar; affects Android devices only.\"},\"navBarBackgroundColor\":{\"value\":\"#017dc7\",\"type\":\"color\",\"name\":\"Background\",\"description\":\"The background color of the navigation bar.\"},\"navBarButtonColor\":{\"value\":\"#ffaa00\",\"type\":\"color\",\"name\":\"Icon color\",\"description\":\"The color of icons in the navigation bar.\"},\"navBarTextColor\":{\"value\":\"#ffffff\",\"type\":\"color\",\"name\":\"Text color\",\"description\":\"The color of text in the navigation bar.\"},\"screenBackgroundColor\":{\"value\":\"#fff\",\"type\":\"color\",\"name\":\"Screen background\",\"description\":\"The common background color of all screens in the app.\"},\"navBarTitleFontSize\":{\"value\":\"16\",\"type\":\"number\",\"name\":\"Title text size\",\"description\":\"The size of the title text.\"}},\"product_screen\":{\"buttonBackgroundColor\":{\"value\":\"#017dc7\",\"type\":\"color\",\"name\":\"Primary CTA button\",\"description\":\"The background color of the primary CTA button (such as \'Add to Cart\').\"},\"buttonWithBackgroundTextColor\":{\"value\":\"#fff\",\"type\":\"color\",\"name\":\"CTA text color\",\"description\":\"The text color of both primary and secondary CTA buttons.\"},\"buttonWithoutBackgroundTextColor\":{\"value\":\"#017dc7\",\"type\":\"color\",\"name\":\"Secondary action text\",\"description\":\"The color of sorting and filter links, etc.\"},\"ratingStarsColor\":{\"value\":\"#EAA944\",\"type\":\"color\",\"name\":\"Rating stars color\",\"description\":\"The color of the rating icons (stars).\"},\"discussionMessageColor\":{\"value\":\"#808080\",\"type\":\"color\",\"name\":\"Text color\",\"description\":\"Affects product descriptions, discussions, and other texts at the product screen.\"},\"darkColor\":{\"value\":\"#242424\",\"type\":\"color\",\"name\":\"Product name\",\"description\":\"Determines color of product name and product price\"},\"grayColor\":{\"value\":\"#FAFAFA\",\"type\":\"color\",\"name\":\"Tabs background\",\"description\":\"\"},\"mediumGrayColor\":{\"value\":\"#B8B8B8\",\"type\":\"color\",\"name\":\"Options border color\",\"description\":\"\"},\"categoryEmptyImage\":{\"value\":\"#989898\",\"type\":\"color\",\"name\":\"\\\"Add image\\\" button\",\"description\":\"The color of the \\\"plus\\\" button for adding a product image.\"}},\"other\":{\"successColor\":{\"value\":\"#7DCFB6\",\"type\":\"color\",\"name\":\"Success color\",\"description\":\"The background color of a pop-up notification about a successful action.\"},\"infoColor\":{\"value\":\"#FCEADE\",\"type\":\"color\",\"name\":\"Info color\",\"description\":\"The background color of a pop-up notification with information.\"},\"dangerColor\":{\"value\":\"#D9534F\",\"type\":\"color\",\"name\":\"Error color\",\"description\":\"The background color of a pop-up notification about an error.\"},\"borderRadius\":{\"value\":\"4\",\"type\":\"number\",\"name\":\"Border radius\",\"description\":\"Determines how rounded the corners of product borders will be.\"},\"productDiscountColor\":{\"value\":\"#EAA944\",\"type\":\"color\",\"name\":\"Discount badge\",\"description\":\"The background color of a badge with the amount of product discount.\"},\"productBorderColor\":{\"value\":\"#FFF\",\"type\":\"color\",\"name\":\"Product border\",\"description\":\"The color of a thin border around products on product lists.\"},\"pushNotificationsColor\":{\"value\":\"#26323e\",\"type\":\"color\",\"name\":\"Push notifications color\",\"description\":\"Color of push notifications.\"},\"dotsSwiperColor\":{\"value\":\"#0085FE\",\"type\":\"color\",\"name\":\"Image slider bullets\",\"description\":\"The color of bullets in image galleries.\"}},\"bottom_tabs\":{\"bottomTabsBackgroundColor\":{\"value\":\"#fff\",\"type\":\"color\",\"name\":\"Background color\",\"description\":\"Background color.\"},\"bottomTabsTextColor\":{\"value\":\"#888888\",\"type\":\"color\",\"name\":\"Text color\",\"description\":\"Text color.\"},\"bottomTabsSelectedTextColor\":{\"value\":\"#000\",\"type\":\"color\",\"name\":\"Selected text color\",\"description\":\"Selected text color.\"},\"bottomTabsIconColor\":{\"value\":\"#888888\",\"type\":\"color\",\"name\":\"Icon color\",\"description\":\"Icon color.\"},\"bottomTabsSelectedIconColor\":{\"value\":\"#000\",\"type\":\"color\",\"name\":\"Selected icon color\",\"description\":\"Selected icon color.\"},\"bottomTabsPrimaryBadgeColor\":{\"value\":\"#FD542A\",\"type\":\"color\",\"name\":\"Primary badge color\",\"description\":\"Color of the icon with the number of products.\"}},\"profile\":{\"menuItemsBorderColor\":{\"value\":\"#D6D6D6\",\"type\":\"color\",\"name\":\"Border color\",\"description\":\"Border color for menu items.\"},\"menuIconsColor\":{\"value\":\"#D3D3D3\",\"type\":\"color\",\"name\":\"Menu icons color\",\"description\":\"Menu icons color.\"},\"menuTextColor\":{\"value\":\"#424040\",\"type\":\"color\",\"name\":\"Menu text color\",\"description\":\"Menu text color.\"}}}},\"modified_time\":1645797466}', 10, 'N', '', 0),
(6055, 'ROOT', 'some_prop', 148, 149, 'I', 'Hello World!', 0, 'N', '', 0),
(6056, 'ROOT', 'some_dropdown', 148, 149, 'S', 'blue', 10, 'N', '', 0),
(6057, 'ROOT', 'redesk_url', 150, 151, 'I', '', 0, 'N', '', 0),
(6058, 'ROOT', 'api_key', 150, 151, 'I', '', 10, 'N', '', 0),
(6059, 'ROOT', 'allow_order_page', 150, 151, 'C', 'Y', 20, 'N', '', 0),
(6060, 'ROOT', 'allow_product_page', 150, 151, 'C', 'Y', 30, 'N', '', 0),
(6061, 'ROOT', 'information', 150, 151, 'H', '', 40, 'N', '', 0),
(6062, 'ROOT', 'contact_form', 150, 151, 'O', '', 50, 'N', 'fn_redesk_connection_multivendor_contact_form_info', 0),
(6063, 'ROOT,ULT:VENDOR', 'use_for_re_desk', 11, 0, 'C', NULL, 200, 'Y', '', 0),
(6064, 'ROOT', 'uvdesk_access_token', 152, 153, '', '962F38259CB38F008425214C71D906A887585962F38259CB38F008425214C71D906A8', 0, 'N', '', 0),
(6065, 'ROOT', 'uvdesk_comany_domain', 152, 153, '', 'partiushop', 10, 'N', '', 0),
(6066, 'ROOT,ULT:VENDOR', 'agile_info', 154, 155, 'H', '', 0, 'N', '', 0),
(6067, 'ROOT,ULT:VENDOR', 'agile_account_ask_info', 154, 155, 'O', '', 10, 'N', 'fn_agilecrm_settings_account_info', 0),
(6068, 'ROOT,ULT:VENDOR', 'agile_domain', 154, 155, 'I', 'https://partiushop.agilecrm.com', 20, 'N', '', 0),
(6069, 'ROOT,ULT:VENDOR', 'agile_email', 154, 155, 'I', 'eantunes@fastcore.com.br', 30, 'N', '', 0),
(6070, 'ROOT,ULT:VENDOR', 'agile_rest_api_key', 154, 155, 'I', 'ske1p3a1q8l01p8f5gfnrrfkme', 40, 'N', '', 0),
(6071, 'ROOT,ULT:VENDOR', 'validate', 154, 155, 'E', 'validate.tpl', 50, 'N', '', 0),
(6072, 'ROOT,ULT:VENDOR', 'agile_settings', 154, 155, 'H', '', 60, 'N', '', 0),
(6073, 'ROOT,ULT:VENDOR', 'sync_contacts', 154, 155, 'C', 'Y', 70, 'N', '', 0),
(6074, 'ROOT,ULT:VENDOR', 'sync_orders', 154, 155, 'C', 'Y', 80, 'N', '', 0),
(6075, 'ROOT,ULT:VENDOR', 'web_rules', 154, 155, 'C', 'Y', 90, 'N', '', 0),
(6076, 'ROOT,ULT:VENDOR', 'web_stats', 154, 155, 'C', 'Y', 100, 'N', '', 0),
(6077, 'ROOT,ULT:VENDOR', 'import_customers', 154, 155, 'C', 'Y', 110, 'N', '', 0),
(6078, 'ROOT,ULT:VENDOR', 'livechat_version', 156, 157, 'D', '1.3.0', 0, 'N', '', 0),
(6079, 'ROOT,ULT:VENDOR', 'livechat_sso', 156, 157, 'E', 'sso.tpl', 10, 'N', '', 0),
(6080, 'ROOT,ULT:VENDOR', 'livechat_license', 156, 157, 'I', '11961765', 20, 'N', '', 0),
(6081, 'ROOT,ULT:VENDOR', 'livechat_login', 156, 157, 'I', 'eantunes@fastcore.com.br', 30, 'N', '', 0),
(6082, 'ROOT,ULT:VENDOR', 'livechat_cart', 156, 157, 'S', '30000', 40, 'N', '', 0),
(6083, 'ROOT,ULT:VENDOR', 'livechat_hide_on_mobile', 156, 157, 'C', 'N', 50, 'N', '', 0),
(6084, 'ROOT,ULT:VENDOR', 'livechat_sso_footer', 156, 157, 'E', 'sso_footer.tpl', 60, 'N', '', 0),
(6085, 'ROOT,ULT:VENDOR', 'add_default', 128, 129, 'C', 'N', 50, 'N', '', 0),
(6086, 'ROOT,ULT:VENDOR', 'delay', 128, 129, 'S', '0', 60, 'N', '', 0),
(6417, 'ROOT,ULT:VENDOR', 'rees46_info_header', 224, 225, 'H', '', 0, 'N', '', 0),
(6418, 'ROOT,ULT:VENDOR', 'rees46_info', 224, 225, 'O', '', 10, 'N', 'fn_rees46_generate_info', 0),
(6419, 'ROOT,ULT:VENDOR', 'rees46_settings_header', 224, 225, 'H', '', 20, 'N', '', 0),
(6420, 'ROOT,ULT:VENDOR', 'shop_id', 224, 225, 'I', '0ebc9b078fcfd68b94fe6b9053fec6	', 30, 'N', '', 0),
(6421, 'ROOT,ULT:VENDOR', 'shop_secret', 224, 225, 'I', 'b372e235114556116387165edd9f6a5b', 40, 'N', '', 0),
(6422, 'ROOT,ULT:VENDOR', 'instant_search', 224, 225, 'C', 'Y', 50, 'N', '', 0),
(6423, 'ROOT,ULT:VENDOR', 'auto_order_sync', 224, 225, 'C', 'Y', 60, 'N', '', 0),
(6424, 'ROOT,ULT:VENDOR', 'modification', 224, 225, 'S', 'none', 70, 'N', '', 0),
(6425, 'ROOT,ULT:VENDOR', 'rees46_yml_header', 224, 225, 'H', '', 80, 'N', '', 0),
(6426, 'ROOT,ULT:VENDOR', 'rees46_yml', 224, 225, 'O', '', 90, 'N', 'fn_rees46_yml_url', 0),
(6427, 'ROOT,ULT:VENDOR', 'rees46_orders_header', 224, 225, 'H', '', 100, 'N', '', 0),
(6428, 'ROOT,ULT:VENDOR', 'rees46_orders', 224, 225, 'O', '', 110, 'N', 'fn_rees46_generate_orders', 0),
(6429, 'ROOT,ULT:VENDOR', 'rees46_docs_header', 224, 225, 'H', '', 120, 'N', '', 0),
(6430, 'ROOT,ULT:VENDOR', 'rees46_docs', 224, 225, 'O', '', 130, 'N', 'fn_rees46_generate_docs', 0),
(6431, 'ROOT,ULT:VENDOR', 'rees46_statistics_header', 224, 225, 'H', '', 140, 'N', '', 0),
(6432, 'ROOT,ULT:VENDOR', 'rees46_statistics', 224, 225, 'O', '', 150, 'N', 'fn_rees46_generate_statistics', 0),
(6433, 'MVE:ROOT', 'enable_call_requests_for_vendors', 73, 74, 'C', 'N', 55, 'N', '', 0),
(6434, 'ROOT,ULT:VENDOR', 'enable_microdata', 124, 125, 'C', 'Y', 80, 'N', '', 0),
(6435, 'ROOT,ULT:VENDOR', 'amount_of_promos_in_prods_lists', 134, 135, 'S', '0', 50, 'N', '', 0),
(6436, 'ROOT,ULT:VENDOR', 'load_by_ajax', 122, 123, 'C', 'Y', 0, 'N', '', 0),
(6437, 'ROOT,ULT:VENDOR', 'add_watermarks', 122, 123, 'C', 'N', 10, 'N', '', 0),
(6520, 'ROOT', 'api_key', 246, 247, 'I', '', 0, 'N', '', 0),
(6521, 'ROOT', 'start_search_radius', 246, 247, 'I', '10', 10, 'N', '', 0),
(6522, 'ROOT', 'max_search_radius', 246, 247, 'I', '700', 20, 'N', '', 0),
(6523, 'ROOT', 'distance_unit', 246, 247, 'S', 'km', 30, 'N', '', 0),
(6524, 'ROOT', 'filter_by', 246, 247, 'S', 'none', 40, 'N', '', 0),
(7251, 'ROOT,VENDOR', 'show_subscription', 483, 484, 'C', 'Y', 0, 'N', '', 0),
(7252, 'ROOT,VENDOR', 'code', 483, 484, 'D', 'ABM-Z0LBwwWl2c2hvMf1iMbfv', 10, 'N', '', 0),
(7253, 'ROOT,VENDOR', 'build', 483, 484, 'D', '872', 20, 'N', '', 0),
(7254, 'MVE:ROOT', 'vendor_to_customer_communication', 42, 43, 'C', 'Y', 0, 'N', '', 0),
(7255, 'MVE:ROOT', 'vendor_to_admin_communication', 42, 43, 'C', 'Y', 10, 'N', '', 0),
(7256, 'ROOT,STOREFRONT', 'show_unavailable_shipping_methods', 6, 0, 'C', 'N', 390, 'Y', '', 0),
(7257, 'ROOT,STOREFRONT', 'recaptcha_v2_settings', 57, 58, 'H', '', 5, 'N', '', 0),
(7258, 'ROOT', 'recaptcha_v3_settings', 57, 58, 'H', '', 51, 'N', '', 0),
(7259, 'ROOT', 'recaptcha_v3_site_key', 57, 58, 'I', '', 52, 'N', '', 0),
(7260, 'ROOT', 'recaptcha_v3_secret', 57, 58, 'I', '', 53, 'N', '', 0),
(7261, 'ROOT', 'recaptcha_v3_success_score', 57, 58, 'I', '0.5', 54, 'N', '', 0),
(7262, 'ROOT,STOREFRONT', 'use_for_settings', 57, 58, 'H', '', 55, 'N', '', 0),
(7263, 'ROOT,STOREFRONT', 'recaptcha_use_for_value', 57, 58, 'D', '', 56, 'N', '', 0),
(7264, 'ROOT,STOREFRONT', 'recaptcha_use_for', 57, 58, 'E', 'use_for_settings.tpl', 57, 'N', '', 0),
(7265, 'ROOT,STOREFRONT', 'variations_show_all_possible_feature_variants', 55, 56, 'C', 'N', 400, 'N', '', 0),
(7266, 'ROOT', 'allow_vendor_manage_features', 16, 0, 'C', 'N', 160, 'Y', '', 0),
(7267, 'ROOT,STOREFRONT', 'product_variant_mini_icon_width', 9, 0, 'U', '70', 171, 'Y', '', 0),
(7268, 'ROOT,STOREFRONT', 'product_variant_mini_icon_height', 9, 0, 'U', '70', 172, 'Y', '', 0),
(7269, 'ROOT', 'default_lowers_allowed_balance', 106, 107, 'I', '0', 0, 'N', '', 0),
(7270, 'ROOT', 'default_grace_period_to_refill_balance', 106, 107, 'I', '10', 10, 'N', '', 0),
(7271, 'ROOT', 'global_lowers_allowed_balance', 106, 107, 'I', '0', 20, 'N', '', 0),
(7272, 'ROOT', 'global_grace_period_to_refill_balance', 106, 107, 'I', '10', 30, 'N', '', 0),
(7273, 'ROOT', 'hide_products', 106, 107, 'D', 'Y', 40, 'N', '', 0),
(7274, 'ROOT', 'block_admin_panel', 106, 107, 'D', 'N', 50, 'N', '', 0),
(7275, 'ROOT', 'disable_suspended_vendors', 106, 107, 'D', 'Y', 60, 'N', '', 0),
(7276, 'ROOT', 'days_before_disable', 106, 107, 'D', '90', 70, 'N', '', 0),
(7277, 'ROOT', 'allow_save_attachments_to_server', 486, 487, 'C', 'N', 0, 'N', '', 0),
(7278, 'ROOT,STOREFRONT', 'collect_taxes_from_vendors', 47, 48, 'C', 'N', 25, 'N', '', 0),
(7279, 'ROOT', 'allow_approve_vendors_in_two_steps', 16, 0, 'D', 'Y', 170, 'Y', '', 0),
(7280, 'ROOT', 'default_options_type', 2, 0, 'S', 'P', 157, 'Y', '', 0),
(7281, 'ROOT', 'global_options_type', 2, 0, 'S', NULL, 157, 'Y', '', 0),
(7282, 'ROOT', 'default_exceptions_type', 2, 0, 'S', 'F', 158, 'Y', '', 0),
(7283, 'ROOT', 'global_exceptions_type', 2, 0, 'S', NULL, 158, 'Y', '', 0),
(7284, 'ROOT', 'default_zero_price_action', 6, 0, 'S', 'R', 341, 'Y', '', 0),
(7285, 'ROOT', 'global_zero_price_action', 6, 0, 'S', NULL, 341, 'Y', '', 0),
(7286, 'ROOT', 'default_min_qty', 6, 0, 'I', '0', 342, 'Y', '', 0),
(7287, 'ROOT', 'global_min_qty', 6, 0, 'I', NULL, 342, 'Y', '', 0),
(7288, 'ROOT', 'default_max_qty', 6, 0, 'I', '0', 343, 'Y', '', 0),
(7289, 'ROOT', 'global_max_qty', 6, 0, 'I', NULL, 343, 'Y', '', 0),
(7290, 'ROOT', 'default_qty_step', 6, 0, 'I', '0', 344, 'Y', '', 0),
(7291, 'ROOT', 'global_qty_step', 6, 0, 'I', NULL, 344, 'Y', '', 0),
(7292, 'ROOT', 'default_list_qty_count', 6, 0, 'I', '0', 345, 'Y', '', 0),
(7293, 'ROOT', 'global_list_qty_count', 6, 0, 'I', NULL, 345, 'Y', '', 0),
(7294, 'ROOT,ULT:VENDOR', 'default_tracking', 2, 0, 'C', 'B', 130, 'Y', '', 0),
(7295, 'ROOT,ULT:VENDOR', 'global_tracking', 2, 0, 'C', NULL, 130, 'Y', '', 0),
(7296, 'ROOT,STOREFRONT', 'global_product_details_view', 4, 0, 'S', NULL, 180, 'Y', '', 0),
(7297, 'ROOT,STOREFRONT', 'show_on_order', 42, 485, 'C', 'Y', 30, 'N', '', 0),
(7298, 'ROOT', 'vendors_prior_approval', 44, 45, 'S', 'all', 0, 'N', '', 0),
(7299, 'ROOT', 'service_url', 488, 489, 'D', 'https://converter.cart-services.com', 0, 'N', '', 0),
(7332, 'ROOT,STOREFRONT', 'notice', 498, 499, 'O', '', 0, 'N', 'fn_product_reviews_copy_old_reviews_notice', 0),
(7333, 'ROOT,STOREFRONT', 'reviews_per_page', 498, 499, 'I', '10', 10, 'N', '', 0),
(7334, 'ROOT,STOREFRONT', 'review_approval', 498, 499, 'S', 'any', 20, 'N', '', 0),
(7335, 'ROOT,STOREFRONT', 'review_ip_check', 498, 499, 'C', 'N', 30, 'N', '', 0),
(7336, 'ROOT,ULT:VENDOR', 'review_fields', 498, 499, 'S', 'advanced', 40, 'N', '', 0),
(7337, 'ROOT,STOREFRONT', 'review_after_purchase', 498, 499, 'C', 'N', 50, 'N', '', 0),
(7338, 'ROOT,STOREFRONT', 'review_ask_for_customer_location', 498, 499, 'S', 'none', 60, 'N', '', 0),
(7339, 'ROOT', 'split_reviews_by_storefronts', 498, 499, 'C', 'N', 70, 'N', '', 0),
(7340, 'ROOT,STOREFRONT', 'images_upload_allowed', 498, 499, 'D', 'Y', 80, 'N', '', 0),
(7353, 'ROOT', 'approval_info', 44, 46, 'O', NULL, 30, 'N', 'fn_vendor_data_premoderation_get_approval_info_text', 0),
(7354, 'ROOT', 'preventing_registration_info', 44, 45, 'O', NULL, 30, 'N', 'fn_vendor_data_premoderation_get_preventing_registration_info_text', 0),
(7355, 'ROOT', 'product_variations', 498, 499, 'E', 'product_variations.tpl', 90, 'N', '', 0),
(7356, 'ROOT', 'split_reviews_for_variations_as_separate_products', 498, 499, 'D', 'Y', 100, 'N', '', 0),
(7357, 'ROOT', 'yandex_map', 38, 40, 'E', 'map.tpl', 20, 'N', '', 0),
(7358, 'ROOT', 'google_map', 38, 41, 'E', 'map.tpl', 20, 'N', '', 0),
(7359, 'ROOT,STOREFRONT', 'color_preset', 146, 147, 'D', 'C', 10, 'N', '', 0),
(7411, 'ROOT', 'name', 517, 518, 'I', 'PartiuShop', 0, 'N', '', 0),
(7412, 'ROOT', 'password', 517, 518, 'I', 'yt1sxNDIwM', 10, 'N', '', 0),
(7413, 'ROOT', 'fingerprint', 517, 518, 'I', 'm0anxm7460yc0qqtbzz6', 20, 'N', '', 0),
(7414, 'ROOT', 'environment', 517, 518, 'S', 'homolog', 30, 'N', '', 0),
(7415, 'ROOT', 'product_fields_configuration', 519, 520, 'D', '{\"detailed\":{\"information\":{\"status\":0},\"pricing_inventory\":{\"list_price\":0},\"availability\":{\"usergroup_ids\":0,\"timestamp\":0,\"avail_since\":0,\"out_of_stock_actions\":0},\"extra\":{\"details_layout\":0,\"short_description\":0,\"popularity\":0, \"search_words\":0, \"promo_text\":0}}}', 0, 'N', '', 0),
(7416, 'ROOT', 'product_tabs_configuration', 519, 520, 'D', '{\"seo\":\"0\",\"qty_discounts\":\"0\",\"subscribers\":\"0\",\"addons\":\"0\",\"tags\":\"0\",\"attachments\":\"0\",\"reward_points\":\"0\",\"required_products\":\"0\"}', 10, 'N', '', 0),
(7417, 'ROOT', 'config_form', 519, 520, 'E', 'config.tpl', 20, 'N', '', 0),
(7418, 'ROOT', 'sidebar_color', 519, 521, 'D', '#eef1f3', 0, 'N', '', 0),
(7419, 'ROOT', 'element_color', 519, 521, 'D', '#024567', 10, 'N', '', 0),
(7420, 'ROOT', 'sidebar_background_image', 519, 521, 'D', '', 20, 'N', '', 0),
(7421, 'ROOT', 'vendor_panel_config', 519, 521, 'E', 'panel.tpl', 30, 'N', '', 0),
(7426, 'ROOT', 'max_free_trial', 528, 529, 'I', '3', 0, 'N', '', 0),
(7427, 'ROOT', 'days_to_remind', 528, 529, 'I', '7', 10, 'N', '', 0),
(7428, 'ROOT', 'reorganize_shipping_groups_by_warehouse', 530, 531, 'C', 'Y', 0, 'N', '', 0),
(7429, 'ROOT', 'allow_buy_default_common_product', 140, 141, 'C', 'N', 10, 'N', '', 0),
(7466, 'ROOT,ULT:VENDOR', 'functionality', 542, 543, 'H', '', 0, 'N', '', 0),
(7467, 'ROOT,ULT:VENDOR', 'et_viva_product_title_rows', 542, 543, 'S', '1', 10, 'N', '', 0),
(7468, 'ROOT,ULT:VENDOR', 'et_viva_scroll_up', 542, 543, 'S', 'right', 20, 'N', '', 0),
(7469, 'ROOT,ULT:VENDOR', 'et_viva_brand_page', 542, 543, 'S', 'image', 30, 'N', '', 0),
(7470, 'ROOT,ULT:VENDOR', 'et_viva_filters', 542, 543, 'S', 'horizontal', 40, 'N', '', 0),
(7471, 'ROOT,ULT:VENDOR', 'et_viva_side_categories', 542, 543, 'S', 'collapsed', 50, 'N', '', 0),
(7472, 'ROOT,ULT:VENDOR', 'et_viva_responsive', 542, 543, 'S', 'default', 60, 'N', '', 0),
(7473, 'ROOT,ULT:VENDOR', 'et_viva_sidebar_pc', 542, 543, 'C', 'Y', 70, 'N', '', 0),
(7474, 'ROOT,ULT:VENDOR', 'et_viva_filter_pc', 542, 543, 'C', 'Y', 80, 'N', '', 0),
(7475, 'ROOT,ULT:VENDOR', 'demo_data', 542, 543, 'H', '', 90, 'N', '', 0),
(7476, 'ROOT,ULT:VENDOR', 'viva_demo_data', 542, 543, 'O', '', 100, 'N', 'fn_et_vivashop_settings_demo_data', 0),
(7477, 'ROOT,ULT:VENDOR', 'et_license', 544, 545, 'I', 'ET-MVU-VM-4262', 0, 'N', '', 0),
(7478, 'ROOT,ULT:VENDOR', 'et_license_s', 544, 545, 'D', 'aHR0cDovL2xpY2Vuc2UuZW5lcmdvdGhlbWVzLmNvbS9pbmRleC5waHA=', 10, 'N', '', 0),
(7479, 'ROOT,ULT:VENDOR', 'et_license_v', 544, 545, 'D', 'false', 20, 'N', '', 0),
(7480, 'ROOT,ULT:VENDOR', 'et_license_t', 544, 545, 'D', 'false', 30, 'N', '', 0),
(7481, 'ROOT,ULT:VENDOR', 'et_license_ta', 544, 545, 'D', '', 40, 'N', '', 0),
(7482, 'ROOT,ULT:VENDOR', 'et_license_tap', 544, 545, 'D', '', 50, 'N', '', 0),
(7483, 'ROOT,ULT:VENDOR', 'et_license_iv', 544, 545, 'D', 'eyogVGhpcyBmaWxlIGlzIGVtcHR5IGJlY2F1c2UgdGhlIHRoZW1lIGlzIG5vdCBhY3RpdmF0ZWQuIFBsZWFzZSBpbnN0YWxsIGFuZCBhY3RpdmF0ZSB0aGUgRW5lcmdvVGhlbWVzIC0gTGljZW5zZSBhZGRvbiBmb3VuZCBpbiB0aGUgaW5zdGFsbGF0aW9uIGZpbGVzIGFjY29yZGluZyB0byB0aGUgaW5zdGFsbGF0aW9uIGd1aWRlKn0=', 60, 'N', '', 0),
(7484, 'ROOT,ULT:VENDOR', 'et_license_sd', 544, 545, 'D', '0', 70, 'N', '', 0),
(7485, 'ROOT,ULT:VENDOR', 'max_levels', 546, 547, 'I', '2', 0, 'N', '', 0),
(7486, 'ROOT,ULT:VENDOR', 'o_spacer', 546, 547, 'I', '¦    ', 10, 'N', '', 0),
(7487, 'ROOT,ULT:VENDOR', 'custom_width', 546, 547, 'I', '204', 20, 'N', '', 0),
(7488, 'ROOT,ULT:VENDOR', 'et_product_header', 548, 549, 'H', '', 0, 'N', '', 0),
(7489, 'ROOT,ULT:VENDOR', 'et_product_link', 548, 549, 'S', 'vendor', 10, 'N', '', 0),
(7490, 'ROOT,ULT:VENDOR', 'mv_menu_settings', 548, 549, 'H', '', 20, 'N', '', 0),
(7491, 'ROOT,ULT:VENDOR', 'et_mv_menu_setting_new', 548, 549, 'C', 'Y', 30, 'N', '', 0),
(7492, 'ROOT,ULT:VENDOR', 'et_mv_menu_setting_sale', 548, 549, 'C', 'Y', 40, 'N', '', 0),
(7493, 'ROOT,ULT:VENDOR', 'et_mv_menu_setting_best', 548, 549, 'C', 'Y', 50, 'N', '', 0),
(7494, 'ROOT,ULT:VENDOR', 'et_mv_menu_setting_about', 548, 549, 'C', 'Y', 60, 'N', '', 0),
(7495, 'ROOT,ULT:VENDOR', 'et_mv_menu_setting_pages', 548, 549, 'C', 'Y', 70, 'N', '', 0),
(7496, 'ROOT,ULT:VENDOR', 'et_mv_menu_setting_contact', 548, 549, 'C', 'Y', 80, 'N', '', 0),
(7497, 'ROOT,ULT:VENDOR', 'functionality', 548, 549, 'H', '', 90, 'N', '', 0),
(7498, 'ROOT,ULT:VENDOR', 'et_vendor_filters', 548, 549, 'S', 'vertical', 100, 'N', '', 0),
(7499, 'ROOT,ULT:VENDOR', 'et_vendor_categories', 548, 549, 'S', 'collapsed', 110, 'N', '', 0),
(7500, 'ROOT,ULT:VENDOR', 'colors', 548, 549, 'H', '', 120, 'N', '', 0),
(7501, 'ROOT,ULT:VENDOR', 'tpl_colors', 548, 549, 'E', 'colors.tpl', 130, 'N', '', 0),
(7502, 'ROOT,ULT:VENDOR', 'vendor_colors', 548, 549, 'D', 'a:6:{s:10:\"header_bkg\";s:7:\"#ffffff\";s:11:\"header_text\";s:7:\"#000000\";s:8:\"menu_bkg\";s:7:\"#ffffff\";s:9:\"menu_text\";s:7:\"#000000\";s:14:\"menu_bkg_hover\";s:7:\"#000000\";s:15:\"menu_text_hover\";s:7:\"#ffffff\";}', 140, 'N', '', 0),
(7503, 'ROOT,ULT:VENDOR', 'plans_page', 548, 549, 'H', '', 150, 'N', '', 0),
(7504, 'ROOT,ULT:VENDOR', 'plans_page_settings', 548, 549, 'E', 'plans_page_settings.tpl', 160, 'N', '', 0),
(7505, 'ROOT,ULT:VENDOR', 'vendor_plans', 548, 549, 'D', 'a:10:{s:14:\"highlight_text\";s:7:\"#00ccdf\";s:9:\"price_bkg\";s:7:\"#00ccdf\";s:10:\"price_text\";s:7:\"#ffffff\";s:8:\"best_bkg\";s:7:\"#62ba00\";s:9:\"best_text\";s:7:\"#ffffff\";s:14:\"best_outer_bkg\";s:7:\"#ff9900\";s:15:\"best_outer_text\";s:7:\"#ffffff\";s:11:\"show_footer\";s:2:\"on\";s:11:\"footer_text\";s:7:\"#ffffff\";s:10:\"footer_bkg\";s:7:\"#01d1f5\";}', 170, 'N', '', 0),
(7506, 'ROOT', 'password', 550, 551, 'I', '7K[{.Ab4b^XzY;/%', 0, 'N', '', 0),
(7507, 'ROOT', 'correios_ambiente', 552, 553, 'S', 'production', 0, 'N', '', 0),
(7508, 'ROOT', 'correios_cnpj', 552, 553, 'I', '42636169000182', 10, 'N', '', 0),
(7509, 'ROOT', 'correios_usuario', 552, 553, 'I', '42636169', 20, 'N', '', 0),
(7510, 'ROOT', 'correios_senha', 552, 553, 'I', '2smtzk', 30, 'N', '', 0),
(7511, 'ROOT', 'correios_contrato', 552, 553, 'I', '9912548739', 40, 'N', '', 0),
(7512, 'ROOT', 'correios_codigo_administrativo', 552, 553, 'I', '21322406', 50, 'N', '', 0),
(7513, 'ROOT', 'correios_numero_diretoria', 552, 553, 'I', '72', 60, 'N', '', 0),
(7514, 'ROOT', 'correios_cartao', 552, 553, 'I', '0076648940', 70, 'N', '', 0),
(7515, 'ROOT', 'rastreamento_usuario', 552, 554, 'I', '2344128200', 0, 'N', '', 0),
(7516, 'ROOT', 'rastreamento_senha', 552, 554, 'I', 'E7;GY1W5>k', 10, 'N', '', 0),
(7517, 'ROOT', 'rastreamento_resultado', 552, 554, 'S', 'T', 20, 'N', '', 0),
(7518, 'ROOT', 'validate', 552, 555, 'E', 'atualizar.tpl', 0, 'N', '', 0),
(7519, 'ROOT', 'logistica_ambiente', 552, 556, 'S', 'production', 0, 'N', '', 0),
(7520, 'ROOT', 'reversa_usuario', 552, 556, 'I', '', 10, 'N', '', 0),
(7521, 'ROOT', 'reversa_senha', 552, 556, 'I', '', 20, 'N', '', 0),
(7522, 'ROOT', 'environment', 557, 558, 'S', 'N', 0, 'N', '', 0),
(7523, 'ROOT,ULT:VENDOR', 'payment_options', 557, 558, 'S', '1', 10, 'N', '', 0),
(7524, 'ROOT', 'token', 559, 560, 'I', '69914bc03be626edd93a524959fbd99495debbe46728eda83bcc5238d415fa6b', 0, 'N', '', 0),
(7525, 'ROOT', 'seller_doc_name', 559, 560, 'I', 'Termos-de-Uso-e-Politica-de-Privacidade-versão 4', 10, 'N', '', 0),
(7526, 'ROOT', 'ambiente', 559, 560, 'R', 'false', 20, 'N', '', 0);

-- --------------------------------------------------------

--
-- Table structure for table `partiushop_settings_sections`
--

CREATE TABLE `partiushop_settings_sections` (
  `section_id` int(11) UNSIGNED NOT NULL,
  `parent_id` int(11) UNSIGNED NOT NULL,
  `edition_type` set('NONE','ROOT','VENDOR','STOREFRONT','MVE:NONE','MVE:ROOT','MVE:STOREFRONT','ULT:NONE','ULT:ROOT','ULT:VENDOR','ULT:VENDORONLY','ULT:STOREFRONT') NOT NULL DEFAULT 'ROOT',
  `name` varchar(128) NOT NULL DEFAULT '',
  `position` smallint(5) UNSIGNED NOT NULL DEFAULT 0,
  `type` enum('CORE','ADDON','TAB','SEPARATE_TAB') NOT NULL DEFAULT 'CORE'
) ENGINE=InnoDB DEFAULT CHARSET=utf8;

--
-- Dumping data for table `partiushop_settings_sections`
--

INSERT INTO `partiushop_settings_sections` (`section_id`, `parent_id`, `edition_type`, `name`, `position`, `type`) VALUES
(1, 0, 'ROOT,VENDOR', 'Emails', 0, 'CORE'),
(2, 0, 'ROOT,STOREFRONT', 'General', 10, 'CORE'),
(4, 0, 'ROOT,STOREFRONT', 'Appearance', 20, 'CORE'),
(5, 0, 'ROOT', 'Company', 30, 'CORE'),
(6, 0, 'ROOT,STOREFRONT', 'Checkout', 40, 'CORE'),
(8, 0, 'ROOT,STOREFRONT', 'Sitemap', 80, 'CORE'),
(9, 0, 'ROOT,STOREFRONT', 'Thumbnails', 110, 'CORE'),
(10, 0, 'ROOT,VENDOR', 'Reports', 140, 'CORE'),
(11, 0, 'ROOT,STOREFRONT', 'Image_verification', 0, 'CORE'),
(12, 0, 'ROOT,VENDOR', 'Logging', 100, 'CORE'),
(13, 0, 'ROOT', 'Upgrade_center', 0, 'CORE'),
(15, 0, 'ROOT,STOREFRONT', 'Security', 0, 'CORE'),
(16, 0, 'ROOT', 'Vendors', 0, 'CORE'),
(17, 0, 'ROOT', 'hidpi', 0, 'ADDON'),
(18, 17, 'ROOT', 'general', 0, 'TAB'),
(19, 0, 'ROOT,STOREFRONT', 'paypal', 0, 'ADDON'),
(20, 19, 'ROOT,STOREFRONT', 'general', 0, 'TAB'),
(21, 0, 'ROOT,STOREFRONT', 'social_buttons', 0, 'ADDON'),
(22, 21, 'ROOT,STOREFRONT', 'twitter', 0, 'TAB'),
(23, 21, 'ROOT,STOREFRONT', 'facebook', 10, 'TAB'),
(24, 21, 'ROOT,STOREFRONT', 'vkontakte', 20, 'TAB'),
(25, 21, 'ROOT,STOREFRONT', 'yandex', 30, 'TAB'),
(26, 21, 'ROOT,STOREFRONT', 'pinterest', 40, 'TAB'),
(27, 0, 'ROOT,ULT:VENDOR', 'tags', 0, 'ADDON'),
(28, 27, 'ROOT,ULT:VENDOR', 'general', 0, 'TAB'),
(29, 0, 'ROOT', 'rss_feed', 0, 'ADDON'),
(30, 29, 'ROOT', 'general', 0, 'TAB'),
(31, 0, 'ROOT,STOREFRONT', 'email_marketing', 0, 'ADDON'),
(32, 31, 'ROOT,STOREFRONT', 'general', 0, 'TAB'),
(33, 31, 'ROOT,STOREFRONT', 'mailchimp', 10, 'TAB'),
(34, 31, 'ROOT,STOREFRONT', 'madmimi', 20, 'TAB'),
(35, 0, 'ROOT', 'newsletters', 0, 'ADDON'),
(36, 35, 'ROOT', 'general', 0, 'TAB'),
(37, 35, 'ROOT', 'promotions', 10, 'TAB'),
(38, 0, 'ROOT', 'geo_maps', 0, 'ADDON'),
(39, 38, 'ROOT', 'general', 0, 'TAB'),
(40, 38, 'ROOT', 'yandex', 10, 'TAB'),
(41, 38, 'ROOT', 'google', 20, 'TAB'),
(42, 0, 'ROOT,STOREFRONT', 'vendor_communication', 0, 'ADDON'),
(43, 42, 'MVE:ROOT', 'general', 0, 'TAB'),
(44, 0, 'ROOT', 'vendor_data_premoderation', 0, 'ADDON'),
(45, 44, 'ROOT', 'vendors', 0, 'TAB'),
(46, 44, 'ROOT', 'products', 10, 'TAB'),
(47, 0, 'ROOT,STOREFRONT', 'vendor_plans', 0, 'ADDON'),
(48, 47, 'ROOT', 'general', 0, 'TAB'),
(49, 0, 'ROOT', 'gift_certificates', 0, 'ADDON'),
(50, 49, 'ROOT', 'general', 0, 'TAB'),
(51, 0, 'ROOT,STOREFRONT', 'store_locator', 0, 'ADDON'),
(52, 51, 'ROOT,STOREFRONT', 'general', 0, 'TAB'),
(53, 0, 'ROOT', 'storefront_rest_api', 0, 'ADDON'),
(54, 53, 'ROOT', 'general', 0, 'TAB'),
(55, 0, 'ROOT,STOREFRONT', 'product_variations', 0, 'ADDON'),
(56, 55, 'ROOT,STOREFRONT', 'general', 0, 'TAB'),
(57, 0, 'ROOT,STOREFRONT', 'recaptcha', 0, 'ADDON'),
(58, 57, 'ROOT,STOREFRONT', 'general', 0, 'TAB'),
(59, 57, 'ROOT,ULT:VENDOR', 'forbidden_countries', 10, 'TAB'),
(60, 0, 'ROOT', 'rma', 0, 'ADDON'),
(61, 60, 'ROOT', 'general', 0, 'TAB'),
(62, 0, 'ROOT,STOREFRONT', 'bestsellers', 0, 'ADDON'),
(63, 62, 'ROOT,STOREFRONT', 'general', 0, 'TAB'),
(64, 62, 'ROOT,STOREFRONT', 'newest', 10, 'TAB'),
(65, 0, 'ROOT,ULT:VENDOR', 'seo', 0, 'ADDON'),
(66, 65, 'ROOT,ULT:VENDOR', 'general', 0, 'TAB'),
(67, 0, 'ROOT,ULT:VENDOR', 'reward_points', 0, 'ADDON'),
(68, 67, 'ROOT,ULT:VENDOR', 'general', 0, 'TAB'),
(69, 0, 'ROOT,STOREFRONT', 'google_analytics', 0, 'ADDON'),
(70, 69, 'ROOT,STOREFRONT', 'general', 0, 'TAB'),
(71, 0, 'ROOT,STOREFRONT', 'facebook_pixel', 0, 'ADDON'),
(72, 71, 'ROOT,STOREFRONT', 'general', 0, 'TAB'),
(73, 0, 'ROOT,STOREFRONT', 'call_requests', 0, 'ADDON'),
(74, 73, 'ROOT,STOREFRONT', 'general', 0, 'TAB'),
(75, 0, 'ROOT', 'barcode', 0, 'ADDON'),
(76, 75, 'ROOT', 'general', 0, 'TAB'),
(77, 0, 'ROOT', 'polls', 0, 'ADDON'),
(78, 77, 'ROOT', 'general', 0, 'TAB'),
(79, 0, 'ROOT', 'access_restrictions', 0, 'ADDON'),
(80, 79, 'ROOT', 'general', 0, 'TAB'),
(81, 0, 'ROOT', 'banners', 0, 'ADDON'),
(82, 81, 'ROOT', 'general', 0, 'TAB'),
(83, 0, 'ROOT,ULT:VENDOR', 'watermarks', 0, 'ADDON'),
(84, 83, 'ROOT,ULT:VENDOR', 'general', 0, 'TAB'),
(85, 0, 'ROOT,STOREFRONT', 'discussion', 0, 'ADDON'),
(86, 85, 'ROOT,STOREFRONT', 'products', 0, 'TAB'),
(87, 85, 'ROOT,STOREFRONT', 'categories', 10, 'TAB'),
(88, 85, 'ROOT,STOREFRONT', 'orders', 20, 'TAB'),
(89, 85, 'ROOT,STOREFRONT', 'pages', 30, 'TAB'),
(90, 85, 'ROOT,STOREFRONT', 'testimonials', 40, 'TAB'),
(91, 85, 'MVE:ROOT,MVE:STOREFRONT', 'companies', 50, 'TAB'),
(92, 0, 'ROOT,STOREFRONT', 'google_sitemap', 0, 'ADDON'),
(93, 92, 'ROOT,STOREFRONT', 'general', 0, 'TAB'),
(94, 0, 'ROOT,STOREFRONT', 'image_zoom', 0, 'ADDON'),
(95, 94, 'ROOT,STOREFRONT', 'general', 0, 'TAB'),
(96, 0, 'ROOT', 'data_feeds', 0, 'ADDON'),
(97, 96, 'ROOT', 'general', 0, 'TAB'),
(98, 0, 'ROOT,STOREFRONT', 'price_list', 0, 'ADDON'),
(99, 98, 'ROOT,STOREFRONT', 'general', 0, 'TAB'),
(100, 0, 'ROOT,STOREFRONT', 'hybrid_auth', 0, 'ADDON'),
(101, 100, 'ROOT,STOREFRONT', 'general', 0, 'TAB'),
(102, 0, 'ROOT,STOREFRONT', 'catalog_mode', 0, 'ADDON'),
(103, 102, 'ROOT,STOREFRONT', 'general', 0, 'TAB'),
(104, 0, 'ROOT', 'janrain', 0, 'ADDON'),
(105, 104, 'ROOT', 'general', 0, 'TAB'),
(106, 0, 'ROOT', 'vendor_debt_payout', 0, 'ADDON'),
(107, 106, 'ROOT', 'general', 0, 'TAB'),
(108, 0, 'ROOT', 'vendor_privileges', 0, 'ADDON'),
(109, 108, 'ROOT', 'general', 0, 'TAB'),
(112, 0, 'ROOT,ULT:VENDOR', 'abt__unitheme2', 0, 'ADDON'),
(113, 112, 'ROOT,ULT:VENDOR', 'settings', 0, 'TAB'),
(114, 0, 'ROOT,ULT:VENDOR', 'abt__unitheme2_mv', 0, 'ADDON'),
(115, 114, 'ROOT,ULT:VENDOR', 'settings', 0, 'TAB'),
(116, 0, 'ROOT,ULT:VENDOR', 'ab__category_banners', 0, 'ADDON'),
(117, 116, 'ROOT,ULT:VENDOR', 'settings', 0, 'TAB'),
(118, 0, 'ROOT,ULT:VENDOR', 'ab__motivation_block', 0, 'ADDON'),
(119, 118, 'ROOT,ULT:VENDOR', 'settings', 0, 'TAB'),
(120, 118, 'ROOT,ULT:VENDOR', 'appearance', 10, 'TAB'),
(121, 118, 'ROOT,ULT:VENDOR', 'admin_panel', 20, 'TAB'),
(122, 0, 'ROOT,ULT:VENDOR', 'ab__fast_navigation', 0, 'ADDON'),
(123, 122, 'ROOT,ULT:VENDOR', 'settings', 0, 'TAB'),
(124, 0, 'ROOT,ULT:VENDOR', 'ab__video_gallery', 0, 'ADDON'),
(125, 124, 'ROOT,ULT:VENDOR', 'settings', 0, 'TAB'),
(126, 0, 'ROOT,ULT:VENDOR', 'ab__scroll_to_top', 0, 'ADDON'),
(127, 126, 'ROOT,ULT:VENDOR', 'settings', 0, 'TAB'),
(128, 0, 'ROOT,ULT:VENDOR', 'ab__search_motivation', 0, 'ADDON'),
(129, 128, 'ROOT,ULT:VENDOR', 'settings', 0, 'TAB'),
(130, 0, 'ROOT,ULT:VENDOR', 'ab__landing_categories', 0, 'ADDON'),
(131, 130, 'ROOT,ULT:VENDOR', 'settings', 0, 'TAB'),
(132, 0, 'ROOT,ULT:VENDOR', 'ab__hide_product_description', 0, 'ADDON'),
(133, 132, 'ROOT,ULT:VENDOR', 'settings', 0, 'TAB'),
(134, 0, 'ROOT,ULT:VENDOR', 'ab__deal_of_the_day', 0, 'ADDON'),
(135, 134, 'ROOT,ULT:VENDOR', 'settings', 0, 'TAB'),
(136, 0, 'ROOT', 'backend_google_auth', 0, 'ADDON'),
(137, 136, 'ROOT', 'general', 0, 'TAB'),
(138, 0, 'ROOT,STOREFRONT', 'suppliers', 0, 'ADDON'),
(139, 138, 'ROOT,STOREFRONT', 'general', 0, 'TAB'),
(140, 0, 'ROOT', 'master_products', 0, 'ADDON'),
(141, 140, 'ROOT', 'general', 0, 'TAB'),
(146, 0, 'ROOT,STOREFRONT', 'mobile_app', 0, 'ADDON'),
(147, 146, 'ROOT,STOREFRONT', 'service', 0, 'TAB'),
(148, 0, 'ROOT', 'hello_world', 0, 'ADDON'),
(149, 148, 'ROOT', 'general', 0, 'TAB'),
(150, 0, 'ROOT', 'redesk_connection_multivendor', 0, 'ADDON'),
(151, 150, 'ROOT', 'general', 0, 'TAB'),
(152, 0, 'ROOT', 'cscart_uvdesk', 0, 'ADDON'),
(153, 152, 'ROOT', 'uvdesk_activation_settings', 0, 'TAB'),
(154, 0, 'ROOT,ULT:VENDOR', 'agilecrm', 0, 'ADDON'),
(155, 154, 'ROOT,ULT:VENDOR', 'general', 0, 'TAB'),
(156, 0, 'ROOT,ULT:VENDOR', 'livechat', 0, 'ADDON'),
(157, 156, 'ROOT,ULT:VENDOR', 'general', 0, 'TAB'),
(224, 0, 'ROOT,ULT:VENDOR', 'rees46', 0, 'ADDON'),
(225, 224, 'ROOT,ULT:VENDOR', 'main', 0, 'TAB'),
(246, 0, 'ROOT', 'vendor_locations', 0, 'ADDON'),
(247, 246, 'ROOT', 'general', 0, 'TAB'),
(483, 0, 'ROOT,VENDOR', 'ab__addons_manager', 0, 'ADDON'),
(484, 483, 'ROOT,VENDOR', 'settings', 0, 'TAB'),
(485, 42, 'ROOT,STOREFRONT', 'vendor_to_customer', 10, 'TAB'),
(486, 0, 'ROOT', 'attachments', 0, 'ADDON'),
(487, 486, 'ROOT', 'general', 0, 'TAB'),
(488, 0, 'ROOT', 'pdf_documents', 0, 'ADDON'),
(489, 488, 'ROOT', 'general', 0, 'TAB'),
(498, 0, 'ROOT,STOREFRONT', 'product_reviews', 0, 'ADDON'),
(499, 498, 'ROOT,STOREFRONT', 'general', 0, 'TAB'),
(517, 0, 'ROOT', 'partiuhub_clear_sale', 0, 'ADDON'),
(518, 517, 'ROOT', 'general', 0, 'TAB'),
(519, 0, 'ROOT', 'vendor_panel_configurator', 0, 'ADDON'),
(520, 519, 'ROOT', 'product_page_settings', 0, 'TAB'),
(521, 519, 'ROOT', 'vendor_panel_style', 10, 'TAB'),
(528, 0, 'ROOT', 'partiuhub_planos_vendedores', 0, 'ADDON'),
(529, 528, 'ROOT', 'config', 0, 'TAB'),
(530, 0, 'ROOT', 'partiuhub_shipments', 0, 'ADDON'),
(531, 530, 'ROOT', 'armazem', 0, 'TAB'),
(542, 0, 'ROOT,ULT:VENDOR', 'et_vivashop_settings', 0, 'ADDON'),
(543, 542, 'ROOT,ULT:VENDOR', 'main', 0, 'TAB'),
(544, 0, 'ROOT,ULT:VENDOR', 'energothemes_license', 0, 'ADDON'),
(545, 544, 'ROOT,ULT:VENDOR', 'main', 0, 'TAB'),
(546, 0, 'ROOT,ULT:VENDOR', 'et_search', 0, 'ADDON'),
(547, 546, 'ROOT,ULT:VENDOR', 'section1', 0, 'TAB'),
(548, 0, 'ROOT,ULT:VENDOR', 'et_vivashop_mv_functionality', 0, 'ADDON'),
(549, 548, 'ROOT,ULT:VENDOR', 'main', 0, 'TAB'),
(550, 0, 'ROOT', 'partiuhub_cronjobs', 0, 'ADDON'),
(551, 550, 'ROOT', 'general', 0, 'TAB'),
(552, 0, 'ROOT', 'partiuhub_correios', 0, 'ADDON'),
(553, 552, 'ROOT', 'general', 0, 'TAB'),
(554, 552, 'ROOT', 'general_rastreamento', 10, 'TAB'),
(555, 552, 'ROOT', 'atualizar_contrato', 20, 'TAB'),
(556, 552, 'ROOT', 'logistica_reversa', 30, 'TAB'),
(557, 0, 'ROOT', 'partiuhub_products', 0, 'ADDON'),
(558, 557, 'ROOT', 'general', 0, 'TAB'),
(559, 0, 'ROOT', 'partiuhub_autentique', 0, 'ADDON'),
(560, 559, 'ROOT', 'auth', 0, 'TAB');

-- --------------------------------------------------------

--
-- Table structure for table `partiushop_settings_variants`
--

CREATE TABLE `partiushop_settings_variants` (
  `variant_id` mediumint(8) UNSIGNED NOT NULL,
  `object_id` mediumint(8) UNSIGNED NOT NULL DEFAULT 0,
  `name` varchar(64) NOT NULL DEFAULT '',
  `position` smallint(5) UNSIGNED NOT NULL DEFAULT 0
) ENGINE=InnoDB DEFAULT CHARSET=utf8;

--
-- Dumping data for table `partiushop_settings_variants`
--

INSERT INTO `partiushop_settings_variants` (`variant_id`, `object_id`, `name`, `position`) VALUES
(1, 3, 'hide', 10),
(2, 3, 'warning', 20),
(6, 7, 'manual', 1),
(7, 7, 'auto', 1),
(8, 15, 'use_selected_and_alternative', 20),
(9, 15, 'use_only_selected', 10),
(10, 52, '%d/%m/%Y', 1),
(11, 52, '%d-%m-%Y', 2),
(12, 52, '%d.%m.%Y', 3),
(13, 52, '%m/%d/%Y', 4),
(14, 52, '%m-%d-%Y', 5),
(15, 52, '%m.%d.%Y', 6),
(16, 52, '%Y/%m/%d', 7),
(17, 52, '%Y-%m-%d', 8),
(18, 52, '%Y.%m.%d', 9),
(19, 52, '%b %e, %Y', 10),
(20, 52, '%d %b %Y', 11),
(21, 52, '%A, %B %e, %Y', 12),
(22, 52, '%A, %e %B %Y', 13),
(23, 64, 'position', 0),
(24, 64, 'product', 10),
(25, 64, 'price', 20),
(26, 66, '%H:%M', 1),
(27, 66, '%H.%M', 2),
(28, 66, '%I:%M %p', 3),
(29, 66, '%I.%M %p', 4),
(30, 66, '%H:%M:%S', 5),
(31, 66, '%H.%M.%S', 6),
(32, 66, '%I:%M:%S %p', 7),
(33, 66, '%I.%M.%S %p', 8),
(34, 70, 'only_products', 3),
(35, 70, 'products_with_shippings', 2),
(36, 71, 'allow_shopping', 1),
(37, 71, 'hide_price_and_add_to_cart', 3),
(38, 71, 'hide_add_to_cart', 2),
(39, 84, '%a, %b %e', 10),
(40, 84, '%B %e, %Y', 15),
(41, 84, '%m.%e.%y', 20),
(42, 84, '%a %b %e, %Y', 30),
(43, 84, '%b %e', 40),
(44, 85, '%U', 10),
(45, 85, '%m.%e', 20),
(46, 85, '%U, %b', 30),
(47, 86, '%B, %Y', 5),
(48, 86, '%B', 10),
(49, 86, '%m', 20),
(50, 86, '%b', 30),
(51, 86, '%m-%Y', 40),
(52, 87, '%Y', 10),
(53, 87, '%y', 20),
(54, 108, 'smtp', 10),
(55, 108, 'mail', 20),
(56, 108, 'sendmail', 30),
(57, 121, 'digits', 1),
(58, 121, 'letters', 2),
(59, 121, 'mixed', 3),
(63, 139, 'Australia/Hobart', 700),
(64, 139, 'Pacific/Port_Moresby', 690),
(65, 139, 'Australia/Sydney', 680),
(66, 139, 'Australia/Brisbane', 670),
(67, 139, 'Australia/Darwin', 660),
(68, 139, 'Australia/Adelaide', 650),
(69, 139, 'Asia/Yakutsk', 640),
(70, 139, 'Asia/Seoul', 630),
(71, 139, 'Asia/Tokyo', 620),
(72, 139, 'Asia/Taipei', 610),
(73, 139, 'Australia/Perth', 600),
(74, 139, 'Asia/Singapore', 590),
(75, 139, 'Asia/Irkutsk', 580),
(76, 139, 'Asia/Shanghai', 570),
(77, 139, 'Asia/Krasnoyarsk', 560),
(78, 139, 'Asia/Bangkok', 550),
(79, 139, 'Asia/Yangon', 540),
(80, 139, 'Asia/Colombo', 530),
(81, 139, 'Asia/Dhaka', 520),
(82, 139, 'Asia/Novosibirsk', 510),
(83, 139, 'Asia/Kathmandu', 500),
(84, 139, 'Asia/Kolkata', 490),
(85, 139, 'Asia/Tashkent', 480),
(86, 139, 'Asia/Yekaterinburg', 470),
(87, 139, 'Asia/Kabul', 460),
(88, 139, 'Asia/Yerevan', 450),
(89, 139, 'Asia/Dubai', 440),
(90, 139, 'Asia/Tehran', 430),
(91, 139, 'Africa/Nairobi', 420),
(92, 139, 'Europe/Moscow', 410),
(93, 139, 'Asia/Riyadh', 400),
(94, 139, 'Asia/Baghdad', 390),
(95, 139, 'Asia/Jerusalem', 380),
(96, 139, 'Europe/Kiev', 370),
(97, 139, 'Africa/Johannesburg', 360),
(98, 139, 'Africa/Cairo', 350),
(99, 139, 'Europe/Minsk', 415),
(100, 139, 'Europe/Istanbul', 330),
(101, 139, 'Africa/Lagos', 320),
(102, 139, 'Europe/Paris', 300),
(103, 139, 'Europe/Warsaw', 310),
(104, 139, 'Europe/Budapest', 290),
(105, 139, 'Europe/Berlin', 280),
(106, 139, 'Europe/London', 270),
(107, 139, 'Atlantic/Reykjavik', 260),
(108, 139, 'Atlantic/Azores', 250),
(109, 139, 'Atlantic/Cape_Verde', 240),
(110, 139, 'Atlantic/South_Georgia', 230),
(111, 139, 'America/Sao_Paulo', 220),
(112, 139, 'America/Sao_Paulo', 210),
(113, 139, 'America/Nuuk', 200),
(114, 139, 'America/St_Johns', 190),
(115, 139, 'America/Halifax', 180),
(116, 139, 'America/La_Paz', 170),
(117, 139, 'America/Santiago', 160),
(118, 139, 'America/Bogota', 150),
(119, 139, 'America/New_York', 140),
(120, 139, 'America/Bogota', 130),
(121, 139, 'America/Guatemala', 120),
(122, 139, 'America/Chicago', 110),
(123, 139, 'America/Mexico_City', 100),
(124, 139, 'America/Regina', 90),
(125, 139, 'America/Phoenix', 80),
(126, 139, 'America/Chihuahua', 70),
(127, 139, 'America/Denver', 60),
(128, 139, 'America/Los_Angeles', 50),
(129, 139, 'America/Anchorage', 40),
(130, 139, 'Pacific/Honolulu', 30),
(131, 139, 'Pacific/Apia', 20),
(132, 139, 'Asia/Kamchatka', 10),
(133, 139, 'Asia/Vladivostok', 710),
(134, 139, 'Pacific/Guadalcanal', 720),
(135, 139, 'Pacific/Auckland', 730),
(136, 139, 'Pacific/Fiji', 740),
(137, 139, 'Pacific/Tongatapu', 750),
(138, 158, 'create', 5),
(139, 158, 'delete', 5),
(140, 158, 'update', 5),
(141, 158, 'status', 5),
(142, 159, 'create', 5),
(143, 159, 'delete', 5),
(144, 159, 'update', 5),
(145, 159, 'session', 5),
(146, 159, 'failed_login', 5),
(147, 160, 'create', 5),
(148, 160, 'delete', 5),
(149, 160, 'update', 5),
(150, 160, 'low_stock', 5),
(151, 161, 'create', 5),
(152, 161, 'delete', 5),
(153, 161, 'update', 5),
(154, 162, 'restore', 5),
(155, 162, 'backup', 5),
(156, 162, 'optimize', 5),
(157, 162, 'error', 5),
(158, 163, 'http', 5),
(159, 166, 'month_first', 1),
(160, 166, 'day_first', 2),
(161, 167, 'sunday_first', 1),
(162, 167, 'monday_first', 2),
(163, 179, 'unit_price', 10),
(164, 179, 'subtotal', 20),
(165, 182, 'billing_first', 1),
(166, 182, 'shipping_first', 2),
(167, 274, 'runtime', 1),
(168, 274, 'deprecated', 2),
(169, 64, 'null', 30),
(200, 295, 'none', 10),
(201, 295, 'tls', 20),
(202, 295, 'ssl', 30),
(220, 300, 'returning_customer_first', 10),
(221, 300, 'new_customer_first', 20),
(222, 300, 'hide', 30),
(223, 305, 'register', 10),
(224, 305, 'checkout_as_guest', 20),
(228, 139, 'Europe/Bucharest', 335),
(235, 308, 'old', 10),
(236, 308, 'new', 20),
(237, 139, 'Europe/Athens', 331),
(238, 139, 'Asia/Beirut', 332),
(239, 139, 'Asia/Kamchatka', 333),
(240, 163, 'shipping', 20),
(241, 313, 'international_format', 10),
(242, 313, 'any_digits', 20),
(243, 313, 'any_symbols', 30),
(244, 5693, 'medium', 0),
(245, 5693, 'large', 10),
(246, 5694, 'none', 0),
(247, 5694, 'horizontal', 10),
(248, 5694, 'vertical', 20),
(249, 5695, 'products', 0),
(250, 5695, 'pages', 10),
(251, 5702, 'standard', 0),
(252, 5702, 'button_count', 10),
(253, 5702, 'box_count', 20),
(254, 5704, 'like', 0),
(255, 5704, 'recommend', 10),
(256, 5705, 'af_ZA', 0),
(257, 5705, 'ar_AR', 10),
(258, 5705, 'az_AZ', 20),
(259, 5705, 'be_BY', 30),
(260, 5705, 'bg_BG', 40),
(261, 5705, 'bn_IN', 50),
(262, 5705, 'bs_BA', 60),
(263, 5705, 'ca_ES', 70),
(264, 5705, 'cs_CZ', 80),
(265, 5705, 'cy_GB', 90),
(266, 5705, 'da_DK', 100),
(267, 5705, 'de_DE', 110),
(268, 5705, 'el_GR', 120),
(269, 5705, 'en_GB', 130),
(270, 5705, 'en_PI', 140),
(271, 5705, 'en_UD', 150),
(272, 5705, 'en_US', 160),
(273, 5705, 'eo_EO', 170),
(274, 5705, 'es_ES', 180),
(275, 5705, 'es_LA', 190),
(276, 5705, 'et_EE', 200),
(277, 5705, 'eu_ES', 210),
(278, 5705, 'fa_IR', 220),
(279, 5705, 'fb_LT', 230),
(280, 5705, 'fi_FI', 240),
(281, 5705, 'fo_FO', 250),
(282, 5705, 'fr_CA', 260),
(283, 5705, 'fr_FR', 270),
(284, 5705, 'fy_NL', 280),
(285, 5705, 'ga_IE', 290),
(286, 5705, 'gl_ES', 300),
(287, 5705, 'he_IL', 310),
(288, 5705, 'hi_IN', 320),
(289, 5705, 'hr_HR', 330),
(290, 5705, 'hu_HU', 340),
(291, 5705, 'hy_AM', 350),
(292, 5705, 'id_ID', 360),
(293, 5705, 'is_IS', 370),
(294, 5705, 'it_IT', 380),
(295, 5705, 'ja_JP', 390),
(296, 5705, 'ka_GE', 400),
(297, 5705, 'km_KH', 410),
(298, 5705, 'ko_KR', 420),
(299, 5705, 'ku_TR', 430),
(300, 5705, 'la_VA', 440),
(301, 5705, 'lt_LT', 450),
(302, 5705, 'lv_LV', 460),
(303, 5705, 'mk_MK', 470),
(304, 5705, 'ml_IN', 480),
(305, 5705, 'ms_MY', 490),
(306, 5705, 'nb_NO', 500),
(307, 5705, 'ne_NP', 510),
(308, 5705, 'nl_NL', 520),
(309, 5705, 'nn_NO', 530),
(310, 5705, 'pa_IN', 540),
(311, 5705, 'pl_PL', 550),
(312, 5705, 'ps_AF', 560),
(313, 5705, 'pt_BR', 570),
(314, 5705, 'pt_PT', 580),
(315, 5705, 'ro_RO', 590),
(316, 5705, 'ru_RU', 600),
(317, 5705, 'sk_SK', 610),
(318, 5705, 'sl_SI', 620),
(319, 5705, 'sq_AL', 630),
(320, 5705, 'sr_RS', 640),
(321, 5705, 'sv_SE', 650),
(322, 5705, 'sw_KE', 660),
(323, 5705, 'ta_IN', 670),
(324, 5705, 'te_IN', 680),
(325, 5705, 'th_TH', 690),
(326, 5705, 'tl_PH', 700),
(327, 5705, 'tr_TR', 710),
(328, 5705, 'uk_UA', 720),
(329, 5705, 'vi_VN', 730),
(330, 5705, 'zh_CN', 740),
(331, 5705, 'zh_HK', 750),
(332, 5705, 'zh_TW', 760),
(333, 5706, 'arial', 0),
(334, 5706, 'lucida grande', 10),
(335, 5706, 'segoe ui', 20),
(336, 5706, 'tahoma', 30),
(337, 5706, 'trebuchet ms', 40),
(338, 5706, 'verdana', 50),
(339, 5707, 'light', 0),
(340, 5707, 'dark', 10),
(341, 5708, 'products', 0),
(342, 5708, 'pages', 10),
(343, 5712, 'full', 0),
(344, 5712, 'button', 10),
(345, 5712, 'mini', 20),
(346, 5712, 'Vertical', 30),
(347, 5715, 'like', 0),
(348, 5715, 'interesting', 10),
(349, 5716, 'products', 0),
(350, 5716, 'pages', 10),
(351, 5720, 'products', 0),
(352, 5720, 'pages', 10),
(353, 5723, '20', 0),
(354, 5723, '28', 10),
(355, 5724, 'rect', 0),
(356, 5724, 'round', 10),
(360, 5726, 'products', 0),
(361, 5726, 'pages', 10),
(362, 5736, 'dummy', 0),
(363, 5736, 'mailchimp', 10),
(364, 5736, 'madmimi', 20),
(365, 5746, 'smtp', 0),
(366, 5746, 'mail', 10),
(367, 5746, 'default', 20),
(368, 5751, 'none', 0),
(369, 5751, 'tls', 10),
(370, 5751, 'ssl', 20),
(371, 5754, 'google', 0),
(372, 5754, 'yandex', 10),
(373, 5762, 'none', 0),
(374, 5762, 'custom', 10),
(375, 5762, 'all', 20),
(376, 5763, 'none', 0),
(377, 5763, 'custom', 10),
(378, 5763, 'all', 20),
(379, 5764, 'none', 0),
(380, 5764, 'custom', 10),
(381, 5764, 'all', 20),
(382, 5786, 'light', 0),
(383, 5786, 'dark', 10),
(384, 5787, 'normal', 0),
(385, 5787, 'compact', 10),
(386, 5788, 'image', 0),
(387, 5788, 'audio', 10),
(388, 5796, 'all', 0),
(389, 5796, 'today', 10),
(390, 5796, 'last_days', 20),
(391, 5798, 'product_file_nohtml', 0),
(392, 5798, 'product_file', 10),
(393, 5798, 'product_category_nohtml', 20),
(394, 5798, 'product_category', 30),
(395, 5799, 'category', 0),
(396, 5799, 'category_nohtml', 10),
(397, 5799, 'file', 20),
(398, 5799, 'root_category', 30),
(399, 5800, 'page', 0),
(400, 5800, 'page_nohtml', 10),
(401, 5800, 'file', 20),
(402, 5800, 'root_page', 30),
(403, 5801, 'directory', 0),
(404, 5801, 'file', 10),
(405, 5812, 'minimal_absolute', 0),
(406, 5812, 'minimal_percentage', 10),
(407, 5812, 'maximal_absolute', 20),
(408, 5812, 'maximal_percentage', 30),
(409, 5831, 'C128A', 0),
(410, 5831, 'C128B', 10),
(411, 5831, 'C128C', 20),
(412, 5831, 'I25', 30),
(413, 5831, 'C39', 40),
(414, 5832, 'png', 0),
(415, 5832, 'jpeg', 10),
(416, 5833, 'N', 0),
(417, 5833, 'Y', 10),
(418, 5863, 'any', 0),
(419, 5863, 'anonymous', 10),
(420, 5863, 'disabled', 20),
(421, 5870, 'any', 0),
(422, 5870, 'anonymous', 10),
(423, 5870, 'disabled', 20),
(424, 5878, 'any', 0),
(425, 5878, 'anonymous', 10),
(426, 5878, 'disabled', 20),
(427, 5884, 'any', 0),
(428, 5884, 'anonymous', 10),
(429, 5884, 'disabled', 20),
(430, 5891, 'any', 0),
(431, 5891, 'anonymous', 10),
(432, 5891, 'disabled', 20),
(433, 5921, '0', 0),
(434, 5921, '1', 10),
(435, 5921, '2', 20),
(436, 5921, '3', 30),
(437, 5921, '4', 40),
(438, 5921, '5', 50),
(439, 5921, '6', 60),
(440, 5921, '7', 70),
(441, 5921, '8', 80),
(442, 5921, '9', 90),
(443, 5921, '10', 100),
(444, 5921, '11', 110),
(445, 5921, '12', 120),
(446, 5921, '13', 130),
(447, 5921, '14', 140),
(448, 5921, '15', 150),
(449, 5930, 'catalog', 0),
(450, 5930, 'store', 10),
(451, 5950, 'smarty', 0),
(452, 5950, 'html', 10),
(453, 5956, 'vertical_tabs', 0),
(454, 5956, 'horizontal_tabs', 10),
(455, 5957, 'fill', 0),
(456, 5957, 'framed', 10),
(457, 5963, 'pre', 0),
(458, 5963, 'post', 10),
(459, 5965, 'image_replace', 0),
(460, 5965, 'open_popup', 10),
(461, 5973, 'top_left', 0),
(462, 5973, 'top_right', 10),
(463, 5973, 'bottom_left', 20),
(464, 5973, 'bottom_right', 30),
(465, 5975, 'arrow_1', 0),
(466, 5975, 'arrow_2', 10),
(467, 5975, 'arrow_3', 20),
(468, 5975, 'arrow_4', 30),
(469, 5975, 'arrow_5', 40),
(470, 5975, 'arrow_6', 50),
(471, 5975, 'arrow_7', 60),
(472, 5975, 'arrow_8', 70),
(473, 5975, 'arrow_9', 80),
(474, 5975, 'arrow_10', 90),
(475, 5981, 'px', 0),
(476, 5981, 'pt', 10),
(477, 5981, 'pc', 20),
(478, 5981, 'cm', 30),
(479, 5981, 'mm', 40),
(480, 5981, 'em', 50),
(481, 5981, 'rem', 60),
(482, 5981, 'ex', 70),
(483, 5981, 'ch', 80),
(484, 5981, '%', 90),
(485, 5981, 'vw', 100),
(486, 5981, 'vh', 110),
(487, 5982, 'normal', 0),
(488, 5982, 'bold', 10),
(489, 6013, '10', 0),
(490, 6013, '100', 10),
(491, 6013, '200', 20),
(492, 6013, '300', 30),
(493, 6013, '400', 40),
(494, 6013, '500', 50),
(495, 6013, '600', 60),
(496, 6013, '700', 70),
(497, 6013, '800', 80),
(498, 6013, '900', 90),
(499, 6013, '1000', 100),
(500, 6013, '1100', 110),
(501, 6013, '1200', 120),
(502, 6013, '1300', 130),
(503, 6013, '1400', 140),
(504, 6013, '1500', 150),
(505, 6014, 'left', 0),
(506, 6014, 'right', 10),
(507, 6014, 'center', 20),
(508, 6015, 'text', 0),
(509, 6015, 'text2', 10),
(510, 6015, 'button', 20),
(511, 6018, 'end_of_the_day', 0),
(512, 6018, 'end_of_the_promotion', 10),
(513, 6022, '0', 0),
(514, 6022, '1', 10),
(515, 6022, '2', 20),
(516, 6022, '3', 30),
(517, 6022, '4', 40),
(518, 6022, '5', 50),
(519, 6022, '6', 60),
(520, 6022, '7', 70),
(521, 6056, 'red', 0),
(522, 6056, 'green', 10),
(523, 6056, 'blue', 20),
(524, 6082, '0', 0),
(525, 6082, '10000', 10),
(526, 6082, '30000', 20),
(527, 6082, '60000', 30),
(528, 6082, '90000', 40),
(529, 6086, '0', 0),
(530, 6086, '1', 1),
(531, 6086, '2', 2),
(532, 6086, '3', 3),
(533, 6086, '4', 4),
(534, 6086, '5', 5),
(535, 6086, '6', 6),
(536, 6086, '7', 7),
(537, 6086, '8', 8),
(538, 6086, '9', 9),
(539, 6086, '10', 10),
(837, 6424, 'none', 0),
(838, 6424, 'appliances', 10),
(839, 6424, 'child', 20),
(840, 6424, 'cosmetic', 30),
(841, 6424, 'coupon', 40),
(842, 6424, 'fashion', 50),
(843, 6424, 'construction', 60),
(844, 6424, 'animal', 70),
(845, 6424, 'fmcg', 80),
(846, 139, 'Atlantic/Bermuda', 210),
(847, 139, 'Asia/Almaty', 130),
(848, 139, 'Indian/Cocos', 10),
(849, 139, 'Pacific/Pitcairn', 760),
(850, 139, 'America/Vancouver', 770),
(851, 139, 'Pacific/Gambier', 780),
(852, 139, 'Australia/Lord_Howe', 790),
(853, 139, 'Pacific/Chatham', 800),
(854, 139, 'Africa/Casablanca', 810),
(855, 139, 'Europe/Dublin', 820),
(856, 139, 'Pacific/Midway', 830),
(857, 139, 'Asia/Urumqi', 840),
(858, 6435, '0', 1),
(859, 6435, '1', 2),
(860, 6435, '2', 3),
(861, 6435, '3', 4),
(862, 6435, '4', 5),
(863, 6435, '5', 5),
(977, 6523, 'km', 0),
(978, 6523, 'miles', 10),
(979, 6524, 'none', 0),
(980, 6524, 'city', 10),
(981, 6524, 'country', 20),
(1287, 7261, '0.9', 0),
(1288, 7261, '0.8', 10),
(1289, 7261, '0.7', 20),
(1290, 7261, '0.6', 30),
(1291, 7261, '0.5', 40),
(1292, 7261, '0.4', 50),
(1293, 7261, '0.3', 60),
(1294, 7261, '0.2', 70),
(1295, 7261, '0.1', 80),
(1296, 7280, 'P', 10),
(1297, 7280, 'S', 20),
(1298, 7282, 'F', 10),
(1299, 7282, 'A', 20),
(1300, 7284, 'R', 10),
(1301, 7284, 'P', 20),
(1302, 7284, 'A', 30),
(1303, 7298, 'none', 0),
(1304, 7298, 'all', 10),
(1305, 7299, 'https://converter.cart-services.com', 0),
(1322, 7334, 'any', 0),
(1323, 7334, 'anonymous', 10),
(1324, 7334, 'disabled', 20),
(1325, 7336, 'advanced', 0),
(1326, 7336, 'simple', 10),
(1327, 7338, 'none', 0),
(1328, 7338, 'country', 10),
(1329, 7338, 'city', 20),
(1360, 7414, 'homolog', 0),
(1361, 7414, 'production', 10),
(1378, 7467, '1', 0),
(1379, 7467, '2', 10),
(1380, 7467, '3', 20),
(1381, 7468, 'right', 0),
(1382, 7468, 'left', 10),
(1383, 7468, 'off', 20),
(1384, 7469, 'image', 0),
(1385, 7469, 'text', 10),
(1386, 7470, 'horizontal', 0),
(1387, 7470, 'vertical', 10),
(1388, 7471, 'collapsed', 0),
(1389, 7471, 'expanded', 10),
(1390, 7472, 'default', 0),
(1391, 7472, 'traditional', 10),
(1392, 7489, 'vendor', 0),
(1393, 7489, 'both', 10),
(1394, 7498, 'vertical', 0),
(1395, 7498, 'horizontal', 10),
(1396, 7499, 'collapsed', 0),
(1397, 7499, 'expanded', 10),
(1398, 7507, 'development', 0),
(1399, 7507, 'production', 10),
(1400, 7517, 'T', 0),
(1401, 7517, 'U', 10),
(1402, 7517, 'P', 20),
(1403, 7519, 'development', 0),
(1404, 7519, 'production', 10),
(1405, 7522, 'Y', 0),
(1406, 7522, 'N', 10),
(1407, 7526, 'true', 0),
(1408, 7526, 'false', 10);

-- --------------------------------------------------------

--
-- Table structure for table `partiushop_settings_vendor_values`
--

CREATE TABLE `partiushop_settings_vendor_values` (
  `object_id` mediumint(8) UNSIGNED NOT NULL,
  `company_id` int(11) UNSIGNED NOT NULL DEFAULT 0,
  `value` text DEFAULT NULL,
  `storefront_id` int(11) UNSIGNED NOT NULL DEFAULT 0
) ENGINE=InnoDB DEFAULT CHARSET=utf8;

--
-- Dumping data for table `partiushop_settings_vendor_values`
--

INSERT INTO `partiushop_settings_vendor_values` (`object_id`, `company_id`, `value`, `storefront_id`) VALUES
(6054, 0, '{\"app_settings\":{\"utility\":{\"shopName\":\"Partiu Shop\",\"pushNotifications\":\"1\",\"fcmApiKey\":\"\"},\"build\":{\"appName\":\"Partiu.Shop\",\"appShortDescription\":\"Comprar e Vender nunca foi t\\u00e3o f\\u00e1cil!\",\"appFullDescription\":\"Comprar e Vender nunca foi t\\u00e3o f\\u00e1cil!\",\"supportEmail\":\"admin@partiushop.com.br\",\"privacyPolicyUrl\":\"http:\\/\\/partiushop.com.br\\/\"},\"images\":{\"crop_when_resize\":\"Y\"},\"apple_pay\":{\"applePay\":\"off\",\"applePayMerchantIdentifier\":\"\",\"applePayMerchantName\":\"\"},\"google_pay\":{\"googlePay\":\"off\",\"googlePayApiKey\":\"\"}},\"app_appearance\":{\"colors\":{\"categories\":{\"categoriesBackgroundColor\":{\"value\":\"#FAFAFA\",\"type\":\"color\",\"name\":\"Background\",\"description\":\"The background color of the block with categories.\"},\"categoriesHeaderColor\":{\"value\":\"#303433\",\"type\":\"color\",\"name\":\"Block title color\",\"description\":\"Affects the titles of all blocks, not just the one with categories.\"},\"categoryBlockBackgroundColor\":{\"value\":\"#FFF\",\"type\":\"color\",\"name\":\"Card background\",\"description\":\"The background color of category cards.\"},\"categoryBlockTextColor\":{\"value\":\"#303433\",\"type\":\"color\",\"name\":\"Card text\",\"description\":\"The color of text in a category card.\"},\"categoryBorderRadius\":{\"value\":\"6\",\"type\":\"number\",\"name\":\"Card corners radius\",\"description\":\"Determines how rounded the corners of a category card will be.\"}},\"bottom_tabs\":{\"bottomTabsBackgroundColor\":{\"value\":\"#fff\",\"type\":\"color\",\"name\":\"Background color\",\"description\":\"Background color.\"},\"bottomTabsTextColor\":{\"value\":\"#6A6A6A\",\"type\":\"color\",\"name\":\"Text color\",\"description\":\"Text color.\"},\"bottomTabsSelectedTextColor\":{\"value\":\"#051a43\",\"type\":\"color\",\"name\":\"Selected text color\",\"description\":\"Selected text color.\"},\"bottomTabsIconColor\":{\"value\":\"#6A6A6A\",\"type\":\"color\",\"name\":\"Icon color\",\"description\":\"Icon color.\"},\"bottomTabsSelectedIconColor\":{\"value\":\"#051a43\",\"type\":\"color\",\"name\":\"Selected icon color\",\"description\":\"Selected icon color.\"},\"bottomTabsPrimaryBadgeColor\":{\"value\":\"#051a43\",\"type\":\"color\",\"name\":\"Primary badge color\",\"description\":\"Color of the icon with the number of products.\"}},\"navbar\":{\"statusBarColor\":{\"value\":\"#c1c1c1\",\"type\":\"color\",\"name\":\"Status bar color\",\"description\":\"The color of the system status bar; affects Android devices only.\"},\"navBarBackgroundColor\":{\"value\":\"#051a43\",\"type\":\"color\",\"name\":\"Background\",\"description\":\"The background color of the navigation bar.\"},\"navBarButtonColor\":{\"value\":\"#fff\",\"type\":\"color\",\"name\":\"Icon color\",\"description\":\"The color of icons in the navigation bar.\"},\"navBarTextColor\":{\"value\":\"#fff\",\"type\":\"color\",\"name\":\"Text color\",\"description\":\"The color of text in the navigation bar.\"},\"screenBackgroundColor\":{\"value\":\"#fff\",\"type\":\"color\",\"name\":\"Screen background\",\"description\":\"The common background color of all screens in the app.\"},\"navBarTitleFontSize\":{\"value\":\"16\",\"type\":\"number\",\"name\":\"Title text size\",\"description\":\"The size of the title text.\"}},\"product_screen\":{\"buttonBackgroundColor\":{\"value\":\"#051a43\",\"type\":\"color\",\"name\":\"Primary CTA button\",\"description\":\"The background color of the primary CTA button (such as \'Add to Cart\').\"},\"buttonWithBackgroundTextColor\":{\"value\":\"#fff\",\"type\":\"color\",\"name\":\"CTA text color\",\"description\":\"The text color of both primary and secondary CTA buttons.\"},\"buttonWithoutBackgroundTextColor\":{\"value\":\"#051a43\",\"type\":\"color\",\"name\":\"Secondary action text\",\"description\":\"The color of sorting and filter links, etc.\"},\"ratingStarsColor\":{\"value\":\"#EAA944\",\"type\":\"color\",\"name\":\"Rating stars color\",\"description\":\"The color of the rating icons (stars).\"},\"discussionMessageColor\":{\"value\":\"#808080\",\"type\":\"color\",\"name\":\"Text color\",\"description\":\"Affects product descriptions, discussions, and other texts at the product screen.\"},\"darkColor\":{\"value\":\"#242424\",\"type\":\"color\",\"name\":\"Product name\",\"description\":\"Determines color of product name and product price\"},\"grayColor\":{\"value\":\"#FAFAFA\",\"type\":\"color\",\"name\":\"Tabs background\",\"description\":\"\"},\"mediumGrayColor\":{\"value\":\"#B8B8B8\",\"type\":\"color\",\"name\":\"Options border color\",\"description\":\"\"},\"categoryEmptyImage\":{\"value\":\"#989898\",\"type\":\"color\",\"name\":\"\\\"Add image\\\" button\",\"description\":\"The color of the \\\"plus\\\" button for adding a product image.\"}},\"other\":{\"successColor\":{\"value\":\"#7DCFB6\",\"type\":\"color\",\"name\":\"Success color\",\"description\":\"The background color of a pop-up notification about a successful action.\"},\"infoColor\":{\"value\":\"#FCEADE\",\"type\":\"color\",\"name\":\"Info color\",\"description\":\"The background color of a pop-up notification with information.\"},\"dangerColor\":{\"value\":\"#D9534F\",\"type\":\"color\",\"name\":\"Error color\",\"description\":\"The background color of a pop-up notification about an error.\"},\"borderRadius\":{\"value\":\"5\",\"type\":\"number\",\"name\":\"Border radius\",\"description\":\"Determines how rounded the corners of product borders will be.\"},\"productDiscountColor\":{\"value\":\"#ffc014\",\"type\":\"color\",\"name\":\"Discount badge\",\"description\":\"The background color of a badge with the amount of product discount.\"},\"productBorderColor\":{\"value\":\"#FFF\",\"type\":\"color\",\"name\":\"Product border\",\"description\":\"The color of a thin border around products on product lists.\"},\"pushNotificationsColor\":{\"value\":\"#26323e\",\"type\":\"color\",\"name\":\"Push notifications color\",\"description\":\"Color of push notifications.\"},\"dotsSwiperColor\":{\"value\":\"#051a43\",\"type\":\"color\",\"name\":\"Image slider bullets\",\"description\":\"The color of bullets in image galleries.\"}},\"profile\":{\"menuItemsBorderColor\":{\"value\":\"#f3f3f3\",\"type\":\"color\",\"name\":\"Border color\",\"description\":\"Border color for menu items.\"},\"menuIconsColor\":{\"value\":\"#D3D3D3\",\"type\":\"color\",\"name\":\"Menu icons color\",\"description\":\"Menu icons color.\"},\"menuTextColor\":{\"value\":\"#424040\",\"type\":\"color\",\"name\":\"Menu text color\",\"description\":\"Menu text color.\"}}}},\"promotion\":{\"app_store_app_id\":\"\",\"google_play_app_id\":\"\"},\"modified_time\":1645797548}', 1),
(7297, 0, 'Y', 1),
(7297, 0, 'Y', 2),
(7359, 0, 'C', 1);

-- --------------------------------------------------------

--
-- Table structure for table `partiushop_shipments`
--

CREATE TABLE `partiushop_shipments` (
  `shipment_id` mediumint(8) UNSIGNED NOT NULL,
  `shipping_id` mediumint(8) UNSIGNED NOT NULL DEFAULT 0,
  `tracking_number` varchar(255) NOT NULL DEFAULT '',
  `carrier` varchar(255) NOT NULL DEFAULT '',
  `etiqueta_correios` varchar(255) DEFAULT NULL,
  `correios_plp_id` varchar(255) DEFAULT NULL,
  `timestamp` int(11) UNSIGNED NOT NULL DEFAULT 0,
  `comments` mediumtext DEFAULT NULL,
  `status` char(1) NOT NULL DEFAULT 'P',
  `last_tracking_event` varchar(255) DEFAULT NULL
) ENGINE=InnoDB DEFAULT CHARSET=utf8;

--
-- Dumping data for table `partiushop_shipments`
--

INSERT INTO `partiushop_shipments` (`shipment_id`, `shipping_id`, `tracking_number`, `carrier`, `etiqueta_correios`, `correios_plp_id`, `timestamp`, `comments`, `status`, `last_tracking_event`) VALUES
(29, 8, 'QF802546895BR', 'correios', 'QF80254689 BR', '503661937', 1625694773, NULL, 'P', NULL),
(31, 8, 'QF802815963BR', 'correios', 'QF80281596 BR', '503669363', 1625696332, NULL, 'P', NULL),
(32, 8, 'QF956167920BR', 'correios', 'QF95616792 BR', '509898482', 1626369013, NULL, 'S', NULL),
(33, 8, 'QH910596180BR', 'correios', 'QH91059618 BR', '571630548', 1637110004, NULL, 'S', NULL),
(34, 10, 'OS067546022BR', 'correios', 'OS06754602 BR', '571645700', 1637114724, NULL, 'S', NULL),
(35, 8, 'QH910604751BR', 'correios', 'QH91060475 BR', '571646204', 1637115248, NULL, 'S', NULL),
(37, 7, 'QI065932346BR', 'fedex', NULL, NULL, 1651087913, 'bujkbjkbjkbkj', 'P', NULL),
(38, 10, 'QI065932346BR', 'correios', NULL, NULL, 1651515433, '', 'P', NULL),
(39, 6, 'QI065932346BR', 'correios', NULL, NULL, 1651515870, '', 'P', NULL),
(40, 10, 'QI065932346BR', 'correios', NULL, NULL, 1651523042, '', 'P', NULL),
(41, 10, 'QI065932346BR', 'correios', NULL, NULL, 1651523198, '', 'P', NULL),
(42, 6, 'QI065932346BR', 'correios', NULL, NULL, 1651598957, '', 'P', NULL),
(43, 10, 'QI065932346BR', 'correios', NULL, NULL, 1651599151, '', 'P', NULL),
(44, 7, 'QI065932346BR', 'correios', NULL, NULL, 1651599409, '', 'P', NULL),
(45, 6, 'QI065932346BR', 'correios', NULL, NULL, 1651599489, '', 'P', NULL),
(46, 6, 'QI065932346BR', 'correios', NULL, NULL, 1651599713, '', 'P', NULL),
(47, 6, 'QI065932346BR', 'correios', NULL, NULL, 1651600014, '', 'P', NULL),
(48, 7, 'QI065932346BR', 'correios', NULL, NULL, 1651600112, '', 'P', NULL),
(49, 10, 'QI065932346BR', 'correios', NULL, NULL, 1651695400, '', 'P', NULL),
(50, 7, 'QI065932346BR', 'correios', NULL, NULL, 1651696538, '', 'P', NULL),
(51, 6, 'QI065932346BR', 'correios', NULL, NULL, 1651696911, '', 'P', NULL),
(52, 6, 'QI065932346BR', 'correios', NULL, NULL, 1651696965, '', 'P', NULL),
(53, 6, 'QI065932346BR', 'correios', NULL, NULL, 1651697043, '', 'P', NULL),
(54, 6, '1234', 'correios', NULL, NULL, 1651861094, '', 'P', NULL),
(55, 10, '1234', 'correios', NULL, NULL, 1652117568, '', 'S', NULL),
(56, 6, 'QI065932346BR', 'correios', NULL, NULL, 1652120207, 'asd', 'P', NULL),
(57, 7, 'QI065932346BR', 'correios', NULL, NULL, 1652123145, 'xc', 'P', NULL),
(58, 6, 'QI065932346BR', 'correios', NULL, NULL, 1652123711, '', 'P', NULL),
(59, 10, 'QI065932346BR', 'correios', NULL, NULL, 1652124428, '', 'P', NULL),
(60, 6, 'QI065932346BR', 'correios', NULL, NULL, 1652124883, '', 'P', NULL),
(61, 10, 'QI065932346BR', 'correios', NULL, NULL, 1652204647, 'asd', 'P', NULL),
(62, 6, 'QI065932346BR', 'correios', NULL, NULL, 1652208309, 'asdasd', 'P', NULL),
(63, 10, 'QI065932346BR', 'correios', NULL, NULL, 1652208589, 'dsads', 'P', NULL),
(64, 6, 'QI065932346BR', 'correios', NULL, NULL, 1652208783, 'sascasd', 'P', NULL),
(65, 6, 'QI065932346BR', 'correios', NULL, NULL, 1652209190, 'asdasd', 'P', NULL),
(66, 10, 'QI065932346BR', 'correios', NULL, NULL, 1652210645, 'vsdfsdfsdfsfs', 'P', NULL),
(67, 8, 'QI065932346BR', 'correios', NULL, NULL, 1652210788, 'sadadsad', 'P', NULL),
(68, 6, 'QI065932346BR', 'correios', NULL, NULL, 1652210925, 'asdasdasdsada', 'P', NULL),
(69, 6, 'QI065932346BR', 'correios', NULL, NULL, 1652211242, 'zxasdasd', 'P', NULL),
(70, 10, 'QI065932346BR', 'correios', NULL, NULL, 1652211382, 'asdads', 'P', NULL),
(71, 6, 'QI065932346BR', 'correios', NULL, NULL, 1652211545, 'fdsfsdfsf', 'P', NULL),
(72, 7, 'QI065932346BR', 'correios', NULL, NULL, 1652212292, 'ad', 'P', NULL),
(73, 10, 'QI065932346BR', 'correios', NULL, NULL, 1652212524, 'adadsadasd', 'P', NULL),
(74, 6, 'QI065932346BR', 'correios', NULL, NULL, 1652212657, 'asdsadadadsad', 'P', NULL),
(75, 10, 'QI065932346BR', 'correios', NULL, NULL, 1652212842, 'asdadadad', 'P', NULL),
(76, 10, 'QI065932346BR', 'correios', NULL, NULL, 1652290490, 'asdasd', 'P', NULL),
(77, 6, 'QI065932346BR', 'correios', NULL, NULL, 1652290695, 'dasdasdsdadadsasd', 'P', NULL),
(78, 8, 'QI065932346BR', 'correios', NULL, NULL, 1652290821, 'asdadadad', 'P', NULL),
(79, 10, 'OU217529778BR', 'correios', 'OU21752977 BR', '659213826', 1652742717, NULL, 'P', NULL);

-- --------------------------------------------------------

--
-- Table structure for table `partiushop_shipment_items`
--

CREATE TABLE `partiushop_shipment_items` (
  `item_id` int(11) UNSIGNED NOT NULL,
  `shipment_id` mediumint(8) UNSIGNED NOT NULL DEFAULT 0,
  `order_id` mediumint(8) UNSIGNED NOT NULL DEFAULT 0,
  `product_id` mediumint(8) UNSIGNED NOT NULL DEFAULT 0,
  `amount` int(11) UNSIGNED NOT NULL DEFAULT 0
) ENGINE=InnoDB DEFAULT CHARSET=utf8;

--
-- Dumping data for table `partiushop_shipment_items`
--

INSERT INTO `partiushop_shipment_items` (`item_id`, `shipment_id`, `order_id`, `product_id`, `amount`) VALUES
(9159054, 29, 102, 286, 1),
(9159054, 31, 104, 286, 1),
(9159054, 32, 105, 286, 1),
(552830084, 34, 111, 300, 1),
(552830084, 35, 112, 300, 1),
(552830084, 49, 126, 300, 1),
(664682653, 33, 110, 304, 1),
(664682653, 45, 122, 304, 1),
(664682653, 47, 124, 304, 1),
(664682653, 49, 126, 304, 1),
(664682653, 51, 128, 304, 1),
(664682653, 53, 130, 304, 1),
(664682653, 60, 136, 304, 1),
(664682653, 63, 139, 304, 1),
(664682653, 66, 142, 304, 1),
(664682653, 71, 147, 304, 1),
(664682653, 74, 150, 304, 1),
(1352232971, 42, 119, 305, 1),
(1352232971, 48, 125, 305, 1),
(1352232971, 55, 109, 305, 1),
(1352232971, 62, 138, 305, 1),
(1352232971, 70, 146, 305, 1),
(1352232971, 72, 148, 305, 1),
(1352232971, 78, 154, 305, 1),
(2005725464, 54, 101, 287, 1),
(3120223550, 41, 118, 303, 1),
(3120223550, 44, 121, 303, 1),
(3120223550, 46, 123, 303, 1),
(3120223550, 50, 127, 303, 1),
(3120223550, 68, 144, 303, 1),
(3120223550, 76, 152, 303, 1),
(3381666225, 38, 115, 306, 1),
(3381666225, 40, 117, 306, 1),
(3381666225, 52, 129, 306, 1),
(3381666225, 56, 131, 306, 1),
(3381666225, 57, 132, 306, 1),
(3381666225, 58, 133, 306, 1),
(3381666225, 61, 137, 306, 1),
(3381666225, 64, 140, 306, 1),
(3381666225, 65, 141, 306, 1),
(3381666225, 67, 143, 306, 1),
(3381666225, 69, 145, 306, 1),
(3381666225, 73, 149, 306, 1),
(3381666225, 75, 151, 306, 1),
(3381666225, 79, 113, 306, 1),
(3472745896, 37, 114, 302, 1),
(3472745896, 39, 116, 302, 1),
(3472745896, 43, 120, 302, 1),
(3472745896, 59, 134, 302, 1),
(3472745896, 68, 144, 302, 1),
(3472745896, 71, 147, 302, 1),
(3472745896, 75, 151, 302, 1),
(3472745896, 77, 153, 302, 1);

-- --------------------------------------------------------

--
-- Table structure for table `partiushop_shippings`
--

CREATE TABLE `partiushop_shippings` (
  `shipping_id` mediumint(8) UNSIGNED NOT NULL,
  `company_id` int(11) UNSIGNED NOT NULL DEFAULT 0,
  `destination` char(1) NOT NULL DEFAULT 'I',
  `min_weight` decimal(13,3) NOT NULL DEFAULT 0.000,
  `max_weight` decimal(13,3) NOT NULL DEFAULT 0.000,
  `usergroup_ids` varchar(255) NOT NULL DEFAULT '0',
  `rate_calculation` char(1) NOT NULL DEFAULT 'M',
  `service_id` mediumint(8) UNSIGNED NOT NULL DEFAULT 0,
  `service_params` text DEFAULT NULL,
  `localization` varchar(255) NOT NULL DEFAULT '',
  `tax_ids` varchar(255) NOT NULL DEFAULT '',
  `position` smallint(5) UNSIGNED NOT NULL DEFAULT 0,
  `status` char(1) NOT NULL DEFAULT 'D',
  `free_shipping` char(1) NOT NULL DEFAULT 'N',
  `is_address_required` char(1) NOT NULL DEFAULT 'Y',
  `available_for_new_vendors` char(1) NOT NULL DEFAULT 'N'
) ENGINE=InnoDB DEFAULT CHARSET=utf8;

--
-- Dumping data for table `partiushop_shippings`
--

INSERT INTO `partiushop_shippings` (`shipping_id`, `company_id`, `destination`, `min_weight`, `max_weight`, `usergroup_ids`, `rate_calculation`, `service_id`, `service_params`, `localization`, `tax_ids`, `position`, `status`, `free_shipping`, `is_address_required`, `available_for_new_vendors`) VALUES
(1, 0, 'I', '0.000', '0.000', '0', 'M', 0, 'a:0:{}', '', '6', 0, 'D', 'N', 'Y', 'N'),
(3, 0, 'I', '0.000', '0.000', '0', 'R', 213, 'a:13:{s:8:\"user_key\";s:0:\"\";s:17:\"user_key_password\";s:0:\"\";s:14:\"account_number\";s:0:\"\";s:12:\"meter_number\";s:0:\"\";s:22:\"freight_account_number\";s:0:\"\";s:9:\"test_mode\";s:1:\"Y\";s:12:\"package_type\";s:14:\"YOUR_PACKAGING\";s:13:\"drop_off_type\";s:14:\"REGULAR_PICKUP\";s:17:\"max_weight_of_box\";s:1:\"0\";s:6:\"height\";s:2:\"10\";s:5:\"width\";s:2:\"10\";s:6:\"length\";s:2:\"10\";s:7:\"options\";a:3:{s:10:\"COD_AMOUNT\";s:0:\"\";s:19:\"COD_COLLECTION_TYPE\";s:3:\"ANY\";s:29:\"DANGEROUS_GOODS_ACCESSIBILITY\";s:10:\"ACCESSIBLE\";}}', '', '6', 0, 'D', 'N', 'Y', 'N'),
(4, 0, 'I', '0.000', '0.000', '0', 'R', 87, 'a:14:{s:10:\"access_key\";s:0:\"\";s:8:\"username\";s:0:\"\";s:8:\"password\";s:0:\"\";s:16:\"negotiated_rates\";s:1:\"N\";s:14:\"shipper_number\";s:0:\"\";s:9:\"test_mode\";s:1:\"Y\";s:11:\"pickup_type\";s:2:\"01\";s:12:\"package_type\";s:2:\"02\";s:21:\"delivery_confirmation\";s:1:\"N\";s:10:\"dcist_type\";s:1:\"1\";s:17:\"max_weight_of_box\";s:1:\"0\";s:5:\"width\";s:2:\"10\";s:6:\"height\";s:2:\"10\";s:6:\"length\";s:2:\"10\";}', '', '', 0, 'D', 'N', 'Y', 'N'),
(5, 0, 'I', '0.000', '70.000', '0', 'R', 50, 'a:38:{s:8:\"username\";s:0:\"\";s:9:\"test_mode\";s:1:\"N\";s:8:\"mailtype\";s:3:\"All\";s:9:\"container\";s:0:\"\";s:18:\"intl_package_width\";s:2:\"11\";s:19:\"intl_package_length\";s:1:\"1\";s:19:\"intl_package_height\";s:1:\"0\";s:18:\"intl_package_girth\";s:1:\"0\";s:17:\"intl_package_size\";s:7:\"REGULAR\";s:28:\"intl_service_registered_mail\";s:1:\"N\";s:22:\"intl_service_insurance\";s:1:\"N\";s:27:\"intl_service_return_receipt\";s:1:\"N\";s:30:\"intl_service_pick_up_on_demand\";s:1:\"N\";s:35:\"intl_service_certificate_of_mailing\";s:1:\"N\";s:35:\"intl_service_edelivery_confirmation\";s:1:\"N\";s:12:\"package_size\";s:7:\"Regular\";s:21:\"first_class_mail_type\";s:6:\"LETTER\";s:10:\"machinable\";s:4:\"True\";s:18:\"container_priority\";s:0:\"\";s:17:\"container_express\";s:0:\"\";s:14:\"priority_width\";s:0:\"\";s:15:\"priority_length\";s:0:\"\";s:15:\"priority_height\";s:0:\"\";s:14:\"priority_girth\";s:0:\"\";s:11:\"ground_only\";s:1:\"N\";s:26:\"domestic_service_certified\";s:1:\"N\";s:26:\"domestic_service_insurance\";s:1:\"N\";s:45:\"domestic_service_registered_without_insurance\";s:1:\"N\";s:42:\"domestic_service_registered_with_insurance\";s:1:\"N\";s:36:\"domestic_service_collect_on_delivery\";s:1:\"N\";s:47:\"domestic_service_return_receipt_for_merchandise\";s:1:\"N\";s:31:\"domestic_service_return_receipt\";s:1:\"N\";s:62:\"domestic_service_certificate_of_mailing_per_individual_article\";s:1:\"N\";s:62:\"domestic_service_certificate_of_mailing_for_firm_mailing_books\";s:1:\"N\";s:39:\"domestic_service_express_mail_insurance\";s:1:\"N\";s:38:\"domestic_service_delivery_confirmation\";s:1:\"N\";s:39:\"domestic_service_signature_confirmation\";s:1:\"N\";s:42:\"domestic_service_return_receipt_electronic\";s:1:\"N\";}', '', '', 0, 'D', 'N', 'Y', 'N'),
(6, 4, 'I', '0.000', '30.000', '0', 'M', 0, 'a:0:{}', '', '', 0, 'D', 'N', 'N', 'N'),
(7, 4, 'I', '0.000', '30.000', '0', 'M', 0, 'a:0:{}', '', '', 0, 'D', 'N', 'Y', 'N'),
(8, 0, 'I', '0.300', '30.000', '0', 'R', 162026, 'a:9:{s:4:\"taxa\";s:0:\"\";s:15:\"comprimento_min\";s:2:\"15\";s:15:\"comprimento_max\";s:3:\"100\";s:11:\"largura_min\";s:2:\"10\";s:11:\"largura_max\";s:3:\"100\";s:10:\"altura_min\";s:1:\"1\";s:10:\"altura_max\";s:3:\"100\";s:12:\"dimensao_min\";s:2:\"25\";s:12:\"dimensao_max\";s:3:\"200\";}', '', '', 0, 'A', 'N', 'Y', 'N'),
(10, 0, 'I', '0.300', '30.000', '0', 'R', 162022, 'a:9:{s:4:\"taxa\";s:0:\"\";s:15:\"comprimento_min\";s:2:\"15\";s:15:\"comprimento_max\";s:3:\"100\";s:11:\"largura_min\";s:2:\"10\";s:11:\"largura_max\";s:3:\"100\";s:10:\"altura_min\";s:1:\"1\";s:10:\"altura_max\";s:3:\"100\";s:12:\"dimensao_min\";s:2:\"25\";s:12:\"dimensao_max\";s:3:\"200\";}', '', '', 0, 'A', 'N', 'Y', 'N');

-- --------------------------------------------------------

--
-- Table structure for table `partiushop_shipping_descriptions`
--

CREATE TABLE `partiushop_shipping_descriptions` (
  `shipping_id` mediumint(8) UNSIGNED NOT NULL DEFAULT 0,
  `lang_code` char(2) NOT NULL DEFAULT '',
  `shipping` varchar(255) NOT NULL DEFAULT '',
  `delivery_time` varchar(64) NOT NULL DEFAULT '',
  `description` mediumtext DEFAULT NULL
) ENGINE=InnoDB DEFAULT CHARSET=utf8;

--
-- Dumping data for table `partiushop_shipping_descriptions`
--

INSERT INTO `partiushop_shipping_descriptions` (`shipping_id`, `lang_code`, `shipping`, `delivery_time`, `description`) VALUES
(1, 'da', 'Afhentning', 'Kun ved aftale ', NULL),
(1, 'de', 'Custom shipping method', '3-5 days', '<p>Delivery time is calculated in business days.</p><p>Products in stock will be sent after the payment is verified. Mail service is responsible for the goods during transportation.</p><p>Please, open the package delivered under your order the moment you receive it. If any damage is revealed, make claims against mail service.</p><p>Any questions? Contact our Customer Service at 123-12-23</p>'),
(1, 'el', 'Προσαρμοσμένη μέθοδος αποστολής', '3-5 μέρες', NULL),
(1, 'en', 'Custom shipping method', '3-5 days', '<p>Delivery time is calculated in business days.</p><p>Products in stock will be sent after the payment is verified. Mail service is responsible for the goods during transportation.</p><p>Please, open the package delivered under your order the moment you receive it. If any damage is revealed, make claims against mail service.</p><p>Any questions? Contact our Customer Service at 123-12-23</p>'),
(1, 'es', 'Custom shipping method', '3-5 days', '<p>Delivery time is calculated in business days.</p><p>Products in stock will be sent after the payment is verified. Mail service is responsible for the goods during transportation.</p><p>Please, open the package delivered under your order the moment you receive it. If any damage is revealed, make claims against mail service.</p><p>Any questions? Contact our Customer Service at 123-12-23</p>'),
(1, 'fr', 'Custom shipping method', '3-5 days', '<p>Delivery time is calculated in business days.</p><p>Products in stock will be sent after the payment is verified. Mail service is responsible for the goods during transportation.</p><p>Please, open the package delivered under your order the moment you receive it. If any damage is revealed, make claims against mail service.</p><p>Any questions? Contact our Customer Service at 123-12-23</p>'),
(1, 'it', 'Metodo di spedizione personalizzato', '3-5 days', NULL),
(1, 'nl', 'Custom shipping method', '3-5 days', '<p>Delivery time is calculated in business days.</p><p>Products in stock will be sent after the payment is verified. Mail service is responsible for the goods during transportation.</p><p>Please, open the package delivered under your order the moment you receive it. If any damage is revealed, make claims against mail service.</p><p>Any questions? Contact our Customer Service at 123-12-23</p>'),
(1, 'no', 'Custom shipping method', '3-5 days', '<p>Delivery time is calculated in business days.</p><p>Products in stock will be sent after the payment is verified. Mail service is responsible for the goods during transportation.</p><p>Please, open the package delivered under your order the moment you receive it. If any damage is revealed, make claims against mail service.</p><p>Any questions? Contact our Customer Service at 123-12-23</p>'),
(1, 'pt', 'Custom shipping method', '3-5 days', '<p>Delivery time is calculated in business days.</p>\n<p>Products in stock will be sent after the payment is verified. Mail service is responsible for the goods during transportation.</p>\n<p>Please, open the package delivered under your order the moment you receive it. If any damage is revealed, make claims against mail service.</p>\n<p>Any questions? Contact our Customer Service at 123-12-23</p>'),
(1, 'ro', 'Metodă tipizată pentru transport', '3-5 zile', NULL),
(1, 'ru', 'Custom shipping method', '3-5 days', '<p>Delivery time is calculated in business days.</p><p>Products in stock will be sent after the payment is verified. Mail service is responsible for the goods during transportation.</p><p>Please, open the package delivered under your order the moment you receive it. If any damage is revealed, make claims against mail service.</p><p>Any questions? Contact our Customer Service at 123-12-23</p>'),
(3, 'da', 'FedEx 2nd day', '2 days', NULL),
(3, 'de', 'FedEx 2nd day', '2 days', '<p>Delivery time is calculated in business days.</p><p>Products in stock will be sent after the payment is verified. Mail service is responsible for the goods during transportation.</p><p>Please, open the package delivered under your order the moment you receive it. If any damage is revealed, make claims against mail service.</p><p>Any questions? Contact our Customer Service at 123-12-23</p>'),
(3, 'el', 'FedEx 2nd day', '2 μέρες', NULL),
(3, 'en', 'FedEx 2nd day', '2 days', '<p>Delivery time is calculated in business days.</p><p>Products in stock will be sent after the payment is verified. Mail service is responsible for the goods during transportation.</p><p>Please, open the package delivered under your order the moment you receive it. If any damage is revealed, make claims against mail service.</p><p>Any questions? Contact our Customer Service at 123-12-23</p>'),
(3, 'es', 'FedEx 2nd day', '2 days', '<p>Delivery time is calculated in business days.</p><p>Products in stock will be sent after the payment is verified. Mail service is responsible for the goods during transportation.</p><p>Please, open the package delivered under your order the moment you receive it. If any damage is revealed, make claims against mail service.</p><p>Any questions? Contact our Customer Service at 123-12-23</p>'),
(3, 'fr', 'FedEx 2nd day', '2 days', '<p>Delivery time is calculated in business days.</p><p>Products in stock will be sent after the payment is verified. Mail service is responsible for the goods during transportation.</p><p>Please, open the package delivered under your order the moment you receive it. If any damage is revealed, make claims against mail service.</p><p>Any questions? Contact our Customer Service at 123-12-23</p>'),
(3, 'it', 'FedEx 2nd day', '2 days', '<p>Delivery time is calculated in business days.</p><p>Products in stock will be sent after the payment is verified. Mail service is responsible for the goods during transportation.</p><p>Please, open the package delivered under your order the moment you receive it. If any damage is revealed, make claims against mail service.</p><p>Any questions? Contact our Customer Service at 123-12-23</p>'),
(3, 'nl', 'FedEx 2nd day', '2 days', '<p>Delivery time is calculated in business days.</p><p>Products in stock will be sent after the payment is verified. Mail service is responsible for the goods during transportation.</p><p>Please, open the package delivered under your order the moment you receive it. If any damage is revealed, make claims against mail service.</p><p>Any questions? Contact our Customer Service at 123-12-23</p>'),
(3, 'no', 'FedEx 2nd day', '2 days', '<p>Delivery time is calculated in business days.</p><p>Products in stock will be sent after the payment is verified. Mail service is responsible for the goods during transportation.</p><p>Please, open the package delivered under your order the moment you receive it. If any damage is revealed, make claims against mail service.</p><p>Any questions? Contact our Customer Service at 123-12-23</p>'),
(3, 'pt', 'Fedex ', '2 days', '<p>Delivery time is calculated in business days.</p>\r\n<p>Products in stock will be sent after the payment is verified. Mail service is responsible for the goods during transportation.</p>\r\n<p>Please, open the package delivered under your order the moment you receive it. If any damage is revealed, make claims against mail service.</p>\r\n<p>Any questions? Contact our Customer Service at 123-12-23</p>'),
(3, 'ro', 'FedEx în 2 zile', '2 zile', NULL),
(3, 'ru', 'FedEx 2nd day', '2 days', '<p>Delivery time is calculated in business days.</p><p>Products in stock will be sent after the payment is verified. Mail service is responsible for the goods during transportation.</p><p>Please, open the package delivered under your order the moment you receive it. If any damage is revealed, make claims against mail service.</p><p>Any questions? Contact our Customer Service at 123-12-23</p>'),
(4, 'da', 'UPS 3day Select', '3 days', NULL),
(4, 'de', 'UPS 3day Select', '3 days', '<p>Delivery time is calculated in business days.</p><p>Products in stock will be sent after the payment is verified. Mail service is responsible for the goods during transportation.</p><p>Please, open the package delivered under your order the moment you receive it. If any damage is revealed, make claims against mail service.</p><p>Any questions? Contact our Customer Service at 123-12-23</p>'),
(4, 'el', 'Επιλογή UPS 3day', '3 μέρες', NULL),
(4, 'en', 'UPS 3day Select', '3 days', '<p>Delivery time is calculated in business days.</p><p>Products in stock will be sent after the payment is verified. Mail service is responsible for the goods during transportation.</p><p>Please, open the package delivered under your order the moment you receive it. If any damage is revealed, make claims against mail service.</p><p>Any questions? Contact our Customer Service at 123-12-23</p>'),
(4, 'es', 'UPS 3day Select', '3 days', '<p>Delivery time is calculated in business days.</p><p>Products in stock will be sent after the payment is verified. Mail service is responsible for the goods during transportation.</p><p>Please, open the package delivered under your order the moment you receive it. If any damage is revealed, make claims against mail service.</p><p>Any questions? Contact our Customer Service at 123-12-23</p>'),
(4, 'fr', 'UPS 3day Select', '3 days', '<p>Delivery time is calculated in business days.</p><p>Products in stock will be sent after the payment is verified. Mail service is responsible for the goods during transportation.</p><p>Please, open the package delivered under your order the moment you receive it. If any damage is revealed, make claims against mail service.</p><p>Any questions? Contact our Customer Service at 123-12-23</p>'),
(4, 'it', 'UPS 3day Select', '3 days', '<p>Delivery time is calculated in business days.</p><p>Products in stock will be sent after the payment is verified. Mail service is responsible for the goods during transportation.</p><p>Please, open the package delivered under your order the moment you receive it. If any damage is revealed, make claims against mail service.</p><p>Any questions? Contact our Customer Service at 123-12-23</p>'),
(4, 'nl', 'UPS 3day Select', '3 days', '<p>Delivery time is calculated in business days.</p><p>Products in stock will be sent after the payment is verified. Mail service is responsible for the goods during transportation.</p><p>Please, open the package delivered under your order the moment you receive it. If any damage is revealed, make claims against mail service.</p><p>Any questions? Contact our Customer Service at 123-12-23</p>'),
(4, 'no', 'UPS 3day Select', '3 days', '<p>Delivery time is calculated in business days.</p><p>Products in stock will be sent after the payment is verified. Mail service is responsible for the goods during transportation.</p><p>Please, open the package delivered under your order the moment you receive it. If any damage is revealed, make claims against mail service.</p><p>Any questions? Contact our Customer Service at 123-12-23</p>'),
(4, 'pt', 'UPS 3day Select', '3 days', '<p>Delivery time is calculated in business days.</p>\r\n<p>Products in stock will be sent after the payment is verified. Mail service is responsible for the goods during transportation.</p>\r\n<p>Please, open the package delivered under your order the moment you receive it. If any damage is revealed, make claims against mail service.</p>\r\n<p>Any questions? Contact our Customer Service at 123-12-23</p>'),
(4, 'ro', 'Poștă 3 zile selectate', '3 zile', NULL),
(4, 'ru', 'UPS 3day Select', '3 days', '<p>Delivery time is calculated in business days.</p><p>Products in stock will be sent after the payment is verified. Mail service is responsible for the goods during transportation.</p><p>Please, open the package delivered under your order the moment you receive it. If any damage is revealed, make claims against mail service.</p><p>Any questions? Contact our Customer Service at 123-12-23</p>'),
(5, 'da', 'USPS Media Mail', '1-2 days', NULL),
(5, 'de', 'USPS Media Mail', '1-2 days', '<p>Delivery time is calculated in business days.</p><p>Products in stock will be sent after the payment is verified. Mail service is responsible for the goods during transportation.</p><p>Please, open the package delivered under your order the moment you receive it. If any damage is revealed, make claims against mail service.</p><p>Any questions? Contact our Customer Service at 123-12-23</p>'),
(5, 'el', 'USPS Media Mail', '1-2 μέρες', NULL),
(5, 'en', 'USPS Media Mail', '1-2 days', '<p>Delivery time is calculated in business days.</p><p>Products in stock will be sent after the payment is verified. Mail service is responsible for the goods during transportation.</p><p>Please, open the package delivered under your order the moment you receive it. If any damage is revealed, make claims against mail service.</p><p>Any questions? Contact our Customer Service at 123-12-23</p>'),
(5, 'es', 'USPS Media Mail', '1-2 days', '<p>Delivery time is calculated in business days.</p><p>Products in stock will be sent after the payment is verified. Mail service is responsible for the goods during transportation.</p><p>Please, open the package delivered under your order the moment you receive it. If any damage is revealed, make claims against mail service.</p><p>Any questions? Contact our Customer Service at 123-12-23</p>'),
(5, 'fr', 'USPS Media Mail', '1-2 days', '<p>Delivery time is calculated in business days.</p><p>Products in stock will be sent after the payment is verified. Mail service is responsible for the goods during transportation.</p><p>Please, open the package delivered under your order the moment you receive it. If any damage is revealed, make claims against mail service.</p><p>Any questions? Contact our Customer Service at 123-12-23</p>'),
(5, 'it', 'USPS Media Mail', '1-2 days', '<p>Delivery time is calculated in business days.</p><p>Products in stock will be sent after the payment is verified. Mail service is responsible for the goods during transportation.</p><p>Please, open the package delivered under your order the moment you receive it. If any damage is revealed, make claims against mail service.</p><p>Any questions? Contact our Customer Service at 123-12-23</p>'),
(5, 'nl', 'USPS Media Mail', '1-2 days', '<p>Delivery time is calculated in business days.</p><p>Products in stock will be sent after the payment is verified. Mail service is responsible for the goods during transportation.</p><p>Please, open the package delivered under your order the moment you receive it. If any damage is revealed, make claims against mail service.</p><p>Any questions? Contact our Customer Service at 123-12-23</p>'),
(5, 'no', 'USPS Media Mail', '1-2 days', '<p>Delivery time is calculated in business days.</p><p>Products in stock will be sent after the payment is verified. Mail service is responsible for the goods during transportation.</p><p>Please, open the package delivered under your order the moment you receive it. If any damage is revealed, make claims against mail service.</p><p>Any questions? Contact our Customer Service at 123-12-23</p>'),
(5, 'pt', 'USPS Media Mail', '1-2 days', '<p>Delivery time is calculated in business days.</p>\n<p>Products in stock will be sent after the payment is verified. Mail service is responsible for the goods during transportation.</p>\n<p>Please, open the package delivered under your order the moment you receive it. If any damage is revealed, make claims against mail service.</p>\n<p>Any questions? Contact our Customer Service at 123-12-23</p>'),
(5, 'ro', 'Poștă Media USPS', '1-2 zile', NULL),
(5, 'ru', 'USPS Media Mail', '1-2 days', '<p>Delivery time is calculated in business days.</p><p>Products in stock will be sent after the payment is verified. Mail service is responsible for the goods during transportation.</p><p>Please, open the package delivered under your order the moment you receive it. If any damage is revealed, make claims against mail service.</p><p>Any questions? Contact our Customer Service at 123-12-23</p>'),
(6, 'da', 'Correios', '3', '<p>Correios do Brasil</p>'),
(6, 'de', 'Correios', '3', '<p>Correios do Brasil</p>'),
(6, 'el', 'Correios', '3', '<p>Correios do Brasil</p>'),
(6, 'en', 'Correios', '3', '<p>Correios do Brasil</p>'),
(6, 'es', 'Correios', '3', '<p>Correios do Brasil</p>'),
(6, 'fr', 'Correios', '3', '<p>Correios do Brasil</p>'),
(6, 'it', 'Correios', '3', '<p>Correios do Brasil</p>'),
(6, 'nl', 'Correios', '3', '<p>Correios do Brasil</p>'),
(6, 'no', 'Correios', '3', '<p>Correios do Brasil</p>'),
(6, 'pt', 'Correios', '10', '<p>Correios do Brasil</p>'),
(6, 'ro', 'Correios', '3', '<p>Correios do Brasil</p>'),
(6, 'ru', 'Correios', '3', '<p>Correios do Brasil</p>'),
(7, 'da', 'Teste Frete', '3 - 10 Dias', '<p>Teste Frete</p>'),
(7, 'de', 'Teste Frete', '3 - 10 Dias', '<p>Teste Frete</p>'),
(7, 'el', 'Teste Frete', '3 - 10 Dias', '<p>Teste Frete</p>'),
(7, 'en', 'Teste Frete', '3 - 10 Dias', '<p>Teste Frete</p>'),
(7, 'es', 'Teste Frete', '3 - 10 Dias', '<p>Teste Frete</p>'),
(7, 'fr', 'Teste Frete', '3 - 10 Dias', '<p>Teste Frete</p>'),
(7, 'it', 'Teste Frete', '3 - 10 Dias', '<p>Teste Frete</p>'),
(7, 'nl', 'Teste Frete', '3 - 10 Dias', '<p>Teste Frete</p>'),
(7, 'no', 'Teste Frete', '3 - 10 Dias', '<p>Teste Frete</p>'),
(7, 'pt', 'Teste Frete', '3 - 10 Dias', '<p>Teste Frete</p>'),
(7, 'ro', 'Teste Frete', '3 - 10 Dias', '<p>Teste Frete</p>'),
(7, 'ru', 'Teste Frete', '3 - 10 Dias', '<p>Teste Frete</p>'),
(8, 'da', 'Pac', '', ''),
(8, 'de', 'Pac', '', ''),
(8, 'el', 'Pac', '', ''),
(8, 'en', 'Pac', '', ''),
(8, 'es', 'Pac', '', ''),
(8, 'fr', 'Pac', '', ''),
(8, 'it', 'Pac', '', ''),
(8, 'nl', 'Pac', '', ''),
(8, 'no', 'Pac', '', ''),
(8, 'pt', 'Pac', '', ''),
(8, 'ro', 'Pac', '', ''),
(8, 'ru', 'Pac', '', ''),
(10, 'da', 'Sedex', '', ''),
(10, 'de', 'Sedex', '', ''),
(10, 'el', 'Sedex', '', ''),
(10, 'en', 'Sedex', '', ''),
(10, 'es', 'Sedex', '', ''),
(10, 'fr', 'Sedex', '', ''),
(10, 'it', 'Sedex', '', ''),
(10, 'nl', 'Sedex', '', ''),
(10, 'no', 'Sedex', '', ''),
(10, 'pt', 'Sedex', '', ''),
(10, 'ro', 'Sedex', '', ''),
(10, 'ru', 'Sedex', '', '');

-- --------------------------------------------------------

--
-- Table structure for table `partiushop_shipping_rates`
--

CREATE TABLE `partiushop_shipping_rates` (
  `rate_id` mediumint(8) UNSIGNED NOT NULL,
  `shipping_id` mediumint(8) UNSIGNED NOT NULL DEFAULT 0,
  `destination_id` mediumint(8) UNSIGNED NOT NULL DEFAULT 0,
  `rate_value` text DEFAULT NULL,
  `base_rate` decimal(12,2) UNSIGNED NOT NULL DEFAULT 0.00
) ENGINE=InnoDB DEFAULT CHARSET=utf8;

--
-- Dumping data for table `partiushop_shipping_rates`
--

INSERT INTO `partiushop_shipping_rates` (`rate_id`, `shipping_id`, `destination_id`, `rate_value`, `base_rate`) VALUES
(56, 6, 1, 'a:1:{s:1:\"W\";a:1:{i:0;a:4:{s:16:\"range_from_value\";i:0;s:5:\"value\";d:1;s:8:\"per_unit\";s:1:\"Y\";s:14:\"range_to_value\";s:0:\"\";}}}', '0.00'),
(57, 6, 9, 'a:2:{s:1:\"C\";a:1:{i:0;a:4:{s:16:\"range_from_value\";i:0;s:5:\"value\";d:150;s:8:\"per_unit\";s:1:\"N\";s:14:\"range_to_value\";s:0:\"\";}}s:1:\"W\";a:1:{i:0;a:4:{s:16:\"range_from_value\";i:0;s:5:\"value\";d:10;s:8:\"per_unit\";s:1:\"Y\";s:14:\"range_to_value\";s:0:\"\";}}}', '0.00'),
(66, 3, 1, '', '0.00'),
(67, 3, 7, '', '0.00'),
(68, 3, 8, '', '0.00'),
(69, 3, 9, '', '0.00'),
(70, 4, 1, '', '0.00'),
(71, 4, 7, '', '0.00'),
(72, 4, 8, '', '0.00'),
(73, 4, 9, '', '0.00'),
(74, 5, 1, '', '0.00'),
(75, 5, 7, '', '0.00'),
(76, 5, 8, '', '0.00'),
(77, 5, 9, '', '0.00'),
(95, 7, 9, 'a:2:{s:1:\"C\";a:2:{i:0;a:5:{s:16:\"range_from_value\";d:0;s:14:\"range_to_value\";d:100;s:5:\"value\";d:10;s:8:\"per_unit\";s:1:\"N\";s:4:\"type\";s:1:\"F\";}i:100;a:5:{s:16:\"range_from_value\";d:100;s:14:\"range_to_value\";s:0:\"\";s:5:\"value\";d:5;s:8:\"per_unit\";s:1:\"N\";s:4:\"type\";s:1:\"F\";}}s:1:\"W\";a:2:{i:0;a:5:{s:16:\"range_from_value\";d:0;s:14:\"range_to_value\";d:5;s:5:\"value\";d:15;s:8:\"per_unit\";s:1:\"Y\";s:4:\"type\";s:1:\"F\";}i:5;a:5:{s:16:\"range_from_value\";d:5;s:14:\"range_to_value\";s:0:\"\";s:5:\"value\";d:30;s:8:\"per_unit\";s:1:\"Y\";s:4:\"type\";s:1:\"F\";}}}', '0.00'),
(96, 1, 1, 'a:1:{s:1:\"C\";a:2:{i:0;a:5:{s:16:\"range_from_value\";d:0;s:14:\"range_to_value\";d:100;s:5:\"value\";d:0;s:8:\"per_unit\";s:1:\"N\";s:4:\"type\";s:1:\"F\";}i:100;a:5:{s:16:\"range_from_value\";d:100;s:14:\"range_to_value\";s:0:\"\";s:5:\"value\";d:25.449999999999999289457264239899814128875732421875;s:8:\"per_unit\";s:1:\"N\";s:4:\"type\";s:1:\"F\";}}}', '0.00'),
(97, 1, 8, 'a:2:{s:1:\"W\";a:1:{i:0;a:5:{s:16:\"range_from_value\";d:0;s:14:\"range_to_value\";s:0:\"\";s:5:\"value\";d:10;s:8:\"per_unit\";s:1:\"N\";s:4:\"type\";s:1:\"F\";}}s:1:\"I\";a:1:{i:0;a:5:{s:16:\"range_from_value\";i:0;s:14:\"range_to_value\";s:0:\"\";s:5:\"value\";d:15;s:8:\"per_unit\";s:1:\"N\";s:4:\"type\";s:1:\"F\";}}}', '0.00'),
(98, 1, 7, 'a:2:{s:1:\"C\";a:3:{i:0;a:5:{s:16:\"range_from_value\";d:0;s:14:\"range_to_value\";d:30;s:5:\"value\";d:40;s:8:\"per_unit\";s:1:\"N\";s:4:\"type\";s:1:\"F\";}i:30;a:5:{s:16:\"range_from_value\";d:30;s:14:\"range_to_value\";d:50;s:5:\"value\";d:10;s:8:\"per_unit\";s:1:\"N\";s:4:\"type\";s:1:\"F\";}i:50;a:5:{s:16:\"range_from_value\";d:50;s:14:\"range_to_value\";s:0:\"\";s:5:\"value\";d:5;s:8:\"per_unit\";s:1:\"N\";s:4:\"type\";s:1:\"F\";}}s:1:\"I\";a:2:{i:0;a:5:{s:16:\"range_from_value\";i:0;s:14:\"range_to_value\";i:10;s:5:\"value\";d:23;s:8:\"per_unit\";s:1:\"N\";s:4:\"type\";s:1:\"F\";}i:10;a:5:{s:16:\"range_from_value\";i:10;s:14:\"range_to_value\";s:0:\"\";s:5:\"value\";d:15;s:8:\"per_unit\";s:1:\"N\";s:4:\"type\";s:1:\"F\";}}}', '0.00'),
(99, 10, 1, NULL, '0.00'),
(100, 10, 9, NULL, '0.00'),
(101, 10, 8, NULL, '0.00'),
(102, 10, 7, NULL, '0.00'),
(103, 8, 1, NULL, '0.00'),
(104, 8, 9, NULL, '0.00'),
(105, 8, 8, NULL, '0.00'),
(106, 8, 7, NULL, '0.00');

-- --------------------------------------------------------

--
-- Table structure for table `partiushop_shipping_services`
--

CREATE TABLE `partiushop_shipping_services` (
  `service_id` mediumint(8) UNSIGNED NOT NULL,
  `status` char(1) NOT NULL DEFAULT 'A',
  `module` varchar(32) NOT NULL DEFAULT '',
  `code` varchar(64) NOT NULL DEFAULT '',
  `sp_file` varchar(32) NOT NULL DEFAULT ''
) ENGINE=InnoDB DEFAULT CHARSET=utf8;

--
-- Dumping data for table `partiushop_shipping_services`
--

INSERT INTO `partiushop_shipping_services` (`service_id`, `status`, `module`, `code`, `sp_file`) VALUES
(40, 'A', 'usps', 'Global Express Guaranteed GXG', ''),
(41, 'A', 'usps', 'Global Express Guaranteed Non Document Rectangular', ''),
(42, 'A', 'usps', 'Global Express Guaranteed Non Document Non Rectangular', ''),
(43, 'A', 'usps', 'Priority Mail Express International', ''),
(44, 'A', 'usps', 'Express Mail International Flat Rate Envelope', ''),
(45, 'A', 'usps', 'Priority Mail International', ''),
(47, 'A', 'usps', 'Priority Mail Express', ''),
(48, 'A', 'usps', 'Standard Post M', ''),
(49, 'A', 'usps', 'Standard Post N', ''),
(50, 'A', 'usps', 'Media Mail Parcel', ''),
(51, 'A', 'usps', 'Priority Mail', ''),
(52, 'A', 'usps', 'Priority Mail International Flat Rate Envelope', ''),
(53, 'A', 'usps', 'Priority Mail International Flat Rate Box', ''),
(68, 'A', 'usps', 'Bound Printed Matter', ''),
(69, 'A', 'usps', 'Library Mail Parcel', ''),
(70, 'A', 'usps', 'First Class Mail', ''),
(81, 'A', 'ups', '01', ''),
(82, 'A', 'ups', '02', ''),
(83, 'A', 'ups', '03', ''),
(84, 'A', 'ups', '07', ''),
(85, 'A', 'ups', '08', ''),
(86, 'A', 'ups', '11', ''),
(87, 'A', 'ups', '12', ''),
(88, 'A', 'ups', '13', ''),
(89, 'A', 'ups', '14', ''),
(90, 'A', 'ups', '54', ''),
(91, 'A', 'ups', '59', ''),
(92, 'A', 'ups', '65', ''),
(93, 'A', 'ups', '01', ''),
(94, 'A', 'ups', '02', ''),
(95, 'A', 'ups', '03', ''),
(96, 'A', 'ups', '07', ''),
(97, 'A', 'ups', '08', ''),
(98, 'A', 'ups', '14', ''),
(99, 'A', 'ups', '54', ''),
(100, 'A', 'ups', '65', ''),
(101, 'A', 'ups', '01', ''),
(103, 'A', 'ups', '07', ''),
(104, 'A', 'ups', '08', ''),
(105, 'A', 'ups', '11', ''),
(106, 'A', 'ups', '12', ''),
(107, 'A', 'ups', '14', ''),
(108, 'A', 'ups', '65', ''),
(109, 'A', 'ups', '07', ''),
(110, 'A', 'ups', '08', ''),
(111, 'A', 'ups', '54', ''),
(112, 'A', 'ups', '65', ''),
(113, 'A', 'ups', '07', ''),
(114, 'A', 'ups', '08', ''),
(124, 'A', 'ups', '11', ''),
(125, 'A', 'ups', '54', ''),
(126, 'A', 'ups', '65', ''),
(127, 'A', 'ups', '82', ''),
(128, 'A', 'ups', '83', ''),
(130, 'A', 'ups', '85', ''),
(131, 'A', 'ups', '86', ''),
(132, 'A', 'ups', '07', ''),
(133, 'A', 'ups', '08', ''),
(134, 'A', 'ups', '11', ''),
(135, 'A', 'ups', '54', ''),
(136, 'A', 'ups', '65', ''),
(137, 'A', 'ups', '07', ''),
(138, 'A', 'ups', '08', ''),
(139, 'A', 'ups', '11', ''),
(140, 'A', 'ups', '54', ''),
(141, 'A', 'ups', '65', ''),
(167, 'A', 'swisspost', 'int_pr_standart_letter.csv', ''),
(168, 'A', 'swisspost', 'int_ur_goods.csv', ''),
(169, 'A', 'swisspost', 'int_pr_postpac.csv', ''),
(170, 'A', 'swisspost', 'int_ec_standart_letter.csv', ''),
(171, 'A', 'swisspost', 'int_ec_postpac.csv', ''),
(172, 'A', 'swisspost', 'prv_pr_postpac.csv', ''),
(173, 'A', 'swisspost', 'prv_ec_postpac.csv', ''),
(174, 'A', 'swisspost', 'int_ur_goods.csv', ''),
(175, 'A', 'swisspost', 'prv_ec_bulky_goods.csv', ''),
(176, 'A', 'swisspost', 'int_pr_large_letter.csv', ''),
(177, 'A', 'swisspost', 'int_pr_maxi_letter.csv', ''),
(178, 'A', 'swisspost', 'int_ec_large_letter.csv', ''),
(179, 'A', 'swisspost', 'int_ec_maxi_letter.csv', ''),
(204, 'A', 'usps', 'First Class Package International Service', ''),
(208, 'A', 'usps', 'Priority Mail International Small Flat Rate Box', ''),
(209, 'A', 'usps', 'Priority Mail International Medium Flat Rate Box', ''),
(210, 'A', 'usps', 'Priority Mail International Large Flat Rate Box', ''),
(211, 'A', 'usps', 'USPS GXG Envelopes', ''),
(212, 'A', 'fedex', 'PRIORITY_OVERNIGHT', ''),
(213, 'A', 'fedex', 'FEDEX_2_DAY', ''),
(214, 'A', 'fedex', 'FEDEX_EXPRESS_SAVER', ''),
(215, 'A', 'fedex', 'FEDEX_GROUND', ''),
(216, 'A', 'fedex', 'GROUND_HOME_DELIVERY', ''),
(217, 'A', 'fedex', 'STANDARD_OVERNIGHT', ''),
(218, 'A', 'fedex', 'FIRST_OVERNIGHT', ''),
(219, 'A', 'fedex', 'FEDEX_1_DAY_FREIGHT', ''),
(220, 'A', 'fedex', 'FEDEX_2_DAY_FREIGHT', ''),
(221, 'A', 'fedex', 'FEDEX_3_DAY_FREIGHT', ''),
(222, 'A', 'fedex', 'INTERNATIONAL_PRIORITY', ''),
(223, 'A', 'fedex', 'INTERNATIONAL_ECONOMY', ''),
(225, 'A', 'fedex', 'INTERNATIONAL_FIRST', ''),
(226, 'A', 'fedex', 'INTERNATIONAL_PRIORITY_FREIGHT', ''),
(227, 'A', 'fedex', 'INTERNATIONAL_ECONOMY_FREIGHT', ''),
(228, 'A', 'fedex', 'EUROPE_FIRST_INTERNATIONAL_PRIORITY', ''),
(229, 'A', 'fedex', 'SMART_POST', ''),
(233, 'A', 'usps', 'Priority Mail Regional Rate', ''),
(235, 'A', 'temando', '54410_GENERALROAD', ''),
(236, 'A', 'temando', '60005_AIREXPRESS-PRE-SCHEDULEDPICK-UPSONLY', ''),
(237, 'A', 'temando', '60005_1KGSATCHEL-SATCHELREQUIRED', ''),
(238, 'A', 'temando', '60005_3KGSATCHEL-SATCHELREQUIRED', ''),
(239, 'A', 'temando', '60005_5KGSATCHEL-SATCHELREQUIRED', ''),
(240, 'A', 'temando', '60006_AIREXPRESS', ''),
(241, 'A', 'temando', '60006_1KGSATCHEL-SATCHELREQUIRED', ''),
(242, 'A', 'temando', '60006_3KGSATCHEL-SATCHELREQUIRED', ''),
(243, 'A', 'temando', '60006_5KGSATCHEL-SATCHELREQUIRED', ''),
(244, 'A', 'temando', '54381_ROADEXPRESS', ''),
(245, 'A', 'temando', '54381_ROADEXPRESS-CALLBEFOREDELIVERYSERVICE', ''),
(246, 'A', 'temando', '54426_ROADEXPRESS-PRE-SCHEDULEDPICK-UPSONLY', ''),
(247, 'A', 'temando', '54426_ROADEXPRESS(BULK)CALLBEFOREDELIVERYSERVICE', ''),
(248, 'A', 'temando', '60020_ROADEXPRESSPALLET1.4M(HEIGHTMAX)', ''),
(249, 'A', 'temando', '60020_ROADEXPRESSPALLET2.4M(HEIGHTMAX)', ''),
(250, 'A', 'temando', '60008_ALLIEDCOURIERSYDNEY-SAMEDAYSERVICE', ''),
(251, 'A', 'temando', '60010_ALLIEDCOURIERBRISBANE-SAMEDAYSERVICE', ''),
(252, 'A', 'temando', '60012_ALLIEDCOURIERMELBORNE-SAME-DAYSERVICE', ''),
(253, 'A', 'temando', '60014_ALLIEDCOURIERADELAIDE-SAMEDAYSERVICE', ''),
(254, 'A', 'temando', '60016_ALLIEDCOURIERPERTH-SAMEDAYSERVICE', ''),
(255, 'A', 'temando', '54440_EPARCEL-STANDARD', ''),
(256, 'A', 'temando', '54440_EPARCELS4', ''),
(257, 'A', 'temando', '54440_EPARCELS5', ''),
(258, 'A', 'temando', '54440_EPARCELS6-ATL-AUTHORITYTOLEAVE', ''),
(259, 'A', 'temando', '54440_EPARCEL-STANDARDS9', ''),
(260, 'A', 'temando', '54440_EPARCEL-EXPRESSX1', ''),
(261, 'A', 'temando', '54440_EPARCEL-EXPRESSX2', ''),
(262, 'A', 'temando', '54440_EPARCEL-EXPRESSX6', ''),
(263, 'A', 'temando', '54440_EPARCELEXPRESSX5', ''),
(264, 'A', 'temando', '54440_EXPRESSEPARCELX5-AUTHORITYTOLEAVE(ATL)', ''),
(265, 'A', 'temando', '54440_EXPRESSEPARCEL-SATCHELFLATRATEUPTO5KG', ''),
(266, 'A', 'temando', '54440_EPARCEL-WINECARTONS', ''),
(267, 'A', 'temando', '54361_EXPRESS(ROAD)', ''),
(268, 'A', 'temando', '54361_GENERAL(ROAD)', ''),
(269, 'A', 'temando', '54429_1MANTAILGATE', ''),
(270, 'A', 'temando', '54429_2MANTAILGATE', ''),
(271, 'A', 'temando', '54429_ROADEXPRESS', ''),
(272, 'A', 'temando', '54429_PERPALLETRATES', ''),
(273, 'A', 'temando', '54384_EXPRESS(ROAD)', ''),
(274, 'A', 'temando', '54384_GENERAL(ROAD)', ''),
(275, 'A', 'temando', '60018_TRUCKLOAD-BDOUBLE34PALLETMAX(2.4MHIGHMAX))', ''),
(276, 'A', 'temando', '60018_TRUCKLOAD-SINGLE22PALLETMAX,(2.4HIGHMAX)', ''),
(277, 'A', 'temando', '60018_TAILGATELIFTREQUIRED', ''),
(278, 'A', 'temando', '60018_EXPRESS', ''),
(279, 'A', 'temando', '54380_EXPRESS(ROAD)', ''),
(280, 'A', 'temando', '54380_GENERAL(ROAD)', ''),
(281, 'A', 'temando', '54433_SAMEDAY', ''),
(282, 'A', 'temando', '54432_HOMEDELIVERYSERVICE', ''),
(283, 'A', 'temando', '54356_GENERAL(ROAD)', ''),
(284, 'A', 'temando', '54371_SAMEDAYTRUCK<1000KGS', ''),
(285, 'A', 'temando', '54371_SAMEDAYCOURIER<25KGS', ''),
(286, 'A', 'temando', '54371_SAMEDAYUTE/VAN<500KGS', ''),
(287, 'A', 'temando', '54391_PALLETS', ''),
(288, 'A', 'temando', '54453_STANDARD1MANSERVICE(PERMPICKUPSONLY)', ''),
(289, 'A', 'temando', '54453_1MANTAILGATESERVICE(PERMPICKUPONLY)', ''),
(290, 'A', 'temando', '54425_1KGPARCEL', ''),
(291, 'A', 'temando', '54425_SATCHEL1KG(MAXWEIGHT)SATCHELREQUIRED', ''),
(292, 'A', 'temando', '54425_3KGPARCEL', ''),
(293, 'A', 'temando', '54425_SATCHEL3KG(MAXWEIGHT)SATCHELREQUIRED', ''),
(294, 'A', 'temando', '54425_5KGPARCEL', ''),
(295, 'A', 'temando', '54425_SATCHEL5KG(MAXWEIGHT)SATCHELREQUIRED', ''),
(296, 'A', 'temando', '60046_ROADSERVICE', ''),
(297, 'A', 'temando', '60052_ROADSERVICE', ''),
(298, 'A', 'temando', '60053_DIRECTCOURIERS1-2HOURSERVICE', ''),
(299, 'A', 'temando', '60053_DIRECTCOURIERS3-4HOURSERVICE', ''),
(300, 'A', 'temando', '60053_DIRECTCOURIERSASAPSERVICE', ''),
(301, 'A', 'temando', '60061_LOCALDELIVERY(BULKBREAK)', ''),
(302, 'A', 'temando', '54377_GENERAL(ROAD)', ''),
(303, 'A', 'temando', '54448_ROAD', ''),
(304, 'A', 'temando', '54444_A5/1KG-SATCHEL-SATCHELREQUIRED:CONTACTUS', ''),
(305, 'A', 'temando', '54427_METROPARCEL/CARTON', ''),
(306, 'A', 'temando', '54427_PARCEL/CARTON(GR)', ''),
(307, 'A', 'temando', '54427_SHORTHAULPARCEL/CARTON', ''),
(308, 'A', 'temando', '54427_PARCEL/CARTON(OR)', ''),
(309, 'A', 'temando', '54427_MEDIUMHAULPARCEL/CARTON', ''),
(310, 'A', 'temando', '54427_PARCEL/CARTON(R)', ''),
(311, 'A', 'temando', '54427_A2/5KGSATCHEL--SATCHELREQUIRED:CONTACTUS', ''),
(312, 'A', 'temando', '54427_A3/3KGSATCHEL--SATCHELREQUIRED:CONTACTUS', ''),
(313, 'A', 'temando', '54428_METROPARCEL/CARTON', ''),
(314, 'A', 'temando', '54428_DEPOTTODOOR-BULKBREAK', ''),
(315, 'A', 'temando', '54428_DEPOTTODOOR-PERITEM', ''),
(316, 'A', 'temando', '54428_DEPOTTODOOR-SHORTHAUL', ''),
(317, 'A', 'temando', '54329_GENERAL(ROAD)', ''),
(318, 'A', 'temando', '60023_EXPRESS3HOUR(SAMEDAYDELIVERY)', ''),
(319, 'A', 'temando', '60048_EXPRESS3HOUR(SAMEDAYDELIVERY)', ''),
(320, 'A', 'temando', '54398_BULKSERVICE-PRE-SCHEDULEDPICKUPSONLY!', ''),
(321, 'A', 'temando', '54344_GENERAL(ROAD)', ''),
(322, 'A', 'temando', '54379_1TTRAY/ROOFRACKS(250KG)-2HOURTURNAROUND', ''),
(323, 'A', 'temando', '54379_1TONNECOUIER-2HOURTURNAROUND', ''),
(324, 'A', 'temando', '54379_EXPRESSCOURIER-2HRTURNAROUND', ''),
(325, 'A', 'temando', '54379_EXPRESSCOURIERBIKE-1.5HOURSTURNAROUND', ''),
(326, 'A', 'temando', '54379_STANDARDCOURIER-4HRTURNAROUND', ''),
(327, 'A', 'temando', '54379_STANDARDCOURIERBIKE-4HOURS', ''),
(328, 'A', 'temando', '54379_COURIERVAN/TRAY-2HOURTURNAROUND', ''),
(329, 'A', 'temando', '54379_VIP1TONNECOURIER-PRIORITYALLOCATIOIN,DIRECTRU', ''),
(330, 'A', 'temando', '54379_1TTRAY/ROOFRACKS(250KG)PRIORITYALLOC,DIRECTRUN', ''),
(331, 'A', 'temando', '54379_VIPCOURIER-PRIORITYALLOCATION,DIRECTRUN', ''),
(332, 'A', 'temando', '54379_VIPCOURIERBIKE-DIRECTURGENT', ''),
(333, 'A', 'temando', '54379_VIPVAN/TRAY-PRIORITYALLOCATION,DIRECTRUN', ''),
(334, 'A', 'temando', '54457_1TONNECOUIER-3HOURTURN', ''),
(335, 'A', 'temando', '54457_1TTRAY/ROOFRACKS(250KG)-3HOURTURNAROUND', ''),
(336, 'A', 'temando', '54457_EXPRESSCOURIER-2HRTURNAROUND', ''),
(337, 'A', 'temando', '54457_STANDARDCOURIER-4HRS(2HRSCBD)', ''),
(338, 'A', 'temando', '54457_COURIERVAN/TRAY-2HOURTURNAROUND', ''),
(339, 'A', 'temando', '54457_VIP1TONNECOURIER-PRIORITYALLOCATIOIN,DIRECTRU', ''),
(340, 'A', 'temando', '54457_1TTRAY/ROOFRACKS(250KG)PRIORITYALLOC,DIRECTRUN', ''),
(341, 'A', 'temando', '54457_VIPCOURIER-PRIORITYALLOCATION,DIRECTRUN', ''),
(342, 'A', 'temando', '54457_VIPVAN/TRAY-PRIORITYALLOCATION,DIRECTRUN', ''),
(343, 'A', 'temando', '54458_1TONNECOURIER-2HOURTURNAROUND', ''),
(344, 'A', 'temando', '54458_STANDARDCOURIER-2HOURTURNAROUND', ''),
(345, 'A', 'temando', '54458_STANDARDVANORTRAY-2HOURTURNAROUND', ''),
(346, 'A', 'temando', '54458_WAGONVANTRAYCOURIER-2HOURTURNAROUND', ''),
(347, 'A', 'temando', '54358_GENERAL(ROAD)', ''),
(348, 'A', 'temando', '54417_REGIONAL1MANTAILGATE', ''),
(349, 'A', 'temando', '54417_REGIONAL2MANTAILGATE', ''),
(350, 'A', 'temando', '54417_TAILGATESERVICE(2MEN)', ''),
(351, 'A', 'temando', '54417_TAILGATESENSITIVE(1MAN)', ''),
(352, 'A', 'temando', '54357_GENERALRAILSERVICE', ''),
(353, 'A', 'temando', '54357_GENERALROADSERVICE', ''),
(354, 'A', 'temando', '54353_GENERAL(ROAD)', ''),
(355, 'A', 'temando', '54359_EXPRESSPREMIUM(ETAMETROONLY)', ''),
(356, 'A', 'temando', '54359_EXPRESSPREMIUMAAESATCHEL(ETAMETROONLY)', ''),
(357, 'A', 'temando', '54396_EXPRESSPREMIUM(ETAMETROONLY)-AUTHTOLEAVE', ''),
(358, 'A', 'temando', '54396_EXPRESSPREMIUMSATCHEL(ETAISMETRO)-ATL', ''),
(359, 'A', 'temando', '54405_NEXTFLIGHT:EXTRACOSTSAPPLYFORREGIONALAREAS', ''),
(360, 'A', 'temando', '54414_URGENTDIRECTSERVICE(NEXTAVAILALBLEVEHICLE)', ''),
(361, 'A', 'temando', '54414_OVERNIGHTSERVICE', ''),
(362, 'A', 'temando', '54414_SAMEDAYSERVICE(ALLOW5HRSFORDELIVERY)', ''),
(363, 'A', 'temando', '54414_SAMEDAYSERVICE(ALLOW3HRSFORDELIVERY)', ''),
(364, 'A', 'temando', '54397_OVERNIGHTEXPRESS(AIR)', ''),
(365, 'A', 'temando', '54397_DELIVERYBEFORE9AMNEXTDAY(AIR)', ''),
(366, 'A', 'temando', '54397_DELIVERYBEFORE10AMNEXTDAY(AIR)', ''),
(367, 'A', 'temando', '54397_DELIVERYBEFORENOONNEXTDAY(AIR)', ''),
(368, 'A', 'temando', '60027_DELIVERYBEFORE10AMNEXTDAY(AIR)-ATL', ''),
(369, 'A', 'temando', '60027_DELIVERYBEFORENOONNEXTDAY(AIR)-ATL', ''),
(370, 'A', 'temando', '60027_DELIVERYBEFORE9AMNEXTDAY-(AIR)-ATL', ''),
(371, 'A', 'temando', '60027_OVERNIGHTEXPRESS(AIR)-AUTHTOLEAVE(ATL)', ''),
(372, 'A', 'temando', '60032_DELIVERYBEFORE10AMNEXTDAY(AIR)', ''),
(373, 'A', 'temando', '60032_DELIVERYBEFORE9AMNEXTDAY(AIR)', ''),
(374, 'A', 'temando', '60032_DELIVERYBEFORENOONNEXTDAY(AIR)', ''),
(375, 'A', 'temando', '60032_OVERNIGHTEXPRESS(AIR)', ''),
(376, 'A', 'temando', '60037_DELIVERYBEFORE10AMNEXTDAY(AIR)ATL', ''),
(377, 'A', 'temando', '60037_DELIVERYBEFORENOONNEXTDAY(AIR)ATL', ''),
(378, 'A', 'temando', '60037_DELIVERYBEFORE9AMNEXTDAY(AIR)ATL', ''),
(379, 'A', 'temando', '60037_OVERNIGHTEXPRESS(AIR)AUTHORITYTOLEAVE(ATL)', ''),
(380, 'A', 'temando', '54421_ROADEXPRESS', ''),
(381, 'A', 'temando', '54421_OVERNIGHTEXPRESS', ''),
(382, 'A', 'temando', '54421_SAMEDAYTIMECRITICALNATIONWIDE', ''),
(383, 'A', 'temando', '60089_ROADEXPRESS', ''),
(384, 'A', 'dhl', 'X', ''),
(385, 'A', 'dhl', 'P', ''),
(386, 'A', 'dhl', 'U', ''),
(387, 'A', 'dhl', 'K', ''),
(388, 'A', 'dhl', 'L', ''),
(389, 'A', 'dhl', 'T', ''),
(390, 'A', 'dhl', 'N', ''),
(391, 'A', 'dhl', '7', ''),
(392, 'A', 'can', 'DOM.RP', ''),
(393, 'A', 'can', 'DOM.EP', ''),
(394, 'A', 'can', 'DOM.XP', ''),
(395, 'A', 'can', 'DOM.XP.CERT', ''),
(396, 'A', 'can', 'DOM.PC', ''),
(397, 'A', 'can', 'DOM.DT', ''),
(398, 'A', 'can', 'DOM.LIB', ''),
(399, 'A', 'can', 'USA.EP', ''),
(400, 'A', 'can', 'USA.PW.ENV', ''),
(401, 'A', 'can', 'USA.PW.PAK', ''),
(402, 'A', 'can', 'USA.PW.PARCEL', ''),
(403, 'A', 'can', 'USA.SP.AIR', ''),
(404, 'A', 'can', 'USA.TP', ''),
(405, 'A', 'can', 'USA.TP.LVM', ''),
(406, 'A', 'can', 'USA.XP', ''),
(407, 'A', 'can', 'INT.XP', ''),
(408, 'A', 'can', 'INT.IP.AIR', ''),
(409, 'A', 'can', 'INT.IP.SURF', ''),
(410, 'A', 'can', 'INT.PW.ENV', ''),
(411, 'A', 'can', 'INT.PW.PAK', ''),
(412, 'A', 'can', 'INT.PW.PARCEL', ''),
(413, 'A', 'can', 'INT.SP.AIR', ''),
(414, 'A', 'can', 'INT.SP.SURF', ''),
(415, 'A', 'can', 'INT.TP', ''),
(416, 'A', 'aup', 'AUS_PARCEL_REGULAR', ''),
(417, 'A', 'aup', 'AUS_PARCEL_REGULAR_SATCHEL_500G', ''),
(419, 'A', 'aup', 'AUS_PARCEL_REGULAR_SATCHEL_5KG', ''),
(420, 'A', 'aup', 'AUS_PARCEL_EXPRESS', ''),
(421, 'A', 'aup', 'AUS_PARCEL_EXPRESS_SATCHEL_SMALL', ''),
(423, 'A', 'aup', 'AUS_PARCEL_EXPRESS_SATCHEL_EXTRA_LARGE', ''),
(426, 'A', 'aup', 'INT_PARCEL_COR_OWN_PACKAGING', ''),
(427, 'A', 'aup', 'INT_PARCEL_EXP_OWN_PACKAGING', ''),
(428, 'A', 'aup', 'INT_PARCEL_STD_OWN_PACKAGING', ''),
(430, 'A', 'aup', 'INT_PARCEL_SEA_OWN_PACKAGING', ''),
(431, 'A', 'aup', 'AUS_LETTER_REGULAR_SMALL', ''),
(432, 'A', 'aup', 'AUS_LETTER_PRIORITY_SMALL', ''),
(433, 'A', 'aup', 'AUS_LETTER_REGULAR_LARGE_125', ''),
(434, 'A', 'aup', 'AUS_LETTER_PRIORITY_LARGE_125', ''),
(435, 'A', 'aup', 'AUS_LETTER_EXPRESS_SMALL', ''),
(436, 'A', 'aup', 'AUS_LETTER_EXPRESS_MEDIUM', ''),
(437, 'A', 'aup', 'AUS_LETTER_EXPRESS_LARGE', ''),
(438, 'A', 'aup', 'INT_LETTER_COR_OWN_PACKAGING', ''),
(439, 'A', 'aup', 'INT_LETTER_EXP_OWN_PACKAGING', ''),
(440, 'A', 'aup', 'INT_LETTER_REG_SMALL_ENVELOPE', ''),
(441, 'A', 'aup', 'INT_LETTER_REG_LARGE_ENVELOPE', ''),
(442, 'A', 'aup', 'INT_LETTER_AIR_OWN_PACKAGING_LIGHT', ''),
(443, 'A', 'aup', 'INT_LETTER_AIR_OWN_PACKAGING_MEDIUM', ''),
(444, 'A', 'aup', 'INT_LETTER_AIR_OWN_PACKAGING_HEAVY', ''),
(445, 'A', 'ups', '70', ''),
(446, 'A', 'ups', '54', ''),
(447, 'A', 'ups', '70', ''),
(448, 'A', 'ups', '70', ''),
(449, 'A', 'ups', '11', ''),
(450, 'A', 'ups', '70', ''),
(451, 'A', 'ups', '96', ''),
(452, 'A', 'fedex', 'FEDEX_2_DAY_AM', ''),
(453, 'A', 'fedex', 'FEDEX_DISTANCE_DEFERRED', ''),
(454, 'A', 'fedex', 'FEDEX_FIRST_FREIGHT', ''),
(455, 'A', 'fedex', 'FEDEX_FREIGHT_ECONOMY', ''),
(456, 'A', 'fedex', 'FEDEX_FREIGHT_PRIORITY', ''),
(457, 'A', 'fedex', 'FEDEX_NEXT_DAY_AFTERNOON', ''),
(458, 'A', 'fedex', 'FEDEX_NEXT_DAY_EARLY_MORNING', ''),
(459, 'A', 'fedex', 'FEDEX_NEXT_DAY_END_OF_DAY', ''),
(460, 'A', 'fedex', 'FEDEX_NEXT_DAY_FREIGHT', ''),
(461, 'A', 'fedex', 'FEDEX_NEXT_DAY_MID_MORNING', ''),
(462, 'A', 'fedex', 'SAME_DAY', ''),
(463, 'A', 'fedex', 'SAME_DAY_CITY', ''),
(464, 'A', 'store_locator', 'pickup', ''),
(465, 'A', 'aup', 'AUS_PARCEL_REGULAR_SATCHEL_MEDIUM', ''),
(466, 'A', 'aup', 'AUS_PARCEL_REGULAR_SATCHEL_EXTRA_LARGE', ''),
(467, 'A', 'aup', 'AUS_PARCEL_REGULAR_PACKAGE_SMALL', ''),
(468, 'A', 'aup', 'AUS_PARCEL_REGULAR_PACKAGE_LARGE', ''),
(469, 'A', 'aup', 'AUS_PARCEL_REGULAR_PACKAGE_EXTRA_LARGE', ''),
(470, 'A', 'aup', 'AUS_PARCEL_EXPRESS_SATCHEL_MEDIUM', ''),
(471, 'A', 'aup', 'AUS_LETTER_REGULAR_LARGE_250', ''),
(472, 'A', 'aup', 'AUS_LETTER_PRIORITY_LARGE_250', ''),
(473, 'A', 'aup', 'AUS_LETTER_REGULAR_LARGE_500', ''),
(474, 'A', 'aup', 'AUS_LETTER_PRIORITY_LARGE_500', ''),
(159982, 'A', 'correios', '04227', ''),
(162015, 'A', 'correios', '03140', ''),
(162016, 'A', 'correios', '03158', ''),
(162020, 'A', 'correios', '03204', ''),
(162021, 'A', 'correios', '03212', ''),
(162022, 'A', 'correios', '03220', ''),
(162026, 'A', 'correios', '03298', ''),
(162029, 'A', 'correios', '03328', ''),
(162134, 'A', 'correios', '80152', ''),
(162135, 'A', 'correios', '80160', ''),
(162142, 'A', 'correios', '80250', ''),
(162143, 'A', 'correios', '80276', ''),
(162144, 'A', 'correios', '80284', ''),
(162145, 'A', 'correios', '80292', ''),
(162146, 'A', 'dhl', 'D', ''),
(162147, 'A', 'dhl', 'M', ''),
(162148, 'A', 'dhl', 'H', ''),
(162149, 'A', 'dhl', 'E', ''),
(162402, 'A', 'correios', '80900', ''),
(162414, 'A', 'correios', '03662', ''),
(162456, 'A', 'correios', '80080', '');

-- --------------------------------------------------------

--
