-- Table structure for table `partiushop_settings_sections`
--

CREATE TABLE `partiushop_settings_sections` (
  `section_id` int(11) UNSIGNED NOT NULL,
  `parent_id` int(11) UNSIGNED NOT NULL,
  `edition_type` set('NONE','ROOT','VENDOR','STOREFRONT','MVE:NONE','MVE:ROOT','MVE:STOREFRONT','ULT:NONE','ULT:ROOT','ULT:VENDOR','ULT:VENDORONLY','ULT:STOREFRONT') NOT NULL DEFAULT 'ROOT',
  `name` varchar(128) NOT NULL DEFAULT '',
  `position` smallint(5) UNSIGNED NOT NULL DEFAULT 0,
  `type` enum('CORE','ADDON','TAB','SEPARATE_TAB') NOT NULL DEFAULT 'CORE'
) ENGINE=InnoDB DEFAULT CHARSET=utf8;

--
-- Dumping data for table `partiushop_settings_sections`
--

INSERT INTO `partiushop_settings_sections` (`section_id`, `parent_id`, `edition_type`, `name`, `position`, `type`) VALUES
(1, 0, 'ROOT,VENDOR', 'Emails', 0, 'CORE'),
(2, 0, 'ROOT,STOREFRONT', 'General', 10, 'CORE'),
(4, 0, 'ROOT,STOREFRONT', 'Appearance', 20, 'CORE'),
(5, 0, 'ROOT', 'Company', 30, 'CORE'),
(6, 0, 'ROOT,STOREFRONT', 'Checkout', 40, 'CORE'),
(8, 0, 'ROOT,STOREFRONT', 'Sitemap', 80, 'CORE'),
(9, 0, 'ROOT,STOREFRONT', 'Thumbnails', 110, 'CORE'),
(10, 0, 'ROOT,VENDOR', 'Reports', 140, 'CORE'),
(11, 0, 'ROOT,STOREFRONT', 'Image_verification', 0, 'CORE'),
(12, 0, 'ROOT,VENDOR', 'Logging', 100, 'CORE'),
(13, 0, 'ROOT', 'Upgrade_center', 0, 'CORE'),
(15, 0, 'ROOT,STOREFRONT', 'Security', 0, 'CORE'),
(16, 0, 'ROOT', 'Vendors', 0, 'CORE'),
(17, 0, 'ROOT', 'hidpi', 0, 'ADDON'),
(18, 17, 'ROOT', 'general', 0, 'TAB'),
(19, 0, 'ROOT,STOREFRONT', 'paypal', 0, 'ADDON'),
(20, 19, 'ROOT,STOREFRONT', 'general', 0, 'TAB'),
(21, 0, 'ROOT,STOREFRONT', 'social_buttons', 0, 'ADDON'),
(22, 21, 'ROOT,STOREFRONT', 'twitter', 0, 'TAB'),
(23, 21, 'ROOT,STOREFRONT', 'facebook', 10, 'TAB'),
(24, 21, 'ROOT,STOREFRONT', 'vkontakte', 20, 'TAB'),
(25, 21, 'ROOT,STOREFRONT', 'yandex', 30, 'TAB'),
(26, 21, 'ROOT,STOREFRONT', 'pinterest', 40, 'TAB'),
(27, 0, 'ROOT,ULT:VENDOR', 'tags', 0, 'ADDON'),
(28, 27, 'ROOT,ULT:VENDOR', 'general', 0, 'TAB'),
(29, 0, 'ROOT', 'rss_feed', 0, 'ADDON'),
(30, 29, 'ROOT', 'general', 0, 'TAB'),
(31, 0, 'ROOT,STOREFRONT', 'email_marketing', 0, 'ADDON'),
(32, 31, 'ROOT,STOREFRONT', 'general', 0, 'TAB'),
(33, 31, 'ROOT,STOREFRONT', 'mailchimp', 10, 'TAB'),
(34, 31, 'ROOT,STOREFRONT', 'madmimi', 20, 'TAB'),
(35, 0, 'ROOT', 'newsletters', 0, 'ADDON'),
(36, 35, 'ROOT', 'general', 0, 'TAB'),
(37, 35, 'ROOT', 'promotions', 10, 'TAB'),
(38, 0, 'ROOT', 'geo_maps', 0, 'ADDON'),
(39, 38, 'ROOT', 'general', 0, 'TAB'),
(40, 38, 'ROOT', 'yandex', 10, 'TAB'),
(41, 38, 'ROOT', 'google', 20, 'TAB'),
(42, 0, 'ROOT,STOREFRONT', 'vendor_communication', 0, 'ADDON'),
(43, 42, 'MVE:ROOT', 'general', 0, 'TAB'),
(44, 0, 'ROOT', 'vendor_data_premoderation', 0, 'ADDON'),
(45, 44, 'ROOT', 'vendors', 0, 'TAB'),
(46, 44, 'ROOT', 'products', 10, 'TAB'),
(47, 0, 'ROOT,STOREFRONT', 'vendor_plans', 0, 'ADDON'),
(48, 47, 'ROOT', 'general', 0, 'TAB'),
(49, 0, 'ROOT', 'gift_certificates', 0, 'ADDON'),
(50, 49, 'ROOT', 'general', 0, 'TAB'),
(51, 0, 'ROOT,STOREFRONT', 'store_locator', 0, 'ADDON'),
(52, 51, 'ROOT,STOREFRONT', 'general', 0, 'TAB'),
(53, 0, 'ROOT', 'storefront_rest_api', 0, 'ADDON'),
(54, 53, 'ROOT', 'general', 0, 'TAB'),
(55, 0, 'ROOT,STOREFRONT', 'product_variations', 0, 'ADDON'),
(56, 55, 'ROOT,STOREFRONT', 'general', 0, 'TAB'),
(57, 0, 'ROOT,STOREFRONT', 'recaptcha', 0, 'ADDON'),
(58, 57, 'ROOT,STOREFRONT', 'general', 0, 'TAB'),
(59, 57, 'ROOT,ULT:VENDOR', 'forbidden_countries', 10, 'TAB'),
(60, 0, 'ROOT', 'rma', 0, 'ADDON'),
(61, 60, 'ROOT', 'general', 0, 'TAB'),
(62, 0, 'ROOT,STOREFRONT', 'bestsellers', 0, 'ADDON'),
(63, 62, 'ROOT,STOREFRONT', 'general', 0, 'TAB'),
(64, 62, 'ROOT,STOREFRONT', 'newest', 10, 'TAB'),
(65, 0, 'ROOT,ULT:VENDOR', 'seo', 0, 'ADDON'),
(66, 65, 'ROOT,ULT:VENDOR', 'general', 0, 'TAB'),
(67, 0, 'ROOT,ULT:VENDOR', 'reward_points', 0, 'ADDON'),
(68, 67, 'ROOT,ULT:VENDOR', 'general', 0, 'TAB'),
(69, 0, 'ROOT,STOREFRONT', 'google_analytics', 0, 'ADDON'),
(70, 69, 'ROOT,STOREFRONT', 'general', 0, 'TAB'),
(71, 0, 'ROOT,STOREFRONT', 'facebook_pixel', 0, 'ADDON'),
(72, 71, 'ROOT,STOREFRONT', 'general', 0, 'TAB'),
(73, 0, 'ROOT,STOREFRONT', 'call_requests', 0, 'ADDON'),
(74, 73, 'ROOT,STOREFRONT', 'general', 0, 'TAB'),
(75, 0, 'ROOT', 'barcode', 0, 'ADDON'),
(76, 75, 'ROOT', 'general', 0, 'TAB'),
(77, 0, 'ROOT', 'polls', 0, 'ADDON'),
(78, 77, 'ROOT', 'general', 0, 'TAB'),
(79, 0, 'ROOT', 'access_restrictions', 0, 'ADDON'),
(80, 79, 'ROOT', 'general', 0, 'TAB'),
(81, 0, 'ROOT', 'banners', 0, 'ADDON'),
(82, 81, 'ROOT', 'general', 0, 'TAB'),
(83, 0, 'ROOT,ULT:VENDOR', 'watermarks', 0, 'ADDON'),
(84, 83, 'ROOT,ULT:VENDOR', 'general', 0, 'TAB'),
(85, 0, 'ROOT,STOREFRONT', 'discussion', 0, 'ADDON'),
(86, 85, 'ROOT,STOREFRONT', 'products', 0, 'TAB'),
(87, 85, 'ROOT,STOREFRONT', 'categories', 10, 'TAB'),
(88, 85, 'ROOT,STOREFRONT', 'orders', 20, 'TAB'),
(89, 85, 'ROOT,STOREFRONT', 'pages', 30, 'TAB'),
(90, 85, 'ROOT,STOREFRONT', 'testimonials', 40, 'TAB'),
(91, 85, 'MVE:ROOT,MVE:STOREFRONT', 'companies', 50, 'TAB'),
(92, 0, 'ROOT,STOREFRONT', 'google_sitemap', 0, 'ADDON'),
(93, 92, 'ROOT,STOREFRONT', 'general', 0, 'TAB'),
(94, 0, 'ROOT,STOREFRONT', 'image_zoom', 0, 'ADDON'),
(95, 94, 'ROOT,STOREFRONT', 'general', 0, 'TAB'),
(96, 0, 'ROOT', 'data_feeds', 0, 'ADDON'),
(97, 96, 'ROOT', 'general', 0, 'TAB'),
(98, 0, 'ROOT,STOREFRONT', 'price_list', 0, 'ADDON'),
(99, 98, 'ROOT,STOREFRONT', 'general', 0, 'TAB'),
(100, 0, 'ROOT,STOREFRONT', 'hybrid_auth', 0, 'ADDON'),
(101, 100, 'ROOT,STOREFRONT', 'general', 0, 'TAB'),
(102, 0, 'ROOT,STOREFRONT', 'catalog_mode', 0, 'ADDON'),
(103, 102, 'ROOT,STOREFRONT', 'general', 0, 'TAB'),
(104, 0, 'ROOT', 'janrain', 0, 'ADDON'),
(105, 104, 'ROOT', 'general', 0, 'TAB'),
(106, 0, 'ROOT', 'vendor_debt_payout', 0, 'ADDON'),
(107, 106, 'ROOT', 'general', 0, 'TAB'),
(108, 0, 'ROOT', 'vendor_privileges', 0, 'ADDON'),
(109, 108, 'ROOT', 'general', 0, 'TAB'),
(112, 0, 'ROOT,ULT:VENDOR', 'abt__unitheme2', 0, 'ADDON'),
(113, 112, 'ROOT,ULT:VENDOR', 'settings', 0, 'TAB'),
(114, 0, 'ROOT,ULT:VENDOR', 'abt__unitheme2_mv', 0, 'ADDON'),
(115, 114, 'ROOT,ULT:VENDOR', 'settings', 0, 'TAB'),
(116, 0, 'ROOT,ULT:VENDOR', 'ab__category_banners', 0, 'ADDON'),
(117, 116, 'ROOT,ULT:VENDOR', 'settings', 0, 'TAB'),
(118, 0, 'ROOT,ULT:VENDOR', 'ab__motivation_block', 0, 'ADDON'),
(119, 118, 'ROOT,ULT:VENDOR', 'settings', 0, 'TAB'),
(120, 118, 'ROOT,ULT:VENDOR', 'appearance', 10, 'TAB'),
(121, 118, 'ROOT,ULT:VENDOR', 'admin_panel', 20, 'TAB'),
(122, 0, 'ROOT,ULT:VENDOR', 'ab__fast_navigation', 0, 'ADDON'),
(123, 122, 'ROOT,ULT:VENDOR', 'settings', 0, 'TAB'),
(124, 0, 'ROOT,ULT:VENDOR', 'ab__video_gallery', 0, 'ADDON'),
(125, 124, 'ROOT,ULT:VENDOR', 'settings', 0, 'TAB'),
(126, 0, 'ROOT,ULT:VENDOR', 'ab__scroll_to_top', 0, 'ADDON'),
(127, 126, 'ROOT,ULT:VENDOR', 'settings', 0, 'TAB'),
(128, 0, 'ROOT,ULT:VENDOR', 'ab__search_motivation', 0, 'ADDON'),
(129, 128, 'ROOT,ULT:VENDOR', 'settings', 0, 'TAB'),
(130, 0, 'ROOT,ULT:VENDOR', 'ab__landing_categories', 0, 'ADDON'),
(131, 130, 'ROOT,ULT:VENDOR', 'settings', 0, 'TAB'),
(132, 0, 'ROOT,ULT:VENDOR', 'ab__hide_product_description', 0, 'ADDON'),
(133, 132, 'ROOT,ULT:VENDOR', 'settings', 0, 'TAB'),
(134, 0, 'ROOT,ULT:VENDOR', 'ab__deal_of_the_day', 0, 'ADDON'),
(135, 134, 'ROOT,ULT:VENDOR', 'settings', 0, 'TAB'),
(136, 0, 'ROOT', 'backend_google_auth', 0, 'ADDON'),
(137, 136, 'ROOT', 'general', 0, 'TAB'),
(138, 0, 'ROOT,STOREFRONT', 'suppliers', 0, 'ADDON'),
(139, 138, 'ROOT,STOREFRONT', 'general', 0, 'TAB'),
(140, 0, 'ROOT', 'master_products', 0, 'ADDON'),
(141, 140, 'ROOT', 'general', 0, 'TAB'),
(146, 0, 'ROOT,STOREFRONT', 'mobile_app', 0, 'ADDON'),
(147, 146, 'ROOT,STOREFRONT', 'service', 0, 'TAB'),
(148, 0, 'ROOT', 'hello_world', 0, 'ADDON'),
(149, 148, 'ROOT', 'general', 0, 'TAB'),
(150, 0, 'ROOT', 'redesk_connection_multivendor', 0, 'ADDON'),
(151, 150, 'ROOT', 'general', 0, 'TAB'),
(152, 0, 'ROOT', 'cscart_uvdesk', 0, 'ADDON'),
(153, 152, 'ROOT', 'uvdesk_activation_settings', 0, 'TAB'),
(154, 0, 'ROOT,ULT:VENDOR', 'agilecrm', 0, 'ADDON'),
(155, 154, 'ROOT,ULT:VENDOR', 'general', 0, 'TAB'),
(156, 0, 'ROOT,ULT:VENDOR', 'livechat', 0, 'ADDON'),
(157, 156, 'ROOT,ULT:VENDOR', 'general', 0, 'TAB'),
(224, 0, 'ROOT,ULT:VENDOR', 'rees46', 0, 'ADDON'),
(225, 224, 'ROOT,ULT:VENDOR', 'main', 0, 'TAB'),
(246, 0, 'ROOT', 'vendor_locations', 0, 'ADDON'),
(247, 246, 'ROOT', 'general', 0, 'TAB'),
(483, 0, 'ROOT,VENDOR', 'ab__addons_manager', 0, 'ADDON'),
(484, 483, 'ROOT,VENDOR', 'settings', 0, 'TAB'),
(485, 42, 'ROOT,STOREFRONT', 'vendor_to_customer', 10, 'TAB'),
(486, 0, 'ROOT', 'attachments', 0, 'ADDON'),
(487, 486, 'ROOT', 'general', 0, 'TAB'),
(488, 0, 'ROOT', 'pdf_documents', 0, 'ADDON'),
(489, 488, 'ROOT', 'general', 0, 'TAB'),
(498, 0, 'ROOT,STOREFRONT', 'product_reviews', 0, 'ADDON'),
(499, 498, 'ROOT,STOREFRONT', 'general', 0, 'TAB'),
(517, 0, 'ROOT', 'partiuhub_clear_sale', 0, 'ADDON'),
(518, 517, 'ROOT', 'general', 0, 'TAB'),
(519, 0, 'ROOT', 'vendor_panel_configurator', 0, 'ADDON'),
(520, 519, 'ROOT', 'product_page_settings', 0, 'TAB'),
(521, 519, 'ROOT', 'vendor_panel_style', 10, 'TAB'),
(528, 0, 'ROOT', 'partiuhub_planos_vendedores', 0, 'ADDON'),
(529, 528, 'ROOT', 'config', 0, 'TAB'),
(530, 0, 'ROOT', 'partiuhub_shipments', 0, 'ADDON'),
(531, 530, 'ROOT', 'armazem', 0, 'TAB'),
(542, 0, 'ROOT,ULT:VENDOR', 'et_vivashop_settings', 0, 'ADDON'),
(543, 542, 'ROOT,ULT:VENDOR', 'main', 0, 'TAB'),
(544, 0, 'ROOT,ULT:VENDOR', 'energothemes_license', 0, 'ADDON'),
(545, 544, 'ROOT,ULT:VENDOR', 'main', 0, 'TAB'),
(546, 0, 'ROOT,ULT:VENDOR', 'et_search', 0, 'ADDON'),
(547, 546, 'ROOT,ULT:VENDOR', 'section1', 0, 'TAB'),
(548, 0, 'ROOT,ULT:VENDOR', 'et_vivashop_mv_functionality', 0, 'ADDON'),
(549, 548, 'ROOT,ULT:VENDOR', 'main', 0, 'TAB'),
(550, 0, 'ROOT', 'partiuhub_cronjobs', 0, 'ADDON'),
(551, 550, 'ROOT', 'general', 0, 'TAB'),
(552, 0, 'ROOT', 'partiuhub_correios', 0, 'ADDON'),
(553, 552, 'ROOT', 'general', 0, 'TAB'),
(554, 552, 'ROOT', 'general_rastreamento', 10, 'TAB'),
(555, 552, 'ROOT', 'atualizar_contrato', 20, 'TAB'),
(556, 552, 'ROOT', 'logistica_reversa', 30, 'TAB'),
(557, 0, 'ROOT', 'partiuhub_products', 0, 'ADDON'),
(558, 557, 'ROOT', 'general', 0, 'TAB'),
(559, 0, 'ROOT', 'partiuhub_autentique', 0, 'ADDON'),
(560, 559, 'ROOT', 'auth', 0, 'TAB');

-- --------------------------------------------------------

--
-- Table structure for table `partiushop_settings_variants`
--

CREATE TABLE `partiushop_settings_variants` (
  `variant_id` mediumint(8) UNSIGNED NOT NULL,
  `object_id` mediumint(8) UNSIGNED NOT NULL DEFAULT 0,
  `name` varchar(64) NOT NULL DEFAULT '',
  `position` smallint(5) UNSIGNED NOT NULL DEFAULT 0
) ENGINE=InnoDB DEFAULT CHARSET=utf8;

--
-- Dumping data for table `partiushop_settings_variants`
--

INSERT INTO `partiushop_settings_variants` (`variant_id`, `object_id`, `name`, `position`) VALUES
(1, 3, 'hide', 10),
(2, 3, 'warning', 20),
(6, 7, 'manual', 1),
(7, 7, 'auto', 1),
(8, 15, 'use_selected_and_alternative', 20),
(9, 15, 'use_only_selected', 10),
(10, 52, '%d/%m/%Y', 1),
(11, 52, '%d-%m-%Y', 2),
(12, 52, '%d.%m.%Y', 3),
(13, 52, '%m/%d/%Y', 4),
(14, 52, '%m-%d-%Y', 5),
(15, 52, '%m.%d.%Y', 6),
(16, 52, '%Y/%m/%d', 7),
(17, 52, '%Y-%m-%d', 8),
(18, 52, '%Y.%m.%d', 9),
(19, 52, '%b %e, %Y', 10),
(20, 52, '%d %b %Y', 11),
(21, 52, '%A, %B %e, %Y', 12),
(22, 52, '%A, %e %B %Y', 13),
(23, 64, 'position', 0),
(24, 64, 'product', 10),
(25, 64, 'price', 20),
(26, 66, '%H:%M', 1),
(27, 66, '%H.%M', 2),
(28, 66, '%I:%M %p', 3),
(29, 66, '%I.%M %p', 4),
(30, 66, '%H:%M:%S', 5),
(31, 66, '%H.%M.%S', 6),
(32, 66, '%I:%M:%S %p', 7),
(33, 66, '%I.%M.%S %p', 8),
(34, 70, 'only_products', 3),
(35, 70, 'products_with_shippings', 2),
(36, 71, 'allow_shopping', 1),
(37, 71, 'hide_price_and_add_to_cart', 3),
(38, 71, 'hide_add_to_cart', 2),
(39, 84, '%a, %b %e', 10),
(40, 84, '%B %e, %Y', 15),
(41, 84, '%m.%e.%y', 20),
(42, 84, '%a %b %e, %Y', 30),
(43, 84, '%b %e', 40),
(44, 85, '%U', 10),
(45, 85, '%m.%e', 20),
(46, 85, '%U, %b', 30),
(47, 86, '%B, %Y', 5),
(48, 86, '%B', 10),
(49, 86, '%m', 20),
(50, 86, '%b', 30),
(51, 86, '%m-%Y', 40),
(52, 87, '%Y', 10),
(53, 87, '%y', 20),
(54, 108, 'smtp', 10),
(55, 108, 'mail', 20),
(56, 108, 'sendmail', 30),
(57, 121, 'digits', 1),
(58, 121, 'letters', 2),
(59, 121, 'mixed', 3),
(63, 139, 'Australia/Hobart', 700),
(64, 139, 'Pacific/Port_Moresby', 690),
(65, 139, 'Australia/Sydney', 680),
(66, 139, 'Australia/Brisbane', 670),
(67, 139, 'Australia/Darwin', 660),
(68, 139, 'Australia/Adelaide', 650),
(69, 139, 'Asia/Yakutsk', 640),
(70, 139, 'Asia/Seoul', 630),
(71, 139, 'Asia/Tokyo', 620),
(72, 139, 'Asia/Taipei', 610),
(73, 139, 'Australia/Perth', 600),
(74, 139, 'Asia/Singapore', 590),
(75, 139, 'Asia/Irkutsk', 580),
(76, 139, 'Asia/Shanghai', 570),
(77, 139, 'Asia/Krasnoyarsk', 560),
(78, 139, 'Asia/Bangkok', 550),
(79, 139, 'Asia/Yangon', 540),
(80, 139, 'Asia/Colombo', 530),
(81, 139, 'Asia/Dhaka', 520),
(82, 139, 'Asia/Novosibirsk', 510),
(83, 139, 'Asia/Kathmandu', 500),
(84, 139, 'Asia/Kolkata', 490),
(85, 139, 'Asia/Tashkent', 480),
(86, 139, 'Asia/Yekaterinburg', 470),
(87, 139, 'Asia/Kabul', 460),
(88, 139, 'Asia/Yerevan', 450),
(89, 139, 'Asia/Dubai', 440),
(90, 139, 'Asia/Tehran', 430),
(91, 139, 'Africa/Nairobi', 420),
(92, 139, 'Europe/Moscow', 410),
(93, 139, 'Asia/Riyadh', 400),
(94, 139, 'Asia/Baghdad', 390),
(95, 139, 'Asia/Jerusalem', 380),
(96, 139, 'Europe/Kiev', 370),
(97, 139, 'Africa/Johannesburg', 360),
(98, 139, 'Africa/Cairo', 350),
(99, 139, 'Europe/Minsk', 415),
(100, 139, 'Europe/Istanbul', 330),
(101, 139, 'Africa/Lagos', 320),
(102, 139, 'Europe/Paris', 300),
(103, 139, 'Europe/Warsaw', 310),
(104, 139, 'Europe/Budapest', 290),
(105, 139, 'Europe/Berlin', 280),
(106, 139, 'Europe/London', 270),
(107, 139, 'Atlantic/Reykjavik', 260),
(108, 139, 'Atlantic/Azores', 250),
(109, 139, 'Atlantic/Cape_Verde', 240),
(110, 139, 'Atlantic/South_Georgia', 230),
(111, 139, 'America/Sao_Paulo', 220),
(112, 139, 'America/Sao_Paulo', 210),
(113, 139, 'America/Nuuk', 200),
(114, 139, 'America/St_Johns', 190),
(115, 139, 'America/Halifax', 180),
(116, 139, 'America/La_Paz', 170),
(117, 139, 'America/Santiago', 160),
(118, 139, 'America/Bogota', 150),
(119, 139, 'America/New_York', 140),
(120, 139, 'America/Bogota', 130),
(121, 139, 'America/Guatemala', 120),
(122, 139, 'America/Chicago', 110),
(123, 139, 'America/Mexico_City', 100),
(124, 139, 'America/Regina', 90),
(125, 139, 'America/Phoenix', 80),
(126, 139, 'America/Chihuahua', 70),
(127, 139, 'America/Denver', 60),
(128, 139, 'America/Los_Angeles', 50),
(129, 139, 'America/Anchorage', 40),
(130, 139, 'Pacific/Honolulu', 30),
(131, 139, 'Pacific/Apia', 20),
(132, 139, 'Asia/Kamchatka', 10),
(133, 139, 'Asia/Vladivostok', 710),
(134, 139, 'Pacific/Guadalcanal', 720),
(135, 139, 'Pacific/Auckland', 730),
(136, 139, 'Pacific/Fiji', 740),
(137, 139, 'Pacific/Tongatapu', 750),
(138, 158, 'create', 5),
(139, 158, 'delete', 5),
(140, 158, 'update', 5),
(141, 158, 'status', 5),
(142, 159, 'create', 5),
(143, 159, 'delete', 5),
(144, 159, 'update', 5),
(145, 159, 'session', 5),
(146, 159, 'failed_login', 5),
(147, 160, 'create', 5),
(148, 160, 'delete', 5),
(149, 160, 'update', 5),
(150, 160, 'low_stock', 5),
(151, 161, 'create', 5),
(152, 161, 'delete', 5),
(153, 161, 'update', 5),
(154, 162, 'restore', 5),
(155, 162, 'backup', 5),
(156, 162, 'optimize', 5),
(157, 162, 'error', 5),
(158, 163, 'http', 5),
(159, 166, 'month_first', 1),
(160, 166, 'day_first', 2),
(161, 167, 'sunday_first', 1),
(162, 167, 'monday_first', 2),
(163, 179, 'unit_price', 10),
(164, 179, 'subtotal', 20),
(165, 182, 'billing_first', 1),
(166, 182, 'shipping_first', 2),
(167, 274, 'runtime', 1),
(168, 274, 'deprecated', 2),
(169, 64, 'null', 30),
(200, 295, 'none', 10),
(201, 295, 'tls', 20),
(202, 295, 'ssl', 30),
(220, 300, 'returning_customer_first', 10),
(221, 300, 'new_customer_first', 20),
(222, 300, 'hide', 30),
(223, 305, 'register', 10),
(224, 305, 'checkout_as_guest', 20),
(228, 139, 'Europe/Bucharest', 335),
(235, 308, 'old', 10),
(236, 308, 'new', 20),
(237, 139, 'Europe/Athens', 331),
(238, 139, 'Asia/Beirut', 332),
(239, 139, 'Asia/Kamchatka', 333),
(240, 163, 'shipping', 20),
(241, 313, 'international_format', 10),
(242, 313, 'any_digits', 20),
(243, 313, 'any_symbols', 30),
(244, 5693, 'medium', 0),
(245, 5693, 'large', 10),
(246, 5694, 'none', 0),
(247, 5694, 'horizontal', 10),
(248, 5694, 'vertical', 20),
(249, 5695, 'products', 0),
(250, 5695, 'pages', 10),
(251, 5702, 'standard', 0),
(252, 5702, 'button_count', 10),
(253, 5702, 'box_count', 20),
(254, 5704, 'like', 0),
(255, 5704, 'recommend', 10),
(256, 5705, 'af_ZA', 0),
(257, 5705, 'ar_AR', 10),
(258, 5705, 'az_AZ', 20),
(259, 5705, 'be_BY', 30),
(260, 5705, 'bg_BG', 40),
(261, 5705, 'bn_IN', 50),
(262, 5705, 'bs_BA', 60),
(263, 5705, 'ca_ES', 70),
(264, 5705, 'cs_CZ', 80),
(265, 5705, 'cy_GB', 90),
(266, 5705, 'da_DK', 100),
(267, 5705, 'de_DE', 110),
(268, 5705, 'el_GR', 120),
(269, 5705, 'en_GB', 130),
(270, 5705, 'en_PI', 140),
(271, 5705, 'en_UD', 150),
(272, 5705, 'en_US', 160),
(273, 5705, 'eo_EO', 170),
(274, 5705, 'es_ES', 180),
(275, 5705, 'es_LA', 190),
(276, 5705, 'et_EE', 200),
(277, 5705, 'eu_ES', 210),
(278, 5705, 'fa_IR', 220),
(279, 5705, 'fb_LT', 230),
(280, 5705, 'fi_FI', 240),
(281, 5705, 'fo_FO', 250),
(282, 5705, 'fr_CA', 260),
(283, 5705, 'fr_FR', 270),
(284, 5705, 'fy_NL', 280),
(285, 5705, 'ga_IE', 290),
(286, 5705, 'gl_ES', 300),
(287, 5705, 'he_IL', 310),
(288, 5705, 'hi_IN', 320),
(289, 5705, 'hr_HR', 330),
(290, 5705, 'hu_HU', 340),
(291, 5705, 'hy_AM', 350),
(292, 5705, 'id_ID', 360),
(293, 5705, 'is_IS', 370),
(294, 5705, 'it_IT', 380),
(295, 5705, 'ja_JP', 390),
(296, 5705, 'ka_GE', 400),
(297, 5705, 'km_KH', 410),
(298, 5705, 'ko_KR', 420),
(299, 5705, 'ku_TR', 430),
(300, 5705, 'la_VA', 440),
(301, 5705, 'lt_LT', 450),
(302, 5705, 'lv_LV', 460),
(303, 5705, 'mk_MK', 470),
(304, 5705, 'ml_IN', 480),
(305, 5705, 'ms_MY', 490),
(306, 5705, 'nb_NO', 500),
(307, 5705, 'ne_NP', 510),
(308, 5705, 'nl_NL', 520),
(309, 5705, 'nn_NO', 530),
(310, 5705, 'pa_IN', 540),
(311, 5705, 'pl_PL', 550),
(312, 5705, 'ps_AF', 560),
(313, 5705, 'pt_BR', 570),
(314, 5705, 'pt_PT', 580),
(315, 5705, 'ro_RO', 590),
(316, 5705, 'ru_RU', 600),
(317, 5705, 'sk_SK', 610),
(318, 5705, 'sl_SI', 620),
(319, 5705, 'sq_AL', 630),
(320, 5705, 'sr_RS', 640),
(321, 5705, 'sv_SE', 650),
(322, 5705, 'sw_KE', 660),
(323, 5705, 'ta_IN', 670),
(324, 5705, 'te_IN', 680),
(325, 5705, 'th_TH', 690),
(326, 5705, 'tl_PH', 700),
(327, 5705, 'tr_TR', 710),
(328, 5705, 'uk_UA', 720),
(329, 5705, 'vi_VN', 730),
(330, 5705, 'zh_CN', 740),
(331, 5705, 'zh_HK', 750),
(332, 5705, 'zh_TW', 760),
(333, 5706, 'arial', 0),
(334, 5706, 'lucida grande', 10),
(335, 5706, 'segoe ui', 20),
(336, 5706, 'tahoma', 30),
(337, 5706, 'trebuchet ms', 40),
(338, 5706, 'verdana', 50),
(339, 5707, 'light', 0),
(340, 5707, 'dark', 10),
(341, 5708, 'products', 0),
(342, 5708, 'pages', 10),
(343, 5712, 'full', 0),
(344, 5712, 'button', 10),
(345, 5712, 'mini', 20),
(346, 5712, 'Vertical', 30),
(347, 5715, 'like', 0),
(348, 5715, 'interesting', 10),
(349, 5716, 'products', 0),
(350, 5716, 'pages', 10),
(351, 5720, 'products', 0),
(352, 5720, 'pages', 10),
(353, 5723, '20', 0),
(354, 5723, '28', 10),
(355, 5724, 'rect', 0),
(356, 5724, 'round', 10),
(360, 5726, 'products', 0),
(361, 5726, 'pages', 10),
(362, 5736, 'dummy', 0),
(363, 5736, 'mailchimp', 10),
(364, 5736, 'madmimi', 20),
(365, 5746, 'smtp', 0),
(366, 5746, 'mail', 10),
(367, 5746, 'default', 20),
(368, 5751, 'none', 0),
(369, 5751, 'tls', 10),
(370, 5751, 'ssl', 20),
(371, 5754, 'google', 0),
(372, 5754, 'yandex', 10),
(373, 5762, 'none', 0),
(374, 5762, 'custom', 10),
(375, 5762, 'all', 20),
(376, 5763, 'none', 0),
(377, 5763, 'custom', 10),
(378, 5763, 'all', 20),
(379, 5764, 'none', 0),
(380, 5764, 'custom', 10),
(381, 5764, 'all', 20),
(382, 5786, 'light', 0),
(383, 5786, 'dark', 10),
(384, 5787, 'normal', 0),
(385, 5787, 'compact', 10),
(386, 5788, 'image', 0),
(387, 5788, 'audio', 10),
(388, 5796, 'all', 0),
(389, 5796, 'today', 10),
(390, 5796, 'last_days', 20),
(391, 5798, 'product_file_nohtml', 0),
(392, 5798, 'product_file', 10),
(393, 5798, 'product_category_nohtml', 20),
(394, 5798, 'product_category', 30),
(395, 5799, 'category', 0),
(396, 5799, 'category_nohtml', 10),
(397, 5799, 'file', 20),
(398, 5799, 'root_category', 30),
(399, 5800, 'page', 0),
(400, 5800, 'page_nohtml', 10),
(401, 5800, 'file', 20),
(402, 5800, 'root_page', 30),
(403, 5801, 'directory', 0),
(404, 5801, 'file', 10),
(405, 5812, 'minimal_absolute', 0),
(406, 5812, 'minimal_percentage', 10),
(407, 5812, 'maximal_absolute', 20),
(408, 5812, 'maximal_percentage', 30),
(409, 5831, 'C128A', 0),
(410, 5831, 'C128B', 10),
(411, 5831, 'C128C', 20),
(412, 5831, 'I25', 30),
(413, 5831, 'C39', 40),
(414, 5832, 'png', 0),
(415, 5832, 'jpeg', 10),
(416, 5833, 'N', 0),
(417, 5833, 'Y', 10),
(418, 5863, 'any', 0),
(419, 5863, 'anonymous', 10),
(420, 5863, 'disabled', 20),
(421, 5870, 'any', 0),
(422, 5870, 'anonymous', 10),
(423, 5870, 'disabled', 20),
(424, 5878, 'any', 0),
(425, 5878, 'anonymous', 10),
(426, 5878, 'disabled', 20),
(427, 5884, 'any', 0),
(428, 5884, 'anonymous', 10),
(429, 5884, 'disabled', 20),
(430, 5891, 'any', 0),
(431, 5891, 'anonymous', 10),
(432, 5891, 'disabled', 20),
(433, 5921, '0', 0),
(434, 5921, '1', 10),
(435, 5921, '2', 20),
(436, 5921, '3', 30),
(437, 5921, '4', 40),
(438, 5921, '5', 50),
(439, 5921, '6', 60),
(440, 5921, '7', 70),
(441, 5921, '8', 80),
(442, 5921, '9', 90),
(443, 5921, '10', 100),
(444, 5921, '11', 110),
(445, 5921, '12', 120),
(446, 5921, '13', 130),
(447, 5921, '14', 140),
(448, 5921, '15', 150),
(449, 5930, 'catalog', 0),
(450, 5930, 'store', 10),
(451, 5950, 'smarty', 0),
(452, 5950, 'html', 10),
(453, 5956, 'vertical_tabs', 0),
(454, 5956, 'horizontal_tabs', 10),
(455, 5957, 'fill', 0),
(456, 5957, 'framed', 10),
(457, 5963, 'pre', 0),
(458, 5963, 'post', 10),
(459, 5965, 'image_replace', 0),
(460, 5965, 'open_popup', 10),
(461, 5973, 'top_left', 0),
(462, 5973, 'top_right', 10),
(463, 5973, 'bottom_left', 20),
(464, 5973, 'bottom_right', 30),
(465, 5975, 'arrow_1', 0),
(466, 5975, 'arrow_2', 10),
(467, 5975, 'arrow_3', 20),
(468, 5975, 'arrow_4', 30),
(469, 5975, 'arrow_5', 40),
(470, 5975, 'arrow_6', 50),
(471, 5975, 'arrow_7', 60),
(472, 5975, 'arrow_8', 70),
(473, 5975, 'arrow_9', 80),
(474, 5975, 'arrow_10', 90),
(475, 5981, 'px', 0),
(476, 5981, 'pt', 10),
(477, 5981, 'pc', 20),
(478, 5981, 'cm', 30),
(479, 5981, 'mm', 40),
(480, 5981, 'em', 50),
(481, 5981, 'rem', 60),
(482, 5981, 'ex', 70),
(483, 5981, 'ch', 80),
(484, 5981, '%', 90),
(485, 5981, 'vw', 100),
(486, 5981, 'vh', 110),
(487, 5982, 'normal', 0),
(488, 5982, 'bold', 10),
(489, 6013, '10', 0),
(490, 6013, '100', 10),
(491, 6013, '200', 20),
(492, 6013, '300', 30),
(493, 6013, '400', 40),
(494, 6013, '500', 50),
(495, 6013, '600', 60),
(496, 6013, '700', 70),
(497, 6013, '800', 80),
(498, 6013, '900', 90),
(499, 6013, '1000', 100),
(500, 6013, '1100', 110),
(501, 6013, '1200', 120),
(502, 6013, '1300', 130),
(503, 6013, '1400', 140),
(504, 6013, '1500', 150),
(505, 6014, 'left', 0),
(506, 6014, 'right', 10),
(507, 6014, 'center', 20),
(508, 6015, 'text', 0),
(509, 6015, 'text2', 10),
(510, 6015, 'button', 20),
(511, 6018, 'end_of_the_day', 0),
(512, 6018, 'end_of_the_promotion', 10),
(513, 6022, '0', 0),
(514, 6022, '1', 10),
(515, 6022, '2', 20),
(516, 6022, '3', 30),
(517, 6022, '4', 40),
(518, 6022, '5', 50),
(519, 6022, '6', 60),
(520, 6022, '7', 70),
(521, 6056, 'red', 0),
(522, 6056, 'green', 10),
(523, 6056, 'blue', 20),
(524, 6082, '0', 0),
(525, 6082, '10000', 10),
(526, 6082, '30000', 20),
(527, 6082, '60000', 30),
(528, 6082, '90000', 40),
(529, 6086, '0', 0),
(530, 6086, '1', 1),
(531, 6086, '2', 2),
(532, 6086, '3', 3),
(533, 6086, '4', 4),
(534, 6086, '5', 5),
(535, 6086, '6', 6),
(536, 6086, '7', 7),
(537, 6086, '8', 8),
(538, 6086, '9', 9),
(539, 6086, '10', 10),
(837, 6424, 'none', 0),
(838, 6424, 'appliances', 10),
(839, 6424, 'child', 20),
(840, 6424, 'cosmetic', 30),
(841, 6424, 'coupon', 40),
(842, 6424, 'fashion', 50),
(843, 6424, 'construction', 60),
(844, 6424, 'animal', 70),
(845, 6424, 'fmcg', 80),
(846, 139, 'Atlantic/Bermuda', 210),
(847, 139, 'Asia/Almaty', 130),
(848, 139, 'Indian/Cocos', 10),
(849, 139, 'Pacific/Pitcairn', 760),
(850, 139, 'America/Vancouver', 770),
(851, 139, 'Pacific/Gambier', 780),
(852, 139, 'Australia/Lord_Howe', 790),
(853, 139, 'Pacific/Chatham', 800),
(854, 139, 'Africa/Casablanca', 810),
(855, 139, 'Europe/Dublin', 820),
(856, 139, 'Pacific/Midway', 830),
(857, 139, 'Asia/Urumqi', 840),
(858, 6435, '0', 1),
(859, 6435, '1', 2),
(860, 6435, '2', 3),
(861, 6435, '3', 4),
(862, 6435, '4', 5),
(863, 6435, '5', 5),
(977, 6523, 'km', 0),
(978, 6523, 'miles', 10),
(979, 6524, 'none', 0),
(980, 6524, 'city', 10),
(981, 6524, 'country', 20),
(1287, 7261, '0.9', 0),
(1288, 7261, '0.8', 10),
(1289, 7261, '0.7', 20),
(1290, 7261, '0.6', 30),
(1291, 7261, '0.5', 40),
(1292, 7261, '0.4', 50),
(1293, 7261, '0.3', 60),
(1294, 7261, '0.2', 70),
(1295, 7261, '0.1', 80),
(1296, 7280, 'P', 10),
(1297, 7280, 'S', 20),
(1298, 7282, 'F', 10),
(1299, 7282, 'A', 20),
(1300, 7284, 'R', 10),
(1301, 7284, 'P', 20),
(1302, 7284, 'A', 30),
(1303, 7298, 'none', 0),
(1304, 7298, 'all', 10),
(1305, 7299, 'https://converter.cart-services.com', 0),
(1322, 7334, 'any', 0),
(1323, 7334, 'anonymous', 10),
(1324, 7334, 'disabled', 20),
(1325, 7336, 'advanced', 0),
(1326, 7336, 'simple', 10),
(1327, 7338, 'none', 0),
(1328, 7338, 'country', 10),
(1329, 7338, 'city', 20),
(1360, 7414, 'homolog', 0),
(1361, 7414, 'production', 10),
(1378, 7467, '1', 0),
(1379, 7467, '2', 10),
(1380, 7467, '3', 20),
(1381, 7468, 'right', 0),
(1382, 7468, 'left', 10),
(1383, 7468, 'off', 20),
(1384, 7469, 'image', 0),
(1385, 7469, 'text', 10),
(1386, 7470, 'horizontal', 0),
(1387, 7470, 'vertical', 10),
(1388, 7471, 'collapsed', 0),
(1389, 7471, 'expanded', 10),
(1390, 7472, 'default', 0),
(1391, 7472, 'traditional', 10),
(1392, 7489, 'vendor', 0),
(1393, 7489, 'both', 10),
(1394, 7498, 'vertical', 0),
(1395, 7498, 'horizontal', 10),
(1396, 7499, 'collapsed', 0),
(1397, 7499, 'expanded', 10),
(1398, 7507, 'development', 0),
(1399, 7507, 'production', 10),
(1400, 7517, 'T', 0),
(1401, 7517, 'U', 10),
(1402, 7517, 'P', 20),
(1403, 7519, 'development', 0),
(1404, 7519, 'production', 10),
(1405, 7522, 'Y', 0),
(1406, 7522, 'N', 10),
(1407, 7526, 'true', 0),
(1408, 7526, 'false', 10);

-- --------------------------------------------------------

--
-- Table structure for table `partiushop_settings_vendor_values`
--

CREATE TABLE `partiushop_settings_vendor_values` (
  `object_id` mediumint(8) UNSIGNED NOT NULL,
  `company_id` int(11) UNSIGNED NOT NULL DEFAULT 0,
  `value` text DEFAULT NULL,
  `storefront_id` int(11) UNSIGNED NOT NULL DEFAULT 0
) ENGINE=InnoDB DEFAULT CHARSET=utf8;

--
-- Dumping data for table `partiushop_settings_vendor_values`
--

INSERT INTO `partiushop_settings_vendor_values` (`object_id`, `company_id`, `value`, `storefront_id`) VALUES
(6054, 0, '{\"app_settings\":{\"utility\":{\"shopName\":\"Partiu Shop\",\"pushNotifications\":\"1\",\"fcmApiKey\":\"\"},\"build\":{\"appName\":\"Partiu.Shop\",\"appShortDescription\":\"Comprar e Vender nunca foi t\\u00e3o f\\u00e1cil!\",\"appFullDescription\":\"Comprar e Vender nunca foi t\\u00e3o f\\u00e1cil!\",\"supportEmail\":\"admin@partiushop.com.br\",\"privacyPolicyUrl\":\"http:\\/\\/partiushop.com.br\\/\"},\"images\":{\"crop_when_resize\":\"Y\"},\"apple_pay\":{\"applePay\":\"off\",\"applePayMerchantIdentifier\":\"\",\"applePayMerchantName\":\"\"},\"google_pay\":{\"googlePay\":\"off\",\"googlePayApiKey\":\"\"}},\"app_appearance\":{\"colors\":{\"categories\":{\"categoriesBackgroundColor\":{\"value\":\"#FAFAFA\",\"type\":\"color\",\"name\":\"Background\",\"description\":\"The background color of the block with categories.\"},\"categoriesHeaderColor\":{\"value\":\"#303433\",\"type\":\"color\",\"name\":\"Block title color\",\"description\":\"Affects the titles of all blocks, not just the one with categories.\"},\"categoryBlockBackgroundColor\":{\"value\":\"#FFF\",\"type\":\"color\",\"name\":\"Card background\",\"description\":\"The background color of category cards.\"},\"categoryBlockTextColor\":{\"value\":\"#303433\",\"type\":\"color\",\"name\":\"Card text\",\"description\":\"The color of text in a category card.\"},\"categoryBorderRadius\":{\"value\":\"6\",\"type\":\"number\",\"name\":\"Card corners radius\",\"description\":\"Determines how rounded the corners of a category card will be.\"}},\"bottom_tabs\":{\"bottomTabsBackgroundColor\":{\"value\":\"#fff\",\"type\":\"color\",\"name\":\"Background color\",\"description\":\"Background color.\"},\"bottomTabsTextColor\":{\"value\":\"#6A6A6A\",\"type\":\"color\",\"name\":\"Text color\",\"description\":\"Text color.\"},\"bottomTabsSelectedTextColor\":{\"value\":\"#051a43\",\"type\":\"color\",\"name\":\"Selected text color\",\"description\":\"Selected text color.\"},\"bottomTabsIconColor\":{\"value\":\"#6A6A6A\",\"type\":\"color\",\"name\":\"Icon color\",\"description\":\"Icon color.\"},\"bottomTabsSelectedIconColor\":{\"value\":\"#051a43\",\"type\":\"color\",\"name\":\"Selected icon color\",\"description\":\"Selected icon color.\"},\"bottomTabsPrimaryBadgeColor\":{\"value\":\"#051a43\",\"type\":\"color\",\"name\":\"Primary badge color\",\"description\":\"Color of the icon with the number of products.\"}},\"navbar\":{\"statusBarColor\":{\"value\":\"#c1c1c1\",\"type\":\"color\",\"name\":\"Status bar color\",\"description\":\"The color of the system status bar; affects Android devices only.\"},\"navBarBackgroundColor\":{\"value\":\"#051a43\",\"type\":\"color\",\"name\":\"Background\",\"description\":\"The background color of the navigation bar.\"},\"navBarButtonColor\":{\"value\":\"#fff\",\"type\":\"color\",\"name\":\"Icon color\",\"description\":\"The color of icons in the navigation bar.\"},\"navBarTextColor\":{\"value\":\"#fff\",\"type\":\"color\",\"name\":\"Text color\",\"description\":\"The color of text in the navigation bar.\"},\"screenBackgroundColor\":{\"value\":\"#fff\",\"type\":\"color\",\"name\":\"Screen background\",\"description\":\"The common background color of all screens in the app.\"},\"navBarTitleFontSize\":{\"value\":\"16\",\"type\":\"number\",\"name\":\"Title text size\",\"description\":\"The size of the title text.\"}},\"product_screen\":{\"buttonBackgroundColor\":{\"value\":\"#051a43\",\"type\":\"color\",\"name\":\"Primary CTA button\",\"description\":\"The background color of the primary CTA button (such as \'Add to Cart\').\"},\"buttonWithBackgroundTextColor\":{\"value\":\"#fff\",\"type\":\"color\",\"name\":\"CTA text color\",\"description\":\"The text color of both primary and secondary CTA buttons.\"},\"buttonWithoutBackgroundTextColor\":{\"value\":\"#051a43\",\"type\":\"color\",\"name\":\"Secondary action text\",\"description\":\"The color of sorting and filter links, etc.\"},\"ratingStarsColor\":{\"value\":\"#EAA944\",\"type\":\"color\",\"name\":\"Rating stars color\",\"description\":\"The color of the rating icons (stars).\"},\"discussionMessageColor\":{\"value\":\"#808080\",\"type\":\"color\",\"name\":\"Text color\",\"description\":\"Affects product descriptions, discussions, and other texts at the product screen.\"},\"darkColor\":{\"value\":\"#242424\",\"type\":\"color\",\"name\":\"Product name\",\"description\":\"Determines color of product name and product price\"},\"grayColor\":{\"value\":\"#FAFAFA\",\"type\":\"color\",\"name\":\"Tabs background\",\"description\":\"\"},\"mediumGrayColor\":{\"value\":\"#B8B8B8\",\"type\":\"color\",\"name\":\"Options border color\",\"description\":\"\"},\"categoryEmptyImage\":{\"value\":\"#989898\",\"type\":\"color\",\"name\":\"\\\"Add image\\\" button\",\"description\":\"The color of the \\\"plus\\\" button for adding a product image.\"}},\"other\":{\"successColor\":{\"value\":\"#7DCFB6\",\"type\":\"color\",\"name\":\"Success color\",\"description\":\"The background color of a pop-up notification about a successful action.\"},\"infoColor\":{\"value\":\"#FCEADE\",\"type\":\"color\",\"name\":\"Info color\",\"description\":\"The background color of a pop-up notification with information.\"},\"dangerColor\":{\"value\":\"#D9534F\",\"type\":\"color\",\"name\":\"Error color\",\"description\":\"The background color of a pop-up notification about an error.\"},\"borderRadius\":{\"value\":\"5\",\"type\":\"number\",\"name\":\"Border radius\",\"description\":\"Determines how rounded the corners of product borders will be.\"},\"productDiscountColor\":{\"value\":\"#ffc014\",\"type\":\"color\",\"name\":\"Discount badge\",\"description\":\"The background color of a badge with the amount of product discount.\"},\"productBorderColor\":{\"value\":\"#FFF\",\"type\":\"color\",\"name\":\"Product border\",\"description\":\"The color of a thin border around products on product lists.\"},\"pushNotificationsColor\":{\"value\":\"#26323e\",\"type\":\"color\",\"name\":\"Push notifications color\",\"description\":\"Color of push notifications.\"},\"dotsSwiperColor\":{\"value\":\"#051a43\",\"type\":\"color\",\"name\":\"Image slider bullets\",\"description\":\"The color of bullets in image galleries.\"}},\"profile\":{\"menuItemsBorderColor\":{\"value\":\"#f3f3f3\",\"type\":\"color\",\"name\":\"Border color\",\"description\":\"Border color for menu items.\"},\"menuIconsColor\":{\"value\":\"#D3D3D3\",\"type\":\"color\",\"name\":\"Menu icons color\",\"description\":\"Menu icons color.\"},\"menuTextColor\":{\"value\":\"#424040\",\"type\":\"color\",\"name\":\"Menu text color\",\"description\":\"Menu text color.\"}}}},\"promotion\":{\"app_store_app_id\":\"\",\"google_play_app_id\":\"\"},\"modified_time\":1645797548}', 1),
(7297, 0, 'Y', 1),
(7297, 0, 'Y', 2),
(7359, 0, 'C', 1);

-- --------------------------------------------------------

--
-- Table structure for table `partiushop_shipments`
--

CREATE TABLE `partiushop_shipments` (
  `shipment_id` mediumint(8) UNSIGNED NOT NULL,
  `shipping_id` mediumint(8) UNSIGNED NOT NULL DEFAULT 0,
  `tracking_number` varchar(255) NOT NULL DEFAULT '',
  `carrier` varchar(255) NOT NULL DEFAULT '',
  `etiqueta_correios` varchar(255) DEFAULT NULL,
  `correios_plp_id` varchar(255) DEFAULT NULL,
  `timestamp` int(11) UNSIGNED NOT NULL DEFAULT 0,
  `comments` mediumtext DEFAULT NULL,
  `status` char(1) NOT NULL DEFAULT 'P',
  `last_tracking_event` varchar(255) DEFAULT NULL
) ENGINE=InnoDB DEFAULT CHARSET=utf8;

--
-- Dumping data for table `partiushop_shipments`
--

INSERT INTO `partiushop_shipments` (`shipment_id`, `shipping_id`, `tracking_number`, `carrier`, `etiqueta_correios`, `correios_plp_id`, `timestamp`, `comments`, `status`, `last_tracking_event`) VALUES
(29, 8, 'QF802546895BR', 'correios', 'QF80254689 BR', '503661937', 1625694773, NULL, 'P', NULL),
(31, 8, 'QF802815963BR', 'correios', 'QF80281596 BR', '503669363', 1625696332, NULL, 'P', NULL),
(32, 8, 'QF956167920BR', 'correios', 'QF95616792 BR', '509898482', 1626369013, NULL, 'S', NULL),
(33, 8, 'QH910596180BR', 'correios', 'QH91059618 BR', '571630548', 1637110004, NULL, 'S', NULL),
(34, 10, 'OS067546022BR', 'correios', 'OS06754602 BR', '571645700', 1637114724, NULL, 'S', NULL),
(35, 8, 'QH910604751BR', 'correios', 'QH91060475 BR', '571646204', 1637115248, NULL, 'S', NULL),
(37, 7, 'QI065932346BR', 'fedex', NULL, NULL, 1651087913, 'bujkbjkbjkbkj', 'P', NULL),
(38, 10, 'QI065932346BR', 'correios', NULL, NULL, 1651515433, '', 'P', NULL),
(39, 6, 'QI065932346BR', 'correios', NULL, NULL, 1651515870, '', 'P', NULL),
(40, 10, 'QI065932346BR', 'correios', NULL, NULL, 1651523042, '', 'P', NULL),
(41, 10, 'QI065932346BR', 'correios', NULL, NULL, 1651523198, '', 'P', NULL),
(42, 6, 'QI065932346BR', 'correios', NULL, NULL, 1651598957, '', 'P', NULL),
(43, 10, 'QI065932346BR', 'correios', NULL, NULL, 1651599151, '', 'P', NULL),
(44, 7, 'QI065932346BR', 'correios', NULL, NULL, 1651599409, '', 'P', NULL),
(45, 6, 'QI065932346BR', 'correios', NULL, NULL, 1651599489, '', 'P', NULL),
(46, 6, 'QI065932346BR', 'correios', NULL, NULL, 1651599713, '', 'P', NULL),
(47, 6, 'QI065932346BR', 'correios', NULL, NULL, 1651600014, '', 'P', NULL),
(48, 7, 'QI065932346BR', 'correios', NULL, NULL, 1651600112, '', 'P', NULL),
(49, 10, 'QI065932346BR', 'correios', NULL, NULL, 1651695400, '', 'P', NULL),
(50, 7, 'QI065932346BR', 'correios', NULL, NULL, 1651696538, '', 'P', NULL),
(51, 6, 'QI065932346BR', 'correios', NULL, NULL, 1651696911, '', 'P', NULL),
(52, 6, 'QI065932346BR', 'correios', NULL, NULL, 1651696965, '', 'P', NULL),
(53, 6, 'QI065932346BR', 'correios', NULL, NULL, 1651697043, '', 'P', NULL),
(54, 6, '1234', 'correios', NULL, NULL, 1651861094, '', 'P', NULL),
(55, 10, '1234', 'correios', NULL, NULL, 1652117568, '', 'S', NULL),
(56, 6, 'QI065932346BR', 'correios', NULL, NULL, 1652120207, 'asd', 'P', NULL),
(57, 7, 'QI065932346BR', 'correios', NULL, NULL, 1652123145, 'xc', 'P', NULL),
(58, 6, 'QI065932346BR', 'correios', NULL, NULL, 1652123711, '', 'P', NULL),
(59, 10, 'QI065932346BR', 'correios', NULL, NULL, 1652124428, '', 'P', NULL),
(60, 6, 'QI065932346BR', 'correios', NULL, NULL, 1652124883, '', 'P', NULL),
(61, 10, 'QI065932346BR', 'correios', NULL, NULL, 1652204647, 'asd', 'P', NULL),
(62, 6, 'QI065932346BR', 'correios', NULL, NULL, 1652208309, 'asdasd', 'P', NULL),
(63, 10, 'QI065932346BR', 'correios', NULL, NULL, 1652208589, 'dsads', 'P', NULL),
(64, 6, 'QI065932346BR', 'correios', NULL, NULL, 1652208783, 'sascasd', 'P', NULL),
(65, 6, 'QI065932346BR', 'correios', NULL, NULL, 1652209190, 'asdasd', 'P', NULL),
(66, 10, 'QI065932346BR', 'correios', NULL, NULL, 1652210645, 'vsdfsdfsdfsfs', 'P', NULL),
(67, 8, 'QI065932346BR', 'correios', NULL, NULL, 1652210788, 'sadadsad', 'P', NULL),
(68, 6, 'QI065932346BR', 'correios', NULL, NULL, 1652210925, 'asdasdasdsada', 'P', NULL),
(69, 6, 'QI065932346BR', 'correios', NULL, NULL, 1652211242, 'zxasdasd', 'P', NULL),
(70, 10, 'QI065932346BR', 'correios', NULL, NULL, 1652211382, 'asdads', 'P', NULL),
(71, 6, 'QI065932346BR', 'correios', NULL, NULL, 1652211545, 'fdsfsdfsf', 'P', NULL),
(72, 7, 'QI065932346BR', 'correios', NULL, NULL, 1652212292, 'ad', 'P', NULL),
(73, 10, 'QI065932346BR', 'correios', NULL, NULL, 1652212524, 'adadsadasd', 'P', NULL),
(74, 6, 'QI065932346BR', 'correios', NULL, NULL, 1652212657, 'asdsadadadsad', 'P', NULL),
(75, 10, 'QI065932346BR', 'correios', NULL, NULL, 1652212842, 'asdadadad', 'P', NULL),
(76, 10, 'QI065932346BR', 'correios', NULL, NULL, 1652290490, 'asdasd', 'P', NULL),
(77, 6, 'QI065932346BR', 'correios', NULL, NULL, 1652290695, 'dasdasdsdadadsasd', 'P', NULL),
(78, 8, 'QI065932346BR', 'correios', NULL, NULL, 1652290821, 'asdadadad', 'P', NULL),
(79, 10, 'OU217529778BR', 'correios', 'OU21752977 BR', '659213826', 1652742717, NULL, 'P', NULL);

-- --------------------------------------------------------

--
-- Table structure for table `partiushop_shipment_items`
--

CREATE TABLE `partiushop_shipment_items` (
  `item_id` int(11) UNSIGNED NOT NULL,
  `shipment_id` mediumint(8) UNSIGNED NOT NULL DEFAULT 0,
  `order_id` mediumint(8) UNSIGNED NOT NULL DEFAULT 0,
  `product_id` mediumint(8) UNSIGNED NOT NULL DEFAULT 0,
  `amount` int(11) UNSIGNED NOT NULL DEFAULT 0
) ENGINE=InnoDB DEFAULT CHARSET=utf8;

--
-- Dumping data for table `partiushop_shipment_items`
--

INSERT INTO `partiushop_shipment_items` (`item_id`, `shipment_id`, `order_id`, `product_id`, `amount`) VALUES
(9159054, 29, 102, 286, 1),
(9159054, 31, 104, 286, 1),
(9159054, 32, 105, 286, 1),
(552830084, 34, 111, 300, 1),
(552830084, 35, 112, 300, 1),
(552830084, 49, 126, 300, 1),
(664682653, 33, 110, 304, 1),
(664682653, 45, 122, 304, 1),
(664682653, 47, 124, 304, 1),
(664682653, 49, 126, 304, 1),
(664682653, 51, 128, 304, 1),
(664682653, 53, 130, 304, 1),
(664682653, 60, 136, 304, 1),
(664682653, 63, 139, 304, 1),
(664682653, 66, 142, 304, 1),
(664682653, 71, 147, 304, 1),
(664682653, 74, 150, 304, 1),
(1352232971, 42, 119, 305, 1),
(1352232971, 48, 125, 305, 1),
(1352232971, 55, 109, 305, 1),
(1352232971, 62, 138, 305, 1),
(1352232971, 70, 146, 305, 1),
(1352232971, 72, 148, 305, 1),
(1352232971, 78, 154, 305, 1),
(2005725464, 54, 101, 287, 1),
(3120223550, 41, 118, 303, 1),
(3120223550, 44, 121, 303, 1),
(3120223550, 46, 123, 303, 1),
(3120223550, 50, 127, 303, 1),
(3120223550, 68, 144, 303, 1),
(3120223550, 76, 152, 303, 1),
(3381666225, 38, 115, 306, 1),
(3381666225, 40, 117, 306, 1),
(3381666225, 52, 129, 306, 1),
(3381666225, 56, 131, 306, 1),
(3381666225, 57, 132, 306, 1),
(3381666225, 58, 133, 306, 1),
(3381666225, 61, 137, 306, 1),
(3381666225, 64, 140, 306, 1),
(3381666225, 65, 141, 306, 1),
(3381666225, 67, 143, 306, 1),
(3381666225, 69, 145, 306, 1),
(3381666225, 73, 149, 306, 1),
(3381666225, 75, 151, 306, 1),
(3381666225, 79, 113, 306, 1),
(3472745896, 37, 114, 302, 1),
(3472745896, 39, 116, 302, 1),
(3472745896, 43, 120, 302, 1),
(3472745896, 59, 134, 302, 1),
(3472745896, 68, 144, 302, 1),
(3472745896, 71, 147, 302, 1),
(3472745896, 75, 151, 302, 1),
(3472745896, 77, 153, 302, 1);

-- --------------------------------------------------------

--
-- Table structure for table `partiushop_shippings`
--

CREATE TABLE `partiushop_shippings` (
  `shipping_id` mediumint(8) UNSIGNED NOT NULL,
  `company_id` int(11) UNSIGNED NOT NULL DEFAULT 0,
  `destination` char(1) NOT NULL DEFAULT 'I',
  `min_weight` decimal(13,3) NOT NULL DEFAULT 0.000,
  `max_weight` decimal(13,3) NOT NULL DEFAULT 0.000,
  `usergroup_ids` varchar(255) NOT NULL DEFAULT '0',
  `rate_calculation` char(1) NOT NULL DEFAULT 'M',
  `service_id` mediumint(8) UNSIGNED NOT NULL DEFAULT 0,
  `service_params` text DEFAULT NULL,
  `localization` varchar(255) NOT NULL DEFAULT '',
  `tax_ids` varchar(255) NOT NULL DEFAULT '',
  `position` smallint(5) UNSIGNED NOT NULL DEFAULT 0,
  `status` char(1) NOT NULL DEFAULT 'D',
  `free_shipping` char(1) NOT NULL DEFAULT 'N',
  `is_address_required` char(1) NOT NULL DEFAULT 'Y',
  `available_for_new_vendors` char(1) NOT NULL DEFAULT 'N'
) ENGINE=InnoDB DEFAULT CHARSET=utf8;

--
-- Dumping data for table `partiushop_shippings`
--

INSERT INTO `partiushop_shippings` (`shipping_id`, `company_id`, `destination`, `min_weight`, `max_weight`, `usergroup_ids`, `rate_calculation`, `service_id`, `service_params`, `localization`, `tax_ids`, `position`, `status`, `free_shipping`, `is_address_required`, `available_for_new_vendors`) VALUES
(1, 0, 'I', '0.000', '0.000', '0', 'M', 0, 'a:0:{}', '', '6', 0, 'D', 'N', 'Y', 'N'),
(3, 0, 'I', '0.000', '0.000', '0', 'R', 213, 'a:13:{s:8:\"user_key\";s:0:\"\";s:17:\"user_key_password\";s:0:\"\";s:14:\"account_number\";s:0:\"\";s:12:\"meter_number\";s:0:\"\";s:22:\"freight_account_number\";s:0:\"\";s:9:\"test_mode\";s:1:\"Y\";s:12:\"package_type\";s:14:\"YOUR_PACKAGING\";s:13:\"drop_off_type\";s:14:\"REGULAR_PICKUP\";s:17:\"max_weight_of_box\";s:1:\"0\";s:6:\"height\";s:2:\"10\";s:5:\"width\";s:2:\"10\";s:6:\"length\";s:2:\"10\";s:7:\"options\";a:3:{s:10:\"COD_AMOUNT\";s:0:\"\";s:19:\"COD_COLLECTION_TYPE\";s:3:\"ANY\";s:29:\"DANGEROUS_GOODS_ACCESSIBILITY\";s:10:\"ACCESSIBLE\";}}', '', '6', 0, 'D', 'N', 'Y', 'N'),
(4, 0, 'I', '0.000', '0.000', '0', 'R', 87, 'a:14:{s:10:\"access_key\";s:0:\"\";s:8:\"username\";s:0:\"\";s:8:\"password\";s:0:\"\";s:16:\"negotiated_rates\";s:1:\"N\";s:14:\"shipper_number\";s:0:\"\";s:9:\"test_mode\";s:1:\"Y\";s:11:\"pickup_type\";s:2:\"01\";s:12:\"package_type\";s:2:\"02\";s:21:\"delivery_confirmation\";s:1:\"N\";s:10:\"dcist_type\";s:1:\"1\";s:17:\"max_weight_of_box\";s:1:\"0\";s:5:\"width\";s:2:\"10\";s:6:\"height\";s:2:\"10\";s:6:\"length\";s:2:\"10\";}', '', '', 0, 'D', 'N', 'Y', 'N'),
(5, 0, 'I', '0.000', '70.000', '0', 'R', 50, 'a:38:{s:8:\"username\";s:0:\"\";s:9:\"test_mode\";s:1:\"N\";s:8:\"mailtype\";s:3:\"All\";s:9:\"container\";s:0:\"\";s:18:\"intl_package_width\";s:2:\"11\";s:19:\"intl_package_length\";s:1:\"1\";s:19:\"intl_package_height\";s:1:\"0\";s:18:\"intl_package_girth\";s:1:\"0\";s:17:\"intl_package_size\";s:7:\"REGULAR\";s:28:\"intl_service_registered_mail\";s:1:\"N\";s:22:\"intl_service_insurance\";s:1:\"N\";s:27:\"intl_service_return_receipt\";s:1:\"N\";s:30:\"intl_service_pick_up_on_demand\";s:1:\"N\";s:35:\"intl_service_certificate_of_mailing\";s:1:\"N\";s:35:\"intl_service_edelivery_confirmation\";s:1:\"N\";s:12:\"package_size\";s:7:\"Regular\";s:21:\"first_class_mail_type\";s:6:\"LETTER\";s:10:\"machinable\";s:4:\"True\";s:18:\"container_priority\";s:0:\"\";s:17:\"container_express\";s:0:\"\";s:14:\"priority_width\";s:0:\"\";s:15:\"priority_length\";s:0:\"\";s:15:\"priority_height\";s:0:\"\";s:14:\"priority_girth\";s:0:\"\";s:11:\"ground_only\";s:1:\"N\";s:26:\"domestic_service_certified\";s:1:\"N\";s:26:\"domestic_service_insurance\";s:1:\"N\";s:45:\"domestic_service_registered_without_insurance\";s:1:\"N\";s:42:\"domestic_service_registered_with_insurance\";s:1:\"N\";s:36:\"domestic_service_collect_on_delivery\";s:1:\"N\";s:47:\"domestic_service_return_receipt_for_merchandise\";s:1:\"N\";s:31:\"domestic_service_return_receipt\";s:1:\"N\";s:62:\"domestic_service_certificate_of_mailing_per_individual_article\";s:1:\"N\";s:62:\"domestic_service_certificate_of_mailing_for_firm_mailing_books\";s:1:\"N\";s:39:\"domestic_service_express_mail_insurance\";s:1:\"N\";s:38:\"domestic_service_delivery_confirmation\";s:1:\"N\";s:39:\"domestic_service_signature_confirmation\";s:1:\"N\";s:42:\"domestic_service_return_receipt_electronic\";s:1:\"N\";}', '', '', 0, 'D', 'N', 'Y', 'N'),
(6, 4, 'I', '0.000', '30.000', '0', 'M', 0, 'a:0:{}', '', '', 0, 'D', 'N', 'N', 'N'),
(7, 4, 'I', '0.000', '30.000', '0', 'M', 0, 'a:0:{}', '', '', 0, 'D', 'N', 'Y', 'N'),
(8, 0, 'I', '0.300', '30.000', '0', 'R', 162026, 'a:9:{s:4:\"taxa\";s:0:\"\";s:15:\"comprimento_min\";s:2:\"15\";s:15:\"comprimento_max\";s:3:\"100\";s:11:\"largura_min\";s:2:\"10\";s:11:\"largura_max\";s:3:\"100\";s:10:\"altura_min\";s:1:\"1\";s:10:\"altura_max\";s:3:\"100\";s:12:\"dimensao_min\";s:2:\"25\";s:12:\"dimensao_max\";s:3:\"200\";}', '', '', 0, 'A', 'N', 'Y', 'N'),
(10, 0, 'I', '0.300', '30.000', '0', 'R', 162022, 'a:9:{s:4:\"taxa\";s:0:\"\";s:15:\"comprimento_min\";s:2:\"15\";s:15:\"comprimento_max\";s:3:\"100\";s:11:\"largura_min\";s:2:\"10\";s:11:\"largura_max\";s:3:\"100\";s:10:\"altura_min\";s:1:\"1\";s:10:\"altura_max\";s:3:\"100\";s:12:\"dimensao_min\";s:2:\"25\";s:12:\"dimensao_max\";s:3:\"200\";}', '', '', 0, 'A', 'N', 'Y', 'N');

-- --------------------------------------------------------

--
-- Table structure for table `partiushop_shipping_descriptions`
--

CREATE TABLE `partiushop_shipping_descriptions` (
  `shipping_id` mediumint(8) UNSIGNED NOT NULL DEFAULT 0,
  `lang_code` char(2) NOT NULL DEFAULT '',
  `shipping` varchar(255) NOT NULL DEFAULT '',
  `delivery_time` varchar(64) NOT NULL DEFAULT '',
  `description` mediumtext DEFAULT NULL
) ENGINE=InnoDB DEFAULT CHARSET=utf8;

--
-- Dumping data for table `partiushop_shipping_descriptions`
--

INSERT INTO `partiushop_shipping_descriptions` (`shipping_id`, `lang_code`, `shipping`, `delivery_time`, `description`) VALUES
(1, 'da', 'Afhentning', 'Kun ved aftale ', NULL),
(1, 'de', 'Custom shipping method', '3-5 days', '<p>Delivery time is calculated in business days.</p><p>Products in stock will be sent after the payment is verified. Mail service is responsible for the goods during transportation.</p><p>Please, open the package delivered under your order the moment you receive it. If any damage is revealed, make claims against mail service.</p><p>Any questions? Contact our Customer Service at 123-12-23</p>'),
(1, 'el', 'Προσαρμοσμένη μέθοδος αποστολής', '3-5 μέρες', NULL),
(1, 'en', 'Custom shipping method', '3-5 days', '<p>Delivery time is calculated in business days.</p><p>Products in stock will be sent after the payment is verified. Mail service is responsible for the goods during transportation.</p><p>Please, open the package delivered under your order the moment you receive it. If any damage is revealed, make claims against mail service.</p><p>Any questions? Contact our Customer Service at 123-12-23</p>'),
(1, 'es', 'Custom shipping method', '3-5 days', '<p>Delivery time is calculated in business days.</p><p>Products in stock will be sent after the payment is verified. Mail service is responsible for the goods during transportation.</p><p>Please, open the package delivered under your order the moment you receive it. If any damage is revealed, make claims against mail service.</p><p>Any questions? Contact our Customer Service at 123-12-23</p>'),
(1, 'fr', 'Custom shipping method', '3-5 days', '<p>Delivery time is calculated in business days.</p><p>Products in stock will be sent after the payment is verified. Mail service is responsible for the goods during transportation.</p><p>Please, open the package delivered under your order the moment you receive it. If any damage is revealed, make claims against mail service.</p><p>Any questions? Contact our Customer Service at 123-12-23</p>'),
(1, 'it', 'Metodo di spedizione personalizzato', '3-5 days', NULL),
(1, 'nl', 'Custom shipping method', '3-5 days', '<p>Delivery time is calculated in business days.</p><p>Products in stock will be sent after the payment is verified. Mail service is responsible for the goods during transportation.</p><p>Please, open the package delivered under your order the moment you receive it. If any damage is revealed, make claims against mail service.</p><p>Any questions? Contact our Customer Service at 123-12-23</p>'),
(1, 'no', 'Custom shipping method', '3-5 days', '<p>Delivery time is calculated in business days.</p><p>Products in stock will be sent after the payment is verified. Mail service is responsible for the goods during transportation.</p><p>Please, open the package delivered under your order the moment you receive it. If any damage is revealed, make claims against mail service.</p><p>Any questions? Contact our Customer Service at 123-12-23</p>'),
(1, 'pt', 'Custom shipping method', '3-5 days', '<p>Delivery time is calculated in business days.</p>\n<p>Products in stock will be sent after the payment is verified. Mail service is responsible for the goods during transportation.</p>\n<p>Please, open the package delivered under your order the moment you receive it. If any damage is revealed, make claims against mail service.</p>\n<p>Any questions? Contact our Customer Service at 123-12-23</p>'),
(1, 'ro', 'Metodă tipizată pentru transport', '3-5 zile', NULL),
(1, 'ru', 'Custom shipping method', '3-5 days', '<p>Delivery time is calculated in business days.</p><p>Products in stock will be sent after the payment is verified. Mail service is responsible for the goods during transportation.</p><p>Please, open the package delivered under your order the moment you receive it. If any damage is revealed, make claims against mail service.</p><p>Any questions? Contact our Customer Service at 123-12-23</p>'),
(3, 'da', 'FedEx 2nd day', '2 days', NULL),
(3, 'de', 'FedEx 2nd day', '2 days', '<p>Delivery time is calculated in business days.</p><p>Products in stock will be sent after the payment is verified. Mail service is responsible for the goods during transportation.</p><p>Please, open the package delivered under your order the moment you receive it. If any damage is revealed, make claims against mail service.</p><p>Any questions? Contact our Customer Service at 123-12-23</p>'),
(3, 'el', 'FedEx 2nd day', '2 μέρες', NULL),
(3, 'en', 'FedEx 2nd day', '2 days', '<p>Delivery time is calculated in business days.</p><p>Products in stock will be sent after the payment is verified. Mail service is responsible for the goods during transportation.</p><p>Please, open the package delivered under your order the moment you receive it. If any damage is revealed, make claims against mail service.</p><p>Any questions? Contact our Customer Service at 123-12-23</p>'),
(3, 'es', 'FedEx 2nd day', '2 days', '<p>Delivery time is calculated in business days.</p><p>Products in stock will be sent after the payment is verified. Mail service is responsible for the goods during transportation.</p><p>Please, open the package delivered under your order the moment you receive it. If any damage is revealed, make claims against mail service.</p><p>Any questions? Contact our Customer Service at 123-12-23</p>'),
(3, 'fr', 'FedEx 2nd day', '2 days', '<p>Delivery time is calculated in business days.</p><p>Products in stock will be sent after the payment is verified. Mail service is responsible for the goods during transportation.</p><p>Please, open the package delivered under your order the moment you receive it. If any damage is revealed, make claims against mail service.</p><p>Any questions? Contact our Customer Service at 123-12-23</p>'),
(3, 'it', 'FedEx 2nd day', '2 days', '<p>Delivery time is calculated in business days.</p><p>Products in stock will be sent after the payment is verified. Mail service is responsible for the goods during transportation.</p><p>Please, open the package delivered under your order the moment you receive it. If any damage is revealed, make claims against mail service.</p><p>Any questions? Contact our Customer Service at 123-12-23</p>'),
(3, 'nl', 'FedEx 2nd day', '2 days', '<p>Delivery time is calculated in business days.</p><p>Products in stock will be sent after the payment is verified. Mail service is responsible for the goods during transportation.</p><p>Please, open the package delivered under your order the moment you receive it. If any damage is revealed, make claims against mail service.</p><p>Any questions? Contact our Customer Service at 123-12-23</p>'),
(3, 'no', 'FedEx 2nd day', '2 days', '<p>Delivery time is calculated in business days.</p><p>Products in stock will be sent after the payment is verified. Mail service is responsible for the goods during transportation.</p><p>Please, open the package delivered under your order the moment you receive it. If any damage is revealed, make claims against mail service.</p><p>Any questions? Contact our Customer Service at 123-12-23</p>'),
(3, 'pt', 'Fedex ', '2 days', '<p>Delivery time is calculated in business days.</p>\r\n<p>Products in stock will be sent after the payment is verified. Mail service is responsible for the goods during transportation.</p>\r\n<p>Please, open the package delivered under your order the moment you receive it. If any damage is revealed, make claims against mail service.</p>\r\n<p>Any questions? Contact our Customer Service at 123-12-23</p>'),
(3, 'ro', 'FedEx în 2 zile', '2 zile', NULL),
(3, 'ru', 'FedEx 2nd day', '2 days', '<p>Delivery time is calculated in business days.</p><p>Products in stock will be sent after the payment is verified. Mail service is responsible for the goods during transportation.</p><p>Please, open the package delivered under your order the moment you receive it. If any damage is revealed, make claims against mail service.</p><p>Any questions? Contact our Customer Service at 123-12-23</p>'),
(4, 'da', 'UPS 3day Select', '3 days', NULL),
(4, 'de', 'UPS 3day Select', '3 days', '<p>Delivery time is calculated in business days.</p><p>Products in stock will be sent after the payment is verified. Mail service is responsible for the goods during transportation.</p><p>Please, open the package delivered under your order the moment you receive it. If any damage is revealed, make claims against mail service.</p><p>Any questions? Contact our Customer Service at 123-12-23</p>'),
(4, 'el', 'Επιλογή UPS 3day', '3 μέρες', NULL),
(4, 'en', 'UPS 3day Select', '3 days', '<p>Delivery time is calculated in business days.</p><p>Products in stock will be sent after the payment is verified. Mail service is responsible for the goods during transportation.</p><p>Please, open the package delivered under your order the moment you receive it. If any damage is revealed, make claims against mail service.</p><p>Any questions? Contact our Customer Service at 123-12-23</p>'),
(4, 'es', 'UPS 3day Select', '3 days', '<p>Delivery time is calculated in business days.</p><p>Products in stock will be sent after the payment is verified. Mail service is responsible for the goods during transportation.</p><p>Please, open the package delivered under your order the moment you receive it. If any damage is revealed, make claims against mail service.</p><p>Any questions? Contact our Customer Service at 123-12-23</p>'),
(4, 'fr', 'UPS 3day Select', '3 days', '<p>Delivery time is calculated in business days.</p><p>Products in stock will be sent after the payment is verified. Mail service is responsible for the goods during transportation.</p><p>Please, open the package delivered under your order the moment you receive it. If any damage is revealed, make claims against mail service.</p><p>Any questions? Contact our Customer Service at 123-12-23</p>'),
(4, 'it', 'UPS 3day Select', '3 days', '<p>Delivery time is calculated in business days.</p><p>Products in stock will be sent after the payment is verified. Mail service is responsible for the goods during transportation.</p><p>Please, open the package delivered under your order the moment you receive it. If any damage is revealed, make claims against mail service.</p><p>Any questions? Contact our Customer Service at 123-12-23</p>'),
(4, 'nl', 'UPS 3day Select', '3 days', '<p>Delivery time is calculated in business days.</p><p>Products in stock will be sent after the payment is verified. Mail service is responsible for the goods during transportation.</p><p>Please, open the package delivered under your order the moment you receive it. If any damage is revealed, make claims against mail service.</p><p>Any questions? Contact our Customer Service at 123-12-23</p>'),
(4, 'no', 'UPS 3day Select', '3 days', '<p>Delivery time is calculated in business days.</p><p>Products in stock will be sent after the payment is verified. Mail service is responsible for the goods during transportation.</p><p>Please, open the package delivered under your order the moment you receive it. If any damage is revealed, make claims against mail service.</p><p>Any questions? Contact our Customer Service at 123-12-23</p>'),
(4, 'pt', 'UPS 3day Select', '3 days', '<p>Delivery time is calculated in business days.</p>\r\n<p>Products in stock will be sent after the payment is verified. Mail service is responsible for the goods during transportation.</p>\r\n<p>Please, open the package delivered under your order the moment you receive it. If any damage is revealed, make claims against mail service.</p>\r\n<p>Any questions? Contact our Customer Service at 123-12-23</p>'),
(4, 'ro', 'Poștă 3 zile selectate', '3 zile', NULL),
(4, 'ru', 'UPS 3day Select', '3 days', '<p>Delivery time is calculated in business days.</p><p>Products in stock will be sent after the payment is verified. Mail service is responsible for the goods during transportation.</p><p>Please, open the package delivered under your order the moment you receive it. If any damage is revealed, make claims against mail service.</p><p>Any questions? Contact our Customer Service at 123-12-23</p>'),
(5, 'da', 'USPS Media Mail', '1-2 days', NULL),
(5, 'de', 'USPS Media Mail', '1-2 days', '<p>Delivery time is calculated in business days.</p><p>Products in stock will be sent after the payment is verified. Mail service is responsible for the goods during transportation.</p><p>Please, open the package delivered under your order the moment you receive it. If any damage is revealed, make claims against mail service.</p><p>Any questions? Contact our Customer Service at 123-12-23</p>'),
(5, 'el', 'USPS Media Mail', '1-2 μέρες', NULL),
(5, 'en', 'USPS Media Mail', '1-2 days', '<p>Delivery time is calculated in business days.</p><p>Products in stock will be sent after the payment is verified. Mail service is responsible for the goods during transportation.</p><p>Please, open the package delivered under your order the moment you receive it. If any damage is revealed, make claims against mail service.</p><p>Any questions? Contact our Customer Service at 123-12-23</p>'),
(5, 'es', 'USPS Media Mail', '1-2 days', '<p>Delivery time is calculated in business days.</p><p>Products in stock will be sent after the payment is verified. Mail service is responsible for the goods during transportation.</p><p>Please, open the package delivered under your order the moment you receive it. If any damage is revealed, make claims against mail service.</p><p>Any questions? Contact our Customer Service at 123-12-23</p>'),
(5, 'fr', 'USPS Media Mail', '1-2 days', '<p>Delivery time is calculated in business days.</p><p>Products in stock will be sent after the payment is verified. Mail service is responsible for the goods during transportation.</p><p>Please, open the package delivered under your order the moment you receive it. If any damage is revealed, make claims against mail service.</p><p>Any questions? Contact our Customer Service at 123-12-23</p>'),
(5, 'it', 'USPS Media Mail', '1-2 days', '<p>Delivery time is calculated in business days.</p><p>Products in stock will be sent after the payment is verified. Mail service is responsible for the goods during transportation.</p><p>Please, open the package delivered under your order the moment you receive it. If any damage is revealed, make claims against mail service.</p><p>Any questions? Contact our Customer Service at 123-12-23</p>'),
(5, 'nl', 'USPS Media Mail', '1-2 days', '<p>Delivery time is calculated in business days.</p><p>Products in stock will be sent after the payment is verified. Mail service is responsible for the goods during transportation.</p><p>Please, open the package delivered under your order the moment you receive it. If any damage is revealed, make claims against mail service.</p><p>Any questions? Contact our Customer Service at 123-12-23</p>'),
(5, 'no', 'USPS Media Mail', '1-2 days', '<p>Delivery time is calculated in business days.</p><p>Products in stock will be sent after the payment is verified. Mail service is responsible for the goods during transportation.</p><p>Please, open the package delivered under your order the moment you receive it. If any damage is revealed, make claims against mail service.</p><p>Any questions? Contact our Customer Service at 123-12-23</p>'),
(5, 'pt', 'USPS Media Mail', '1-2 days', '<p>Delivery time is calculated in business days.</p>\n<p>Products in stock will be sent after the payment is verified. Mail service is responsible for the goods during transportation.</p>\n<p>Please, open the package delivered under your order the moment you receive it. If any damage is revealed, make claims against mail service.</p>\n<p>Any questions? Contact our Customer Service at 123-12-23</p>'),
(5, 'ro', 'Poștă Media USPS', '1-2 zile', NULL),
(5, 'ru', 'USPS Media Mail', '1-2 days', '<p>Delivery time is calculated in business days.</p><p>Products in stock will be sent after the payment is verified. Mail service is responsible for the goods during transportation.</p><p>Please, open the package delivered under your order the moment you receive it. If any damage is revealed, make claims against mail service.</p><p>Any questions? Contact our Customer Service at 123-12-23</p>'),
(6, 'da', 'Correios', '3', '<p>Correios do Brasil</p>'),
(6, 'de', 'Correios', '3', '<p>Correios do Brasil</p>'),
(6, 'el', 'Correios', '3', '<p>Correios do Brasil</p>'),
(6, 'en', 'Correios', '3', '<p>Correios do Brasil</p>'),
(6, 'es', 'Correios', '3', '<p>Correios do Brasil</p>'),
(6, 'fr', 'Correios', '3', '<p>Correios do Brasil</p>'),
(6, 'it', 'Correios', '3', '<p>Correios do Brasil</p>'),
(6, 'nl', 'Correios', '3', '<p>Correios do Brasil</p>'),
(6, 'no', 'Correios', '3', '<p>Correios do Brasil</p>'),
(6, 'pt', 'Correios', '10', '<p>Correios do Brasil</p>'),
(6, 'ro', 'Correios', '3', '<p>Correios do Brasil</p>'),
(6, 'ru', 'Correios', '3', '<p>Correios do Brasil</p>'),
(7, 'da', 'Teste Frete', '3 - 10 Dias', '<p>Teste Frete</p>'),
(7, 'de', 'Teste Frete', '3 - 10 Dias', '<p>Teste Frete</p>'),
(7, 'el', 'Teste Frete', '3 - 10 Dias', '<p>Teste Frete</p>'),
(7, 'en', 'Teste Frete', '3 - 10 Dias', '<p>Teste Frete</p>'),
(7, 'es', 'Teste Frete', '3 - 10 Dias', '<p>Teste Frete</p>'),
(7, 'fr', 'Teste Frete', '3 - 10 Dias', '<p>Teste Frete</p>'),
(7, 'it', 'Teste Frete', '3 - 10 Dias', '<p>Teste Frete</p>'),
(7, 'nl', 'Teste Frete', '3 - 10 Dias', '<p>Teste Frete</p>'),
(7, 'no', 'Teste Frete', '3 - 10 Dias', '<p>Teste Frete</p>'),
(7, 'pt', 'Teste Frete', '3 - 10 Dias', '<p>Teste Frete</p>'),
(7, 'ro', 'Teste Frete', '3 - 10 Dias', '<p>Teste Frete</p>'),
(7, 'ru', 'Teste Frete', '3 - 10 Dias', '<p>Teste Frete</p>'),
(8, 'da', 'Pac', '', ''),
(8, 'de', 'Pac', '', ''),
(8, 'el', 'Pac', '', ''),
(8, 'en', 'Pac', '', ''),
(8, 'es', 'Pac', '', ''),
(8, 'fr', 'Pac', '', ''),
(8, 'it', 'Pac', '', ''),
(8, 'nl', 'Pac', '', ''),
(8, 'no', 'Pac', '', ''),
(8, 'pt', 'Pac', '', ''),
(8, 'ro', 'Pac', '', ''),
(8, 'ru', 'Pac', '', ''),
(10, 'da', 'Sedex', '', ''),
(10, 'de', 'Sedex', '', ''),
(10, 'el', 'Sedex', '', ''),
(10, 'en', 'Sedex', '', ''),
(10, 'es', 'Sedex', '', ''),
(10, 'fr', 'Sedex', '', ''),
(10, 'it', 'Sedex', '', ''),
(10, 'nl', 'Sedex', '', ''),
(10, 'no', 'Sedex', '', ''),
(10, 'pt', 'Sedex', '', ''),
(10, 'ro', 'Sedex', '', ''),
(10, 'ru', 'Sedex', '', '');

-- --------------------------------------------------------

--
-- Table structure for table `partiushop_shipping_rates`
--

CREATE TABLE `partiushop_shipping_rates` (
  `rate_id` mediumint(8) UNSIGNED NOT NULL,
  `shipping_id` mediumint(8) UNSIGNED NOT NULL DEFAULT 0,
  `destination_id` mediumint(8) UNSIGNED NOT NULL DEFAULT 0,
  `rate_value` text DEFAULT NULL,
  `base_rate` decimal(12,2) UNSIGNED NOT NULL DEFAULT 0.00
) ENGINE=InnoDB DEFAULT CHARSET=utf8;

--
-- Dumping data for table `partiushop_shipping_rates`
--

INSERT INTO `partiushop_shipping_rates` (`rate_id`, `shipping_id`, `destination_id`, `rate_value`, `base_rate`) VALUES
(56, 6, 1, 'a:1:{s:1:\"W\";a:1:{i:0;a:4:{s:16:\"range_from_value\";i:0;s:5:\"value\";d:1;s:8:\"per_unit\";s:1:\"Y\";s:14:\"range_to_value\";s:0:\"\";}}}', '0.00'),
(57, 6, 9, 'a:2:{s:1:\"C\";a:1:{i:0;a:4:{s:16:\"range_from_value\";i:0;s:5:\"value\";d:150;s:8:\"per_unit\";s:1:\"N\";s:14:\"range_to_value\";s:0:\"\";}}s:1:\"W\";a:1:{i:0;a:4:{s:16:\"range_from_value\";i:0;s:5:\"value\";d:10;s:8:\"per_unit\";s:1:\"Y\";s:14:\"range_to_value\";s:0:\"\";}}}', '0.00'),
(66, 3, 1, '', '0.00'),
(67, 3, 7, '', '0.00'),
(68, 3, 8, '', '0.00'),
(69, 3, 9, '', '0.00'),
(70, 4, 1, '', '0.00'),
(71, 4, 7, '', '0.00'),
(72, 4, 8, '', '0.00'),
(73, 4, 9, '', '0.00'),
(74, 5, 1, '', '0.00'),
(75, 5, 7, '', '0.00'),
(76, 5, 8, '', '0.00'),
(77, 5, 9, '', '0.00'),
(95, 7, 9, 'a:2:{s:1:\"C\";a:2:{i:0;a:5:{s:16:\"range_from_value\";d:0;s:14:\"range_to_value\";d:100;s:5:\"value\";d:10;s:8:\"per_unit\";s:1:\"N\";s:4:\"type\";s:1:\"F\";}i:100;a:5:{s:16:\"range_from_value\";d:100;s:14:\"range_to_value\";s:0:\"\";s:5:\"value\";d:5;s:8:\"per_unit\";s:1:\"N\";s:4:\"type\";s:1:\"F\";}}s:1:\"W\";a:2:{i:0;a:5:{s:16:\"range_from_value\";d:0;s:14:\"range_to_value\";d:5;s:5:\"value\";d:15;s:8:\"per_unit\";s:1:\"Y\";s:4:\"type\";s:1:\"F\";}i:5;a:5:{s:16:\"range_from_value\";d:5;s:14:\"range_to_value\";s:0:\"\";s:5:\"value\";d:30;s:8:\"per_unit\";s:1:\"Y\";s:4:\"type\";s:1:\"F\";}}}', '0.00'),
(96, 1, 1, 'a:1:{s:1:\"C\";a:2:{i:0;a:5:{s:16:\"range_from_value\";d:0;s:14:\"range_to_value\";d:100;s:5:\"value\";d:0;s:8:\"per_unit\";s:1:\"N\";s:4:\"type\";s:1:\"F\";}i:100;a:5:{s:16:\"range_from_value\";d:100;s:14:\"range_to_value\";s:0:\"\";s:5:\"value\";d:25.449999999999999289457264239899814128875732421875;s:8:\"per_unit\";s:1:\"N\";s:4:\"type\";s:1:\"F\";}}}', '0.00'),
(97, 1, 8, 'a:2:{s:1:\"W\";a:1:{i:0;a:5:{s:16:\"range_from_value\";d:0;s:14:\"range_to_value\";s:0:\"\";s:5:\"value\";d:10;s:8:\"per_unit\";s:1:\"N\";s:4:\"type\";s:1:\"F\";}}s:1:\"I\";a:1:{i:0;a:5:{s:16:\"range_from_value\";i:0;s:14:\"range_to_value\";s:0:\"\";s:5:\"value\";d:15;s:8:\"per_unit\";s:1:\"N\";s:4:\"type\";s:1:\"F\";}}}', '0.00'),
(98, 1, 7, 'a:2:{s:1:\"C\";a:3:{i:0;a:5:{s:16:\"range_from_value\";d:0;s:14:\"range_to_value\";d:30;s:5:\"value\";d:40;s:8:\"per_unit\";s:1:\"N\";s:4:\"type\";s:1:\"F\";}i:30;a:5:{s:16:\"range_from_value\";d:30;s:14:\"range_to_value\";d:50;s:5:\"value\";d:10;s:8:\"per_unit\";s:1:\"N\";s:4:\"type\";s:1:\"F\";}i:50;a:5:{s:16:\"range_from_value\";d:50;s:14:\"range_to_value\";s:0:\"\";s:5:\"value\";d:5;s:8:\"per_unit\";s:1:\"N\";s:4:\"type\";s:1:\"F\";}}s:1:\"I\";a:2:{i:0;a:5:{s:16:\"range_from_value\";i:0;s:14:\"range_to_value\";i:10;s:5:\"value\";d:23;s:8:\"per_unit\";s:1:\"N\";s:4:\"type\";s:1:\"F\";}i:10;a:5:{s:16:\"range_from_value\";i:10;s:14:\"range_to_value\";s:0:\"\";s:5:\"value\";d:15;s:8:\"per_unit\";s:1:\"N\";s:4:\"type\";s:1:\"F\";}}}', '0.00'),
(99, 10, 1, NULL, '0.00'),
(100, 10, 9, NULL, '0.00'),
(101, 10, 8, NULL, '0.00'),
(102, 10, 7, NULL, '0.00'),
(103, 8, 1, NULL, '0.00'),
(104, 8, 9, NULL, '0.00'),
(105, 8, 8, NULL, '0.00'),
(106, 8, 7, NULL, '0.00');

-- --------------------------------------------------------

--
-- Table structure for table `partiushop_shipping_services`
--

CREATE TABLE `partiushop_shipping_services` (
  `service_id` mediumint(8) UNSIGNED NOT NULL,
  `status` char(1) NOT NULL DEFAULT 'A',
  `module` varchar(32) NOT NULL DEFAULT '',
  `code` varchar(64) NOT NULL DEFAULT '',
  `sp_file` varchar(32) NOT NULL DEFAULT ''
) ENGINE=InnoDB DEFAULT CHARSET=utf8;

--
-- Dumping data for table `partiushop_shipping_services`
--

INSERT INTO `partiushop_shipping_services` (`service_id`, `status`, `module`, `code`, `sp_file`) VALUES
(40, 'A', 'usps', 'Global Express Guaranteed GXG', ''),
(41, 'A', 'usps', 'Global Express Guaranteed Non Document Rectangular', ''),
(42, 'A', 'usps', 'Global Express Guaranteed Non Document Non Rectangular', ''),
(43, 'A', 'usps', 'Priority Mail Express International', ''),
(44, 'A', 'usps', 'Express Mail International Flat Rate Envelope', ''),
(45, 'A', 'usps', 'Priority Mail International', ''),
(47, 'A', 'usps', 'Priority Mail Express', ''),
(48, 'A', 'usps', 'Standard Post M', ''),
(49, 'A', 'usps', 'Standard Post N', ''),
(50, 'A', 'usps', 'Media Mail Parcel', ''),
(51, 'A', 'usps', 'Priority Mail', ''),
(52, 'A', 'usps', 'Priority Mail International Flat Rate Envelope', ''),
(53, 'A', 'usps', 'Priority Mail International Flat Rate Box', ''),
(68, 'A', 'usps', 'Bound Printed Matter', ''),
(69, 'A', 'usps', 'Library Mail Parcel', ''),
(70, 'A', 'usps', 'First Class Mail', ''),
(81, 'A', 'ups', '01', ''),
(82, 'A', 'ups', '02', ''),
(83, 'A', 'ups', '03', ''),
(84, 'A', 'ups', '07', ''),
(85, 'A', 'ups', '08', ''),
(86, 'A', 'ups', '11', ''),
(87, 'A', 'ups', '12', ''),
(88, 'A', 'ups', '13', ''),
(89, 'A', 'ups', '14', ''),
(90, 'A', 'ups', '54', ''),
(91, 'A', 'ups', '59', ''),
(92, 'A', 'ups', '65', ''),
(93, 'A', 'ups', '01', ''),
(94, 'A', 'ups', '02', ''),
(95, 'A', 'ups', '03', ''),
(96, 'A', 'ups', '07', ''),
(97, 'A', 'ups', '08', ''),
(98, 'A', 'ups', '14', ''),
(99, 'A', 'ups', '54', ''),
(100, 'A', 'ups', '65', ''),
(101, 'A', 'ups', '01', ''),
(103, 'A', 'ups', '07', ''),
(104, 'A', 'ups', '08', ''),
(105, 'A', 'ups', '11', ''),
(106, 'A', 'ups', '12', ''),
(107, 'A', 'ups', '14', ''),
(108, 'A', 'ups', '65', ''),
(109, 'A', 'ups', '07', ''),
(110, 'A', 'ups', '08', ''),
(111, 'A', 'ups', '54', ''),
(112, 'A', 'ups', '65', ''),
(113, 'A', 'ups', '07', ''),
(114, 'A', 'ups', '08', ''),
(124, 'A', 'ups', '11', ''),
(125, 'A', 'ups', '54', ''),
(126, 'A', 'ups', '65', ''),
(127, 'A', 'ups', '82', ''),
(128, 'A', 'ups', '83', ''),
(130, 'A', 'ups', '85', ''),
(131, 'A', 'ups', '86', ''),
(132, 'A', 'ups', '07', ''),
(133, 'A', 'ups', '08', ''),
(134, 'A', 'ups', '11', ''),
(135, 'A', 'ups', '54', ''),
(136, 'A', 'ups', '65', ''),
(137, 'A', 'ups', '07', ''),
(138, 'A', 'ups', '08', ''),
(139, 'A', 'ups', '11', ''),
(140, 'A', 'ups', '54', ''),
(141, 'A', 'ups', '65', ''),
(167, 'A', 'swisspost', 'int_pr_standart_letter.csv', ''),
(168, 'A', 'swisspost', 'int_ur_goods.csv', ''),
(169, 'A', 'swisspost', 'int_pr_postpac.csv', ''),
(170, 'A', 'swisspost', 'int_ec_standart_letter.csv', ''),
(171, 'A', 'swisspost', 'int_ec_postpac.csv', ''),
(172, 'A', 'swisspost', 'prv_pr_postpac.csv', ''),
(173, 'A', 'swisspost', 'prv_ec_postpac.csv', ''),
(174, 'A', 'swisspost', 'int_ur_goods.csv', ''),
(175, 'A', 'swisspost', 'prv_ec_bulky_goods.csv', ''),
(176, 'A', 'swisspost', 'int_pr_large_letter.csv', ''),
(177, 'A', 'swisspost', 'int_pr_maxi_letter.csv', ''),
(178, 'A', 'swisspost', 'int_ec_large_letter.csv', ''),
(179, 'A', 'swisspost', 'int_ec_maxi_letter.csv', ''),
(204, 'A', 'usps', 'First Class Package International Service', ''),
(208, 'A', 'usps', 'Priority Mail International Small Flat Rate Box', ''),
(209, 'A', 'usps', 'Priority Mail International Medium Flat Rate Box', ''),
(210, 'A', 'usps', 'Priority Mail International Large Flat Rate Box', ''),
(211, 'A', 'usps', 'USPS GXG Envelopes', ''),
(212, 'A', 'fedex', 'PRIORITY_OVERNIGHT', ''),
(213, 'A', 'fedex', 'FEDEX_2_DAY', ''),
(214, 'A', 'fedex', 'FEDEX_EXPRESS_SAVER', ''),
(215, 'A', 'fedex', 'FEDEX_GROUND', ''),
(216, 'A', 'fedex', 'GROUND_HOME_DELIVERY', ''),
(217, 'A', 'fedex', 'STANDARD_OVERNIGHT', ''),
(218, 'A', 'fedex', 'FIRST_OVERNIGHT', ''),
(219, 'A', 'fedex', 'FEDEX_1_DAY_FREIGHT', ''),
(220, 'A', 'fedex', 'FEDEX_2_DAY_FREIGHT', ''),
(221, 'A', 'fedex', 'FEDEX_3_DAY_FREIGHT', ''),
(222, 'A', 'fedex', 'INTERNATIONAL_PRIORITY', ''),
(223, 'A', 'fedex', 'INTERNATIONAL_ECONOMY', ''),
(225, 'A', 'fedex', 'INTERNATIONAL_FIRST', ''),
(226, 'A', 'fedex', 'INTERNATIONAL_PRIORITY_FREIGHT', ''),
(227, 'A', 'fedex', 'INTERNATIONAL_ECONOMY_FREIGHT', ''),
(228, 'A', 'fedex', 'EUROPE_FIRST_INTERNATIONAL_PRIORITY', ''),
(229, 'A', 'fedex', 'SMART_POST', ''),
(233, 'A', 'usps', 'Priority Mail Regional Rate', ''),
(235, 'A', 'temando', '54410_GENERALROAD', ''),
(236, 'A', 'temando', '60005_AIREXPRESS-PRE-SCHEDULEDPICK-UPSONLY', ''),
(237, 'A', 'temando', '60005_1KGSATCHEL-SATCHELREQUIRED', ''),
(238, 'A', 'temando', '60005_3KGSATCHEL-SATCHELREQUIRED', ''),
(239, 'A', 'temando', '60005_5KGSATCHEL-SATCHELREQUIRED', ''),
(240, 'A', 'temando', '60006_AIREXPRESS', ''),
(241, 'A', 'temando', '60006_1KGSATCHEL-SATCHELREQUIRED', ''),
(242, 'A', 'temando', '60006_3KGSATCHEL-SATCHELREQUIRED', ''),
(243, 'A', 'temando', '60006_5KGSATCHEL-SATCHELREQUIRED', ''),
(244, 'A', 'temando', '54381_ROADEXPRESS', ''),
(245, 'A', 'temando', '54381_ROADEXPRESS-CALLBEFOREDELIVERYSERVICE', ''),
(246, 'A', 'temando', '54426_ROADEXPRESS-PRE-SCHEDULEDPICK-UPSONLY', ''),
(247, 'A', 'temando', '54426_ROADEXPRESS(BULK)CALLBEFOREDELIVERYSERVICE', ''),
(248, 'A', 'temando', '60020_ROADEXPRESSPALLET1.4M(HEIGHTMAX)', ''),
(249, 'A', 'temando', '60020_ROADEXPRESSPALLET2.4M(HEIGHTMAX)', ''),
(250, 'A', 'temando', '60008_ALLIEDCOURIERSYDNEY-SAMEDAYSERVICE', ''),
(251, 'A', 'temando', '60010_ALLIEDCOURIERBRISBANE-SAMEDAYSERVICE', ''),
(252, 'A', 'temando', '60012_ALLIEDCOURIERMELBORNE-SAME-DAYSERVICE', ''),
(253, 'A', 'temando', '60014_ALLIEDCOURIERADELAIDE-SAMEDAYSERVICE', ''),
(254, 'A', 'temando', '60016_ALLIEDCOURIERPERTH-SAMEDAYSERVICE', ''),
(255, 'A', 'temando', '54440_EPARCEL-STANDARD', ''),
(256, 'A', 'temando', '54440_EPARCELS4', ''),
(257, 'A', 'temando', '54440_EPARCELS5', ''),
(258, 'A', 'temando', '54440_EPARCELS6-ATL-AUTHORITYTOLEAVE', ''),
(259, 'A', 'temando', '54440_EPARCEL-STANDARDS9', ''),
(260, 'A', 'temando', '54440_EPARCEL-EXPRESSX1', ''),
(261, 'A', 'temando', '54440_EPARCEL-EXPRESSX2', ''),
(262, 'A', 'temando', '54440_EPARCEL-EXPRESSX6', ''),
(263, 'A', 'temando', '54440_EPARCELEXPRESSX5', ''),
(264, 'A', 'temando', '54440_EXPRESSEPARCELX5-AUTHORITYTOLEAVE(ATL)', ''),
(265, 'A', 'temando', '54440_EXPRESSEPARCEL-SATCHELFLATRATEUPTO5KG', ''),
(266, 'A', 'temando', '54440_EPARCEL-WINECARTONS', ''),
(267, 'A', 'temando', '54361_EXPRESS(ROAD)', ''),
(268, 'A', 'temando', '54361_GENERAL(ROAD)', ''),
(269, 'A', 'temando', '54429_1MANTAILGATE', ''),
(270, 'A', 'temando', '54429_2MANTAILGATE', ''),
(271, 'A', 'temando', '54429_ROADEXPRESS', ''),
(272, 'A', 'temando', '54429_PERPALLETRATES', ''),
(273, 'A', 'temando', '54384_EXPRESS(ROAD)', ''),
(274, 'A', 'temando', '54384_GENERAL(ROAD)', ''),
(275, 'A', 'temando', '60018_TRUCKLOAD-BDOUBLE34PALLETMAX(2.4MHIGHMAX))', ''),
(276, 'A', 'temando', '60018_TRUCKLOAD-SINGLE22PALLETMAX,(2.4HIGHMAX)', ''),
(277, 'A', 'temando', '60018_TAILGATELIFTREQUIRED', ''),
(278, 'A', 'temando', '60018_EXPRESS', ''),
(279, 'A', 'temando', '54380_EXPRESS(ROAD)', ''),
(280, 'A', 'temando', '54380_GENERAL(ROAD)', ''),
(281, 'A', 'temando', '54433_SAMEDAY', ''),
(282, 'A', 'temando', '54432_HOMEDELIVERYSERVICE', ''),
(283, 'A', 'temando', '54356_GENERAL(ROAD)', ''),
(284, 'A', 'temando', '54371_SAMEDAYTRUCK<1000KGS', ''),
(285, 'A', 'temando', '54371_SAMEDAYCOURIER<25KGS', ''),
(286, 'A', 'temando', '54371_SAMEDAYUTE/VAN<500KGS', ''),
(287, 'A', 'temando', '54391_PALLETS', ''),
(288, 'A', 'temando', '54453_STANDARD1MANSERVICE(PERMPICKUPSONLY)', ''),
(289, 'A', 'temando', '54453_1MANTAILGATESERVICE(PERMPICKUPONLY)', ''),
(290, 'A', 'temando', '54425_1KGPARCEL', ''),
(291, 'A', 'temando', '54425_SATCHEL1KG(MAXWEIGHT)SATCHELREQUIRED', ''),
(292, 'A', 'temando', '54425_3KGPARCEL', ''),
(293, 'A', 'temando', '54425_SATCHEL3KG(MAXWEIGHT)SATCHELREQUIRED', ''),
(294, 'A', 'temando', '54425_5KGPARCEL', ''),
(295, 'A', 'temando', '54425_SATCHEL5KG(MAXWEIGHT)SATCHELREQUIRED', ''),
(296, 'A', 'temando', '60046_ROADSERVICE', ''),
(297, 'A', 'temando', '60052_ROADSERVICE', ''),
(298, 'A', 'temando', '60053_DIRECTCOURIERS1-2HOURSERVICE', ''),
(299, 'A', 'temando', '60053_DIRECTCOURIERS3-4HOURSERVICE', ''),
(300, 'A', 'temando', '60053_DIRECTCOURIERSASAPSERVICE', ''),
(301, 'A', 'temando', '60061_LOCALDELIVERY(BULKBREAK)', ''),
(302, 'A', 'temando', '54377_GENERAL(ROAD)', ''),
(303, 'A', 'temando', '54448_ROAD', ''),
(304, 'A', 'temando', '54444_A5/1KG-SATCHEL-SATCHELREQUIRED:CONTACTUS', ''),
(305, 'A', 'temando', '54427_METROPARCEL/CARTON', ''),
(306, 'A', 'temando', '54427_PARCEL/CARTON(GR)', ''),
(307, 'A', 'temando', '54427_SHORTHAULPARCEL/CARTON', ''),
(308, 'A', 'temando', '54427_PARCEL/CARTON(OR)', ''),
(309, 'A', 'temando', '54427_MEDIUMHAULPARCEL/CARTON', ''),
(310, 'A', 'temando', '54427_PARCEL/CARTON(R)', ''),
(311, 'A', 'temando', '54427_A2/5KGSATCHEL--SATCHELREQUIRED:CONTACTUS', ''),
(312, 'A', 'temando', '54427_A3/3KGSATCHEL--SATCHELREQUIRED:CONTACTUS', ''),
(313, 'A', 'temando', '54428_METROPARCEL/CARTON', ''),
(314, 'A', 'temando', '54428_DEPOTTODOOR-BULKBREAK', ''),
(315, 'A', 'temando', '54428_DEPOTTODOOR-PERITEM', ''),
(316, 'A', 'temando', '54428_DEPOTTODOOR-SHORTHAUL', ''),
(317, 'A', 'temando', '54329_GENERAL(ROAD)', ''),
(318, 'A', 'temando', '60023_EXPRESS3HOUR(SAMEDAYDELIVERY)', ''),
(319, 'A', 'temando', '60048_EXPRESS3HOUR(SAMEDAYDELIVERY)', ''),
(320, 'A', 'temando', '54398_BULKSERVICE-PRE-SCHEDULEDPICKUPSONLY!', ''),
(321, 'A', 'temando', '54344_GENERAL(ROAD)', ''),
(322, 'A', 'temando', '54379_1TTRAY/ROOFRACKS(250KG)-2HOURTURNAROUND', ''),
(323, 'A', 'temando', '54379_1TONNECOUIER-2HOURTURNAROUND', ''),
(324, 'A', 'temando', '54379_EXPRESSCOURIER-2HRTURNAROUND', ''),
(325, 'A', 'temando', '54379_EXPRESSCOURIERBIKE-1.5HOURSTURNAROUND', ''),
(326, 'A', 'temando', '54379_STANDARDCOURIER-4HRTURNAROUND', ''),
(327, 'A', 'temando', '54379_STANDARDCOURIERBIKE-4HOURS', ''),
(328, 'A', 'temando', '54379_COURIERVAN/TRAY-2HOURTURNAROUND', ''),
(329, 'A', 'temando', '54379_VIP1TONNECOURIER-PRIORITYALLOCATIOIN,DIRECTRU', ''),
(330, 'A', 'temando', '54379_1TTRAY/ROOFRACKS(250KG)PRIORITYALLOC,DIRECTRUN', ''),
(331, 'A', 'temando', '54379_VIPCOURIER-PRIORITYALLOCATION,DIRECTRUN', ''),
(332, 'A', 'temando', '54379_VIPCOURIERBIKE-DIRECTURGENT', ''),
(333, 'A', 'temando', '54379_VIPVAN/TRAY-PRIORITYALLOCATION,DIRECTRUN', ''),
(334, 'A', 'temando', '54457_1TONNECOUIER-3HOURTURN', ''),
(335, 'A', 'temando', '54457_1TTRAY/ROOFRACKS(250KG)-3HOURTURNAROUND', ''),
(336, 'A', 'temando', '54457_EXPRESSCOURIER-2HRTURNAROUND', ''),
(337, 'A', 'temando', '54457_STANDARDCOURIER-4HRS(2HRSCBD)', ''),
(338, 'A', 'temando', '54457_COURIERVAN/TRAY-2HOURTURNAROUND', ''),
(339, 'A', 'temando', '54457_VIP1TONNECOURIER-PRIORITYALLOCATIOIN,DIRECTRU', ''),
(340, 'A', 'temando', '54457_1TTRAY/ROOFRACKS(250KG)PRIORITYALLOC,DIRECTRUN', ''),
(341, 'A', 'temando', '54457_VIPCOURIER-PRIORITYALLOCATION,DIRECTRUN', ''),
(342, 'A', 'temando', '54457_VIPVAN/TRAY-PRIORITYALLOCATION,DIRECTRUN', ''),
(343, 'A', 'temando', '54458_1TONNECOURIER-2HOURTURNAROUND', ''),
(344, 'A', 'temando', '54458_STANDARDCOURIER-2HOURTURNAROUND', ''),
(345, 'A', 'temando', '54458_STANDARDVANORTRAY-2HOURTURNAROUND', ''),
(346, 'A', 'temando', '54458_WAGONVANTRAYCOURIER-2HOURTURNAROUND', ''),
(347, 'A', 'temando', '54358_GENERAL(ROAD)', ''),
(348, 'A', 'temando', '54417_REGIONAL1MANTAILGATE', ''),
(349, 'A', 'temando', '54417_REGIONAL2MANTAILGATE', ''),
(350, 'A', 'temando', '54417_TAILGATESERVICE(2MEN)', ''),
(351, 'A', 'temando', '54417_TAILGATESENSITIVE(1MAN)', ''),
(352, 'A', 'temando', '54357_GENERALRAILSERVICE', ''),
(353, 'A', 'temando', '54357_GENERALROADSERVICE', ''),
(354, 'A', 'temando', '54353_GENERAL(ROAD)', ''),
(355, 'A', 'temando', '54359_EXPRESSPREMIUM(ETAMETROONLY)', ''),
(356, 'A', 'temando', '54359_EXPRESSPREMIUMAAESATCHEL(ETAMETROONLY)', ''),
(357, 'A', 'temando', '54396_EXPRESSPREMIUM(ETAMETROONLY)-AUTHTOLEAVE', ''),
(358, 'A', 'temando', '54396_EXPRESSPREMIUMSATCHEL(ETAISMETRO)-ATL', ''),
(359, 'A', 'temando', '54405_NEXTFLIGHT:EXTRACOSTSAPPLYFORREGIONALAREAS', ''),
(360, 'A', 'temando', '54414_URGENTDIRECTSERVICE(NEXTAVAILALBLEVEHICLE)', ''),
(361, 'A', 'temando', '54414_OVERNIGHTSERVICE', ''),
(362, 'A', 'temando', '54414_SAMEDAYSERVICE(ALLOW5HRSFORDELIVERY)', ''),
(363, 'A', 'temando', '54414_SAMEDAYSERVICE(ALLOW3HRSFORDELIVERY)', ''),
(364, 'A', 'temando', '54397_OVERNIGHTEXPRESS(AIR)', ''),
(365, 'A', 'temando', '54397_DELIVERYBEFORE9AMNEXTDAY(AIR)', ''),
(366, 'A', 'temando', '54397_DELIVERYBEFORE10AMNEXTDAY(AIR)', ''),
(367, 'A', 'temando', '54397_DELIVERYBEFORENOONNEXTDAY(AIR)', ''),
(368, 'A', 'temando', '60027_DELIVERYBEFORE10AMNEXTDAY(AIR)-ATL', ''),
(369, 'A', 'temando', '60027_DELIVERYBEFORENOONNEXTDAY(AIR)-ATL', ''),
(370, 'A', 'temando', '60027_DELIVERYBEFORE9AMNEXTDAY-(AIR)-ATL', ''),
(371, 'A', 'temando', '60027_OVERNIGHTEXPRESS(AIR)-AUTHTOLEAVE(ATL)', ''),
(372, 'A', 'temando', '60032_DELIVERYBEFORE10AMNEXTDAY(AIR)', ''),
(373, 'A', 'temando', '60032_DELIVERYBEFORE9AMNEXTDAY(AIR)', ''),
(374, 'A', 'temando', '60032_DELIVERYBEFORENOONNEXTDAY(AIR)', ''),
(375, 'A', 'temando', '60032_OVERNIGHTEXPRESS(AIR)', ''),
(376, 'A', 'temando', '60037_DELIVERYBEFORE10AMNEXTDAY(AIR)ATL', ''),
(377, 'A', 'temando', '60037_DELIVERYBEFORENOONNEXTDAY(AIR)ATL', ''),
(378, 'A', 'temando', '60037_DELIVERYBEFORE9AMNEXTDAY(AIR)ATL', ''),
(379, 'A', 'temando', '60037_OVERNIGHTEXPRESS(AIR)AUTHORITYTOLEAVE(ATL)', ''),
(380, 'A', 'temando', '54421_ROADEXPRESS', ''),
(381, 'A', 'temando', '54421_OVERNIGHTEXPRESS', ''),
(382, 'A', 'temando', '54421_SAMEDAYTIMECRITICALNATIONWIDE', ''),
(383, 'A', 'temando', '60089_ROADEXPRESS', ''),
(384, 'A', 'dhl', 'X', ''),
(385, 'A', 'dhl', 'P', ''),
(386, 'A', 'dhl', 'U', ''),
(387, 'A', 'dhl', 'K', ''),
(388, 'A', 'dhl', 'L', ''),
(389, 'A', 'dhl', 'T', ''),
(390, 'A', 'dhl', 'N', ''),
(391, 'A', 'dhl', '7', ''),
(392, 'A', 'can', 'DOM.RP', ''),
(393, 'A', 'can', 'DOM.EP', ''),
(394, 'A', 'can', 'DOM.XP', ''),
(395, 'A', 'can', 'DOM.XP.CERT', ''),
(396, 'A', 'can', 'DOM.PC', ''),
(397, 'A', 'can', 'DOM.DT', ''),
(398, 'A', 'can', 'DOM.LIB', ''),
(399, 'A', 'can', 'USA.EP', ''),
(400, 'A', 'can', 'USA.PW.ENV', ''),
(401, 'A', 'can', 'USA.PW.PAK', ''),
(402, 'A', 'can', 'USA.PW.PARCEL', ''),
(403, 'A', 'can', 'USA.SP.AIR', ''),
(404, 'A', 'can', 'USA.TP', ''),
(405, 'A', 'can', 'USA.TP.LVM', ''),
(406, 'A', 'can', 'USA.XP', ''),
(407, 'A', 'can', 'INT.XP', ''),
(408, 'A', 'can', 'INT.IP.AIR', ''),
(409, 'A', 'can', 'INT.IP.SURF', ''),
(410, 'A', 'can', 'INT.PW.ENV', ''),
(411, 'A', 'can', 'INT.PW.PAK', ''),
(412, 'A', 'can', 'INT.PW.PARCEL', ''),
(413, 'A', 'can', 'INT.SP.AIR', ''),
(414, 'A', 'can', 'INT.SP.SURF', ''),
(415, 'A', 'can', 'INT.TP', ''),
(416, 'A', 'aup', 'AUS_PARCEL_REGULAR', ''),
(417, 'A', 'aup', 'AUS_PARCEL_REGULAR_SATCHEL_500G', ''),
(419, 'A', 'aup', 'AUS_PARCEL_REGULAR_SATCHEL_5KG', ''),
(420, 'A', 'aup', 'AUS_PARCEL_EXPRESS', ''),
(421, 'A', 'aup', 'AUS_PARCEL_EXPRESS_SATCHEL_SMALL', ''),
(423, 'A', 'aup', 'AUS_PARCEL_EXPRESS_SATCHEL_EXTRA_LARGE', ''),
(426, 'A', 'aup', 'INT_PARCEL_COR_OWN_PACKAGING', ''),
(427, 'A', 'aup', 'INT_PARCEL_EXP_OWN_PACKAGING', ''),
(428, 'A', 'aup', 'INT_PARCEL_STD_OWN_PACKAGING', ''),
(430, 'A', 'aup', 'INT_PARCEL_SEA_OWN_PACKAGING', ''),
(431, 'A', 'aup', 'AUS_LETTER_REGULAR_SMALL', ''),
(432, 'A', 'aup', 'AUS_LETTER_PRIORITY_SMALL', ''),
(433, 'A', 'aup', 'AUS_LETTER_REGULAR_LARGE_125', ''),
(434, 'A', 'aup', 'AUS_LETTER_PRIORITY_LARGE_125', ''),
(435, 'A', 'aup', 'AUS_LETTER_EXPRESS_SMALL', ''),
(436, 'A', 'aup', 'AUS_LETTER_EXPRESS_MEDIUM', ''),
(437, 'A', 'aup', 'AUS_LETTER_EXPRESS_LARGE', ''),
(438, 'A', 'aup', 'INT_LETTER_COR_OWN_PACKAGING', ''),
(439, 'A', 'aup', 'INT_LETTER_EXP_OWN_PACKAGING', ''),
(440, 'A', 'aup', 'INT_LETTER_REG_SMALL_ENVELOPE', ''),
(441, 'A', 'aup', 'INT_LETTER_REG_LARGE_ENVELOPE', ''),
(442, 'A', 'aup', 'INT_LETTER_AIR_OWN_PACKAGING_LIGHT', ''),
(443, 'A', 'aup', 'INT_LETTER_AIR_OWN_PACKAGING_MEDIUM', ''),
(444, 'A', 'aup', 'INT_LETTER_AIR_OWN_PACKAGING_HEAVY', ''),
(445, 'A', 'ups', '70', ''),
(446, 'A', 'ups', '54', ''),
(447, 'A', 'ups', '70', ''),
(448, 'A', 'ups', '70', ''),
(449, 'A', 'ups', '11', ''),
(450, 'A', 'ups', '70', ''),
(451, 'A', 'ups', '96', ''),
(452, 'A', 'fedex', 'FEDEX_2_DAY_AM', ''),
(453, 'A', 'fedex', 'FEDEX_DISTANCE_DEFERRED', ''),
(454, 'A', 'fedex', 'FEDEX_FIRST_FREIGHT', ''),
(455, 'A', 'fedex', 'FEDEX_FREIGHT_ECONOMY', ''),
(456, 'A', 'fedex', 'FEDEX_FREIGHT_PRIORITY', ''),
(457, 'A', 'fedex', 'FEDEX_NEXT_DAY_AFTERNOON', ''),
(458, 'A', 'fedex', 'FEDEX_NEXT_DAY_EARLY_MORNING', ''),
(459, 'A', 'fedex', 'FEDEX_NEXT_DAY_END_OF_DAY', ''),
(460, 'A', 'fedex', 'FEDEX_NEXT_DAY_FREIGHT', ''),
(461, 'A', 'fedex', 'FEDEX_NEXT_DAY_MID_MORNING', ''),
(462, 'A', 'fedex', 'SAME_DAY', ''),
(463, 'A', 'fedex', 'SAME_DAY_CITY', ''),
(464, 'A', 'store_locator', 'pickup', ''),
(465, 'A', 'aup', 'AUS_PARCEL_REGULAR_SATCHEL_MEDIUM', ''),
(466, 'A', 'aup', 'AUS_PARCEL_REGULAR_SATCHEL_EXTRA_LARGE', ''),
(467, 'A', 'aup', 'AUS_PARCEL_REGULAR_PACKAGE_SMALL', ''),
(468, 'A', 'aup', 'AUS_PARCEL_REGULAR_PACKAGE_LARGE', ''),
(469, 'A', 'aup', 'AUS_PARCEL_REGULAR_PACKAGE_EXTRA_LARGE', ''),
(470, 'A', 'aup', 'AUS_PARCEL_EXPRESS_SATCHEL_MEDIUM', ''),
(471, 'A', 'aup', 'AUS_LETTER_REGULAR_LARGE_250', ''),
(472, 'A', 'aup', 'AUS_LETTER_PRIORITY_LARGE_250', ''),
(473, 'A', 'aup', 'AUS_LETTER_REGULAR_LARGE_500', ''),
(474, 'A', 'aup', 'AUS_LETTER_PRIORITY_LARGE_500', ''),
(159982, 'A', 'correios', '04227', ''),
(162015, 'A', 'correios', '03140', ''),
(162016, 'A', 'correios', '03158', ''),
(162020, 'A', 'correios', '03204', ''),
(162021, 'A', 'correios', '03212', ''),
(162022, 'A', 'correios', '03220', ''),
(162026, 'A', 'correios', '03298', ''),
(162029, 'A', 'correios', '03328', ''),
(162134, 'A', 'correios', '80152', ''),
(162135, 'A', 'correios', '80160', ''),
(162142, 'A', 'correios', '80250', ''),
(162143, 'A', 'correios', '80276', ''),
(162144, 'A', 'correios', '80284', ''),
(162145, 'A', 'correios', '80292', ''),
(162146, 'A', 'dhl', 'D', ''),
(162147, 'A', 'dhl', 'M', ''),
(162148, 'A', 'dhl', 'H', ''),
(162149, 'A', 'dhl', 'E', ''),
(162402, 'A', 'correios', '80900', ''),
(162414, 'A', 'correios', '03662', ''),
(162456, 'A', 'correios', '80080', '');

-- --------------------------------------------------------

--
-- Table structure for table `partiushop_shipping_service_descriptions`
--

CREATE TABLE `partiushop_shipping_service_descriptions` (
  `service_id` mediumint(8) UNSIGNED NOT NULL,
  `description` varchar(255) NOT NULL DEFAULT '',
  `lang_code` char(2) NOT NULL DEFAULT ''
) ENGINE=InnoDB DEFAULT CHARSET=utf8;

--
-- Dumping data for table `partiushop_shipping_service_descriptions`
--

INSERT INTO `partiushop_shipping_service_descriptions` (`service_id`, `description`, `lang_code`) VALUES
(40, 'USPS Global Express Guaranteed', 'da'),
(40, 'USPS Global Express Guaranteed', 'de'),
(40, 'USPS Global Express Guaranteed', 'el'),
(40, 'USPS Global Express Guaranteed', 'en'),
(40, 'USPS Global Express Guaranteed', 'es'),
(40, 'USPS Global Express Guaranteed', 'fr'),
(40, 'USPS Global Express Guaranteed', 'it'),
(40, 'USPS Global Express Guaranteed', 'nl'),
(40, 'USPS Global Express Guaranteed', 'no'),
(40, 'USPS Global Express Guaranteed', 'pt'),
(40, 'USPS Global Express Guaranteed', 'ro'),
(40, 'USPS Global Express Guaranteed', 'ru'),
(41, 'USPS Global Express Guaranteed Non-Document Rectangular', 'da'),
(41, 'USPS Global Express Guaranteed Non-Document Rectangular', 'de'),
(41, 'USPS Global Express Guaranteed Non-Document Rectangular', 'el'),
(41, 'USPS Global Express Guaranteed Non-Document Rectangular', 'en'),
(41, 'USPS Global Express Guaranteed Non-Document Rectangular', 'es'),
(41, 'USPS Global Express Guaranteed Non-Document Rectangular', 'fr'),
(41, 'USPS Global Express Guaranteed Non-Document Rectangular', 'it'),
(41, 'USPS Global Express Guaranteed Non-Document Rectangular', 'nl'),
(41, 'USPS Global Express Guaranteed Non-Document Rectangular', 'no'),
(41, 'USPS Global Express Guaranteed Non-Document Rectangular', 'pt'),
(41, 'USPS Global Express Guaranteed Non-Document Rectangular', 'ro'),
(41, 'USPS Global Express Guaranteed Non-Document Rectangular', 'ru'),
(42, 'USPS Global Express Guaranteed Non-Document Non-Rectangular', 'da'),
(42, 'USPS Global Express Guaranteed Non-Document Non-Rectangular', 'de'),
(42, 'USPS Global Express Guaranteed Non-Document Non-Rectangular', 'el'),
(42, 'USPS Global Express Guaranteed Non-Document Non-Rectangular', 'en'),
(42, 'USPS Global Express Guaranteed Non-Document Non-Rectangular', 'es'),
(42, 'USPS Global Express Guaranteed Non-Document Non-Rectangular', 'fr'),
(42, 'USPS Global Express Guaranteed Non-Document Non-Rectangular', 'it'),
(42, 'USPS Global Express Guaranteed Non-Document Non-Rectangular', 'nl'),
(42, 'USPS Global Express Guaranteed Non-Document Non-Rectangular', 'no'),
(42, 'USPS Global Express Guaranteed Non-Document Non-Rectangular', 'pt'),
(42, 'USPS Global Express Guaranteed Non-Document Non-Rectangular', 'ro'),
(42, 'USPS Global Express Guaranteed Non-Document Non-Rectangular', 'ru'),
(43, 'USPS Priority Mail Express International', 'da'),
(43, 'USPS Priority Mail Express International', 'de'),
(43, 'USPS Priority Mail Express International', 'el'),
(43, 'USPS Priority Mail Express International', 'en'),
(43, 'USPS Priority Mail Express International', 'es'),
(43, 'USPS Priority Mail Express International', 'fr'),
(43, 'USPS Priority Mail Express International', 'it'),
(43, 'USPS Priority Mail Express International', 'nl'),
(43, 'USPS Priority Mail Express International', 'no'),
(43, 'USPS Priority Mail Express International', 'pt'),
(43, 'USPS Priority Mail Express International', 'ro'),
(43, 'USPS Priority Mail Express International', 'ru'),
(44, 'USPS Express Mail International Flat-Rate Envelope', 'da'),
(44, 'USPS Express Mail International Flat-Rate Envelope', 'de'),
(44, 'USPS Express Mail International Flat-Rate Envelope', 'el'),
(44, 'USPS Express Mail International Flat-Rate Envelope', 'en'),
(44, 'USPS Express Mail International Flat-Rate Envelope', 'es'),
(44, 'USPS Express Mail International Flat-Rate Envelope', 'fr'),
(44, 'USPS Express Mail International Flat-Rate Envelope', 'it'),
(44, 'USPS Express Mail International Flat-Rate Envelope', 'nl'),
(44, 'USPS Express Mail International Flat-Rate Envelope', 'no'),
(44, 'USPS Express Mail International Flat-Rate Envelope', 'pt'),
(44, 'USPS Express Mail International Flat-Rate Envelope', 'ro'),
(44, 'USPS Express Mail International Flat-Rate Envelope', 'ru'),
(45, 'USPS Priority Mail International', 'da'),
(45, 'USPS Priority Mail International', 'de'),
(45, 'USPS Priority Mail International', 'el'),
(45, 'USPS Priority Mail International', 'en'),
(45, 'USPS Priority Mail International', 'es'),
(45, 'USPS Priority Mail International', 'fr'),
(45, 'USPS Priority Mail International', 'it'),
(45, 'USPS Priority Mail International', 'nl'),
(45, 'USPS Priority Mail International', 'no'),
(45, 'USPS Priority Mail International', 'pt'),
(45, 'USPS Priority Mail International', 'ro'),
(45, 'USPS Priority Mail International', 'ru'),
(47, 'USPS Priority Mail Express', 'da'),
(47, 'USPS Priority Mail Express', 'de'),
(47, 'USPS Priority Mail Express', 'el'),
(47, 'USPS Priority Mail Express', 'en'),
(47, 'USPS Priority Mail Express', 'es'),
(47, 'USPS Priority Mail Express', 'fr'),
(47, 'USPS Priority Mail Express', 'it'),
(47, 'USPS Priority Mail Express', 'nl'),
(47, 'USPS Priority Mail Express', 'no'),
(47, 'USPS Priority Mail Express', 'pt'),
(47, 'USPS Priority Mail Express', 'ro'),
(47, 'USPS Priority Mail Express', 'ru'),
(48, 'USPS Standard Machinable', 'da'),
(48, 'USPS Standard Machinable', 'de'),
(48, 'USPS Standard Machinable', 'el'),
(48, 'USPS Standard Machinable', 'en'),
(48, 'USPS Standard Machinable', 'es'),
(48, 'USPS Standard Machinable', 'fr'),
(48, 'USPS Standard Machinable', 'it'),
(48, 'USPS Standard Machinable', 'nl'),
(48, 'USPS Standard Machinable', 'no'),
(48, 'USPS Standard Machinable', 'pt'),
(48, 'USPS Standard Machinable', 'ro'),
(48, 'USPS Standard Machinable', 'ru'),
(49, 'USPS Standard Non Machinable', 'da'),
(49, 'USPS Standard Non Machinable', 'de'),
(49, 'USPS Standard Non Machinable', 'el'),
(49, 'USPS Standard Non Machinable', 'en'),
(49, 'USPS Standard Non Machinable', 'es'),
(49, 'USPS Standard Non Machinable', 'fr'),
(49, 'USPS Standard Non Machinable', 'it'),
(49, 'USPS Standard Non Machinable', 'nl'),
(49, 'USPS Standard Non Machinable', 'no'),
(49, 'USPS Standard Non Machinable', 'pt'),
(49, 'USPS Standard Non Machinable', 'ro'),
(49, 'USPS Standard Non Machinable', 'ru'),
(50, 'USPS Media Mail', 'da'),
(50, 'USPS Media Mail', 'de'),
(50, 'USPS Media Mail', 'el'),
(50, 'USPS Media Mail', 'en'),
(50, 'USPS Media Mail', 'es'),
(50, 'USPS Media Mail', 'fr'),
(50, 'USPS Media Mail', 'it'),
(50, 'USPS Media Mail', 'nl'),
(50, 'USPS Media Mail', 'no'),
(50, 'USPS Media Mail', 'pt'),
(50, 'USPS Media Mail', 'ro'),
(50, 'USPS Media Mail', 'ru'),
(51, 'USPS Priority Mail', 'da'),
(51, 'USPS Priority Mail', 'de'),
(51, 'USPS Priority Mail', 'el'),
(51, 'USPS Priority Mail', 'en'),
(51, 'USPS Priority Mail', 'es'),
(51, 'USPS Priority Mail', 'fr'),
(51, 'USPS Priority Mail', 'it'),
(51, 'USPS Priority Mail', 'nl'),
(51, 'USPS Priority Mail', 'no'),
(51, 'USPS Priority Mail', 'pt'),
(51, 'USPS Priority Mail', 'ro'),
(51, 'USPS Priority Mail', 'ru'),
(52, 'USPS Priority Mail International Flat-Rate Envelope', 'da'),
(52, 'USPS Priority Mail International Flat-Rate Envelope', 'de'),
(52, 'USPS Priority Mail International Flat-Rate Envelope', 'el'),
(52, 'USPS Priority Mail International Flat-Rate Envelope', 'en'),
(52, 'USPS Priority Mail International Flat-Rate Envelope', 'es'),
(52, 'USPS Priority Mail International Flat-Rate Envelope', 'fr'),
(52, 'USPS Priority Mail International Flat-Rate Envelope', 'it'),
(52, 'USPS Priority Mail International Flat-Rate Envelope', 'nl'),
(52, 'USPS Priority Mail International Flat-Rate Envelope', 'no'),
(52, 'USPS Priority Mail International Flat-Rate Envelope', 'pt'),
(52, 'USPS Priority Mail International Flat-Rate Envelope', 'ro'),
(52, 'USPS Priority Mail International Flat-Rate Envelope', 'ru'),
(53, 'USPS Priority Mail International Flat-Rate Box', 'da'),
(53, 'USPS Priority Mail International Flat-Rate Box', 'de'),
(53, 'USPS Priority Mail International Flat-Rate Box', 'el'),
(53, 'USPS Priority Mail International Flat-Rate Box', 'en'),
(53, 'USPS Priority Mail International Flat-Rate Box', 'es'),
(53, 'USPS Priority Mail International Flat-Rate Box', 'fr'),
(53, 'USPS Priority Mail International Flat-Rate Box', 'it'),
(53, 'USPS Priority Mail International Flat-Rate Box', 'nl'),
(53, 'USPS Priority Mail International Flat-Rate Box', 'no'),
(53, 'USPS Priority Mail International Flat-Rate Box', 'pt'),
(53, 'USPS Priority Mail International Flat-Rate Box', 'ro'),
(53, 'USPS Priority Mail International Flat-Rate Box', 'ru'),
(68, 'USPS Bound Printed Matter', 'da'),
(68, 'USPS Bound Printed Matter', 'de'),
(68, 'USPS Bound Printed Matter', 'el'),
(68, 'USPS Bound Printed Matter', 'en'),
(68, 'USPS Bound Printed Matter', 'es'),
(68, 'USPS Bound Printed Matter', 'fr'),
(68, 'USPS Bound Printed Matter', 'it'),
(68, 'USPS Bound Printed Matter', 'nl'),
(68, 'USPS Bound Printed Matter', 'no'),
(68, 'USPS Bound Printed Matter', 'pt'),
(68, 'USPS Bound Printed Matter', 'ro'),
(68, 'USPS Bound Printed Matter', 'ru'),
(69, 'USPS Library Mail', 'da'),
(69, 'USPS Library Mail', 'de'),
(69, 'USPS Library Mail', 'el'),
(69, 'USPS Library Mail', 'en'),
(69, 'USPS Library Mail', 'es'),
(69, 'USPS Library Mail', 'fr'),
(69, 'USPS Library Mail', 'it'),
(69, 'USPS Library Mail', 'nl'),
(69, 'USPS Library Mail', 'no'),
(69, 'USPS Library Mail', 'pt'),
(69, 'USPS Library Mail', 'ro'),
(69, 'USPS Library Mail', 'ru'),
(70, 'USPS First-Class Mail', 'da'),
(70, 'USPS First-Class Mail', 'de'),
(70, 'USPS First-Class Mail', 'el'),
(70, 'USPS First-Class Mail', 'en'),
(70, 'USPS First-Class Mail', 'es'),
(70, 'USPS First-Class Mail', 'fr'),
(70, 'USPS First-Class Mail', 'it'),
(70, 'USPS First-Class Mail', 'nl'),
(70, 'USPS First-Class Mail', 'no'),
(70, 'USPS First-Class Mail', 'pt'),
(70, 'USPS First-Class Mail', 'ro'),
(70, 'USPS First-Class Mail', 'ru'),
(81, 'UPS USA: Next Day Air', 'da'),
(81, 'UPS USA: Next Day Air', 'de'),
(81, 'UPS USA: Next Day Air', 'el'),
(81, 'UPS USA: Next Day Air', 'en'),
(81, 'UPS USA: Next Day Air', 'es'),
(81, 'UPS USA: Next Day Air', 'fr'),
(81, 'UPS USA: Next Day Air', 'it'),
(81, 'UPS USA: Next Day Air', 'nl'),
(81, 'UPS USA: Next Day Air', 'no'),
(81, 'UPS USA: Next Day Air', 'pt'),
(81, 'UPS USA: Next Day Air', 'ro'),
(81, 'UPS USA: Next Day Air', 'ru'),
(82, 'UPS USA: 2nd Day Air.', 'da'),
(82, 'UPS USA: 2nd Day Air.', 'de'),
(82, 'UPS USA: 2nd Day Air.', 'el'),
(82, 'UPS USA: 2nd Day Air.', 'en'),
(82, 'UPS USA: 2nd Day Air.', 'es'),
(82, 'UPS USA: 2nd Day Air.', 'fr'),
(82, 'UPS USA: 2nd Day Air.', 'it'),
(82, 'UPS USA: 2nd Day Air.', 'nl'),
(82, 'UPS USA: 2nd Day Air.', 'no'),
(82, 'UPS USA: 2nd Day Air.', 'pt'),
(82, 'UPS USA: 2nd Day Air.', 'ro'),
(82, 'UPS USA: 2nd Day Air.', 'ru'),
(83, 'UPS USA: Ground', 'da'),
(83, 'UPS USA: Ground', 'de'),
(83, 'UPS USA: Ground', 'el'),
(83, 'UPS USA: Ground', 'en'),
(83, 'UPS USA: Ground', 'es'),
(83, 'UPS USA: Ground', 'fr'),
(83, 'UPS USA: Ground', 'it'),
(83, 'UPS USA: Ground', 'nl'),
(83, 'UPS USA: Ground', 'no'),
(83, 'UPS USA: Ground', 'pt'),
(83, 'UPS USA: Ground', 'ro'),
(83, 'UPS USA: Ground', 'ru'),
(84, 'UPS USA: Worldwide Express SM', 'da'),
(84, 'UPS USA: Worldwide Express SM', 'de'),
(84, 'UPS USA: Worldwide Express SM', 'el'),
(84, 'UPS USA: Worldwide Express SM', 'en'),
(84, 'UPS USA: Worldwide Express SM', 'es'),
(84, 'UPS USA: Worldwide Express SM', 'fr'),
(84, 'UPS USA: Worldwide Express SM', 'it'),
(84, 'UPS USA: Worldwide Express SM', 'nl'),
(84, 'UPS USA: Worldwide Express SM', 'no'),
(84, 'UPS USA: Worldwide Express SM', 'pt'),
(84, 'UPS USA: Worldwide Express SM', 'ro'),
(84, 'UPS USA: Worldwide Express SM', 'ru'),
(85, 'UPS USA: Worldwide Expedited SM', 'da'),
(85, 'UPS USA: Worldwide Expedited SM', 'de'),
(85, 'UPS USA: Worldwide Expedited SM', 'el'),
(85, 'UPS USA: Worldwide Expedited SM', 'en'),
(85, 'UPS USA: Worldwide Expedited SM', 'es'),
(85, 'UPS USA: Worldwide Expedited SM', 'fr'),
(85, 'UPS USA: Worldwide Expedited SM', 'it'),
(85, 'UPS USA: Worldwide Expedited SM', 'nl'),
(85, 'UPS USA: Worldwide Expedited SM', 'no'),
(85, 'UPS USA: Worldwide Expedited SM', 'pt'),
(85, 'UPS USA: Worldwide Expedited SM', 'ro'),
(85, 'UPS USA: Worldwide Expedited SM', 'ru'),
(86, 'UPS USA: Standard', 'da'),
(86, 'UPS USA: Standard', 'de'),
(86, 'UPS USA: Standard', 'el'),
(86, 'UPS USA: Standard', 'en'),
(86, 'UPS USA: Standard', 'es'),
(86, 'UPS USA: Standard', 'fr'),
(86, 'UPS USA: Standard', 'it'),
(86, 'UPS USA: Standard', 'nl'),
(86, 'UPS USA: Standard', 'no'),
(86, 'UPS USA: Standard', 'pt'),
(86, 'UPS USA: Standard', 'ro'),
(86, 'UPS USA: Standard', 'ru'),
(87, 'UPS USA: 3 Day Select', 'da'),
(87, 'UPS USA: 3 Day Select', 'de'),
(87, 'UPS USA: 3 Day Select', 'el'),
(87, 'UPS USA: 3 Day Select', 'en'),
(87, 'UPS USA: 3 Day Select', 'es'),
(87, 'UPS USA: 3 Day Select', 'fr'),
(87, 'UPS USA: 3 Day Select', 'it'),
(87, 'UPS USA: 3 Day Select', 'nl'),
(87, 'UPS USA: 3 Day Select', 'no'),
(87, 'UPS USA: 3 Day Select', 'pt'),
(87, 'UPS USA: 3 Day Select', 'ro'),
(87, 'UPS USA: 3 Day Select', 'ru'),
(88, 'UPS USA: Next Day Air Saver', 'da'),
(88, 'UPS USA: Next Day Air Saver', 'de'),
(88, 'UPS USA: Next Day Air Saver', 'el'),
(88, 'UPS USA: Next Day Air Saver', 'en'),
(88, 'UPS USA: Next Day Air Saver', 'es'),
(88, 'UPS USA: Next Day Air Saver', 'fr'),
(88, 'UPS USA: Next Day Air Saver', 'it'),
(88, 'UPS USA: Next Day Air Saver', 'nl'),
(88, 'UPS USA: Next Day Air Saver', 'no'),
(88, 'UPS USA: Next Day Air Saver', 'pt'),
(88, 'UPS USA: Next Day Air Saver', 'ro'),
(88, 'UPS USA: Next Day Air Saver', 'ru'),
(89, 'UPS USA: Next Day Air Early SM', 'da'),
(89, 'UPS USA: Next Day Air Early SM', 'de'),
(89, 'UPS USA: Next Day Air Early SM', 'el'),
(89, 'UPS USA: Next Day Air Early SM', 'en'),
(89, 'UPS USA: Next Day Air Early SM', 'es'),
(89, 'UPS USA: Next Day Air Early SM', 'fr'),
(89, 'UPS USA: Next Day Air Early SM', 'it'),
(89, 'UPS USA: Next Day Air Early SM', 'nl'),
(89, 'UPS USA: Next Day Air Early SM', 'no'),
(89, 'UPS USA: Next Day Air Early SM', 'pt'),
(89, 'UPS USA: Next Day Air Early SM', 'ro'),
(89, 'UPS USA: Next Day Air Early SM', 'ru'),
(90, 'UPS USA: Worldwide Express Plus SM', 'da'),
(90, 'UPS USA: Worldwide Express Plus SM', 'de'),
(90, 'UPS USA: Worldwide Express Plus SM', 'el'),
(90, 'UPS USA: Worldwide Express Plus SM', 'en'),
(90, 'UPS USA: Worldwide Express Plus SM', 'es'),
(90, 'UPS USA: Worldwide Express Plus SM', 'fr'),
(90, 'UPS USA: Worldwide Express Plus SM', 'it'),
(90, 'UPS USA: Worldwide Express Plus SM', 'nl'),
(90, 'UPS USA: Worldwide Express Plus SM', 'no'),
(90, 'UPS USA: Worldwide Express Plus SM', 'pt'),
(90, 'UPS USA: Worldwide Express Plus SM', 'ro'),
(90, 'UPS USA: Worldwide Express Plus SM', 'ru'),
(91, 'UPS USA: 2nd Day Air A.M.', 'da'),
(91, 'UPS USA: 2nd Day Air A.M.', 'de'),
(91, 'UPS USA: 2nd Day Air A.M.', 'el'),
(91, 'UPS USA: 2nd Day Air A.M.', 'en'),
(91, 'UPS USA: 2nd Day Air A.M.', 'es'),
(91, 'UPS USA: 2nd Day Air A.M.', 'fr'),
(91, 'UPS USA: 2nd Day Air A.M.', 'it'),
(91, 'UPS USA: 2nd Day Air A.M.', 'nl'),
(91, 'UPS USA: 2nd Day Air A.M.', 'no'),
(91, 'UPS USA: 2nd Day Air A.M.', 'pt'),
(91, 'UPS USA: 2nd Day Air A.M.', 'ro'),
(91, 'UPS USA: 2nd Day Air A.M.', 'ru'),
(92, 'UPS USA: Saver', 'da'),
(92, 'UPS USA: Saver', 'de'),
(92, 'UPS USA: Saver', 'el'),
(92, 'UPS USA: Saver', 'en'),
(92, 'UPS USA: Saver', 'es'),
(92, 'UPS USA: Saver', 'fr'),
(92, 'UPS USA: Saver', 'it'),
(92, 'UPS USA: Saver', 'nl'),
(92, 'UPS USA: Saver', 'no'),
(92, 'UPS USA: Saver', 'pt'),
(92, 'UPS USA: Saver', 'ro'),
(92, 'UPS USA: Saver', 'ru'),
(93, 'UPS Puerto Rico: Next Day Air', 'da'),
(93, 'UPS Puerto Rico: Next Day Air', 'de'),
(93, 'UPS Puerto Rico: Next Day Air', 'el'),
(93, 'UPS Puerto Rico: Next Day Air', 'en'),
(93, 'UPS Puerto Rico: Next Day Air', 'es'),
(93, 'UPS Puerto Rico: Next Day Air', 'fr'),
(93, 'UPS Puerto Rico: Next Day Air', 'it'),
(93, 'UPS Puerto Rico: Next Day Air', 'nl'),
(93, 'UPS Puerto Rico: Next Day Air', 'no'),
(93, 'UPS Puerto Rico: Next Day Air', 'pt'),
(93, 'UPS Puerto Rico: Next Day Air', 'ro'),
(93, 'UPS Puerto Rico: Next Day Air', 'ru'),
(94, 'UPS Puerto Rico: 2nd Day Air A.M.', 'da'),
(94, 'UPS Puerto Rico: 2nd Day Air A.M.', 'de'),
(94, 'UPS Puerto Rico: 2nd Day Air A.M.', 'el'),
(94, 'UPS Puerto Rico: 2nd Day Air A.M.', 'en'),
(94, 'UPS Puerto Rico: 2nd Day Air A.M.', 'es'),
(94, 'UPS Puerto Rico: 2nd Day Air A.M.', 'fr'),
(94, 'UPS Puerto Rico: 2nd Day Air A.M.', 'it'),
(94, 'UPS Puerto Rico: 2nd Day Air A.M.', 'nl'),
(94, 'UPS Puerto Rico: 2nd Day Air A.M.', 'no'),
(94, 'UPS Puerto Rico: 2nd Day Air A.M.', 'pt'),
(94, 'UPS Puerto Rico: 2nd Day Air A.M.', 'ro'),
(94, 'UPS Puerto Rico: 2nd Day Air A.M.', 'ru'),
(95, 'UPS Puerto Rico: Ground', 'da'),
(95, 'UPS Puerto Rico: Ground', 'de'),
(95, 'UPS Puerto Rico: Ground', 'el'),
(95, 'UPS Puerto Rico: Ground', 'en'),
(95, 'UPS Puerto Rico: Ground', 'es'),
(95, 'UPS Puerto Rico: Ground', 'fr'),
(95, 'UPS Puerto Rico: Ground', 'it'),
(95, 'UPS Puerto Rico: Ground', 'nl'),
(95, 'UPS Puerto Rico: Ground', 'no'),
(95, 'UPS Puerto Rico: Ground', 'pt'),
(95, 'UPS Puerto Rico: Ground', 'ro'),
(95, 'UPS Puerto Rico: Ground', 'ru'),
(96, 'UPS Puerto Rico: Worldwide Express SM', 'da'),
(96, 'UPS Puerto Rico: Worldwide Express SM', 'de'),
(96, 'UPS Puerto Rico: Worldwide Express SM', 'el'),
(96, 'UPS Puerto Rico: Worldwide Express SM', 'en'),
(96, 'UPS Puerto Rico: Worldwide Express SM', 'es'),
(96, 'UPS Puerto Rico: Worldwide Express SM', 'fr'),
(96, 'UPS Puerto Rico: Worldwide Express SM', 'it'),
(96, 'UPS Puerto Rico: Worldwide Express SM', 'nl'),
(96, 'UPS Puerto Rico: Worldwide Express SM', 'no'),
(96, 'UPS Puerto Rico: Worldwide Express SM', 'pt'),
(96, 'UPS Puerto Rico: Worldwide Express SM', 'ro'),
(96, 'UPS Puerto Rico: Worldwide Express SM', 'ru'),
(97, 'UPS Puerto Rico: Worldwide Expedited SM', 'da'),
(97, 'UPS Puerto Rico: Worldwide Expedited SM', 'de'),
(97, 'UPS Puerto Rico: Worldwide Expedited SM', 'el'),
(97, 'UPS Puerto Rico: Worldwide Expedited SM', 'en'),
(97, 'UPS Puerto Rico: Worldwide Expedited SM', 'es'),
(97, 'UPS Puerto Rico: Worldwide Expedited SM', 'fr'),
(97, 'UPS Puerto Rico: Worldwide Expedited SM', 'it'),
(97, 'UPS Puerto Rico: Worldwide Expedited SM', 'nl'),
(97, 'UPS Puerto Rico: Worldwide Expedited SM', 'no'),
(97, 'UPS Puerto Rico: Worldwide Expedited SM', 'pt'),
(97, 'UPS Puerto Rico: Worldwide Expedited SM', 'ro'),
(97, 'UPS Puerto Rico: Worldwide Expedited SM', 'ru'),
(98, 'UPS Puerto Rico: Next Day Air Early SM', 'da'),
(98, 'UPS Puerto Rico: Next Day Air Early SM', 'de'),
(98, 'UPS Puerto Rico: Next Day Air Early SM', 'el'),
(98, 'UPS Puerto Rico: Next Day Air Early SM', 'en'),
(98, 'UPS Puerto Rico: Next Day Air Early SM', 'es'),
(98, 'UPS Puerto Rico: Next Day Air Early SM', 'fr'),
(98, 'UPS Puerto Rico: Next Day Air Early SM', 'it'),
(98, 'UPS Puerto Rico: Next Day Air Early SM', 'nl'),
(98, 'UPS Puerto Rico: Next Day Air Early SM', 'no'),
(98, 'UPS Puerto Rico: Next Day Air Early SM', 'pt'),
(98, 'UPS Puerto Rico: Next Day Air Early SM', 'ro'),
(98, 'UPS Puerto Rico: Next Day Air Early SM', 'ru'),
(99, 'UPS Puerto Rico: Worldwide Express Plus SM', 'da'),
(99, 'UPS Puerto Rico: Worldwide Express Plus SM', 'de'),
(99, 'UPS Puerto Rico: Worldwide Express Plus SM', 'el'),
(99, 'UPS Puerto Rico: Worldwide Express Plus SM', 'en'),
(99, 'UPS Puerto Rico: Worldwide Express Plus SM', 'es'),
(99, 'UPS Puerto Rico: Worldwide Express Plus SM', 'fr'),
(99, 'UPS Puerto Rico: Worldwide Express Plus SM', 'it'),
(99, 'UPS Puerto Rico: Worldwide Express Plus SM', 'nl'),
(99, 'UPS Puerto Rico: Worldwide Express Plus SM', 'no'),
(99, 'UPS Puerto Rico: Worldwide Express Plus SM', 'pt'),
(99, 'UPS Puerto Rico: Worldwide Express Plus SM', 'ro'),
(99, 'UPS Puerto Rico: Worldwide Express Plus SM', 'ru'),
(100, 'UPS Puerto Rico: Saver', 'da'),
(100, 'UPS Puerto Rico: Saver', 'de'),
(100, 'UPS Puerto Rico: Saver', 'el'),
(100, 'UPS Puerto Rico: Saver', 'en'),
(100, 'UPS Puerto Rico: Saver', 'es'),
(100, 'UPS Puerto Rico: Saver', 'fr'),
(100, 'UPS Puerto Rico: Saver', 'it'),
(100, 'UPS Puerto Rico: Saver', 'nl'),
(100, 'UPS Puerto Rico: Saver', 'no'),
(100, 'UPS Puerto Rico: Saver', 'pt'),
(100, 'UPS Puerto Rico: Saver', 'ro'),
(100, 'UPS Puerto Rico: Saver', 'ru'),
(101, 'UPS Canada: Express', 'da'),
(101, 'UPS Canada: Express', 'de'),
(101, 'UPS Canada: Express', 'el'),
(101, 'UPS Canada: Express', 'en'),
(101, 'UPS Canada: Express', 'es'),
(101, 'UPS Canada: Express', 'fr'),
(101, 'UPS Canada: Express', 'it'),
(101, 'UPS Canada: Express', 'nl'),
(101, 'UPS Canada: Express', 'no'),
(101, 'UPS Canada: Express', 'pt'),
(101, 'UPS Canada: Express', 'ro'),
(101, 'UPS Canada: Express', 'ru'),
(103, 'UPS Canada: Worldwide Express SM', 'da'),
(103, 'UPS Canada: Worldwide Express SM', 'de'),
(103, 'UPS Canada: Worldwide Express SM', 'el'),
(103, 'UPS Canada: Worldwide Express SM', 'en'),
(103, 'UPS Canada: Worldwide Express SM', 'es'),
(103, 'UPS Canada: Worldwide Express SM', 'fr'),
(103, 'UPS Canada: Worldwide Express SM', 'it'),
(103, 'UPS Canada: Worldwide Express SM', 'nl'),
(103, 'UPS Canada: Worldwide Express SM', 'no'),
(103, 'UPS Canada: Worldwide Express SM', 'pt'),
(103, 'UPS Canada: Worldwide Express SM', 'ro'),
(103, 'UPS Canada: Worldwide Express SM', 'ru'),
(104, 'UPS Canada: Worldwide Expedited SM', 'da'),
(104, 'UPS Canada: Worldwide Expedited SM', 'de'),
(104, 'UPS Canada: Worldwide Expedited SM', 'el'),
(104, 'UPS Canada: Worldwide Expedited SM', 'en'),
(104, 'UPS Canada: Worldwide Expedited SM', 'es'),
(104, 'UPS Canada: Worldwide Expedited SM', 'fr'),
(104, 'UPS Canada: Worldwide Expedited SM', 'it'),
(104, 'UPS Canada: Worldwide Expedited SM', 'nl'),
(104, 'UPS Canada: Worldwide Expedited SM', 'no'),
(104, 'UPS Canada: Worldwide Expedited SM', 'pt'),
(104, 'UPS Canada: Worldwide Expedited SM', 'ro'),
(104, 'UPS Canada: Worldwide Expedited SM', 'ru'),
(105, 'UPS Canada: Standard', 'da'),
(105, 'UPS Canada: Standard', 'de'),
(105, 'UPS Canada: Standard', 'el'),
(105, 'UPS Canada: Standard', 'en'),
(105, 'UPS Canada: Standard', 'es'),
(105, 'UPS Canada: Standard', 'fr'),
(105, 'UPS Canada: Standard', 'it'),
(105, 'UPS Canada: Standard', 'nl'),
(105, 'UPS Canada: Standard', 'no'),
(105, 'UPS Canada: Standard', 'pt'),
(105, 'UPS Canada: Standard', 'ro'),
(105, 'UPS Canada: Standard', 'ru'),
(106, 'UPS Canada: 3 Day Select', 'da'),
(106, 'UPS Canada: 3 Day Select', 'de'),
(106, 'UPS Canada: 3 Day Select', 'el'),
(106, 'UPS Canada: 3 Day Select', 'en'),
(106, 'UPS Canada: 3 Day Select', 'es'),
(106, 'UPS Canada: 3 Day Select', 'fr'),
(106, 'UPS Canada: 3 Day Select', 'it'),
(106, 'UPS Canada: 3 Day Select', 'nl'),
(106, 'UPS Canada: 3 Day Select', 'no'),
(106, 'UPS Canada: 3 Day Select', 'pt'),
(106, 'UPS Canada: 3 Day Select', 'ro'),
(106, 'UPS Canada: 3 Day Select', 'ru'),
(107, 'UPS Canada: Express Early A.M. SM', 'da'),
(107, 'UPS Canada: Express Early A.M. SM', 'de'),
(107, 'UPS Canada: Express Early A.M. SM', 'el'),
(107, 'UPS Canada: Express Early A.M. SM', 'en'),
(107, 'UPS Canada: Express Early A.M. SM', 'es'),
(107, 'UPS Canada: Express Early A.M. SM', 'fr'),
(107, 'UPS Canada: Express Early A.M. SM', 'it'),
(107, 'UPS Canada: Express Early A.M. SM', 'nl'),
(107, 'UPS Canada: Express Early A.M. SM', 'no'),
(107, 'UPS Canada: Express Early A.M. SM', 'pt'),
(107, 'UPS Canada: Express Early A.M. SM', 'ro'),
(107, 'UPS Canada: Express Early A.M. SM', 'ru'),
(108, 'UPS Canada: Saver', 'da'),
(108, 'UPS Canada: Saver', 'de'),
(108, 'UPS Canada: Saver', 'el'),
(108, 'UPS Canada: Saver', 'en'),
(108, 'UPS Canada: Saver', 'es'),
(108, 'UPS Canada: Saver', 'fr'),
(108, 'UPS Canada: Saver', 'it'),
(108, 'UPS Canada: Saver', 'nl'),
(108, 'UPS Canada: Saver', 'no'),
(108, 'UPS Canada: Saver', 'pt'),
(108, 'UPS Canada: Saver', 'ro'),
(108, 'UPS Canada: Saver', 'ru'),
(109, 'UPS Mexico: Express', 'da'),
(109, 'UPS Mexico: Express', 'de'),
(109, 'UPS Mexico: Express', 'el'),
(109, 'UPS Mexico: Express', 'en'),
(109, 'UPS Mexico: Express', 'es'),
(109, 'UPS Mexico: Express', 'fr'),
(109, 'UPS Mexico: Express', 'it'),
(109, 'UPS Mexico: Express', 'nl'),
(109, 'UPS Mexico: Express', 'no'),
(109, 'UPS Mexico: Express', 'pt'),
(109, 'UPS Mexico: Express', 'ro'),
(109, 'UPS Mexico: Express', 'ru'),
(110, 'UPS Mexico: Expedited SM', 'da'),
(110, 'UPS Mexico: Expedited SM', 'de'),
(110, 'UPS Mexico: Expedited SM', 'el'),
(110, 'UPS Mexico: Expedited SM', 'en'),
(110, 'UPS Mexico: Expedited SM', 'es'),
(110, 'UPS Mexico: Expedited SM', 'fr'),
(110, 'UPS Mexico: Expedited SM', 'it'),
(110, 'UPS Mexico: Expedited SM', 'nl'),
(110, 'UPS Mexico: Expedited SM', 'no'),
(110, 'UPS Mexico: Expedited SM', 'pt'),
(110, 'UPS Mexico: Expedited SM', 'ro'),
(110, 'UPS Mexico: Expedited SM', 'ru'),
(111, 'UPS Mexico: Express Plus', 'da'),
(111, 'UPS Mexico: Express Plus', 'de'),
(111, 'UPS Mexico: Express Plus', 'el'),
(111, 'UPS Mexico: Express Plus', 'en'),
(111, 'UPS Mexico: Express Plus', 'es'),
(111, 'UPS Mexico: Express Plus', 'fr'),
(111, 'UPS Mexico: Express Plus', 'it'),
(111, 'UPS Mexico: Express Plus', 'nl'),
(111, 'UPS Mexico: Express Plus', 'no'),
(111, 'UPS Mexico: Express Plus', 'pt'),
(111, 'UPS Mexico: Express Plus', 'ro'),
(111, 'UPS Mexico: Express Plus', 'ru'),
(112, 'UPS Mexico: Saver', 'da'),
(112, 'UPS Mexico: Saver', 'de'),
(112, 'UPS Mexico: Saver', 'el'),
(112, 'UPS Mexico: Saver', 'en'),
(112, 'UPS Mexico: Saver', 'es'),
(112, 'UPS Mexico: Saver', 'fr'),
(112, 'UPS Mexico: Saver', 'it'),
(112, 'UPS Mexico: Saver', 'nl'),
(112, 'UPS Mexico: Saver', 'no'),
(112, 'UPS Mexico: Saver', 'pt'),
(112, 'UPS Mexico: Saver', 'ro'),
(112, 'UPS Mexico: Saver', 'ru'),
(113, 'UPS Poland: Express', 'da'),
(113, 'UPS Poland: Express', 'de'),
(113, 'UPS Poland: Express', 'el'),
(113, 'UPS Poland: Express', 'en'),
(113, 'UPS Poland: Express', 'es'),
(113, 'UPS Poland: Express', 'fr'),
(113, 'UPS Poland: Express', 'it'),
(113, 'UPS Poland: Express', 'nl'),
(113, 'UPS Poland: Express', 'no'),
(113, 'UPS Poland: Express', 'pt'),
(113, 'UPS Poland: Express', 'ro'),
(113, 'UPS Poland: Express', 'ru'),
(114, 'UPS Poland: Expedited SM', 'da'),
(114, 'UPS Poland: Expedited SM', 'de'),
(114, 'UPS Poland: Expedited SM', 'el'),
(114, 'UPS Poland: Expedited SM', 'en'),
(114, 'UPS Poland: Expedited SM', 'es'),
(114, 'UPS Poland: Expedited SM', 'fr'),
(114, 'UPS Poland: Expedited SM', 'it'),
(114, 'UPS Poland: Expedited SM', 'nl'),
(114, 'UPS Poland: Expedited SM', 'no'),
(114, 'UPS Poland: Expedited SM', 'pt'),
(114, 'UPS Poland: Expedited SM', 'ro'),
(114, 'UPS Poland: Expedited SM', 'ru'),
(124, 'UPS Poland: Standard', 'da'),
(124, 'UPS Poland: Standard', 'de'),
(124, 'UPS Poland: Standard', 'el'),
(124, 'UPS Poland: Standard', 'en'),
(124, 'UPS Poland: Standard', 'es'),
(124, 'UPS Poland: Standard', 'fr'),
(124, 'UPS Poland: Standard', 'it'),
(124, 'UPS Poland: Standard', 'nl'),
(124, 'UPS Poland: Standard', 'no'),
(124, 'UPS Poland: Standard', 'pt'),
(124, 'UPS Poland: Standard', 'ro'),
(124, 'UPS Poland: Standard', 'ru'),
(125, 'UPS Poland: Worldwide Express Plus SM', 'da'),
(125, 'UPS Poland: Worldwide Express Plus SM', 'de'),
(125, 'UPS Poland: Worldwide Express Plus SM', 'el'),
(125, 'UPS Poland: Worldwide Express Plus SM', 'en'),
(125, 'UPS Poland: Worldwide Express Plus SM', 'es'),
(125, 'UPS Poland: Worldwide Express Plus SM', 'fr'),
(125, 'UPS Poland: Worldwide Express Plus SM', 'it'),
(125, 'UPS Poland: Worldwide Express Plus SM', 'nl'),
(125, 'UPS Poland: Worldwide Express Plus SM', 'no'),
(125, 'UPS Poland: Worldwide Express Plus SM', 'pt'),
(125, 'UPS Poland: Worldwide Express Plus SM', 'ro'),
(125, 'UPS Poland: Worldwide Express Plus SM', 'ru'),
(126, 'UPS Poland: Saver', 'da'),
(126, 'UPS Poland: Saver', 'de'),
(126, 'UPS Poland: Saver', 'el'),
(126, 'UPS Poland: Saver', 'en'),
(126, 'UPS Poland: Saver', 'es'),
(126, 'UPS Poland: Saver', 'fr'),
(126, 'UPS Poland: Saver', 'it'),
(126, 'UPS Poland: Saver', 'nl'),
(126, 'UPS Poland: Saver', 'no'),
(126, 'UPS Poland: Saver', 'pt'),
(126, 'UPS Poland: Saver', 'ro'),
(126, 'UPS Poland: Saver', 'ru'),
(127, 'UPS Poland: Today Standard', 'da'),
(127, 'UPS Poland: Today Standard', 'de'),
(127, 'UPS Poland: Today Standard', 'el'),
(127, 'UPS Poland: Today Standard', 'en'),
(127, 'UPS Poland: Today Standard', 'es'),
(127, 'UPS Poland: Today Standard', 'fr'),
(127, 'UPS Poland: Today Standard', 'it'),
(127, 'UPS Poland: Today Standard', 'nl'),
(127, 'UPS Poland: Today Standard', 'no'),
(127, 'UPS Poland: Today Standard', 'pt'),
(127, 'UPS Poland: Today Standard', 'ro'),
(127, 'UPS Poland: Today Standard', 'ru'),
(128, 'UPS Poland: Today Dedicated Courrier', 'da'),
(128, 'UPS Poland: Today Dedicated Courrier', 'de'),
(128, 'UPS Poland: Today Dedicated Courrier', 'el'),
(128, 'UPS Poland: Today Dedicated Courrier', 'en'),
(128, 'UPS Poland: Today Dedicated Courrier', 'es'),
(128, 'UPS Poland: Today Dedicated Courrier', 'fr'),
(128, 'UPS Poland: Today Dedicated Courrier', 'it'),
(128, 'UPS Poland: Today Dedicated Courrier', 'nl'),
(128, 'UPS Poland: Today Dedicated Courrier', 'no'),
(128, 'UPS Poland: Today Dedicated Courrier', 'pt'),
(128, 'UPS Poland: Today Dedicated Courrier', 'ro'),
(128, 'UPS Poland: Today Dedicated Courrier', 'ru'),
(130, 'UPS Poland: Today Express', 'da'),
(130, 'UPS Poland: Today Express', 'de'),
(130, 'UPS Poland: Today Express', 'el'),
(130, 'UPS Poland: Today Express', 'en'),
(130, 'UPS Poland: Today Express', 'es'),
(130, 'UPS Poland: Today Express', 'fr'),
(130, 'UPS Poland: Today Express', 'it'),
(130, 'UPS Poland: Today Express', 'nl'),
(130, 'UPS Poland: Today Express', 'no'),
(130, 'UPS Poland: Today Express', 'pt'),
(130, 'UPS Poland: Today Express', 'ro'),
(130, 'UPS Poland: Today Express', 'ru'),
(131, 'UPS Poland: Today Express Saver', 'da'),
(131, 'UPS Poland: Today Express Saver', 'de'),
(131, 'UPS Poland: Today Express Saver', 'el'),
(131, 'UPS Poland: Today Express Saver', 'en'),
(131, 'UPS Poland: Today Express Saver', 'es'),
(131, 'UPS Poland: Today Express Saver', 'fr'),
(131, 'UPS Poland: Today Express Saver', 'it'),
(131, 'UPS Poland: Today Express Saver', 'nl'),
(131, 'UPS Poland: Today Express Saver', 'no'),
(131, 'UPS Poland: Today Express Saver', 'pt'),
(131, 'UPS Poland: Today Express Saver', 'ro'),
(131, 'UPS Poland: Today Express Saver', 'ru'),
(132, 'UPS Europe: Express', 'da'),
(132, 'UPS Europe: Express', 'de'),
(132, 'UPS Europe: Express', 'el'),
(132, 'UPS Europe: Express', 'en'),
(132, 'UPS Europe: Express', 'es'),
(132, 'UPS Europe: Express', 'fr'),
(132, 'UPS Europe: Express', 'it'),
(132, 'UPS Europe: Express', 'nl'),
(132, 'UPS Europe: Express', 'no'),
(132, 'UPS Europe: Express', 'pt'),
(132, 'UPS Europe: Express', 'ro'),
(132, 'UPS Europe: Express', 'ru'),
(133, 'UPS Europe: Expedited SM', 'da'),
(133, 'UPS Europe: Expedited SM', 'de'),
(133, 'UPS Europe: Expedited SM', 'el'),
(133, 'UPS Europe: Expedited SM', 'en'),
(133, 'UPS Europe: Expedited SM', 'es'),
(133, 'UPS Europe: Expedited SM', 'fr'),
(133, 'UPS Europe: Expedited SM', 'it'),
(133, 'UPS Europe: Expedited SM', 'nl'),
(133, 'UPS Europe: Expedited SM', 'no'),
(133, 'UPS Europe: Expedited SM', 'pt'),
(133, 'UPS Europe: Expedited SM', 'ro'),
(133, 'UPS Europe: Expedited SM', 'ru'),
(134, 'UPS Europe: Standard', 'da'),
(134, 'UPS Europe: Standard', 'de'),
(134, 'UPS Europe: Standard', 'el'),
(134, 'UPS Europe: Standard', 'en'),
(134, 'UPS Europe: Standard', 'es'),
(134, 'UPS Europe: Standard', 'fr'),
(134, 'UPS Europe: Standard', 'it'),
(134, 'UPS Europe: Standard', 'nl'),
(134, 'UPS Europe: Standard', 'no'),
(134, 'UPS Europe: Standard', 'pt'),
(134, 'UPS Europe: Standard', 'ro'),
(134, 'UPS Europe: Standard', 'ru'),
(135, 'UPS Europe: Worldwide Express Plus SM', 'da'),
(135, 'UPS Europe: Worldwide Express Plus SM', 'de'),
(135, 'UPS Europe: Worldwide Express Plus SM', 'el'),
(135, 'UPS Europe: Worldwide Express Plus SM', 'en'),
(135, 'UPS Europe: Worldwide Express Plus SM', 'es'),
(135, 'UPS Europe: Worldwide Express Plus SM', 'fr'),
(135, 'UPS Europe: Worldwide Express Plus SM', 'it'),
(135, 'UPS Europe: Worldwide Express Plus SM', 'nl'),
(135, 'UPS Europe: Worldwide Express Plus SM', 'no'),
(135, 'UPS Europe: Worldwide Express Plus SM', 'pt'),
(135, 'UPS Europe: Worldwide Express Plus SM', 'ro'),
(135, 'UPS Europe: Worldwide Express Plus SM', 'ru'),
(136, 'UPS Europe: Saver', 'da'),
(136, 'UPS Europe: Saver', 'de'),
(136, 'UPS Europe: Saver', 'el'),
(136, 'UPS Europe: Saver', 'en'),
(136, 'UPS Europe: Saver', 'es'),
(136, 'UPS Europe: Saver', 'fr'),
(136, 'UPS Europe: Saver', 'it'),
(136, 'UPS Europe: Saver', 'nl'),
(136, 'UPS Europe: Saver', 'no'),
(136, 'UPS Europe: Saver', 'pt'),
(136, 'UPS Europe: Saver', 'ro'),
(136, 'UPS Europe: Saver', 'ru'),
(137, 'UPS Other: Express', 'da'),
(137, 'UPS Other: Express', 'de'),
(137, 'UPS Other: Express', 'el'),
(137, 'UPS Other: Express', 'en'),
(137, 'UPS Other: Express', 'es'),
(137, 'UPS Other: Express', 'fr'),
(137, 'UPS Other: Express', 'it'),
(137, 'UPS Other: Express', 'nl'),
(137, 'UPS Other: Express', 'no'),
(137, 'UPS Other: Express', 'pt'),
(137, 'UPS Other: Express', 'ro'),
(137, 'UPS Other: Express', 'ru'),
(138, 'UPS Other: Worldwide Expedited SM', 'da'),
(138, 'UPS Other: Worldwide Expedited SM', 'de'),
(138, 'UPS Other: Worldwide Expedited SM', 'el'),
(138, 'UPS Other: Worldwide Expedited SM', 'en'),
(138, 'UPS Other: Worldwide Expedited SM', 'es'),
(138, 'UPS Other: Worldwide Expedited SM', 'fr'),
(138, 'UPS Other: Worldwide Expedited SM', 'it'),
(138, 'UPS Other: Worldwide Expedited SM', 'nl'),
(138, 'UPS Other: Worldwide Expedited SM', 'no'),
(138, 'UPS Other: Worldwide Expedited SM', 'pt'),
(138, 'UPS Other: Worldwide Expedited SM', 'ro'),
(138, 'UPS Other: Worldwide Expedited SM', 'ru'),
(139, 'UPS Other: Standard', 'da'),
(139, 'UPS Other: Standard', 'de'),
(139, 'UPS Other: Standard', 'el'),
(139, 'UPS Other: Standard', 'en'),
(139, 'UPS Other: Standard', 'es'),
(139, 'UPS Other: Standard', 'fr'),
(139, 'UPS Other: Standard', 'it'),
(139, 'UPS Other: Standard', 'nl'),
(139, 'UPS Other: Standard', 'no'),
(139, 'UPS Other: Standard', 'pt'),
(139, 'UPS Other: Standard', 'ro'),
(139, 'UPS Other: Standard', 'ru'),
(140, 'UPS Other: Worldwide Express Plus SM', 'da'),
(140, 'UPS Other: Worldwide Express Plus SM', 'de'),
(140, 'UPS Other: Worldwide Express Plus SM', 'el'),
(140, 'UPS Other: Worldwide Express Plus SM', 'en'),
(140, 'UPS Other: Worldwide Express Plus SM', 'es'),
(140, 'UPS Other: Worldwide Express Plus SM', 'fr'),
(140, 'UPS Other: Worldwide Express Plus SM', 'it'),
(140, 'UPS Other: Worldwide Express Plus SM', 'nl'),
(140, 'UPS Other: Worldwide Express Plus SM', 'no'),
(140, 'UPS Other: Worldwide Express Plus SM', 'pt'),
(140, 'UPS Other: Worldwide Express Plus SM', 'ro'),
(140, 'UPS Other: Worldwide Express Plus SM', 'ru'),
(141, 'UPS Other: Saver', 'da'),
(141, 'UPS Other: Saver', 'de'),
(141, 'UPS Other: Saver', 'el'),
(141, 'UPS Other: Saver', 'en'),
(141, 'UPS Other: Saver', 'es'),
(141, 'UPS Other: Saver', 'fr'),
(141, 'UPS Other: Saver', 'it'),
(141, 'UPS Other: Saver', 'nl'),
(141, 'UPS Other: Saver', 'no'),
(141, 'UPS Other: Saver', 'pt'),
(141, 'UPS Other: Saver', 'ro'),
(141, 'UPS Other: Saver', 'ru'),
(167, 'Swiss Post International PRIORITY Standart letter', 'da'),
(167, 'Swiss Post International PRIORITY Standart letter', 'de'),
(167, 'Swiss Post International PRIORITY Standart letter', 'el'),
(167, 'Swiss Post International PRIORITY Standart letter', 'en'),
(167, 'Swiss Post International PRIORITY Standart letter', 'es'),
(167, 'Swiss Post International PRIORITY Standart letter', 'fr'),
(167, 'Swiss Post International PRIORITY Standart letter', 'it'),
(167, 'Swiss Post International PRIORITY Standart letter', 'nl'),
(167, 'Swiss Post International PRIORITY Standart letter', 'no'),
(167, 'Swiss Post International PRIORITY Standart letter', 'pt'),
(167, 'Swiss Post International PRIORITY Standart letter', 'ro'),
(167, 'Swiss Post International PRIORITY Standart letter', 'ru'),
(168, 'Swiss Post International Document URGENT', 'da'),
(168, 'Swiss Post International Document URGENT', 'de'),
(168, 'Swiss Post International Document URGENT', 'el'),
(168, 'Swiss Post International Document URGENT', 'en'),
(168, 'Swiss Post International Document URGENT', 'es'),
(168, 'Swiss Post International Document URGENT', 'fr'),
(168, 'Swiss Post International Document URGENT', 'it'),
(168, 'Swiss Post International Document URGENT', 'nl'),
(168, 'Swiss Post International Document URGENT', 'no'),
(168, 'Swiss Post International Document URGENT', 'pt'),
(168, 'Swiss Post International Document URGENT', 'ro'),
(168, 'Swiss Post International Document URGENT', 'ru'),
(169, 'Swiss Post International PostPac PRIORITY', 'da'),
(169, 'Swiss Post International PostPac PRIORITY', 'de'),
(169, 'Swiss Post International PostPac PRIORITY', 'el'),
(169, 'Swiss Post International PostPac PRIORITY', 'en'),
(169, 'Swiss Post International PostPac PRIORITY', 'es'),
(169, 'Swiss Post International PostPac PRIORITY', 'fr'),
(169, 'Swiss Post International PostPac PRIORITY', 'it'),
(169, 'Swiss Post International PostPac PRIORITY', 'nl'),
(169, 'Swiss Post International PostPac PRIORITY', 'no'),
(169, 'Swiss Post International PostPac PRIORITY', 'pt'),
(169, 'Swiss Post International PostPac PRIORITY', 'ro'),
(169, 'Swiss Post International PostPac PRIORITY', 'ru'),
(170, 'Swiss Post International ECONOMY Standart letter', 'da'),
(170, 'Swiss Post International ECONOMY Standart letter', 'de'),
(170, 'Swiss Post International ECONOMY Standart letter', 'el'),
(170, 'Swiss Post International ECONOMY Standart letter', 'en'),
(170, 'Swiss Post International ECONOMY Standart letter', 'es'),
(170, 'Swiss Post International ECONOMY Standart letter', 'fr'),
(170, 'Swiss Post International ECONOMY Standart letter', 'it'),
(170, 'Swiss Post International ECONOMY Standart letter', 'nl'),
(170, 'Swiss Post International ECONOMY Standart letter', 'no'),
(170, 'Swiss Post International ECONOMY Standart letter', 'pt'),
(170, 'Swiss Post International ECONOMY Standart letter', 'ro'),
(170, 'Swiss Post International ECONOMY Standart letter', 'ru'),
(171, 'Swiss Post International PostPac ECONOMY', 'da'),
(171, 'Swiss Post International PostPac ECONOMY', 'de'),
(171, 'Swiss Post International PostPac ECONOMY', 'el'),
(171, 'Swiss Post International PostPac ECONOMY', 'en'),
(171, 'Swiss Post International PostPac ECONOMY', 'es'),
(171, 'Swiss Post International PostPac ECONOMY', 'fr'),
(171, 'Swiss Post International PostPac ECONOMY', 'it'),
(171, 'Swiss Post International PostPac ECONOMY', 'nl'),
(171, 'Swiss Post International PostPac ECONOMY', 'no'),
(171, 'Swiss Post International PostPac ECONOMY', 'pt'),
(171, 'Swiss Post International PostPac ECONOMY', 'ro'),
(171, 'Swiss Post International PostPac ECONOMY', 'ru'),
(172, 'Swiss Post Private Customers PostPac PRIORITY', 'da'),
(172, 'Swiss Post Private Customers PostPac PRIORITY', 'de'),
(172, 'Swiss Post Private Customers PostPac PRIORITY', 'el'),
(172, 'Swiss Post Private Customers PostPac PRIORITY', 'en'),
(172, 'Swiss Post Private Customers PostPac PRIORITY', 'es'),
(172, 'Swiss Post Private Customers PostPac PRIORITY', 'fr'),
(172, 'Swiss Post Private Customers PostPac PRIORITY', 'it'),
(172, 'Swiss Post Private Customers PostPac PRIORITY', 'nl'),
(172, 'Swiss Post Private Customers PostPac PRIORITY', 'no'),
(172, 'Swiss Post Private Customers PostPac PRIORITY', 'pt'),
(172, 'Swiss Post Private Customers PostPac PRIORITY', 'ro'),
(172, 'Swiss Post Private Customers PostPac PRIORITY', 'ru'),
(173, 'Swiss Post Private Customers PostPac ECONOMY', 'da'),
(173, 'Swiss Post Private Customers PostPac ECONOMY', 'de'),
(173, 'Swiss Post Private Customers PostPac ECONOMY', 'el'),
(173, 'Swiss Post Private Customers PostPac ECONOMY', 'en'),
(173, 'Swiss Post Private Customers PostPac ECONOMY', 'es'),
(173, 'Swiss Post Private Customers PostPac ECONOMY', 'fr'),
(173, 'Swiss Post Private Customers PostPac ECONOMY', 'it'),
(173, 'Swiss Post Private Customers PostPac ECONOMY', 'nl'),
(173, 'Swiss Post Private Customers PostPac ECONOMY', 'no'),
(173, 'Swiss Post Private Customers PostPac ECONOMY', 'pt'),
(173, 'Swiss Post Private Customers PostPac ECONOMY', 'ro'),
(173, 'Swiss Post Private Customers PostPac ECONOMY', 'ru'),
(174, 'Swiss Post International URGENT goods', 'da'),
(174, 'Swiss Post International URGENT goods', 'de'),
(174, 'Swiss Post International URGENT goods', 'el'),
(174, 'Swiss Post International URGENT goods', 'en'),
(174, 'Swiss Post International URGENT goods', 'es'),
(174, 'Swiss Post International URGENT goods', 'fr'),
(174, 'Swiss Post International URGENT goods', 'it'),
(174, 'Swiss Post International URGENT goods', 'nl'),
(174, 'Swiss Post International URGENT goods', 'no'),
(174, 'Swiss Post International URGENT goods', 'pt'),
(174, 'Swiss Post International URGENT goods', 'ro'),
(174, 'Swiss Post International URGENT goods', 'ru'),
(175, 'Swiss Post Private Customers Bulky Goods ECONOMY', 'da'),
(175, 'Swiss Post Private Customers Bulky Goods ECONOMY', 'de'),
(175, 'Swiss Post Private Customers Bulky Goods ECONOMY', 'el'),
(175, 'Swiss Post Private Customers Bulky Goods ECONOMY', 'en'),
(175, 'Swiss Post Private Customers Bulky Goods ECONOMY', 'es'),
(175, 'Swiss Post Private Customers Bulky Goods ECONOMY', 'fr'),
(175, 'Swiss Post Private Customers Bulky Goods ECONOMY', 'it'),
(175, 'Swiss Post Private Customers Bulky Goods ECONOMY', 'nl'),
(175, 'Swiss Post Private Customers Bulky Goods ECONOMY', 'no'),
(175, 'Swiss Post Private Customers Bulky Goods ECONOMY', 'pt'),
(175, 'Swiss Post Private Customers Bulky Goods ECONOMY', 'ro'),
(175, 'Swiss Post Private Customers Bulky Goods ECONOMY', 'ru'),
(176, 'Swiss Post International PRIORITY Large letter', 'da'),
(176, 'Swiss Post International PRIORITY Large letter', 'de'),
(176, 'Swiss Post International PRIORITY Large letter', 'el'),
(176, 'Swiss Post International PRIORITY Large letter', 'en'),
(176, 'Swiss Post International PRIORITY Large letter', 'es'),
(176, 'Swiss Post International PRIORITY Large letter', 'fr'),
(176, 'Swiss Post International PRIORITY Large letter', 'it'),
(176, 'Swiss Post International PRIORITY Large letter', 'nl'),
(176, 'Swiss Post International PRIORITY Large letter', 'no'),
(176, 'Swiss Post International PRIORITY Large letter', 'pt'),
(176, 'Swiss Post International PRIORITY Large letter', 'ro'),
(176, 'Swiss Post International PRIORITY Large letter', 'ru'),
(177, 'Swiss Post International PRIORITY Maxi letter', 'da'),
(177, 'Swiss Post International PRIORITY Maxi letter', 'de'),
(177, 'Swiss Post International PRIORITY Maxi letter', 'el'),
(177, 'Swiss Post International PRIORITY Maxi letter', 'en'),
(177, 'Swiss Post International PRIORITY Maxi letter', 'es'),
(177, 'Swiss Post International PRIORITY Maxi letter', 'fr'),
(177, 'Swiss Post International PRIORITY Maxi letter', 'it'),
(177, 'Swiss Post International PRIORITY Maxi letter', 'nl'),
(177, 'Swiss Post International PRIORITY Maxi letter', 'no'),
(177, 'Swiss Post International PRIORITY Maxi letter', 'pt'),
(177, 'Swiss Post International PRIORITY Maxi letter', 'ro'),
(177, 'Swiss Post International PRIORITY Maxi letter', 'ru'),
(178, 'Swiss Post International ECONOMY Large letter', 'da'),
(178, 'Swiss Post International ECONOMY Large letter', 'de'),
(178, 'Swiss Post International ECONOMY Large letter', 'el'),
(178, 'Swiss Post International ECONOMY Large letter', 'en'),
(178, 'Swiss Post International ECONOMY Large letter', 'es'),
(178, 'Swiss Post International ECONOMY Large letter', 'fr'),
(178, 'Swiss Post International ECONOMY Large letter', 'it'),
(178, 'Swiss Post International ECONOMY Large letter', 'nl'),
(178, 'Swiss Post International ECONOMY Large letter', 'no'),
(178, 'Swiss Post International ECONOMY Large letter', 'pt'),
(178, 'Swiss Post International ECONOMY Large letter', 'ro'),
(178, 'Swiss Post International ECONOMY Large letter', 'ru'),
(179, 'Swiss Post International ECONOMY Maxi letter', 'da'),
(179, 'Swiss Post International ECONOMY Maxi letter', 'de'),
(179, 'Swiss Post International ECONOMY Maxi letter', 'el'),
(179, 'Swiss Post International ECONOMY Maxi letter', 'en'),
(179, 'Swiss Post International ECONOMY Maxi letter', 'es'),
(179, 'Swiss Post International ECONOMY Maxi letter', 'fr'),
(179, 'Swiss Post International ECONOMY Maxi letter', 'it'),
(179, 'Swiss Post International ECONOMY Maxi letter', 'nl'),
(179, 'Swiss Post International ECONOMY Maxi letter', 'no'),
(179, 'Swiss Post International ECONOMY Maxi letter', 'pt'),
(179, 'Swiss Post International ECONOMY Maxi letter', 'ro'),
(179, 'Swiss Post International ECONOMY Maxi letter', 'ru'),
(204, 'USPS First-Class Package International Service', 'da'),
(204, 'USPS First-Class Package International Service', 'de'),
(204, 'USPS First-Class Package International Service', 'el'),
(204, 'USPS First-Class Package International Service', 'en'),
(204, 'USPS First-Class Package International Service', 'es'),
(204, 'USPS First-Class Package International Service', 'fr'),
(204, 'USPS First-Class Package International Service', 'it'),
(204, 'USPS First-Class Package International Service', 'nl'),
(204, 'USPS First-Class Package International Service', 'no'),
(204, 'USPS First-Class Package International Service', 'pt'),
(204, 'USPS First-Class Package International Service', 'ro'),
(204, 'USPS First-Class Package International Service', 'ru'),
(208, 'USPS Priority Mail International Small Flat Rate Box', 'da'),
(208, 'USPS Priority Mail International Small Flat Rate Box', 'de'),
(208, 'USPS Priority Mail International Small Flat Rate Box', 'el'),
(208, 'USPS Priority Mail International Small Flat Rate Box', 'en'),
(208, 'USPS Priority Mail International Small Flat Rate Box', 'es'),
(208, 'USPS Priority Mail International Small Flat Rate Box', 'fr'),
(208, 'USPS Priority Mail International Small Flat Rate Box', 'it'),
(208, 'USPS Priority Mail International Small Flat Rate Box', 'nl'),
(208, 'USPS Priority Mail International Small Flat Rate Box', 'no'),
(208, 'USPS Priority Mail International Small Flat Rate Box', 'pt'),
(208, 'USPS Priority Mail International Small Flat Rate Box', 'ro'),
(208, 'USPS Priority Mail International Small Flat Rate Box', 'ru'),
(209, 'USPS Priority Mail International Medium Flat Rate Box', 'da'),
(209, 'USPS Priority Mail International Medium Flat Rate Box', 'de'),
(209, 'USPS Priority Mail International Medium Flat Rate Box', 'el'),
(209, 'USPS Priority Mail International Medium Flat Rate Box', 'en'),
(209, 'USPS Priority Mail International Medium Flat Rate Box', 'es'),
(209, 'USPS Priority Mail International Medium Flat Rate Box', 'fr'),
(209, 'USPS Priority Mail International Medium Flat Rate Box', 'it'),
(209, 'USPS Priority Mail International Medium Flat Rate Box', 'nl'),
(209, 'USPS Priority Mail International Medium Flat Rate Box', 'no'),
(209, 'USPS Priority Mail International Medium Flat Rate Box', 'pt'),
(209, 'USPS Priority Mail International Medium Flat Rate Box', 'ro'),
(209, 'USPS Priority Mail International Medium Flat Rate Box', 'ru'),
(210, 'USPS Priority Mail International Large Flat Rate Box', 'da'),
(210, 'USPS Priority Mail International Large Flat Rate Box', 'de'),
(210, 'USPS Priority Mail International Large Flat Rate Box', 'el'),
(210, 'USPS Priority Mail International Large Flat Rate Box', 'en'),
(210, 'USPS Priority Mail International Large Flat Rate Box', 'es'),
(210, 'USPS Priority Mail International Large Flat Rate Box', 'fr'),
(210, 'USPS Priority Mail International Large Flat Rate Box', 'it'),
(210, 'USPS Priority Mail International Large Flat Rate Box', 'nl'),
(210, 'USPS Priority Mail International Large Flat Rate Box', 'no'),
(210, 'USPS Priority Mail International Large Flat Rate Box', 'pt'),
(210, 'USPS Priority Mail International Large Flat Rate Box', 'ro'),
(210, 'USPS Priority Mail International Large Flat Rate Box', 'ru'),
(211, 'USPS GXG Envelopes', 'da'),
(211, 'USPS GXG Envelopes', 'de'),
(211, 'USPS GXG Envelopes', 'el'),
(211, 'USPS GXG Envelopes', 'en'),
(211, 'USPS GXG Envelopes', 'es'),
(211, 'USPS GXG Envelopes', 'fr'),
(211, 'USPS GXG Envelopes', 'it'),
(211, 'USPS GXG Envelopes', 'nl'),
(211, 'USPS GXG Envelopes', 'no'),
(211, 'USPS GXG Envelopes', 'pt'),
(211, 'USPS GXG Envelopes', 'ro'),
(211, 'USPS GXG Envelopes', 'ru'),
(212, 'FedEx Priority Overnight®', 'da'),
(212, 'FedEx Priority Overnight®', 'de'),
(212, 'FedEx Priority Overnight®', 'el'),
(212, 'FedEx Priority Overnight®', 'en'),
(212, 'FedEx Priority Overnight®', 'es'),
(212, 'FedEx Priority Overnight®', 'fr'),
(212, 'FedEx Priority Overnight®', 'it'),
(212, 'FedEx Priority Overnight®', 'nl'),
(212, 'FedEx Priority Overnight®', 'no'),
(212, 'FedEx Priority Overnight®', 'pt'),
(212, 'FedEx Priority Overnight®', 'ro'),
(212, 'FedEx Priority Overnight®', 'ru'),
(213, 'FedEx 2nd Day®', 'da'),
(213, 'FedEx 2nd Day®', 'de'),
(213, 'FedEx 2nd Day®', 'el'),
(213, 'FedEx 2nd Day®', 'en'),
(213, 'FedEx 2nd Day®', 'es'),
(213, 'FedEx 2nd Day®', 'fr'),
(213, 'FedEx 2nd Day®', 'it'),
(213, 'FedEx 2nd Day®', 'nl'),
(213, 'FedEx 2nd Day®', 'no'),
(213, 'FedEx 2nd Day®', 'pt'),
(213, 'FedEx 2nd Day®', 'ro'),
(213, 'FedEx 2nd Day®', 'ru'),
(214, 'FedEx Express Saver®', 'da'),
(214, 'FedEx Express Saver®', 'de'),
(214, 'FedEx Express Saver®', 'el'),
(214, 'FedEx Express Saver®', 'en'),
(214, 'FedEx Express Saver®', 'es'),
(214, 'FedEx Express Saver®', 'fr'),
(214, 'FedEx Express Saver®', 'it'),
(214, 'FedEx Express Saver®', 'nl'),
(214, 'FedEx Express Saver®', 'no'),
(214, 'FedEx Express Saver®', 'pt'),
(214, 'FedEx Express Saver®', 'ro'),
(214, 'FedEx Express Saver®', 'ru'),
(215, 'FedEx Ground®', 'da'),
(215, 'FedEx Ground®', 'de'),
(215, 'FedEx Ground®', 'el'),
(215, 'FedEx Ground®', 'en'),
(215, 'FedEx Ground®', 'es'),
(215, 'FedEx Ground®', 'fr'),
(215, 'FedEx Ground®', 'it'),
(215, 'FedEx Ground®', 'nl'),
(215, 'FedEx Ground®', 'no'),
(215, 'FedEx Ground®', 'pt'),
(215, 'FedEx Ground®', 'ro'),
(215, 'FedEx Ground®', 'ru'),
(216, 'FedEx Home Delivery®', 'da'),
(216, 'FedEx Home Delivery®', 'de'),
(216, 'FedEx Home Delivery®', 'el'),
(216, 'FedEx Home Delivery®', 'en'),
(216, 'FedEx Home Delivery®', 'es'),
(216, 'FedEx Home Delivery®', 'fr'),
(216, 'FedEx Home Delivery®', 'it'),
(216, 'FedEx Home Delivery®', 'nl'),
(216, 'FedEx Home Delivery®', 'no'),
(216, 'FedEx Home Delivery®', 'pt'),
(216, 'FedEx Home Delivery®', 'ro'),
(216, 'FedEx Home Delivery®', 'ru'),
(217, 'FedEx Standard Overnight®', 'da'),
(217, 'FedEx Standard Overnight®', 'de'),
(217, 'FedEx Standard Overnight®', 'el'),
(217, 'FedEx Standard Overnight®', 'en'),
(217, 'FedEx Standard Overnight®', 'es'),
(217, 'FedEx Standard Overnight®', 'fr'),
(217, 'FedEx Standard Overnight®', 'it'),
(217, 'FedEx Standard Overnight®', 'nl'),
(217, 'FedEx Standard Overnight®', 'no'),
(217, 'FedEx Standard Overnight®', 'pt'),
(217, 'FedEx Standard Overnight®', 'ro'),
(217, 'FedEx Standard Overnight®', 'ru'),
(218, 'FedEx First Overnight®', 'da'),
(218, 'FedEx First Overnight®', 'de'),
(218, 'FedEx First Overnight®', 'el'),
(218, 'FedEx First Overnight®', 'en'),
(218, 'FedEx First Overnight®', 'es'),
(218, 'FedEx First Overnight®', 'fr'),
(218, 'FedEx First Overnight®', 'it'),
(218, 'FedEx First Overnight®', 'nl'),
(218, 'FedEx First Overnight®', 'no'),
(218, 'FedEx First Overnight®', 'pt'),
(218, 'FedEx First Overnight®', 'ro'),
(218, 'FedEx First Overnight®', 'ru'),
(219, 'FedEx 1Day Freight®', 'da'),
(219, 'FedEx 1Day Freight®', 'de'),
(219, 'FedEx 1Day Freight®', 'el'),
(219, 'FedEx 1Day Freight®', 'en'),
(219, 'FedEx 1Day Freight®', 'es'),
(219, 'FedEx 1Day Freight®', 'fr'),
(219, 'FedEx 1Day Freight®', 'it'),
(219, 'FedEx 1Day Freight®', 'nl'),
(219, 'FedEx 1Day Freight®', 'no'),
(219, 'FedEx 1Day Freight®', 'pt'),
(219, 'FedEx 1Day Freight®', 'ro'),
(219, 'FedEx 1Day Freight®', 'ru'),
(220, 'FedEx 2Day Freight®', 'da'),
(220, 'FedEx 2Day Freight®', 'de'),
(220, 'FedEx 2Day Freight®', 'el'),
(220, 'FedEx 2Day Freight®', 'en'),
(220, 'FedEx 2Day Freight®', 'es'),
(220, 'FedEx 2Day Freight®', 'fr'),
(220, 'FedEx 2Day Freight®', 'it'),
(220, 'FedEx 2Day Freight®', 'nl'),
(220, 'FedEx 2Day Freight®', 'no'),
(220, 'FedEx 2Day Freight®', 'pt'),
(220, 'FedEx 2Day Freight®', 'ro'),
(220, 'FedEx 2Day Freight®', 'ru'),
(221, 'FedEx 3Day Freight®', 'da'),
(221, 'FedEx 3Day Freight®', 'de');
INSERT INTO `partiushop_shipping_service_descriptions` (`service_id`, `description`, `lang_code`) VALUES
(221, 'FedEx 3Day Freight®', 'el'),
(221, 'FedEx 3Day Freight®', 'en'),
(221, 'FedEx 3Day Freight®', 'es'),
(221, 'FedEx 3Day Freight®', 'fr'),
(221, 'FedEx 3Day Freight®', 'it'),
(221, 'FedEx 3Day Freight®', 'nl'),
(221, 'FedEx 3Day Freight®', 'no'),
(221, 'FedEx 3Day Freight®', 'pt'),
(221, 'FedEx 3Day Freight®', 'ro'),
(221, 'FedEx 3Day Freight®', 'ru'),
(222, 'FedEx International Priority®', 'da'),
(222, 'FedEx International Priority®', 'de'),
(222, 'FedEx International Priority®', 'el'),
(222, 'FedEx International Priority®', 'en'),
(222, 'FedEx International Priority®', 'es'),
(222, 'FedEx International Priority®', 'fr'),
(222, 'FedEx International Priority®', 'it'),
(222, 'FedEx International Priority®', 'nl'),
(222, 'FedEx International Priority®', 'no'),
(222, 'FedEx International Priority®', 'pt'),
(222, 'FedEx International Priority®', 'ro'),
(222, 'FedEx International Priority®', 'ru'),
(223, 'FedEx International Economy®', 'da'),
(223, 'FedEx International Economy®', 'de'),
(223, 'FedEx International Economy®', 'el'),
(223, 'FedEx International Economy®', 'en'),
(223, 'FedEx International Economy®', 'es'),
(223, 'FedEx International Economy®', 'fr'),
(223, 'FedEx International Economy®', 'it'),
(223, 'FedEx International Economy®', 'nl'),
(223, 'FedEx International Economy®', 'no'),
(223, 'FedEx International Economy®', 'pt'),
(223, 'FedEx International Economy®', 'ro'),
(223, 'FedEx International Economy®', 'ru'),
(225, 'FedEx International First®', 'da'),
(225, 'FedEx International First®', 'de'),
(225, 'FedEx International First®', 'el'),
(225, 'FedEx International First®', 'en'),
(225, 'FedEx International First®', 'es'),
(225, 'FedEx International First®', 'fr'),
(225, 'FedEx International First®', 'it'),
(225, 'FedEx International First®', 'nl'),
(225, 'FedEx International First®', 'no'),
(225, 'FedEx International First®', 'pt'),
(225, 'FedEx International First®', 'ro'),
(225, 'FedEx International First®', 'ru'),
(226, 'FedEx International Priority Freight®', 'da'),
(226, 'FedEx International Priority Freight®', 'de'),
(226, 'FedEx International Priority Freight®', 'el'),
(226, 'FedEx International Priority Freight®', 'en'),
(226, 'FedEx International Priority Freight®', 'es'),
(226, 'FedEx International Priority Freight®', 'fr'),
(226, 'FedEx International Priority Freight®', 'it'),
(226, 'FedEx International Priority Freight®', 'nl'),
(226, 'FedEx International Priority Freight®', 'no'),
(226, 'FedEx International Priority Freight®', 'pt'),
(226, 'FedEx International Priority Freight®', 'ro'),
(226, 'FedEx International Priority Freight®', 'ru'),
(227, 'FedEx International Economy Freight®', 'da'),
(227, 'FedEx International Economy Freight®', 'de'),
(227, 'FedEx International Economy Freight®', 'el'),
(227, 'FedEx International Economy Freight®', 'en'),
(227, 'FedEx International Economy Freight®', 'es'),
(227, 'FedEx International Economy Freight®', 'fr'),
(227, 'FedEx International Economy Freight®', 'it'),
(227, 'FedEx International Economy Freight®', 'nl'),
(227, 'FedEx International Economy Freight®', 'no'),
(227, 'FedEx International Economy Freight®', 'pt'),
(227, 'FedEx International Economy Freight®', 'ro'),
(227, 'FedEx International Economy Freight®', 'ru'),
(228, 'FedEx Europe First International Priority®', 'da'),
(228, 'FedEx Europe First International Priority®', 'de'),
(228, 'FedEx Europe First International Priority®', 'el'),
(228, 'FedEx Europe First International Priority®', 'en'),
(228, 'FedEx Europe First International Priority®', 'es'),
(228, 'FedEx Europe First International Priority®', 'fr'),
(228, 'FedEx Europe First International Priority®', 'it'),
(228, 'FedEx Europe First International Priority®', 'nl'),
(228, 'FedEx Europe First International Priority®', 'no'),
(228, 'FedEx Europe First International Priority®', 'pt'),
(228, 'FedEx Europe First International Priority®', 'ro'),
(228, 'FedEx Europe First International Priority®', 'ru'),
(229, 'FedEx Smart Post®', 'da'),
(229, 'FedEx Smart Post®', 'de'),
(229, 'FedEx Smart Post®', 'el'),
(229, 'FedEx Smart Post®', 'en'),
(229, 'FedEx Smart Post®', 'es'),
(229, 'FedEx Smart Post®', 'fr'),
(229, 'FedEx Smart Post®', 'it'),
(229, 'FedEx Smart Post®', 'nl'),
(229, 'FedEx Smart Post®', 'no'),
(229, 'FedEx Smart Post®', 'pt'),
(229, 'FedEx Smart Post®', 'ro'),
(229, 'FedEx Smart Post®', 'ru'),
(233, 'USPS Priority Mail Regional Rate', 'da'),
(233, 'USPS Priority Mail Regional Rate', 'de'),
(233, 'USPS Priority Mail Regional Rate', 'el'),
(233, 'USPS Priority Mail Regional Rate', 'en'),
(233, 'USPS Priority Mail Regional Rate', 'es'),
(233, 'USPS Priority Mail Regional Rate', 'fr'),
(233, 'USPS Priority Mail Regional Rate', 'it'),
(233, 'USPS Priority Mail Regional Rate', 'nl'),
(233, 'USPS Priority Mail Regional Rate', 'no'),
(233, 'USPS Priority Mail Regional Rate', 'pt'),
(233, 'USPS Priority Mail Regional Rate', 'ro'),
(233, 'USPS Priority Mail Regional Rate', 'ru'),
(235, 'Temando: All Australian Logistics: General Road', 'da'),
(235, 'Temando: All Australian Logistics: General Road', 'de'),
(235, 'Temando: All Australian Logistics: General Road', 'el'),
(235, 'Temando: All Australian Logistics: General Road', 'en'),
(235, 'Temando: All Australian Logistics: General Road', 'es'),
(235, 'Temando: All Australian Logistics: General Road', 'fr'),
(235, 'Temando: All Australian Logistics: General Road', 'it'),
(235, 'Temando: All Australian Logistics: General Road', 'nl'),
(235, 'Temando: All Australian Logistics: General Road', 'no'),
(235, 'Temando: All Australian Logistics: General Road', 'pt'),
(235, 'Temando: All Australian Logistics: General Road', 'ro'),
(235, 'Temando: All Australian Logistics: General Road', 'ru'),
(236, 'Temando: Allied Air Express (BULK): Air Express - Pre-scheduled pick-ups only', 'da'),
(236, 'Temando: Allied Air Express (BULK): Air Express - Pre-scheduled pick-ups only', 'de'),
(236, 'Temando: Allied Air Express (BULK): Air Express - Pre-scheduled pick-ups only', 'el'),
(236, 'Temando: Allied Air Express (BULK): Air Express - Pre-scheduled pick-ups only', 'en'),
(236, 'Temando: Allied Air Express (BULK): Air Express - Pre-scheduled pick-ups only', 'es'),
(236, 'Temando: Allied Air Express (BULK): Air Express - Pre-scheduled pick-ups only', 'fr'),
(236, 'Temando: Allied Air Express (BULK): Air Express - Pre-scheduled pick-ups only', 'it'),
(236, 'Temando: Allied Air Express (BULK): Air Express - Pre-scheduled pick-ups only', 'nl'),
(236, 'Temando: Allied Air Express (BULK): Air Express - Pre-scheduled pick-ups only', 'no'),
(236, 'Temando: Allied Air Express (BULK): Air Express - Pre-scheduled pick-ups only', 'pt'),
(236, 'Temando: Allied Air Express (BULK): Air Express - Pre-scheduled pick-ups only', 'ro'),
(236, 'Temando: Allied Air Express (BULK): Air Express - Pre-scheduled pick-ups only', 'ru'),
(237, 'Temando: Allied Air Express (BULK): 1Kg Satchel- Satchel required', 'da'),
(237, 'Temando: Allied Air Express (BULK): 1Kg Satchel- Satchel required', 'de'),
(237, 'Temando: Allied Air Express (BULK): 1Kg Satchel- Satchel required', 'el'),
(237, 'Temando: Allied Air Express (BULK): 1Kg Satchel- Satchel required', 'en'),
(237, 'Temando: Allied Air Express (BULK): 1Kg Satchel- Satchel required', 'es'),
(237, 'Temando: Allied Air Express (BULK): 1Kg Satchel- Satchel required', 'fr'),
(237, 'Temando: Allied Air Express (BULK): 1Kg Satchel- Satchel required', 'it'),
(237, 'Temando: Allied Air Express (BULK): 1Kg Satchel- Satchel required', 'nl'),
(237, 'Temando: Allied Air Express (BULK): 1Kg Satchel- Satchel required', 'no'),
(237, 'Temando: Allied Air Express (BULK): 1Kg Satchel- Satchel required', 'pt'),
(237, 'Temando: Allied Air Express (BULK): 1Kg Satchel- Satchel required', 'ro'),
(237, 'Temando: Allied Air Express (BULK): 1Kg Satchel- Satchel required', 'ru'),
(238, 'Temando: Allied Air Express (BULK): 3Kg Satchel - Satchel Required', 'da'),
(238, 'Temando: Allied Air Express (BULK): 3Kg Satchel - Satchel Required', 'de'),
(238, 'Temando: Allied Air Express (BULK): 3Kg Satchel - Satchel Required', 'el'),
(238, 'Temando: Allied Air Express (BULK): 3Kg Satchel - Satchel Required', 'en'),
(238, 'Temando: Allied Air Express (BULK): 3Kg Satchel - Satchel Required', 'es'),
(238, 'Temando: Allied Air Express (BULK): 3Kg Satchel - Satchel Required', 'fr'),
(238, 'Temando: Allied Air Express (BULK): 3Kg Satchel - Satchel Required', 'it'),
(238, 'Temando: Allied Air Express (BULK): 3Kg Satchel - Satchel Required', 'nl'),
(238, 'Temando: Allied Air Express (BULK): 3Kg Satchel - Satchel Required', 'no'),
(238, 'Temando: Allied Air Express (BULK): 3Kg Satchel - Satchel Required', 'pt'),
(238, 'Temando: Allied Air Express (BULK): 3Kg Satchel - Satchel Required', 'ro'),
(238, 'Temando: Allied Air Express (BULK): 3Kg Satchel - Satchel Required', 'ru'),
(239, 'Temando: Allied Air Express (BULK): 5Kg Satchel - Satchel Required', 'da'),
(239, 'Temando: Allied Air Express (BULK): 5Kg Satchel - Satchel Required', 'de'),
(239, 'Temando: Allied Air Express (BULK): 5Kg Satchel - Satchel Required', 'el'),
(239, 'Temando: Allied Air Express (BULK): 5Kg Satchel - Satchel Required', 'en'),
(239, 'Temando: Allied Air Express (BULK): 5Kg Satchel - Satchel Required', 'es'),
(239, 'Temando: Allied Air Express (BULK): 5Kg Satchel - Satchel Required', 'fr'),
(239, 'Temando: Allied Air Express (BULK): 5Kg Satchel - Satchel Required', 'it'),
(239, 'Temando: Allied Air Express (BULK): 5Kg Satchel - Satchel Required', 'nl'),
(239, 'Temando: Allied Air Express (BULK): 5Kg Satchel - Satchel Required', 'no'),
(239, 'Temando: Allied Air Express (BULK): 5Kg Satchel - Satchel Required', 'pt'),
(239, 'Temando: Allied Air Express (BULK): 5Kg Satchel - Satchel Required', 'ro'),
(239, 'Temando: Allied Air Express (BULK): 5Kg Satchel - Satchel Required', 'ru'),
(240, 'Temando: Allied Air Express Adhoc: Air Express', 'da'),
(240, 'Temando: Allied Air Express Adhoc: Air Express', 'de'),
(240, 'Temando: Allied Air Express Adhoc: Air Express', 'el'),
(240, 'Temando: Allied Air Express Adhoc: Air Express', 'en'),
(240, 'Temando: Allied Air Express Adhoc: Air Express', 'es'),
(240, 'Temando: Allied Air Express Adhoc: Air Express', 'fr'),
(240, 'Temando: Allied Air Express Adhoc: Air Express', 'it'),
(240, 'Temando: Allied Air Express Adhoc: Air Express', 'nl'),
(240, 'Temando: Allied Air Express Adhoc: Air Express', 'no'),
(240, 'Temando: Allied Air Express Adhoc: Air Express', 'pt'),
(240, 'Temando: Allied Air Express Adhoc: Air Express', 'ro'),
(240, 'Temando: Allied Air Express Adhoc: Air Express', 'ru'),
(241, 'Temando: Allied Air Express Adhoc: 1kg Satchel - Satchel Required', 'da'),
(241, 'Temando: Allied Air Express Adhoc: 1kg Satchel - Satchel Required', 'de'),
(241, 'Temando: Allied Air Express Adhoc: 1kg Satchel - Satchel Required', 'el'),
(241, 'Temando: Allied Air Express Adhoc: 1kg Satchel - Satchel Required', 'en'),
(241, 'Temando: Allied Air Express Adhoc: 1kg Satchel - Satchel Required', 'es'),
(241, 'Temando: Allied Air Express Adhoc: 1kg Satchel - Satchel Required', 'fr'),
(241, 'Temando: Allied Air Express Adhoc: 1kg Satchel - Satchel Required', 'it'),
(241, 'Temando: Allied Air Express Adhoc: 1kg Satchel - Satchel Required', 'nl'),
(241, 'Temando: Allied Air Express Adhoc: 1kg Satchel - Satchel Required', 'no'),
(241, 'Temando: Allied Air Express Adhoc: 1kg Satchel - Satchel Required', 'pt'),
(241, 'Temando: Allied Air Express Adhoc: 1kg Satchel - Satchel Required', 'ro'),
(241, 'Temando: Allied Air Express Adhoc: 1kg Satchel - Satchel Required', 'ru'),
(242, 'Temando: Allied Air Express Adhoc: 3kg Satchel - Satchel Required', 'da'),
(242, 'Temando: Allied Air Express Adhoc: 3kg Satchel - Satchel Required', 'de'),
(242, 'Temando: Allied Air Express Adhoc: 3kg Satchel - Satchel Required', 'el'),
(242, 'Temando: Allied Air Express Adhoc: 3kg Satchel - Satchel Required', 'en'),
(242, 'Temando: Allied Air Express Adhoc: 3kg Satchel - Satchel Required', 'es'),
(242, 'Temando: Allied Air Express Adhoc: 3kg Satchel - Satchel Required', 'fr'),
(242, 'Temando: Allied Air Express Adhoc: 3kg Satchel - Satchel Required', 'it'),
(242, 'Temando: Allied Air Express Adhoc: 3kg Satchel - Satchel Required', 'nl'),
(242, 'Temando: Allied Air Express Adhoc: 3kg Satchel - Satchel Required', 'no'),
(242, 'Temando: Allied Air Express Adhoc: 3kg Satchel - Satchel Required', 'pt'),
(242, 'Temando: Allied Air Express Adhoc: 3kg Satchel - Satchel Required', 'ro'),
(242, 'Temando: Allied Air Express Adhoc: 3kg Satchel - Satchel Required', 'ru'),
(243, 'Temando: Allied Air Express Adhoc: 5kg Satchel - Satchel Required', 'da'),
(243, 'Temando: Allied Air Express Adhoc: 5kg Satchel - Satchel Required', 'de'),
(243, 'Temando: Allied Air Express Adhoc: 5kg Satchel - Satchel Required', 'el'),
(243, 'Temando: Allied Air Express Adhoc: 5kg Satchel - Satchel Required', 'en'),
(243, 'Temando: Allied Air Express Adhoc: 5kg Satchel - Satchel Required', 'es'),
(243, 'Temando: Allied Air Express Adhoc: 5kg Satchel - Satchel Required', 'fr'),
(243, 'Temando: Allied Air Express Adhoc: 5kg Satchel - Satchel Required', 'it'),
(243, 'Temando: Allied Air Express Adhoc: 5kg Satchel - Satchel Required', 'nl'),
(243, 'Temando: Allied Air Express Adhoc: 5kg Satchel - Satchel Required', 'no'),
(243, 'Temando: Allied Air Express Adhoc: 5kg Satchel - Satchel Required', 'pt'),
(243, 'Temando: Allied Air Express Adhoc: 5kg Satchel - Satchel Required', 'ro'),
(243, 'Temando: Allied Air Express Adhoc: 5kg Satchel - Satchel Required', 'ru'),
(244, 'Temando: Allied Express: Road Express', 'da'),
(244, 'Temando: Allied Express: Road Express', 'de'),
(244, 'Temando: Allied Express: Road Express', 'el'),
(244, 'Temando: Allied Express: Road Express', 'en'),
(244, 'Temando: Allied Express: Road Express', 'es'),
(244, 'Temando: Allied Express: Road Express', 'fr'),
(244, 'Temando: Allied Express: Road Express', 'it'),
(244, 'Temando: Allied Express: Road Express', 'nl'),
(244, 'Temando: Allied Express: Road Express', 'no'),
(244, 'Temando: Allied Express: Road Express', 'pt'),
(244, 'Temando: Allied Express: Road Express', 'ro'),
(244, 'Temando: Allied Express: Road Express', 'ru'),
(245, 'Temando: Allied Express: Road Express - Call Before Delivery Service', 'da'),
(245, 'Temando: Allied Express: Road Express - Call Before Delivery Service', 'de'),
(245, 'Temando: Allied Express: Road Express - Call Before Delivery Service', 'el'),
(245, 'Temando: Allied Express: Road Express - Call Before Delivery Service', 'en'),
(245, 'Temando: Allied Express: Road Express - Call Before Delivery Service', 'es'),
(245, 'Temando: Allied Express: Road Express - Call Before Delivery Service', 'fr'),
(245, 'Temando: Allied Express: Road Express - Call Before Delivery Service', 'it'),
(245, 'Temando: Allied Express: Road Express - Call Before Delivery Service', 'nl'),
(245, 'Temando: Allied Express: Road Express - Call Before Delivery Service', 'no'),
(245, 'Temando: Allied Express: Road Express - Call Before Delivery Service', 'pt'),
(245, 'Temando: Allied Express: Road Express - Call Before Delivery Service', 'ro'),
(245, 'Temando: Allied Express: Road Express - Call Before Delivery Service', 'ru'),
(246, 'Temando: Allied Express (Bulk): Road Express- Pre-scheduled pick-ups only', 'da'),
(246, 'Temando: Allied Express (Bulk): Road Express- Pre-scheduled pick-ups only', 'de'),
(246, 'Temando: Allied Express (Bulk): Road Express- Pre-scheduled pick-ups only', 'el'),
(246, 'Temando: Allied Express (Bulk): Road Express- Pre-scheduled pick-ups only', 'en'),
(246, 'Temando: Allied Express (Bulk): Road Express- Pre-scheduled pick-ups only', 'es'),
(246, 'Temando: Allied Express (Bulk): Road Express- Pre-scheduled pick-ups only', 'fr'),
(246, 'Temando: Allied Express (Bulk): Road Express- Pre-scheduled pick-ups only', 'it'),
(246, 'Temando: Allied Express (Bulk): Road Express- Pre-scheduled pick-ups only', 'nl'),
(246, 'Temando: Allied Express (Bulk): Road Express- Pre-scheduled pick-ups only', 'no'),
(246, 'Temando: Allied Express (Bulk): Road Express- Pre-scheduled pick-ups only', 'pt'),
(246, 'Temando: Allied Express (Bulk): Road Express- Pre-scheduled pick-ups only', 'ro'),
(246, 'Temando: Allied Express (Bulk): Road Express- Pre-scheduled pick-ups only', 'ru'),
(247, 'Temando: Allied Express (Bulk): Road Express (Bulk) Call Before Delivery Service', 'da'),
(247, 'Temando: Allied Express (Bulk): Road Express (Bulk) Call Before Delivery Service', 'de'),
(247, 'Temando: Allied Express (Bulk): Road Express (Bulk) Call Before Delivery Service', 'el'),
(247, 'Temando: Allied Express (Bulk): Road Express (Bulk) Call Before Delivery Service', 'en'),
(247, 'Temando: Allied Express (Bulk): Road Express (Bulk) Call Before Delivery Service', 'es'),
(247, 'Temando: Allied Express (Bulk): Road Express (Bulk) Call Before Delivery Service', 'fr'),
(247, 'Temando: Allied Express (Bulk): Road Express (Bulk) Call Before Delivery Service', 'it'),
(247, 'Temando: Allied Express (Bulk): Road Express (Bulk) Call Before Delivery Service', 'nl'),
(247, 'Temando: Allied Express (Bulk): Road Express (Bulk) Call Before Delivery Service', 'no'),
(247, 'Temando: Allied Express (Bulk): Road Express (Bulk) Call Before Delivery Service', 'pt'),
(247, 'Temando: Allied Express (Bulk): Road Express (Bulk) Call Before Delivery Service', 'ro'),
(247, 'Temando: Allied Express (Bulk): Road Express (Bulk) Call Before Delivery Service', 'ru'),
(248, 'Temando: Allied Express Pallets: Road Express Pallet 1.4m ( height max)', 'da'),
(248, 'Temando: Allied Express Pallets: Road Express Pallet 1.4m ( height max)', 'de'),
(248, 'Temando: Allied Express Pallets: Road Express Pallet 1.4m ( height max)', 'el'),
(248, 'Temando: Allied Express Pallets: Road Express Pallet 1.4m ( height max)', 'en'),
(248, 'Temando: Allied Express Pallets: Road Express Pallet 1.4m ( height max)', 'es'),
(248, 'Temando: Allied Express Pallets: Road Express Pallet 1.4m ( height max)', 'fr'),
(248, 'Temando: Allied Express Pallets: Road Express Pallet 1.4m ( height max)', 'it'),
(248, 'Temando: Allied Express Pallets: Road Express Pallet 1.4m ( height max)', 'nl'),
(248, 'Temando: Allied Express Pallets: Road Express Pallet 1.4m ( height max)', 'no'),
(248, 'Temando: Allied Express Pallets: Road Express Pallet 1.4m ( height max)', 'pt'),
(248, 'Temando: Allied Express Pallets: Road Express Pallet 1.4m ( height max)', 'ro'),
(248, 'Temando: Allied Express Pallets: Road Express Pallet 1.4m ( height max)', 'ru'),
(249, 'Temando: Allied Express Pallets: Road Express Pallet 2.4m (height max)', 'da'),
(249, 'Temando: Allied Express Pallets: Road Express Pallet 2.4m (height max)', 'de'),
(249, 'Temando: Allied Express Pallets: Road Express Pallet 2.4m (height max)', 'el'),
(249, 'Temando: Allied Express Pallets: Road Express Pallet 2.4m (height max)', 'en'),
(249, 'Temando: Allied Express Pallets: Road Express Pallet 2.4m (height max)', 'es'),
(249, 'Temando: Allied Express Pallets: Road Express Pallet 2.4m (height max)', 'fr'),
(249, 'Temando: Allied Express Pallets: Road Express Pallet 2.4m (height max)', 'it'),
(249, 'Temando: Allied Express Pallets: Road Express Pallet 2.4m (height max)', 'nl'),
(249, 'Temando: Allied Express Pallets: Road Express Pallet 2.4m (height max)', 'no'),
(249, 'Temando: Allied Express Pallets: Road Express Pallet 2.4m (height max)', 'pt'),
(249, 'Temando: Allied Express Pallets: Road Express Pallet 2.4m (height max)', 'ro'),
(249, 'Temando: Allied Express Pallets: Road Express Pallet 2.4m (height max)', 'ru'),
(250, 'Temando: Allied Courier Sydney: Allied Courier Sydney- Same Day Service', 'da'),
(250, 'Temando: Allied Courier Sydney: Allied Courier Sydney- Same Day Service', 'de'),
(250, 'Temando: Allied Courier Sydney: Allied Courier Sydney- Same Day Service', 'el'),
(250, 'Temando: Allied Courier Sydney: Allied Courier Sydney- Same Day Service', 'en'),
(250, 'Temando: Allied Courier Sydney: Allied Courier Sydney- Same Day Service', 'es'),
(250, 'Temando: Allied Courier Sydney: Allied Courier Sydney- Same Day Service', 'fr'),
(250, 'Temando: Allied Courier Sydney: Allied Courier Sydney- Same Day Service', 'it'),
(250, 'Temando: Allied Courier Sydney: Allied Courier Sydney- Same Day Service', 'nl'),
(250, 'Temando: Allied Courier Sydney: Allied Courier Sydney- Same Day Service', 'no'),
(250, 'Temando: Allied Courier Sydney: Allied Courier Sydney- Same Day Service', 'pt'),
(250, 'Temando: Allied Courier Sydney: Allied Courier Sydney- Same Day Service', 'ro'),
(250, 'Temando: Allied Courier Sydney: Allied Courier Sydney- Same Day Service', 'ru'),
(251, 'Temando: Allied Courier Brisbane: Allied Courier Brisbane- Same Day Service', 'da'),
(251, 'Temando: Allied Courier Brisbane: Allied Courier Brisbane- Same Day Service', 'de'),
(251, 'Temando: Allied Courier Brisbane: Allied Courier Brisbane- Same Day Service', 'el'),
(251, 'Temando: Allied Courier Brisbane: Allied Courier Brisbane- Same Day Service', 'en'),
(251, 'Temando: Allied Courier Brisbane: Allied Courier Brisbane- Same Day Service', 'es'),
(251, 'Temando: Allied Courier Brisbane: Allied Courier Brisbane- Same Day Service', 'fr'),
(251, 'Temando: Allied Courier Brisbane: Allied Courier Brisbane- Same Day Service', 'it'),
(251, 'Temando: Allied Courier Brisbane: Allied Courier Brisbane- Same Day Service', 'nl'),
(251, 'Temando: Allied Courier Brisbane: Allied Courier Brisbane- Same Day Service', 'no'),
(251, 'Temando: Allied Courier Brisbane: Allied Courier Brisbane- Same Day Service', 'pt'),
(251, 'Temando: Allied Courier Brisbane: Allied Courier Brisbane- Same Day Service', 'ro'),
(251, 'Temando: Allied Courier Brisbane: Allied Courier Brisbane- Same Day Service', 'ru'),
(252, 'Temando: Allied Courier Melbourne: Allied Courier Melborne- Same-Day Service', 'da'),
(252, 'Temando: Allied Courier Melbourne: Allied Courier Melborne- Same-Day Service', 'de'),
(252, 'Temando: Allied Courier Melbourne: Allied Courier Melborne- Same-Day Service', 'el'),
(252, 'Temando: Allied Courier Melbourne: Allied Courier Melborne- Same-Day Service', 'en'),
(252, 'Temando: Allied Courier Melbourne: Allied Courier Melborne- Same-Day Service', 'es'),
(252, 'Temando: Allied Courier Melbourne: Allied Courier Melborne- Same-Day Service', 'fr'),
(252, 'Temando: Allied Courier Melbourne: Allied Courier Melborne- Same-Day Service', 'it'),
(252, 'Temando: Allied Courier Melbourne: Allied Courier Melborne- Same-Day Service', 'nl'),
(252, 'Temando: Allied Courier Melbourne: Allied Courier Melborne- Same-Day Service', 'no'),
(252, 'Temando: Allied Courier Melbourne: Allied Courier Melborne- Same-Day Service', 'pt'),
(252, 'Temando: Allied Courier Melbourne: Allied Courier Melborne- Same-Day Service', 'ro'),
(252, 'Temando: Allied Courier Melbourne: Allied Courier Melborne- Same-Day Service', 'ru'),
(253, 'Temando: Allied Courier Adelaide: Allied Courier Adelaide- Same Day Service', 'da'),
(253, 'Temando: Allied Courier Adelaide: Allied Courier Adelaide- Same Day Service', 'de'),
(253, 'Temando: Allied Courier Adelaide: Allied Courier Adelaide- Same Day Service', 'el'),
(253, 'Temando: Allied Courier Adelaide: Allied Courier Adelaide- Same Day Service', 'en'),
(253, 'Temando: Allied Courier Adelaide: Allied Courier Adelaide- Same Day Service', 'es'),
(253, 'Temando: Allied Courier Adelaide: Allied Courier Adelaide- Same Day Service', 'fr'),
(253, 'Temando: Allied Courier Adelaide: Allied Courier Adelaide- Same Day Service', 'it'),
(253, 'Temando: Allied Courier Adelaide: Allied Courier Adelaide- Same Day Service', 'nl'),
(253, 'Temando: Allied Courier Adelaide: Allied Courier Adelaide- Same Day Service', 'no'),
(253, 'Temando: Allied Courier Adelaide: Allied Courier Adelaide- Same Day Service', 'pt'),
(253, 'Temando: Allied Courier Adelaide: Allied Courier Adelaide- Same Day Service', 'ro'),
(253, 'Temando: Allied Courier Adelaide: Allied Courier Adelaide- Same Day Service', 'ru'),
(254, 'Temando: Allied Courier Perth: Allied Courier Perth- Same Day Service', 'da'),
(254, 'Temando: Allied Courier Perth: Allied Courier Perth- Same Day Service', 'de'),
(254, 'Temando: Allied Courier Perth: Allied Courier Perth- Same Day Service', 'el'),
(254, 'Temando: Allied Courier Perth: Allied Courier Perth- Same Day Service', 'en'),
(254, 'Temando: Allied Courier Perth: Allied Courier Perth- Same Day Service', 'es'),
(254, 'Temando: Allied Courier Perth: Allied Courier Perth- Same Day Service', 'fr'),
(254, 'Temando: Allied Courier Perth: Allied Courier Perth- Same Day Service', 'it'),
(254, 'Temando: Allied Courier Perth: Allied Courier Perth- Same Day Service', 'nl'),
(254, 'Temando: Allied Courier Perth: Allied Courier Perth- Same Day Service', 'no'),
(254, 'Temando: Allied Courier Perth: Allied Courier Perth- Same Day Service', 'pt'),
(254, 'Temando: Allied Courier Perth: Allied Courier Perth- Same Day Service', 'ro'),
(254, 'Temando: Allied Courier Perth: Allied Courier Perth- Same Day Service', 'ru'),
(255, 'Temando: Australia Post (eParcel): eParcel - Standard', 'da'),
(255, 'Temando: Australia Post (eParcel): eParcel - Standard', 'de'),
(255, 'Temando: Australia Post (eParcel): eParcel - Standard', 'el'),
(255, 'Temando: Australia Post (eParcel): eParcel - Standard', 'en'),
(255, 'Temando: Australia Post (eParcel): eParcel - Standard', 'es'),
(255, 'Temando: Australia Post (eParcel): eParcel - Standard', 'fr'),
(255, 'Temando: Australia Post (eParcel): eParcel - Standard', 'it'),
(255, 'Temando: Australia Post (eParcel): eParcel - Standard', 'nl'),
(255, 'Temando: Australia Post (eParcel): eParcel - Standard', 'no'),
(255, 'Temando: Australia Post (eParcel): eParcel - Standard', 'pt'),
(255, 'Temando: Australia Post (eParcel): eParcel - Standard', 'ro'),
(255, 'Temando: Australia Post (eParcel): eParcel - Standard', 'ru'),
(256, 'Temando: Australia Post (eParcel): eParcel S4', 'da'),
(256, 'Temando: Australia Post (eParcel): eParcel S4', 'de'),
(256, 'Temando: Australia Post (eParcel): eParcel S4', 'el'),
(256, 'Temando: Australia Post (eParcel): eParcel S4', 'en'),
(256, 'Temando: Australia Post (eParcel): eParcel S4', 'es'),
(256, 'Temando: Australia Post (eParcel): eParcel S4', 'fr'),
(256, 'Temando: Australia Post (eParcel): eParcel S4', 'it'),
(256, 'Temando: Australia Post (eParcel): eParcel S4', 'nl'),
(256, 'Temando: Australia Post (eParcel): eParcel S4', 'no'),
(256, 'Temando: Australia Post (eParcel): eParcel S4', 'pt'),
(256, 'Temando: Australia Post (eParcel): eParcel S4', 'ro'),
(256, 'Temando: Australia Post (eParcel): eParcel S4', 'ru'),
(257, 'Temando: Australia Post (eParcel): eParcel S5', 'da'),
(257, 'Temando: Australia Post (eParcel): eParcel S5', 'de'),
(257, 'Temando: Australia Post (eParcel): eParcel S5', 'el'),
(257, 'Temando: Australia Post (eParcel): eParcel S5', 'en'),
(257, 'Temando: Australia Post (eParcel): eParcel S5', 'es'),
(257, 'Temando: Australia Post (eParcel): eParcel S5', 'fr'),
(257, 'Temando: Australia Post (eParcel): eParcel S5', 'it'),
(257, 'Temando: Australia Post (eParcel): eParcel S5', 'nl'),
(257, 'Temando: Australia Post (eParcel): eParcel S5', 'no'),
(257, 'Temando: Australia Post (eParcel): eParcel S5', 'pt'),
(257, 'Temando: Australia Post (eParcel): eParcel S5', 'ro'),
(257, 'Temando: Australia Post (eParcel): eParcel S5', 'ru'),
(258, 'Temando: Australia Post (eParcel): eParcel S6 - ATL - Authority to Leave', 'da'),
(258, 'Temando: Australia Post (eParcel): eParcel S6 - ATL - Authority to Leave', 'de'),
(258, 'Temando: Australia Post (eParcel): eParcel S6 - ATL - Authority to Leave', 'el'),
(258, 'Temando: Australia Post (eParcel): eParcel S6 - ATL - Authority to Leave', 'en'),
(258, 'Temando: Australia Post (eParcel): eParcel S6 - ATL - Authority to Leave', 'es'),
(258, 'Temando: Australia Post (eParcel): eParcel S6 - ATL - Authority to Leave', 'fr'),
(258, 'Temando: Australia Post (eParcel): eParcel S6 - ATL - Authority to Leave', 'it'),
(258, 'Temando: Australia Post (eParcel): eParcel S6 - ATL - Authority to Leave', 'nl'),
(258, 'Temando: Australia Post (eParcel): eParcel S6 - ATL - Authority to Leave', 'no'),
(258, 'Temando: Australia Post (eParcel): eParcel S6 - ATL - Authority to Leave', 'pt'),
(258, 'Temando: Australia Post (eParcel): eParcel S6 - ATL - Authority to Leave', 'ro'),
(258, 'Temando: Australia Post (eParcel): eParcel S6 - ATL - Authority to Leave', 'ru'),
(259, 'Temando: Australia Post (eParcel): eParcel - Standard S9', 'da'),
(259, 'Temando: Australia Post (eParcel): eParcel - Standard S9', 'de'),
(259, 'Temando: Australia Post (eParcel): eParcel - Standard S9', 'el'),
(259, 'Temando: Australia Post (eParcel): eParcel - Standard S9', 'en'),
(259, 'Temando: Australia Post (eParcel): eParcel - Standard S9', 'es'),
(259, 'Temando: Australia Post (eParcel): eParcel - Standard S9', 'fr'),
(259, 'Temando: Australia Post (eParcel): eParcel - Standard S9', 'it'),
(259, 'Temando: Australia Post (eParcel): eParcel - Standard S9', 'nl'),
(259, 'Temando: Australia Post (eParcel): eParcel - Standard S9', 'no'),
(259, 'Temando: Australia Post (eParcel): eParcel - Standard S9', 'pt'),
(259, 'Temando: Australia Post (eParcel): eParcel - Standard S9', 'ro'),
(259, 'Temando: Australia Post (eParcel): eParcel - Standard S9', 'ru'),
(260, 'Temando: Australia Post (eParcel): eParcel- Express X1', 'da'),
(260, 'Temando: Australia Post (eParcel): eParcel- Express X1', 'de'),
(260, 'Temando: Australia Post (eParcel): eParcel- Express X1', 'el'),
(260, 'Temando: Australia Post (eParcel): eParcel- Express X1', 'en'),
(260, 'Temando: Australia Post (eParcel): eParcel- Express X1', 'es'),
(260, 'Temando: Australia Post (eParcel): eParcel- Express X1', 'fr'),
(260, 'Temando: Australia Post (eParcel): eParcel- Express X1', 'it'),
(260, 'Temando: Australia Post (eParcel): eParcel- Express X1', 'nl'),
(260, 'Temando: Australia Post (eParcel): eParcel- Express X1', 'no'),
(260, 'Temando: Australia Post (eParcel): eParcel- Express X1', 'pt'),
(260, 'Temando: Australia Post (eParcel): eParcel- Express X1', 'ro'),
(260, 'Temando: Australia Post (eParcel): eParcel- Express X1', 'ru'),
(261, 'Temando: Australia Post (eParcel): eParcel - Express X2', 'da'),
(261, 'Temando: Australia Post (eParcel): eParcel - Express X2', 'de'),
(261, 'Temando: Australia Post (eParcel): eParcel - Express X2', 'el'),
(261, 'Temando: Australia Post (eParcel): eParcel - Express X2', 'en'),
(261, 'Temando: Australia Post (eParcel): eParcel - Express X2', 'es'),
(261, 'Temando: Australia Post (eParcel): eParcel - Express X2', 'fr'),
(261, 'Temando: Australia Post (eParcel): eParcel - Express X2', 'it'),
(261, 'Temando: Australia Post (eParcel): eParcel - Express X2', 'nl'),
(261, 'Temando: Australia Post (eParcel): eParcel - Express X2', 'no'),
(261, 'Temando: Australia Post (eParcel): eParcel - Express X2', 'pt'),
(261, 'Temando: Australia Post (eParcel): eParcel - Express X2', 'ro'),
(261, 'Temando: Australia Post (eParcel): eParcel - Express X2', 'ru'),
(262, 'Temando: Australia Post (eParcel): eParcel - Express X6', 'da'),
(262, 'Temando: Australia Post (eParcel): eParcel - Express X6', 'de'),
(262, 'Temando: Australia Post (eParcel): eParcel - Express X6', 'el'),
(262, 'Temando: Australia Post (eParcel): eParcel - Express X6', 'en'),
(262, 'Temando: Australia Post (eParcel): eParcel - Express X6', 'es'),
(262, 'Temando: Australia Post (eParcel): eParcel - Express X6', 'fr'),
(262, 'Temando: Australia Post (eParcel): eParcel - Express X6', 'it'),
(262, 'Temando: Australia Post (eParcel): eParcel - Express X6', 'nl'),
(262, 'Temando: Australia Post (eParcel): eParcel - Express X6', 'no'),
(262, 'Temando: Australia Post (eParcel): eParcel - Express X6', 'pt'),
(262, 'Temando: Australia Post (eParcel): eParcel - Express X6', 'ro'),
(262, 'Temando: Australia Post (eParcel): eParcel - Express X6', 'ru'),
(263, 'Temando: Australia Post (eParcel): eParcel Express X5', 'da'),
(263, 'Temando: Australia Post (eParcel): eParcel Express X5', 'de'),
(263, 'Temando: Australia Post (eParcel): eParcel Express X5', 'el'),
(263, 'Temando: Australia Post (eParcel): eParcel Express X5', 'en'),
(263, 'Temando: Australia Post (eParcel): eParcel Express X5', 'es'),
(263, 'Temando: Australia Post (eParcel): eParcel Express X5', 'fr'),
(263, 'Temando: Australia Post (eParcel): eParcel Express X5', 'it'),
(263, 'Temando: Australia Post (eParcel): eParcel Express X5', 'nl'),
(263, 'Temando: Australia Post (eParcel): eParcel Express X5', 'no'),
(263, 'Temando: Australia Post (eParcel): eParcel Express X5', 'pt'),
(263, 'Temando: Australia Post (eParcel): eParcel Express X5', 'ro'),
(263, 'Temando: Australia Post (eParcel): eParcel Express X5', 'ru'),
(264, 'Temando: Australia Post (eParcel): Express eParcel X5- Authority to Leave (ATL)', 'da'),
(264, 'Temando: Australia Post (eParcel): Express eParcel X5- Authority to Leave (ATL)', 'de'),
(264, 'Temando: Australia Post (eParcel): Express eParcel X5- Authority to Leave (ATL)', 'el'),
(264, 'Temando: Australia Post (eParcel): Express eParcel X5- Authority to Leave (ATL)', 'en'),
(264, 'Temando: Australia Post (eParcel): Express eParcel X5- Authority to Leave (ATL)', 'es'),
(264, 'Temando: Australia Post (eParcel): Express eParcel X5- Authority to Leave (ATL)', 'fr'),
(264, 'Temando: Australia Post (eParcel): Express eParcel X5- Authority to Leave (ATL)', 'it'),
(264, 'Temando: Australia Post (eParcel): Express eParcel X5- Authority to Leave (ATL)', 'nl'),
(264, 'Temando: Australia Post (eParcel): Express eParcel X5- Authority to Leave (ATL)', 'no'),
(264, 'Temando: Australia Post (eParcel): Express eParcel X5- Authority to Leave (ATL)', 'pt'),
(264, 'Temando: Australia Post (eParcel): Express eParcel X5- Authority to Leave (ATL)', 'ro'),
(264, 'Temando: Australia Post (eParcel): Express eParcel X5- Authority to Leave (ATL)', 'ru'),
(265, 'Temando: Australia Post (eParcel): Express eParcel - Satchel Flat Rate Up to 5Kg', 'da'),
(265, 'Temando: Australia Post (eParcel): Express eParcel - Satchel Flat Rate Up to 5Kg', 'de'),
(265, 'Temando: Australia Post (eParcel): Express eParcel - Satchel Flat Rate Up to 5Kg', 'el'),
(265, 'Temando: Australia Post (eParcel): Express eParcel - Satchel Flat Rate Up to 5Kg', 'en'),
(265, 'Temando: Australia Post (eParcel): Express eParcel - Satchel Flat Rate Up to 5Kg', 'es'),
(265, 'Temando: Australia Post (eParcel): Express eParcel - Satchel Flat Rate Up to 5Kg', 'fr'),
(265, 'Temando: Australia Post (eParcel): Express eParcel - Satchel Flat Rate Up to 5Kg', 'it'),
(265, 'Temando: Australia Post (eParcel): Express eParcel - Satchel Flat Rate Up to 5Kg', 'nl'),
(265, 'Temando: Australia Post (eParcel): Express eParcel - Satchel Flat Rate Up to 5Kg', 'no'),
(265, 'Temando: Australia Post (eParcel): Express eParcel - Satchel Flat Rate Up to 5Kg', 'pt'),
(265, 'Temando: Australia Post (eParcel): Express eParcel - Satchel Flat Rate Up to 5Kg', 'ro'),
(265, 'Temando: Australia Post (eParcel): Express eParcel - Satchel Flat Rate Up to 5Kg', 'ru'),
(266, 'Temando: Australia Post (eParcel): eParcel- Wine Cartons', 'da'),
(266, 'Temando: Australia Post (eParcel): eParcel- Wine Cartons', 'de'),
(266, 'Temando: Australia Post (eParcel): eParcel- Wine Cartons', 'el'),
(266, 'Temando: Australia Post (eParcel): eParcel- Wine Cartons', 'en'),
(266, 'Temando: Australia Post (eParcel): eParcel- Wine Cartons', 'es'),
(266, 'Temando: Australia Post (eParcel): eParcel- Wine Cartons', 'fr'),
(266, 'Temando: Australia Post (eParcel): eParcel- Wine Cartons', 'it'),
(266, 'Temando: Australia Post (eParcel): eParcel- Wine Cartons', 'nl'),
(266, 'Temando: Australia Post (eParcel): eParcel- Wine Cartons', 'no'),
(266, 'Temando: Australia Post (eParcel): eParcel- Wine Cartons', 'pt'),
(266, 'Temando: Australia Post (eParcel): eParcel- Wine Cartons', 'ro'),
(266, 'Temando: Australia Post (eParcel): eParcel- Wine Cartons', 'ru'),
(267, 'Temando: Autotrans: Express (Road)', 'da'),
(267, 'Temando: Autotrans: Express (Road)', 'de'),
(267, 'Temando: Autotrans: Express (Road)', 'el'),
(267, 'Temando: Autotrans: Express (Road)', 'en'),
(267, 'Temando: Autotrans: Express (Road)', 'es'),
(267, 'Temando: Autotrans: Express (Road)', 'fr'),
(267, 'Temando: Autotrans: Express (Road)', 'it'),
(267, 'Temando: Autotrans: Express (Road)', 'nl'),
(267, 'Temando: Autotrans: Express (Road)', 'no'),
(267, 'Temando: Autotrans: Express (Road)', 'pt'),
(267, 'Temando: Autotrans: Express (Road)', 'ro'),
(267, 'Temando: Autotrans: Express (Road)', 'ru'),
(268, 'Temando: Autotrans: General (Road)', 'da'),
(268, 'Temando: Autotrans: General (Road)', 'de'),
(268, 'Temando: Autotrans: General (Road)', 'el'),
(268, 'Temando: Autotrans: General (Road)', 'en'),
(268, 'Temando: Autotrans: General (Road)', 'es'),
(268, 'Temando: Autotrans: General (Road)', 'fr'),
(268, 'Temando: Autotrans: General (Road)', 'it'),
(268, 'Temando: Autotrans: General (Road)', 'nl'),
(268, 'Temando: Autotrans: General (Road)', 'no'),
(268, 'Temando: Autotrans: General (Road)', 'pt'),
(268, 'Temando: Autotrans: General (Road)', 'ro'),
(268, 'Temando: Autotrans: General (Road)', 'ru'),
(269, 'Temando: Bluestar Logistics Bulk: 1 Man Tailgate', 'da'),
(269, 'Temando: Bluestar Logistics Bulk: 1 Man Tailgate', 'de'),
(269, 'Temando: Bluestar Logistics Bulk: 1 Man Tailgate', 'el'),
(269, 'Temando: Bluestar Logistics Bulk: 1 Man Tailgate', 'en'),
(269, 'Temando: Bluestar Logistics Bulk: 1 Man Tailgate', 'es'),
(269, 'Temando: Bluestar Logistics Bulk: 1 Man Tailgate', 'fr'),
(269, 'Temando: Bluestar Logistics Bulk: 1 Man Tailgate', 'it'),
(269, 'Temando: Bluestar Logistics Bulk: 1 Man Tailgate', 'nl'),
(269, 'Temando: Bluestar Logistics Bulk: 1 Man Tailgate', 'no'),
(269, 'Temando: Bluestar Logistics Bulk: 1 Man Tailgate', 'pt'),
(269, 'Temando: Bluestar Logistics Bulk: 1 Man Tailgate', 'ro'),
(269, 'Temando: Bluestar Logistics Bulk: 1 Man Tailgate', 'ru'),
(270, 'Temando: Bluestar Logistics Bulk: 2 Man Tailgate', 'da'),
(270, 'Temando: Bluestar Logistics Bulk: 2 Man Tailgate', 'de'),
(270, 'Temando: Bluestar Logistics Bulk: 2 Man Tailgate', 'el'),
(270, 'Temando: Bluestar Logistics Bulk: 2 Man Tailgate', 'en'),
(270, 'Temando: Bluestar Logistics Bulk: 2 Man Tailgate', 'es'),
(270, 'Temando: Bluestar Logistics Bulk: 2 Man Tailgate', 'fr'),
(270, 'Temando: Bluestar Logistics Bulk: 2 Man Tailgate', 'it'),
(270, 'Temando: Bluestar Logistics Bulk: 2 Man Tailgate', 'nl'),
(270, 'Temando: Bluestar Logistics Bulk: 2 Man Tailgate', 'no'),
(270, 'Temando: Bluestar Logistics Bulk: 2 Man Tailgate', 'pt'),
(270, 'Temando: Bluestar Logistics Bulk: 2 Man Tailgate', 'ro'),
(270, 'Temando: Bluestar Logistics Bulk: 2 Man Tailgate', 'ru'),
(271, 'Temando: Bluestar Logistics Bulk: Road Express', 'da'),
(271, 'Temando: Bluestar Logistics Bulk: Road Express', 'de'),
(271, 'Temando: Bluestar Logistics Bulk: Road Express', 'el'),
(271, 'Temando: Bluestar Logistics Bulk: Road Express', 'en'),
(271, 'Temando: Bluestar Logistics Bulk: Road Express', 'es'),
(271, 'Temando: Bluestar Logistics Bulk: Road Express', 'fr'),
(271, 'Temando: Bluestar Logistics Bulk: Road Express', 'it'),
(271, 'Temando: Bluestar Logistics Bulk: Road Express', 'nl'),
(271, 'Temando: Bluestar Logistics Bulk: Road Express', 'no'),
(271, 'Temando: Bluestar Logistics Bulk: Road Express', 'pt'),
(271, 'Temando: Bluestar Logistics Bulk: Road Express', 'ro'),
(271, 'Temando: Bluestar Logistics Bulk: Road Express', 'ru'),
(272, 'Temando: Bluestar Logistics Bulk: Per Pallet Rates', 'da'),
(272, 'Temando: Bluestar Logistics Bulk: Per Pallet Rates', 'de'),
(272, 'Temando: Bluestar Logistics Bulk: Per Pallet Rates', 'el'),
(272, 'Temando: Bluestar Logistics Bulk: Per Pallet Rates', 'en'),
(272, 'Temando: Bluestar Logistics Bulk: Per Pallet Rates', 'es'),
(272, 'Temando: Bluestar Logistics Bulk: Per Pallet Rates', 'fr'),
(272, 'Temando: Bluestar Logistics Bulk: Per Pallet Rates', 'it'),
(272, 'Temando: Bluestar Logistics Bulk: Per Pallet Rates', 'nl'),
(272, 'Temando: Bluestar Logistics Bulk: Per Pallet Rates', 'no'),
(272, 'Temando: Bluestar Logistics Bulk: Per Pallet Rates', 'pt'),
(272, 'Temando: Bluestar Logistics Bulk: Per Pallet Rates', 'ro'),
(272, 'Temando: Bluestar Logistics Bulk: Per Pallet Rates', 'ru'),
(273, 'Temando: Bohaul Express (locked): Express (Road)', 'da'),
(273, 'Temando: Bohaul Express (locked): Express (Road)', 'de'),
(273, 'Temando: Bohaul Express (locked): Express (Road)', 'el'),
(273, 'Temando: Bohaul Express (locked): Express (Road)', 'en'),
(273, 'Temando: Bohaul Express (locked): Express (Road)', 'es'),
(273, 'Temando: Bohaul Express (locked): Express (Road)', 'fr'),
(273, 'Temando: Bohaul Express (locked): Express (Road)', 'it'),
(273, 'Temando: Bohaul Express (locked): Express (Road)', 'nl'),
(273, 'Temando: Bohaul Express (locked): Express (Road)', 'no'),
(273, 'Temando: Bohaul Express (locked): Express (Road)', 'pt'),
(273, 'Temando: Bohaul Express (locked): Express (Road)', 'ro'),
(273, 'Temando: Bohaul Express (locked): Express (Road)', 'ru'),
(274, 'Temando: Bohaul Express (locked): General (Road)', 'da'),
(274, 'Temando: Bohaul Express (locked): General (Road)', 'de'),
(274, 'Temando: Bohaul Express (locked): General (Road)', 'el'),
(274, 'Temando: Bohaul Express (locked): General (Road)', 'en'),
(274, 'Temando: Bohaul Express (locked): General (Road)', 'es'),
(274, 'Temando: Bohaul Express (locked): General (Road)', 'fr'),
(274, 'Temando: Bohaul Express (locked): General (Road)', 'it'),
(274, 'Temando: Bohaul Express (locked): General (Road)', 'nl'),
(274, 'Temando: Bohaul Express (locked): General (Road)', 'no'),
(274, 'Temando: Bohaul Express (locked): General (Road)', 'pt'),
(274, 'Temando: Bohaul Express (locked): General (Road)', 'ro'),
(274, 'Temando: Bohaul Express (locked): General (Road)', 'ru'),
(275, 'Temando: Bulk Transport: Truckload- B double 34 pallet max (2.4m high max))', 'da'),
(275, 'Temando: Bulk Transport: Truckload- B double 34 pallet max (2.4m high max))', 'de'),
(275, 'Temando: Bulk Transport: Truckload- B double 34 pallet max (2.4m high max))', 'el'),
(275, 'Temando: Bulk Transport: Truckload- B double 34 pallet max (2.4m high max))', 'en'),
(275, 'Temando: Bulk Transport: Truckload- B double 34 pallet max (2.4m high max))', 'es'),
(275, 'Temando: Bulk Transport: Truckload- B double 34 pallet max (2.4m high max))', 'fr'),
(275, 'Temando: Bulk Transport: Truckload- B double 34 pallet max (2.4m high max))', 'it'),
(275, 'Temando: Bulk Transport: Truckload- B double 34 pallet max (2.4m high max))', 'nl'),
(275, 'Temando: Bulk Transport: Truckload- B double 34 pallet max (2.4m high max))', 'no'),
(275, 'Temando: Bulk Transport: Truckload- B double 34 pallet max (2.4m high max))', 'pt'),
(275, 'Temando: Bulk Transport: Truckload- B double 34 pallet max (2.4m high max))', 'ro'),
(275, 'Temando: Bulk Transport: Truckload- B double 34 pallet max (2.4m high max))', 'ru'),
(276, 'Temando: Bulk Transport: Truckload- Single 22pallet max, (2.4 high Max)', 'da'),
(276, 'Temando: Bulk Transport: Truckload- Single 22pallet max, (2.4 high Max)', 'de'),
(276, 'Temando: Bulk Transport: Truckload- Single 22pallet max, (2.4 high Max)', 'el'),
(276, 'Temando: Bulk Transport: Truckload- Single 22pallet max, (2.4 high Max)', 'en'),
(276, 'Temando: Bulk Transport: Truckload- Single 22pallet max, (2.4 high Max)', 'es'),
(276, 'Temando: Bulk Transport: Truckload- Single 22pallet max, (2.4 high Max)', 'fr'),
(276, 'Temando: Bulk Transport: Truckload- Single 22pallet max, (2.4 high Max)', 'it'),
(276, 'Temando: Bulk Transport: Truckload- Single 22pallet max, (2.4 high Max)', 'nl'),
(276, 'Temando: Bulk Transport: Truckload- Single 22pallet max, (2.4 high Max)', 'no'),
(276, 'Temando: Bulk Transport: Truckload- Single 22pallet max, (2.4 high Max)', 'pt'),
(276, 'Temando: Bulk Transport: Truckload- Single 22pallet max, (2.4 high Max)', 'ro'),
(276, 'Temando: Bulk Transport: Truckload- Single 22pallet max, (2.4 high Max)', 'ru'),
(277, 'Temando: Bulk Transport: Tailgate Lift Required', 'da'),
(277, 'Temando: Bulk Transport: Tailgate Lift Required', 'de'),
(277, 'Temando: Bulk Transport: Tailgate Lift Required', 'el'),
(277, 'Temando: Bulk Transport: Tailgate Lift Required', 'en'),
(277, 'Temando: Bulk Transport: Tailgate Lift Required', 'es'),
(277, 'Temando: Bulk Transport: Tailgate Lift Required', 'fr'),
(277, 'Temando: Bulk Transport: Tailgate Lift Required', 'it'),
(277, 'Temando: Bulk Transport: Tailgate Lift Required', 'nl'),
(277, 'Temando: Bulk Transport: Tailgate Lift Required', 'no'),
(277, 'Temando: Bulk Transport: Tailgate Lift Required', 'pt'),
(277, 'Temando: Bulk Transport: Tailgate Lift Required', 'ro'),
(277, 'Temando: Bulk Transport: Tailgate Lift Required', 'ru'),
(278, 'Temando: Bulk Transport: Express', 'da'),
(278, 'Temando: Bulk Transport: Express', 'de'),
(278, 'Temando: Bulk Transport: Express', 'el'),
(278, 'Temando: Bulk Transport: Express', 'en'),
(278, 'Temando: Bulk Transport: Express', 'es'),
(278, 'Temando: Bulk Transport: Express', 'fr'),
(278, 'Temando: Bulk Transport: Express', 'it'),
(278, 'Temando: Bulk Transport: Express', 'nl'),
(278, 'Temando: Bulk Transport: Express', 'no'),
(278, 'Temando: Bulk Transport: Express', 'pt'),
(278, 'Temando: Bulk Transport: Express', 'ro'),
(278, 'Temando: Bulk Transport: Express', 'ru'),
(279, 'Temando: Capital Transport: Express (Road)', 'da'),
(279, 'Temando: Capital Transport: Express (Road)', 'de'),
(279, 'Temando: Capital Transport: Express (Road)', 'el'),
(279, 'Temando: Capital Transport: Express (Road)', 'en'),
(279, 'Temando: Capital Transport: Express (Road)', 'es'),
(279, 'Temando: Capital Transport: Express (Road)', 'fr'),
(279, 'Temando: Capital Transport: Express (Road)', 'it'),
(279, 'Temando: Capital Transport: Express (Road)', 'nl'),
(279, 'Temando: Capital Transport: Express (Road)', 'no'),
(279, 'Temando: Capital Transport: Express (Road)', 'pt'),
(279, 'Temando: Capital Transport: Express (Road)', 'ro'),
(279, 'Temando: Capital Transport: Express (Road)', 'ru'),
(280, 'Temando: Capital Transport: General (Road)', 'da'),
(280, 'Temando: Capital Transport: General (Road)', 'de'),
(280, 'Temando: Capital Transport: General (Road)', 'el'),
(280, 'Temando: Capital Transport: General (Road)', 'en'),
(280, 'Temando: Capital Transport: General (Road)', 'es'),
(280, 'Temando: Capital Transport: General (Road)', 'fr'),
(280, 'Temando: Capital Transport: General (Road)', 'it'),
(280, 'Temando: Capital Transport: General (Road)', 'nl'),
(280, 'Temando: Capital Transport: General (Road)', 'no'),
(280, 'Temando: Capital Transport: General (Road)', 'pt'),
(280, 'Temando: Capital Transport: General (Road)', 'ro'),
(280, 'Temando: Capital Transport: General (Road)', 'ru'),
(281, 'Temando: Capital Transport Courier: same day', 'da'),
(281, 'Temando: Capital Transport Courier: same day', 'de'),
(281, 'Temando: Capital Transport Courier: same day', 'el'),
(281, 'Temando: Capital Transport Courier: same day', 'en'),
(281, 'Temando: Capital Transport Courier: same day', 'es'),
(281, 'Temando: Capital Transport Courier: same day', 'fr'),
(281, 'Temando: Capital Transport Courier: same day', 'it'),
(281, 'Temando: Capital Transport Courier: same day', 'nl'),
(281, 'Temando: Capital Transport Courier: same day', 'no'),
(281, 'Temando: Capital Transport Courier: same day', 'pt'),
(281, 'Temando: Capital Transport Courier: same day', 'ro'),
(281, 'Temando: Capital Transport Courier: same day', 'ru'),
(282, 'Temando: Capital Transport HDS: Home Delivery Service', 'da'),
(282, 'Temando: Capital Transport HDS: Home Delivery Service', 'de'),
(282, 'Temando: Capital Transport HDS: Home Delivery Service', 'el'),
(282, 'Temando: Capital Transport HDS: Home Delivery Service', 'en'),
(282, 'Temando: Capital Transport HDS: Home Delivery Service', 'es'),
(282, 'Temando: Capital Transport HDS: Home Delivery Service', 'fr'),
(282, 'Temando: Capital Transport HDS: Home Delivery Service', 'it'),
(282, 'Temando: Capital Transport HDS: Home Delivery Service', 'nl'),
(282, 'Temando: Capital Transport HDS: Home Delivery Service', 'no'),
(282, 'Temando: Capital Transport HDS: Home Delivery Service', 'pt'),
(282, 'Temando: Capital Transport HDS: Home Delivery Service', 'ro'),
(282, 'Temando: Capital Transport HDS: Home Delivery Service', 'ru'),
(283, 'Temando: Ceva Logistics: General (Road)', 'da'),
(283, 'Temando: Ceva Logistics: General (Road)', 'de'),
(283, 'Temando: Ceva Logistics: General (Road)', 'el'),
(283, 'Temando: Ceva Logistics: General (Road)', 'en'),
(283, 'Temando: Ceva Logistics: General (Road)', 'es'),
(283, 'Temando: Ceva Logistics: General (Road)', 'fr'),
(283, 'Temando: Ceva Logistics: General (Road)', 'it'),
(283, 'Temando: Ceva Logistics: General (Road)', 'nl'),
(283, 'Temando: Ceva Logistics: General (Road)', 'no'),
(283, 'Temando: Ceva Logistics: General (Road)', 'pt'),
(283, 'Temando: Ceva Logistics: General (Road)', 'ro'),
(283, 'Temando: Ceva Logistics: General (Road)', 'ru'),
(284, 'Temando: Civic Transport Services: Sameday Truck <1000kgs', 'da'),
(284, 'Temando: Civic Transport Services: Sameday Truck <1000kgs', 'de'),
(284, 'Temando: Civic Transport Services: Sameday Truck <1000kgs', 'el'),
(284, 'Temando: Civic Transport Services: Sameday Truck <1000kgs', 'en'),
(284, 'Temando: Civic Transport Services: Sameday Truck <1000kgs', 'es'),
(284, 'Temando: Civic Transport Services: Sameday Truck <1000kgs', 'fr'),
(284, 'Temando: Civic Transport Services: Sameday Truck <1000kgs', 'it'),
(284, 'Temando: Civic Transport Services: Sameday Truck <1000kgs', 'nl'),
(284, 'Temando: Civic Transport Services: Sameday Truck <1000kgs', 'no'),
(284, 'Temando: Civic Transport Services: Sameday Truck <1000kgs', 'pt'),
(284, 'Temando: Civic Transport Services: Sameday Truck <1000kgs', 'ro'),
(284, 'Temando: Civic Transport Services: Sameday Truck <1000kgs', 'ru'),
(285, 'Temando: Civic Transport Services: Sameday Courier <25kgs', 'da'),
(285, 'Temando: Civic Transport Services: Sameday Courier <25kgs', 'de'),
(285, 'Temando: Civic Transport Services: Sameday Courier <25kgs', 'el'),
(285, 'Temando: Civic Transport Services: Sameday Courier <25kgs', 'en'),
(285, 'Temando: Civic Transport Services: Sameday Courier <25kgs', 'es'),
(285, 'Temando: Civic Transport Services: Sameday Courier <25kgs', 'fr'),
(285, 'Temando: Civic Transport Services: Sameday Courier <25kgs', 'it'),
(285, 'Temando: Civic Transport Services: Sameday Courier <25kgs', 'nl'),
(285, 'Temando: Civic Transport Services: Sameday Courier <25kgs', 'no'),
(285, 'Temando: Civic Transport Services: Sameday Courier <25kgs', 'pt'),
(285, 'Temando: Civic Transport Services: Sameday Courier <25kgs', 'ro'),
(285, 'Temando: Civic Transport Services: Sameday Courier <25kgs', 'ru'),
(286, 'Temando: Civic Transport Services: Sameday Ute/Van <500kgs', 'da'),
(286, 'Temando: Civic Transport Services: Sameday Ute/Van <500kgs', 'de'),
(286, 'Temando: Civic Transport Services: Sameday Ute/Van <500kgs', 'el'),
(286, 'Temando: Civic Transport Services: Sameday Ute/Van <500kgs', 'en'),
(286, 'Temando: Civic Transport Services: Sameday Ute/Van <500kgs', 'es'),
(286, 'Temando: Civic Transport Services: Sameday Ute/Van <500kgs', 'fr'),
(286, 'Temando: Civic Transport Services: Sameday Ute/Van <500kgs', 'it'),
(286, 'Temando: Civic Transport Services: Sameday Ute/Van <500kgs', 'nl');
INSERT INTO `partiushop_shipping_service_descriptions` (`service_id`, `description`, `lang_code`) VALUES
(286, 'Temando: Civic Transport Services: Sameday Ute/Van <500kgs', 'no'),
(286, 'Temando: Civic Transport Services: Sameday Ute/Van <500kgs', 'pt'),
(286, 'Temando: Civic Transport Services: Sameday Ute/Van <500kgs', 'ro'),
(286, 'Temando: Civic Transport Services: Sameday Ute/Van <500kgs', 'ru'),
(287, 'Temando: Concord Park: Pallets', 'da'),
(287, 'Temando: Concord Park: Pallets', 'de'),
(287, 'Temando: Concord Park: Pallets', 'el'),
(287, 'Temando: Concord Park: Pallets', 'en'),
(287, 'Temando: Concord Park: Pallets', 'es'),
(287, 'Temando: Concord Park: Pallets', 'fr'),
(287, 'Temando: Concord Park: Pallets', 'it'),
(287, 'Temando: Concord Park: Pallets', 'nl'),
(287, 'Temando: Concord Park: Pallets', 'no'),
(287, 'Temando: Concord Park: Pallets', 'pt'),
(287, 'Temando: Concord Park: Pallets', 'ro'),
(287, 'Temando: Concord Park: Pallets', 'ru'),
(288, 'Temando: Cope Sensitive Freight: Standard 1 Man service (perm pickups only)', 'da'),
(288, 'Temando: Cope Sensitive Freight: Standard 1 Man service (perm pickups only)', 'de'),
(288, 'Temando: Cope Sensitive Freight: Standard 1 Man service (perm pickups only)', 'el'),
(288, 'Temando: Cope Sensitive Freight: Standard 1 Man service (perm pickups only)', 'en'),
(288, 'Temando: Cope Sensitive Freight: Standard 1 Man service (perm pickups only)', 'es'),
(288, 'Temando: Cope Sensitive Freight: Standard 1 Man service (perm pickups only)', 'fr'),
(288, 'Temando: Cope Sensitive Freight: Standard 1 Man service (perm pickups only)', 'it'),
(288, 'Temando: Cope Sensitive Freight: Standard 1 Man service (perm pickups only)', 'nl'),
(288, 'Temando: Cope Sensitive Freight: Standard 1 Man service (perm pickups only)', 'no'),
(288, 'Temando: Cope Sensitive Freight: Standard 1 Man service (perm pickups only)', 'pt'),
(288, 'Temando: Cope Sensitive Freight: Standard 1 Man service (perm pickups only)', 'ro'),
(288, 'Temando: Cope Sensitive Freight: Standard 1 Man service (perm pickups only)', 'ru'),
(289, 'Temando: Cope Sensitive Freight: 1 Man Tailgate Service (Perm pick up ONLY)', 'da'),
(289, 'Temando: Cope Sensitive Freight: 1 Man Tailgate Service (Perm pick up ONLY)', 'de'),
(289, 'Temando: Cope Sensitive Freight: 1 Man Tailgate Service (Perm pick up ONLY)', 'el'),
(289, 'Temando: Cope Sensitive Freight: 1 Man Tailgate Service (Perm pick up ONLY)', 'en'),
(289, 'Temando: Cope Sensitive Freight: 1 Man Tailgate Service (Perm pick up ONLY)', 'es'),
(289, 'Temando: Cope Sensitive Freight: 1 Man Tailgate Service (Perm pick up ONLY)', 'fr'),
(289, 'Temando: Cope Sensitive Freight: 1 Man Tailgate Service (Perm pick up ONLY)', 'it'),
(289, 'Temando: Cope Sensitive Freight: 1 Man Tailgate Service (Perm pick up ONLY)', 'nl'),
(289, 'Temando: Cope Sensitive Freight: 1 Man Tailgate Service (Perm pick up ONLY)', 'no'),
(289, 'Temando: Cope Sensitive Freight: 1 Man Tailgate Service (Perm pick up ONLY)', 'pt'),
(289, 'Temando: Cope Sensitive Freight: 1 Man Tailgate Service (Perm pick up ONLY)', 'ro'),
(289, 'Temando: Cope Sensitive Freight: 1 Man Tailgate Service (Perm pick up ONLY)', 'ru'),
(290, 'Temando: Couriers Please: 1 Kg Parcel', 'da'),
(290, 'Temando: Couriers Please: 1 Kg Parcel', 'de'),
(290, 'Temando: Couriers Please: 1 Kg Parcel', 'el'),
(290, 'Temando: Couriers Please: 1 Kg Parcel', 'en'),
(290, 'Temando: Couriers Please: 1 Kg Parcel', 'es'),
(290, 'Temando: Couriers Please: 1 Kg Parcel', 'fr'),
(290, 'Temando: Couriers Please: 1 Kg Parcel', 'it'),
(290, 'Temando: Couriers Please: 1 Kg Parcel', 'nl'),
(290, 'Temando: Couriers Please: 1 Kg Parcel', 'no'),
(290, 'Temando: Couriers Please: 1 Kg Parcel', 'pt'),
(290, 'Temando: Couriers Please: 1 Kg Parcel', 'ro'),
(290, 'Temando: Couriers Please: 1 Kg Parcel', 'ru'),
(291, 'Temando: Couriers Please: Satchel 1kg (max weight) satchel required', 'da'),
(291, 'Temando: Couriers Please: Satchel 1kg (max weight) satchel required', 'de'),
(291, 'Temando: Couriers Please: Satchel 1kg (max weight) satchel required', 'el'),
(291, 'Temando: Couriers Please: Satchel 1kg (max weight) satchel required', 'en'),
(291, 'Temando: Couriers Please: Satchel 1kg (max weight) satchel required', 'es'),
(291, 'Temando: Couriers Please: Satchel 1kg (max weight) satchel required', 'fr'),
(291, 'Temando: Couriers Please: Satchel 1kg (max weight) satchel required', 'it'),
(291, 'Temando: Couriers Please: Satchel 1kg (max weight) satchel required', 'nl'),
(291, 'Temando: Couriers Please: Satchel 1kg (max weight) satchel required', 'no'),
(291, 'Temando: Couriers Please: Satchel 1kg (max weight) satchel required', 'pt'),
(291, 'Temando: Couriers Please: Satchel 1kg (max weight) satchel required', 'ro'),
(291, 'Temando: Couriers Please: Satchel 1kg (max weight) satchel required', 'ru'),
(292, 'Temando: Couriers Please: 3Kg Parcel', 'da'),
(292, 'Temando: Couriers Please: 3Kg Parcel', 'de'),
(292, 'Temando: Couriers Please: 3Kg Parcel', 'el'),
(292, 'Temando: Couriers Please: 3Kg Parcel', 'en'),
(292, 'Temando: Couriers Please: 3Kg Parcel', 'es'),
(292, 'Temando: Couriers Please: 3Kg Parcel', 'fr'),
(292, 'Temando: Couriers Please: 3Kg Parcel', 'it'),
(292, 'Temando: Couriers Please: 3Kg Parcel', 'nl'),
(292, 'Temando: Couriers Please: 3Kg Parcel', 'no'),
(292, 'Temando: Couriers Please: 3Kg Parcel', 'pt'),
(292, 'Temando: Couriers Please: 3Kg Parcel', 'ro'),
(292, 'Temando: Couriers Please: 3Kg Parcel', 'ru'),
(293, 'Temando: Couriers Please: Satchel 3kg (max weight) satchel required', 'da'),
(293, 'Temando: Couriers Please: Satchel 3kg (max weight) satchel required', 'de'),
(293, 'Temando: Couriers Please: Satchel 3kg (max weight) satchel required', 'el'),
(293, 'Temando: Couriers Please: Satchel 3kg (max weight) satchel required', 'en'),
(293, 'Temando: Couriers Please: Satchel 3kg (max weight) satchel required', 'es'),
(293, 'Temando: Couriers Please: Satchel 3kg (max weight) satchel required', 'fr'),
(293, 'Temando: Couriers Please: Satchel 3kg (max weight) satchel required', 'it'),
(293, 'Temando: Couriers Please: Satchel 3kg (max weight) satchel required', 'nl'),
(293, 'Temando: Couriers Please: Satchel 3kg (max weight) satchel required', 'no'),
(293, 'Temando: Couriers Please: Satchel 3kg (max weight) satchel required', 'pt'),
(293, 'Temando: Couriers Please: Satchel 3kg (max weight) satchel required', 'ro'),
(293, 'Temando: Couriers Please: Satchel 3kg (max weight) satchel required', 'ru'),
(294, 'Temando: Couriers Please: 5Kg Parcel', 'da'),
(294, 'Temando: Couriers Please: 5Kg Parcel', 'de'),
(294, 'Temando: Couriers Please: 5Kg Parcel', 'el'),
(294, 'Temando: Couriers Please: 5Kg Parcel', 'en'),
(294, 'Temando: Couriers Please: 5Kg Parcel', 'es'),
(294, 'Temando: Couriers Please: 5Kg Parcel', 'fr'),
(294, 'Temando: Couriers Please: 5Kg Parcel', 'it'),
(294, 'Temando: Couriers Please: 5Kg Parcel', 'nl'),
(294, 'Temando: Couriers Please: 5Kg Parcel', 'no'),
(294, 'Temando: Couriers Please: 5Kg Parcel', 'pt'),
(294, 'Temando: Couriers Please: 5Kg Parcel', 'ro'),
(294, 'Temando: Couriers Please: 5Kg Parcel', 'ru'),
(295, 'Temando: Couriers Please: Satchel 5kg (max weight) satchel required', 'da'),
(295, 'Temando: Couriers Please: Satchel 5kg (max weight) satchel required', 'de'),
(295, 'Temando: Couriers Please: Satchel 5kg (max weight) satchel required', 'el'),
(295, 'Temando: Couriers Please: Satchel 5kg (max weight) satchel required', 'en'),
(295, 'Temando: Couriers Please: Satchel 5kg (max weight) satchel required', 'es'),
(295, 'Temando: Couriers Please: Satchel 5kg (max weight) satchel required', 'fr'),
(295, 'Temando: Couriers Please: Satchel 5kg (max weight) satchel required', 'it'),
(295, 'Temando: Couriers Please: Satchel 5kg (max weight) satchel required', 'nl'),
(295, 'Temando: Couriers Please: Satchel 5kg (max weight) satchel required', 'no'),
(295, 'Temando: Couriers Please: Satchel 5kg (max weight) satchel required', 'pt'),
(295, 'Temando: Couriers Please: Satchel 5kg (max weight) satchel required', 'ro'),
(295, 'Temando: Couriers Please: Satchel 5kg (max weight) satchel required', 'ru'),
(296, 'Temando: Couriers Please Parcel: Road Service', 'da'),
(296, 'Temando: Couriers Please Parcel: Road Service', 'de'),
(296, 'Temando: Couriers Please Parcel: Road Service', 'el'),
(296, 'Temando: Couriers Please Parcel: Road Service', 'en'),
(296, 'Temando: Couriers Please Parcel: Road Service', 'es'),
(296, 'Temando: Couriers Please Parcel: Road Service', 'fr'),
(296, 'Temando: Couriers Please Parcel: Road Service', 'it'),
(296, 'Temando: Couriers Please Parcel: Road Service', 'nl'),
(296, 'Temando: Couriers Please Parcel: Road Service', 'no'),
(296, 'Temando: Couriers Please Parcel: Road Service', 'pt'),
(296, 'Temando: Couriers Please Parcel: Road Service', 'ro'),
(296, 'Temando: Couriers Please Parcel: Road Service', 'ru'),
(297, 'Temando: Couriers Please Parcel Metro: Road Service', 'da'),
(297, 'Temando: Couriers Please Parcel Metro: Road Service', 'de'),
(297, 'Temando: Couriers Please Parcel Metro: Road Service', 'el'),
(297, 'Temando: Couriers Please Parcel Metro: Road Service', 'en'),
(297, 'Temando: Couriers Please Parcel Metro: Road Service', 'es'),
(297, 'Temando: Couriers Please Parcel Metro: Road Service', 'fr'),
(297, 'Temando: Couriers Please Parcel Metro: Road Service', 'it'),
(297, 'Temando: Couriers Please Parcel Metro: Road Service', 'nl'),
(297, 'Temando: Couriers Please Parcel Metro: Road Service', 'no'),
(297, 'Temando: Couriers Please Parcel Metro: Road Service', 'pt'),
(297, 'Temando: Couriers Please Parcel Metro: Road Service', 'ro'),
(297, 'Temando: Couriers Please Parcel Metro: Road Service', 'ru'),
(298, 'Temando: Direct Couriers: Direct Couriers 1- 2 Hour Service', 'da'),
(298, 'Temando: Direct Couriers: Direct Couriers 1- 2 Hour Service', 'de'),
(298, 'Temando: Direct Couriers: Direct Couriers 1- 2 Hour Service', 'el'),
(298, 'Temando: Direct Couriers: Direct Couriers 1- 2 Hour Service', 'en'),
(298, 'Temando: Direct Couriers: Direct Couriers 1- 2 Hour Service', 'es'),
(298, 'Temando: Direct Couriers: Direct Couriers 1- 2 Hour Service', 'fr'),
(298, 'Temando: Direct Couriers: Direct Couriers 1- 2 Hour Service', 'it'),
(298, 'Temando: Direct Couriers: Direct Couriers 1- 2 Hour Service', 'nl'),
(298, 'Temando: Direct Couriers: Direct Couriers 1- 2 Hour Service', 'no'),
(298, 'Temando: Direct Couriers: Direct Couriers 1- 2 Hour Service', 'pt'),
(298, 'Temando: Direct Couriers: Direct Couriers 1- 2 Hour Service', 'ro'),
(298, 'Temando: Direct Couriers: Direct Couriers 1- 2 Hour Service', 'ru'),
(299, 'Temando: Direct Couriers: Direct Couriers 3-4 Hour Service', 'da'),
(299, 'Temando: Direct Couriers: Direct Couriers 3-4 Hour Service', 'de'),
(299, 'Temando: Direct Couriers: Direct Couriers 3-4 Hour Service', 'el'),
(299, 'Temando: Direct Couriers: Direct Couriers 3-4 Hour Service', 'en'),
(299, 'Temando: Direct Couriers: Direct Couriers 3-4 Hour Service', 'es'),
(299, 'Temando: Direct Couriers: Direct Couriers 3-4 Hour Service', 'fr'),
(299, 'Temando: Direct Couriers: Direct Couriers 3-4 Hour Service', 'it'),
(299, 'Temando: Direct Couriers: Direct Couriers 3-4 Hour Service', 'nl'),
(299, 'Temando: Direct Couriers: Direct Couriers 3-4 Hour Service', 'no'),
(299, 'Temando: Direct Couriers: Direct Couriers 3-4 Hour Service', 'pt'),
(299, 'Temando: Direct Couriers: Direct Couriers 3-4 Hour Service', 'ro'),
(299, 'Temando: Direct Couriers: Direct Couriers 3-4 Hour Service', 'ru'),
(300, 'Temando: Direct Couriers: Direct Couriers ASAP Service', 'da'),
(300, 'Temando: Direct Couriers: Direct Couriers ASAP Service', 'de'),
(300, 'Temando: Direct Couriers: Direct Couriers ASAP Service', 'el'),
(300, 'Temando: Direct Couriers: Direct Couriers ASAP Service', 'en'),
(300, 'Temando: Direct Couriers: Direct Couriers ASAP Service', 'es'),
(300, 'Temando: Direct Couriers: Direct Couriers ASAP Service', 'fr'),
(300, 'Temando: Direct Couriers: Direct Couriers ASAP Service', 'it'),
(300, 'Temando: Direct Couriers: Direct Couriers ASAP Service', 'nl'),
(300, 'Temando: Direct Couriers: Direct Couriers ASAP Service', 'no'),
(300, 'Temando: Direct Couriers: Direct Couriers ASAP Service', 'pt'),
(300, 'Temando: Direct Couriers: Direct Couriers ASAP Service', 'ro'),
(300, 'Temando: Direct Couriers: Direct Couriers ASAP Service', 'ru'),
(301, 'Temando: Direct Couriers (Bulk): Local Delivery (Bulk Break)', 'da'),
(301, 'Temando: Direct Couriers (Bulk): Local Delivery (Bulk Break)', 'de'),
(301, 'Temando: Direct Couriers (Bulk): Local Delivery (Bulk Break)', 'el'),
(301, 'Temando: Direct Couriers (Bulk): Local Delivery (Bulk Break)', 'en'),
(301, 'Temando: Direct Couriers (Bulk): Local Delivery (Bulk Break)', 'es'),
(301, 'Temando: Direct Couriers (Bulk): Local Delivery (Bulk Break)', 'fr'),
(301, 'Temando: Direct Couriers (Bulk): Local Delivery (Bulk Break)', 'it'),
(301, 'Temando: Direct Couriers (Bulk): Local Delivery (Bulk Break)', 'nl'),
(301, 'Temando: Direct Couriers (Bulk): Local Delivery (Bulk Break)', 'no'),
(301, 'Temando: Direct Couriers (Bulk): Local Delivery (Bulk Break)', 'pt'),
(301, 'Temando: Direct Couriers (Bulk): Local Delivery (Bulk Break)', 'ro'),
(301, 'Temando: Direct Couriers (Bulk): Local Delivery (Bulk Break)', 'ru'),
(302, 'Temando: Door 2 Door Car Carrying: General (Road)', 'da'),
(302, 'Temando: Door 2 Door Car Carrying: General (Road)', 'de'),
(302, 'Temando: Door 2 Door Car Carrying: General (Road)', 'el'),
(302, 'Temando: Door 2 Door Car Carrying: General (Road)', 'en'),
(302, 'Temando: Door 2 Door Car Carrying: General (Road)', 'es'),
(302, 'Temando: Door 2 Door Car Carrying: General (Road)', 'fr'),
(302, 'Temando: Door 2 Door Car Carrying: General (Road)', 'it'),
(302, 'Temando: Door 2 Door Car Carrying: General (Road)', 'nl'),
(302, 'Temando: Door 2 Door Car Carrying: General (Road)', 'no'),
(302, 'Temando: Door 2 Door Car Carrying: General (Road)', 'pt'),
(302, 'Temando: Door 2 Door Car Carrying: General (Road)', 'ro'),
(302, 'Temando: Door 2 Door Car Carrying: General (Road)', 'ru'),
(303, 'Temando: Door to Door Car Carrying: Road', 'da'),
(303, 'Temando: Door to Door Car Carrying: Road', 'de'),
(303, 'Temando: Door to Door Car Carrying: Road', 'el'),
(303, 'Temando: Door to Door Car Carrying: Road', 'en'),
(303, 'Temando: Door to Door Car Carrying: Road', 'es'),
(303, 'Temando: Door to Door Car Carrying: Road', 'fr'),
(303, 'Temando: Door to Door Car Carrying: Road', 'it'),
(303, 'Temando: Door to Door Car Carrying: Road', 'nl'),
(303, 'Temando: Door to Door Car Carrying: Road', 'no'),
(303, 'Temando: Door to Door Car Carrying: Road', 'pt'),
(303, 'Temando: Door to Door Car Carrying: Road', 'ro'),
(303, 'Temando: Door to Door Car Carrying: Road', 'ru'),
(304, 'Temando: Fastway Couriers A5SAT: A5/1Kg-Satchel - SATCHEL REQUIRED: CONTACT US', 'da'),
(304, 'Temando: Fastway Couriers A5SAT: A5/1Kg-Satchel - SATCHEL REQUIRED: CONTACT US', 'de'),
(304, 'Temando: Fastway Couriers A5SAT: A5/1Kg-Satchel - SATCHEL REQUIRED: CONTACT US', 'el'),
(304, 'Temando: Fastway Couriers A5SAT: A5/1Kg-Satchel - SATCHEL REQUIRED: CONTACT US', 'en'),
(304, 'Temando: Fastway Couriers A5SAT: A5/1Kg-Satchel - SATCHEL REQUIRED: CONTACT US', 'es'),
(304, 'Temando: Fastway Couriers A5SAT: A5/1Kg-Satchel - SATCHEL REQUIRED: CONTACT US', 'fr'),
(304, 'Temando: Fastway Couriers A5SAT: A5/1Kg-Satchel - SATCHEL REQUIRED: CONTACT US', 'it'),
(304, 'Temando: Fastway Couriers A5SAT: A5/1Kg-Satchel - SATCHEL REQUIRED: CONTACT US', 'nl'),
(304, 'Temando: Fastway Couriers A5SAT: A5/1Kg-Satchel - SATCHEL REQUIRED: CONTACT US', 'no'),
(304, 'Temando: Fastway Couriers A5SAT: A5/1Kg-Satchel - SATCHEL REQUIRED: CONTACT US', 'pt'),
(304, 'Temando: Fastway Couriers A5SAT: A5/1Kg-Satchel - SATCHEL REQUIRED: CONTACT US', 'ro'),
(304, 'Temando: Fastway Couriers A5SAT: A5/1Kg-Satchel - SATCHEL REQUIRED: CONTACT US', 'ru'),
(305, 'Temando: Fastway Couriers Adhoc: Metro Parcel/ Carton', 'da'),
(305, 'Temando: Fastway Couriers Adhoc: Metro Parcel/ Carton', 'de'),
(305, 'Temando: Fastway Couriers Adhoc: Metro Parcel/ Carton', 'el'),
(305, 'Temando: Fastway Couriers Adhoc: Metro Parcel/ Carton', 'en'),
(305, 'Temando: Fastway Couriers Adhoc: Metro Parcel/ Carton', 'es'),
(305, 'Temando: Fastway Couriers Adhoc: Metro Parcel/ Carton', 'fr'),
(305, 'Temando: Fastway Couriers Adhoc: Metro Parcel/ Carton', 'it'),
(305, 'Temando: Fastway Couriers Adhoc: Metro Parcel/ Carton', 'nl'),
(305, 'Temando: Fastway Couriers Adhoc: Metro Parcel/ Carton', 'no'),
(305, 'Temando: Fastway Couriers Adhoc: Metro Parcel/ Carton', 'pt'),
(305, 'Temando: Fastway Couriers Adhoc: Metro Parcel/ Carton', 'ro'),
(305, 'Temando: Fastway Couriers Adhoc: Metro Parcel/ Carton', 'ru'),
(306, 'Temando: Fastway Couriers Adhoc: Parcel/ Carton (Gr)', 'da'),
(306, 'Temando: Fastway Couriers Adhoc: Parcel/ Carton (Gr)', 'de'),
(306, 'Temando: Fastway Couriers Adhoc: Parcel/ Carton (Gr)', 'el'),
(306, 'Temando: Fastway Couriers Adhoc: Parcel/ Carton (Gr)', 'en'),
(306, 'Temando: Fastway Couriers Adhoc: Parcel/ Carton (Gr)', 'es'),
(306, 'Temando: Fastway Couriers Adhoc: Parcel/ Carton (Gr)', 'fr'),
(306, 'Temando: Fastway Couriers Adhoc: Parcel/ Carton (Gr)', 'it'),
(306, 'Temando: Fastway Couriers Adhoc: Parcel/ Carton (Gr)', 'nl'),
(306, 'Temando: Fastway Couriers Adhoc: Parcel/ Carton (Gr)', 'no'),
(306, 'Temando: Fastway Couriers Adhoc: Parcel/ Carton (Gr)', 'pt'),
(306, 'Temando: Fastway Couriers Adhoc: Parcel/ Carton (Gr)', 'ro'),
(306, 'Temando: Fastway Couriers Adhoc: Parcel/ Carton (Gr)', 'ru'),
(307, 'Temando: Fastway Couriers Adhoc: Short Haul Parcel/ Carton', 'da'),
(307, 'Temando: Fastway Couriers Adhoc: Short Haul Parcel/ Carton', 'de'),
(307, 'Temando: Fastway Couriers Adhoc: Short Haul Parcel/ Carton', 'el'),
(307, 'Temando: Fastway Couriers Adhoc: Short Haul Parcel/ Carton', 'en'),
(307, 'Temando: Fastway Couriers Adhoc: Short Haul Parcel/ Carton', 'es'),
(307, 'Temando: Fastway Couriers Adhoc: Short Haul Parcel/ Carton', 'fr'),
(307, 'Temando: Fastway Couriers Adhoc: Short Haul Parcel/ Carton', 'it'),
(307, 'Temando: Fastway Couriers Adhoc: Short Haul Parcel/ Carton', 'nl'),
(307, 'Temando: Fastway Couriers Adhoc: Short Haul Parcel/ Carton', 'no'),
(307, 'Temando: Fastway Couriers Adhoc: Short Haul Parcel/ Carton', 'pt'),
(307, 'Temando: Fastway Couriers Adhoc: Short Haul Parcel/ Carton', 'ro'),
(307, 'Temando: Fastway Couriers Adhoc: Short Haul Parcel/ Carton', 'ru'),
(308, 'Temando: Fastway Couriers Adhoc: Parcel/ Carton (Or)', 'da'),
(308, 'Temando: Fastway Couriers Adhoc: Parcel/ Carton (Or)', 'de'),
(308, 'Temando: Fastway Couriers Adhoc: Parcel/ Carton (Or)', 'el'),
(308, 'Temando: Fastway Couriers Adhoc: Parcel/ Carton (Or)', 'en'),
(308, 'Temando: Fastway Couriers Adhoc: Parcel/ Carton (Or)', 'es'),
(308, 'Temando: Fastway Couriers Adhoc: Parcel/ Carton (Or)', 'fr'),
(308, 'Temando: Fastway Couriers Adhoc: Parcel/ Carton (Or)', 'it'),
(308, 'Temando: Fastway Couriers Adhoc: Parcel/ Carton (Or)', 'nl'),
(308, 'Temando: Fastway Couriers Adhoc: Parcel/ Carton (Or)', 'no'),
(308, 'Temando: Fastway Couriers Adhoc: Parcel/ Carton (Or)', 'pt'),
(308, 'Temando: Fastway Couriers Adhoc: Parcel/ Carton (Or)', 'ro'),
(308, 'Temando: Fastway Couriers Adhoc: Parcel/ Carton (Or)', 'ru'),
(309, 'Temando: Fastway Couriers Adhoc: Medium Haul Parcel/ Carton', 'da'),
(309, 'Temando: Fastway Couriers Adhoc: Medium Haul Parcel/ Carton', 'de'),
(309, 'Temando: Fastway Couriers Adhoc: Medium Haul Parcel/ Carton', 'el'),
(309, 'Temando: Fastway Couriers Adhoc: Medium Haul Parcel/ Carton', 'en'),
(309, 'Temando: Fastway Couriers Adhoc: Medium Haul Parcel/ Carton', 'es'),
(309, 'Temando: Fastway Couriers Adhoc: Medium Haul Parcel/ Carton', 'fr'),
(309, 'Temando: Fastway Couriers Adhoc: Medium Haul Parcel/ Carton', 'it'),
(309, 'Temando: Fastway Couriers Adhoc: Medium Haul Parcel/ Carton', 'nl'),
(309, 'Temando: Fastway Couriers Adhoc: Medium Haul Parcel/ Carton', 'no'),
(309, 'Temando: Fastway Couriers Adhoc: Medium Haul Parcel/ Carton', 'pt'),
(309, 'Temando: Fastway Couriers Adhoc: Medium Haul Parcel/ Carton', 'ro'),
(309, 'Temando: Fastway Couriers Adhoc: Medium Haul Parcel/ Carton', 'ru'),
(310, 'Temando: Fastway Couriers Adhoc: Parcel/ Carton (R)', 'da'),
(310, 'Temando: Fastway Couriers Adhoc: Parcel/ Carton (R)', 'de'),
(310, 'Temando: Fastway Couriers Adhoc: Parcel/ Carton (R)', 'el'),
(310, 'Temando: Fastway Couriers Adhoc: Parcel/ Carton (R)', 'en'),
(310, 'Temando: Fastway Couriers Adhoc: Parcel/ Carton (R)', 'es'),
(310, 'Temando: Fastway Couriers Adhoc: Parcel/ Carton (R)', 'fr'),
(310, 'Temando: Fastway Couriers Adhoc: Parcel/ Carton (R)', 'it'),
(310, 'Temando: Fastway Couriers Adhoc: Parcel/ Carton (R)', 'nl'),
(310, 'Temando: Fastway Couriers Adhoc: Parcel/ Carton (R)', 'no'),
(310, 'Temando: Fastway Couriers Adhoc: Parcel/ Carton (R)', 'pt'),
(310, 'Temando: Fastway Couriers Adhoc: Parcel/ Carton (R)', 'ro'),
(310, 'Temando: Fastway Couriers Adhoc: Parcel/ Carton (R)', 'ru'),
(311, 'Temando: Fastway Couriers Adhoc: A2/5KG Satchel--SATCHEL REQUIRED: CONTACT US', 'da'),
(311, 'Temando: Fastway Couriers Adhoc: A2/5KG Satchel--SATCHEL REQUIRED: CONTACT US', 'de'),
(311, 'Temando: Fastway Couriers Adhoc: A2/5KG Satchel--SATCHEL REQUIRED: CONTACT US', 'el'),
(311, 'Temando: Fastway Couriers Adhoc: A2/5KG Satchel--SATCHEL REQUIRED: CONTACT US', 'en'),
(311, 'Temando: Fastway Couriers Adhoc: A2/5KG Satchel--SATCHEL REQUIRED: CONTACT US', 'es'),
(311, 'Temando: Fastway Couriers Adhoc: A2/5KG Satchel--SATCHEL REQUIRED: CONTACT US', 'fr'),
(311, 'Temando: Fastway Couriers Adhoc: A2/5KG Satchel--SATCHEL REQUIRED: CONTACT US', 'it'),
(311, 'Temando: Fastway Couriers Adhoc: A2/5KG Satchel--SATCHEL REQUIRED: CONTACT US', 'nl'),
(311, 'Temando: Fastway Couriers Adhoc: A2/5KG Satchel--SATCHEL REQUIRED: CONTACT US', 'no'),
(311, 'Temando: Fastway Couriers Adhoc: A2/5KG Satchel--SATCHEL REQUIRED: CONTACT US', 'pt'),
(311, 'Temando: Fastway Couriers Adhoc: A2/5KG Satchel--SATCHEL REQUIRED: CONTACT US', 'ro'),
(311, 'Temando: Fastway Couriers Adhoc: A2/5KG Satchel--SATCHEL REQUIRED: CONTACT US', 'ru'),
(312, 'Temando: Fastway Couriers Adhoc: A3/3KG Satchel--SATCHEL REQUIRED: CONTACT US', 'da'),
(312, 'Temando: Fastway Couriers Adhoc: A3/3KG Satchel--SATCHEL REQUIRED: CONTACT US', 'de'),
(312, 'Temando: Fastway Couriers Adhoc: A3/3KG Satchel--SATCHEL REQUIRED: CONTACT US', 'el'),
(312, 'Temando: Fastway Couriers Adhoc: A3/3KG Satchel--SATCHEL REQUIRED: CONTACT US', 'en'),
(312, 'Temando: Fastway Couriers Adhoc: A3/3KG Satchel--SATCHEL REQUIRED: CONTACT US', 'es'),
(312, 'Temando: Fastway Couriers Adhoc: A3/3KG Satchel--SATCHEL REQUIRED: CONTACT US', 'fr'),
(312, 'Temando: Fastway Couriers Adhoc: A3/3KG Satchel--SATCHEL REQUIRED: CONTACT US', 'it'),
(312, 'Temando: Fastway Couriers Adhoc: A3/3KG Satchel--SATCHEL REQUIRED: CONTACT US', 'nl'),
(312, 'Temando: Fastway Couriers Adhoc: A3/3KG Satchel--SATCHEL REQUIRED: CONTACT US', 'no'),
(312, 'Temando: Fastway Couriers Adhoc: A3/3KG Satchel--SATCHEL REQUIRED: CONTACT US', 'pt'),
(312, 'Temando: Fastway Couriers Adhoc: A3/3KG Satchel--SATCHEL REQUIRED: CONTACT US', 'ro'),
(312, 'Temando: Fastway Couriers Adhoc: A3/3KG Satchel--SATCHEL REQUIRED: CONTACT US', 'ru'),
(313, 'Temando: Fastway Couriers Bulk: Metro Parcel/ Carton', 'da'),
(313, 'Temando: Fastway Couriers Bulk: Metro Parcel/ Carton', 'de'),
(313, 'Temando: Fastway Couriers Bulk: Metro Parcel/ Carton', 'el'),
(313, 'Temando: Fastway Couriers Bulk: Metro Parcel/ Carton', 'en'),
(313, 'Temando: Fastway Couriers Bulk: Metro Parcel/ Carton', 'es'),
(313, 'Temando: Fastway Couriers Bulk: Metro Parcel/ Carton', 'fr'),
(313, 'Temando: Fastway Couriers Bulk: Metro Parcel/ Carton', 'it'),
(313, 'Temando: Fastway Couriers Bulk: Metro Parcel/ Carton', 'nl'),
(313, 'Temando: Fastway Couriers Bulk: Metro Parcel/ Carton', 'no'),
(313, 'Temando: Fastway Couriers Bulk: Metro Parcel/ Carton', 'pt'),
(313, 'Temando: Fastway Couriers Bulk: Metro Parcel/ Carton', 'ro'),
(313, 'Temando: Fastway Couriers Bulk: Metro Parcel/ Carton', 'ru'),
(314, 'Temando: Fastway Couriers Bulk: Depot to Door - Bulk Break', 'da'),
(314, 'Temando: Fastway Couriers Bulk: Depot to Door - Bulk Break', 'de'),
(314, 'Temando: Fastway Couriers Bulk: Depot to Door - Bulk Break', 'el'),
(314, 'Temando: Fastway Couriers Bulk: Depot to Door - Bulk Break', 'en'),
(314, 'Temando: Fastway Couriers Bulk: Depot to Door - Bulk Break', 'es'),
(314, 'Temando: Fastway Couriers Bulk: Depot to Door - Bulk Break', 'fr'),
(314, 'Temando: Fastway Couriers Bulk: Depot to Door - Bulk Break', 'it'),
(314, 'Temando: Fastway Couriers Bulk: Depot to Door - Bulk Break', 'nl'),
(314, 'Temando: Fastway Couriers Bulk: Depot to Door - Bulk Break', 'no'),
(314, 'Temando: Fastway Couriers Bulk: Depot to Door - Bulk Break', 'pt'),
(314, 'Temando: Fastway Couriers Bulk: Depot to Door - Bulk Break', 'ro'),
(314, 'Temando: Fastway Couriers Bulk: Depot to Door - Bulk Break', 'ru'),
(315, 'Temando: Fastway Couriers Bulk: Depot to Door - Per Item', 'da'),
(315, 'Temando: Fastway Couriers Bulk: Depot to Door - Per Item', 'de'),
(315, 'Temando: Fastway Couriers Bulk: Depot to Door - Per Item', 'el'),
(315, 'Temando: Fastway Couriers Bulk: Depot to Door - Per Item', 'en'),
(315, 'Temando: Fastway Couriers Bulk: Depot to Door - Per Item', 'es'),
(315, 'Temando: Fastway Couriers Bulk: Depot to Door - Per Item', 'fr'),
(315, 'Temando: Fastway Couriers Bulk: Depot to Door - Per Item', 'it'),
(315, 'Temando: Fastway Couriers Bulk: Depot to Door - Per Item', 'nl'),
(315, 'Temando: Fastway Couriers Bulk: Depot to Door - Per Item', 'no'),
(315, 'Temando: Fastway Couriers Bulk: Depot to Door - Per Item', 'pt'),
(315, 'Temando: Fastway Couriers Bulk: Depot to Door - Per Item', 'ro'),
(315, 'Temando: Fastway Couriers Bulk: Depot to Door - Per Item', 'ru'),
(316, 'Temando: Fastway Couriers Bulk: Depot to Door - Shorthaul', 'da'),
(316, 'Temando: Fastway Couriers Bulk: Depot to Door - Shorthaul', 'de'),
(316, 'Temando: Fastway Couriers Bulk: Depot to Door - Shorthaul', 'el'),
(316, 'Temando: Fastway Couriers Bulk: Depot to Door - Shorthaul', 'en'),
(316, 'Temando: Fastway Couriers Bulk: Depot to Door - Shorthaul', 'es'),
(316, 'Temando: Fastway Couriers Bulk: Depot to Door - Shorthaul', 'fr'),
(316, 'Temando: Fastway Couriers Bulk: Depot to Door - Shorthaul', 'it'),
(316, 'Temando: Fastway Couriers Bulk: Depot to Door - Shorthaul', 'nl'),
(316, 'Temando: Fastway Couriers Bulk: Depot to Door - Shorthaul', 'no'),
(316, 'Temando: Fastway Couriers Bulk: Depot to Door - Shorthaul', 'pt'),
(316, 'Temando: Fastway Couriers Bulk: Depot to Door - Shorthaul', 'ro'),
(316, 'Temando: Fastway Couriers Bulk: Depot to Door - Shorthaul', 'ru'),
(317, 'Temando: Followmont Transport: General (Road)', 'da'),
(317, 'Temando: Followmont Transport: General (Road)', 'de'),
(317, 'Temando: Followmont Transport: General (Road)', 'el'),
(317, 'Temando: Followmont Transport: General (Road)', 'en'),
(317, 'Temando: Followmont Transport: General (Road)', 'es'),
(317, 'Temando: Followmont Transport: General (Road)', 'fr'),
(317, 'Temando: Followmont Transport: General (Road)', 'it'),
(317, 'Temando: Followmont Transport: General (Road)', 'nl'),
(317, 'Temando: Followmont Transport: General (Road)', 'no'),
(317, 'Temando: Followmont Transport: General (Road)', 'pt'),
(317, 'Temando: Followmont Transport: General (Road)', 'ro'),
(317, 'Temando: Followmont Transport: General (Road)', 'ru'),
(318, 'Temando: GoParcel: Express 3 Hour (Same Day Delivery)', 'da'),
(318, 'Temando: GoParcel: Express 3 Hour (Same Day Delivery)', 'de'),
(318, 'Temando: GoParcel: Express 3 Hour (Same Day Delivery)', 'el'),
(318, 'Temando: GoParcel: Express 3 Hour (Same Day Delivery)', 'en'),
(318, 'Temando: GoParcel: Express 3 Hour (Same Day Delivery)', 'es'),
(318, 'Temando: GoParcel: Express 3 Hour (Same Day Delivery)', 'fr'),
(318, 'Temando: GoParcel: Express 3 Hour (Same Day Delivery)', 'it'),
(318, 'Temando: GoParcel: Express 3 Hour (Same Day Delivery)', 'nl'),
(318, 'Temando: GoParcel: Express 3 Hour (Same Day Delivery)', 'no'),
(318, 'Temando: GoParcel: Express 3 Hour (Same Day Delivery)', 'pt'),
(318, 'Temando: GoParcel: Express 3 Hour (Same Day Delivery)', 'ro'),
(318, 'Temando: GoParcel: Express 3 Hour (Same Day Delivery)', 'ru'),
(319, 'Temando: GoParcel (BULK): Express 3 Hour (Same Day Delivery)', 'da'),
(319, 'Temando: GoParcel (BULK): Express 3 Hour (Same Day Delivery)', 'de'),
(319, 'Temando: GoParcel (BULK): Express 3 Hour (Same Day Delivery)', 'el'),
(319, 'Temando: GoParcel (BULK): Express 3 Hour (Same Day Delivery)', 'en'),
(319, 'Temando: GoParcel (BULK): Express 3 Hour (Same Day Delivery)', 'es'),
(319, 'Temando: GoParcel (BULK): Express 3 Hour (Same Day Delivery)', 'fr'),
(319, 'Temando: GoParcel (BULK): Express 3 Hour (Same Day Delivery)', 'it'),
(319, 'Temando: GoParcel (BULK): Express 3 Hour (Same Day Delivery)', 'nl'),
(319, 'Temando: GoParcel (BULK): Express 3 Hour (Same Day Delivery)', 'no'),
(319, 'Temando: GoParcel (BULK): Express 3 Hour (Same Day Delivery)', 'pt'),
(319, 'Temando: GoParcel (BULK): Express 3 Hour (Same Day Delivery)', 'ro'),
(319, 'Temando: GoParcel (BULK): Express 3 Hour (Same Day Delivery)', 'ru'),
(320, 'Temando: Hunter Express (bulk): Bulk Service - Pre-Scheduled Pick Ups Only!', 'da'),
(320, 'Temando: Hunter Express (bulk): Bulk Service - Pre-Scheduled Pick Ups Only!', 'de'),
(320, 'Temando: Hunter Express (bulk): Bulk Service - Pre-Scheduled Pick Ups Only!', 'el'),
(320, 'Temando: Hunter Express (bulk): Bulk Service - Pre-Scheduled Pick Ups Only!', 'en'),
(320, 'Temando: Hunter Express (bulk): Bulk Service - Pre-Scheduled Pick Ups Only!', 'es'),
(320, 'Temando: Hunter Express (bulk): Bulk Service - Pre-Scheduled Pick Ups Only!', 'fr'),
(320, 'Temando: Hunter Express (bulk): Bulk Service - Pre-Scheduled Pick Ups Only!', 'it'),
(320, 'Temando: Hunter Express (bulk): Bulk Service - Pre-Scheduled Pick Ups Only!', 'nl'),
(320, 'Temando: Hunter Express (bulk): Bulk Service - Pre-Scheduled Pick Ups Only!', 'no'),
(320, 'Temando: Hunter Express (bulk): Bulk Service - Pre-Scheduled Pick Ups Only!', 'pt'),
(320, 'Temando: Hunter Express (bulk): Bulk Service - Pre-Scheduled Pick Ups Only!', 'ro'),
(320, 'Temando: Hunter Express (bulk): Bulk Service - Pre-Scheduled Pick Ups Only!', 'ru'),
(321, 'Temando: Hunter Express.: General (Road)', 'da'),
(321, 'Temando: Hunter Express.: General (Road)', 'de'),
(321, 'Temando: Hunter Express.: General (Road)', 'el'),
(321, 'Temando: Hunter Express.: General (Road)', 'en'),
(321, 'Temando: Hunter Express.: General (Road)', 'es'),
(321, 'Temando: Hunter Express.: General (Road)', 'fr'),
(321, 'Temando: Hunter Express.: General (Road)', 'it'),
(321, 'Temando: Hunter Express.: General (Road)', 'nl'),
(321, 'Temando: Hunter Express.: General (Road)', 'no'),
(321, 'Temando: Hunter Express.: General (Road)', 'pt'),
(321, 'Temando: Hunter Express.: General (Road)', 'ro'),
(321, 'Temando: Hunter Express.: General (Road)', 'ru'),
(322, 'Temando: Kings Transport Brisbane: 1T Tray/ Roof Racks (250Kg) - 2 Hour Turn Around', 'da'),
(322, 'Temando: Kings Transport Brisbane: 1T Tray/ Roof Racks (250Kg) - 2 Hour Turn Around', 'de'),
(322, 'Temando: Kings Transport Brisbane: 1T Tray/ Roof Racks (250Kg) - 2 Hour Turn Around', 'el'),
(322, 'Temando: Kings Transport Brisbane: 1T Tray/ Roof Racks (250Kg) - 2 Hour Turn Around', 'en'),
(322, 'Temando: Kings Transport Brisbane: 1T Tray/ Roof Racks (250Kg) - 2 Hour Turn Around', 'es'),
(322, 'Temando: Kings Transport Brisbane: 1T Tray/ Roof Racks (250Kg) - 2 Hour Turn Around', 'fr'),
(322, 'Temando: Kings Transport Brisbane: 1T Tray/ Roof Racks (250Kg) - 2 Hour Turn Around', 'it'),
(322, 'Temando: Kings Transport Brisbane: 1T Tray/ Roof Racks (250Kg) - 2 Hour Turn Around', 'nl'),
(322, 'Temando: Kings Transport Brisbane: 1T Tray/ Roof Racks (250Kg) - 2 Hour Turn Around', 'no'),
(322, 'Temando: Kings Transport Brisbane: 1T Tray/ Roof Racks (250Kg) - 2 Hour Turn Around', 'pt'),
(322, 'Temando: Kings Transport Brisbane: 1T Tray/ Roof Racks (250Kg) - 2 Hour Turn Around', 'ro'),
(322, 'Temando: Kings Transport Brisbane: 1T Tray/ Roof Racks (250Kg) - 2 Hour Turn Around', 'ru'),
(323, 'Temando: Kings Transport Brisbane: 1 Tonne Couier - 2 Hour Turn Around', 'da'),
(323, 'Temando: Kings Transport Brisbane: 1 Tonne Couier - 2 Hour Turn Around', 'de'),
(323, 'Temando: Kings Transport Brisbane: 1 Tonne Couier - 2 Hour Turn Around', 'el'),
(323, 'Temando: Kings Transport Brisbane: 1 Tonne Couier - 2 Hour Turn Around', 'en'),
(323, 'Temando: Kings Transport Brisbane: 1 Tonne Couier - 2 Hour Turn Around', 'es'),
(323, 'Temando: Kings Transport Brisbane: 1 Tonne Couier - 2 Hour Turn Around', 'fr'),
(323, 'Temando: Kings Transport Brisbane: 1 Tonne Couier - 2 Hour Turn Around', 'it'),
(323, 'Temando: Kings Transport Brisbane: 1 Tonne Couier - 2 Hour Turn Around', 'nl'),
(323, 'Temando: Kings Transport Brisbane: 1 Tonne Couier - 2 Hour Turn Around', 'no'),
(323, 'Temando: Kings Transport Brisbane: 1 Tonne Couier - 2 Hour Turn Around', 'pt'),
(323, 'Temando: Kings Transport Brisbane: 1 Tonne Couier - 2 Hour Turn Around', 'ro'),
(323, 'Temando: Kings Transport Brisbane: 1 Tonne Couier - 2 Hour Turn Around', 'ru'),
(324, 'Temando: Kings Transport Brisbane: Express Courier - 2 Hr Turn Around', 'da'),
(324, 'Temando: Kings Transport Brisbane: Express Courier - 2 Hr Turn Around', 'de'),
(324, 'Temando: Kings Transport Brisbane: Express Courier - 2 Hr Turn Around', 'el'),
(324, 'Temando: Kings Transport Brisbane: Express Courier - 2 Hr Turn Around', 'en'),
(324, 'Temando: Kings Transport Brisbane: Express Courier - 2 Hr Turn Around', 'es'),
(324, 'Temando: Kings Transport Brisbane: Express Courier - 2 Hr Turn Around', 'fr'),
(324, 'Temando: Kings Transport Brisbane: Express Courier - 2 Hr Turn Around', 'it'),
(324, 'Temando: Kings Transport Brisbane: Express Courier - 2 Hr Turn Around', 'nl'),
(324, 'Temando: Kings Transport Brisbane: Express Courier - 2 Hr Turn Around', 'no'),
(324, 'Temando: Kings Transport Brisbane: Express Courier - 2 Hr Turn Around', 'pt'),
(324, 'Temando: Kings Transport Brisbane: Express Courier - 2 Hr Turn Around', 'ro'),
(324, 'Temando: Kings Transport Brisbane: Express Courier - 2 Hr Turn Around', 'ru'),
(325, 'Temando: Kings Transport Brisbane: Express Courier Bike - 1.5 hours Turn Around', 'da'),
(325, 'Temando: Kings Transport Brisbane: Express Courier Bike - 1.5 hours Turn Around', 'de'),
(325, 'Temando: Kings Transport Brisbane: Express Courier Bike - 1.5 hours Turn Around', 'el'),
(325, 'Temando: Kings Transport Brisbane: Express Courier Bike - 1.5 hours Turn Around', 'en'),
(325, 'Temando: Kings Transport Brisbane: Express Courier Bike - 1.5 hours Turn Around', 'es'),
(325, 'Temando: Kings Transport Brisbane: Express Courier Bike - 1.5 hours Turn Around', 'fr'),
(325, 'Temando: Kings Transport Brisbane: Express Courier Bike - 1.5 hours Turn Around', 'it'),
(325, 'Temando: Kings Transport Brisbane: Express Courier Bike - 1.5 hours Turn Around', 'nl'),
(325, 'Temando: Kings Transport Brisbane: Express Courier Bike - 1.5 hours Turn Around', 'no'),
(325, 'Temando: Kings Transport Brisbane: Express Courier Bike - 1.5 hours Turn Around', 'pt'),
(325, 'Temando: Kings Transport Brisbane: Express Courier Bike - 1.5 hours Turn Around', 'ro'),
(325, 'Temando: Kings Transport Brisbane: Express Courier Bike - 1.5 hours Turn Around', 'ru'),
(326, 'Temando: Kings Transport Brisbane: Standard Courier - 4hr Turn Around', 'da'),
(326, 'Temando: Kings Transport Brisbane: Standard Courier - 4hr Turn Around', 'de'),
(326, 'Temando: Kings Transport Brisbane: Standard Courier - 4hr Turn Around', 'el'),
(326, 'Temando: Kings Transport Brisbane: Standard Courier - 4hr Turn Around', 'en'),
(326, 'Temando: Kings Transport Brisbane: Standard Courier - 4hr Turn Around', 'es'),
(326, 'Temando: Kings Transport Brisbane: Standard Courier - 4hr Turn Around', 'fr'),
(326, 'Temando: Kings Transport Brisbane: Standard Courier - 4hr Turn Around', 'it'),
(326, 'Temando: Kings Transport Brisbane: Standard Courier - 4hr Turn Around', 'nl'),
(326, 'Temando: Kings Transport Brisbane: Standard Courier - 4hr Turn Around', 'no'),
(326, 'Temando: Kings Transport Brisbane: Standard Courier - 4hr Turn Around', 'pt'),
(326, 'Temando: Kings Transport Brisbane: Standard Courier - 4hr Turn Around', 'ro'),
(326, 'Temando: Kings Transport Brisbane: Standard Courier - 4hr Turn Around', 'ru'),
(327, 'Temando: Kings Transport Brisbane: Standard Courier Bike - 4 Hours', 'da'),
(327, 'Temando: Kings Transport Brisbane: Standard Courier Bike - 4 Hours', 'de'),
(327, 'Temando: Kings Transport Brisbane: Standard Courier Bike - 4 Hours', 'el'),
(327, 'Temando: Kings Transport Brisbane: Standard Courier Bike - 4 Hours', 'en'),
(327, 'Temando: Kings Transport Brisbane: Standard Courier Bike - 4 Hours', 'es'),
(327, 'Temando: Kings Transport Brisbane: Standard Courier Bike - 4 Hours', 'fr'),
(327, 'Temando: Kings Transport Brisbane: Standard Courier Bike - 4 Hours', 'it'),
(327, 'Temando: Kings Transport Brisbane: Standard Courier Bike - 4 Hours', 'nl'),
(327, 'Temando: Kings Transport Brisbane: Standard Courier Bike - 4 Hours', 'no'),
(327, 'Temando: Kings Transport Brisbane: Standard Courier Bike - 4 Hours', 'pt'),
(327, 'Temando: Kings Transport Brisbane: Standard Courier Bike - 4 Hours', 'ro'),
(327, 'Temando: Kings Transport Brisbane: Standard Courier Bike - 4 Hours', 'ru'),
(328, 'Temando: Kings Transport Brisbane: Courier Van/Tray - 2Hour Turn Around', 'da'),
(328, 'Temando: Kings Transport Brisbane: Courier Van/Tray - 2Hour Turn Around', 'de'),
(328, 'Temando: Kings Transport Brisbane: Courier Van/Tray - 2Hour Turn Around', 'el'),
(328, 'Temando: Kings Transport Brisbane: Courier Van/Tray - 2Hour Turn Around', 'en'),
(328, 'Temando: Kings Transport Brisbane: Courier Van/Tray - 2Hour Turn Around', 'es'),
(328, 'Temando: Kings Transport Brisbane: Courier Van/Tray - 2Hour Turn Around', 'fr'),
(328, 'Temando: Kings Transport Brisbane: Courier Van/Tray - 2Hour Turn Around', 'it'),
(328, 'Temando: Kings Transport Brisbane: Courier Van/Tray - 2Hour Turn Around', 'nl'),
(328, 'Temando: Kings Transport Brisbane: Courier Van/Tray - 2Hour Turn Around', 'no'),
(328, 'Temando: Kings Transport Brisbane: Courier Van/Tray - 2Hour Turn Around', 'pt'),
(328, 'Temando: Kings Transport Brisbane: Courier Van/Tray - 2Hour Turn Around', 'ro'),
(328, 'Temando: Kings Transport Brisbane: Courier Van/Tray - 2Hour Turn Around', 'ru'),
(329, 'Temando: Kings Transport Brisbane: VIP 1Tonne Courier-Priority Allocatioin, Direct Ru', 'da'),
(329, 'Temando: Kings Transport Brisbane: VIP 1Tonne Courier-Priority Allocatioin, Direct Ru', 'de'),
(329, 'Temando: Kings Transport Brisbane: VIP 1Tonne Courier-Priority Allocatioin, Direct Ru', 'el'),
(329, 'Temando: Kings Transport Brisbane: VIP 1Tonne Courier-Priority Allocatioin, Direct Ru', 'en'),
(329, 'Temando: Kings Transport Brisbane: VIP 1Tonne Courier-Priority Allocatioin, Direct Ru', 'es'),
(329, 'Temando: Kings Transport Brisbane: VIP 1Tonne Courier-Priority Allocatioin, Direct Ru', 'fr'),
(329, 'Temando: Kings Transport Brisbane: VIP 1Tonne Courier-Priority Allocatioin, Direct Ru', 'it'),
(329, 'Temando: Kings Transport Brisbane: VIP 1Tonne Courier-Priority Allocatioin, Direct Ru', 'nl'),
(329, 'Temando: Kings Transport Brisbane: VIP 1Tonne Courier-Priority Allocatioin, Direct Ru', 'no'),
(329, 'Temando: Kings Transport Brisbane: VIP 1Tonne Courier-Priority Allocatioin, Direct Ru', 'pt'),
(329, 'Temando: Kings Transport Brisbane: VIP 1Tonne Courier-Priority Allocatioin, Direct Ru', 'ro'),
(329, 'Temando: Kings Transport Brisbane: VIP 1Tonne Courier-Priority Allocatioin, Direct Ru', 'ru'),
(330, 'Temando: Kings Transport Brisbane: 1T Tray/Roof Racks(250Kg)Priority Alloc,Direct Run', 'da'),
(330, 'Temando: Kings Transport Brisbane: 1T Tray/Roof Racks(250Kg)Priority Alloc,Direct Run', 'de'),
(330, 'Temando: Kings Transport Brisbane: 1T Tray/Roof Racks(250Kg)Priority Alloc,Direct Run', 'el'),
(330, 'Temando: Kings Transport Brisbane: 1T Tray/Roof Racks(250Kg)Priority Alloc,Direct Run', 'en'),
(330, 'Temando: Kings Transport Brisbane: 1T Tray/Roof Racks(250Kg)Priority Alloc,Direct Run', 'es'),
(330, 'Temando: Kings Transport Brisbane: 1T Tray/Roof Racks(250Kg)Priority Alloc,Direct Run', 'fr'),
(330, 'Temando: Kings Transport Brisbane: 1T Tray/Roof Racks(250Kg)Priority Alloc,Direct Run', 'it'),
(330, 'Temando: Kings Transport Brisbane: 1T Tray/Roof Racks(250Kg)Priority Alloc,Direct Run', 'nl'),
(330, 'Temando: Kings Transport Brisbane: 1T Tray/Roof Racks(250Kg)Priority Alloc,Direct Run', 'no'),
(330, 'Temando: Kings Transport Brisbane: 1T Tray/Roof Racks(250Kg)Priority Alloc,Direct Run', 'pt'),
(330, 'Temando: Kings Transport Brisbane: 1T Tray/Roof Racks(250Kg)Priority Alloc,Direct Run', 'ro'),
(330, 'Temando: Kings Transport Brisbane: 1T Tray/Roof Racks(250Kg)Priority Alloc,Direct Run', 'ru'),
(331, 'Temando: Kings Transport Brisbane: VIP Courier - Priority Allocation, Direct Run', 'da'),
(331, 'Temando: Kings Transport Brisbane: VIP Courier - Priority Allocation, Direct Run', 'de'),
(331, 'Temando: Kings Transport Brisbane: VIP Courier - Priority Allocation, Direct Run', 'el'),
(331, 'Temando: Kings Transport Brisbane: VIP Courier - Priority Allocation, Direct Run', 'en'),
(331, 'Temando: Kings Transport Brisbane: VIP Courier - Priority Allocation, Direct Run', 'es'),
(331, 'Temando: Kings Transport Brisbane: VIP Courier - Priority Allocation, Direct Run', 'fr'),
(331, 'Temando: Kings Transport Brisbane: VIP Courier - Priority Allocation, Direct Run', 'it'),
(331, 'Temando: Kings Transport Brisbane: VIP Courier - Priority Allocation, Direct Run', 'nl'),
(331, 'Temando: Kings Transport Brisbane: VIP Courier - Priority Allocation, Direct Run', 'no'),
(331, 'Temando: Kings Transport Brisbane: VIP Courier - Priority Allocation, Direct Run', 'pt'),
(331, 'Temando: Kings Transport Brisbane: VIP Courier - Priority Allocation, Direct Run', 'ro'),
(331, 'Temando: Kings Transport Brisbane: VIP Courier - Priority Allocation, Direct Run', 'ru'),
(332, 'Temando: Kings Transport Brisbane: VIP Courier Bike - Direct Urgent', 'da'),
(332, 'Temando: Kings Transport Brisbane: VIP Courier Bike - Direct Urgent', 'de'),
(332, 'Temando: Kings Transport Brisbane: VIP Courier Bike - Direct Urgent', 'el'),
(332, 'Temando: Kings Transport Brisbane: VIP Courier Bike - Direct Urgent', 'en'),
(332, 'Temando: Kings Transport Brisbane: VIP Courier Bike - Direct Urgent', 'es'),
(332, 'Temando: Kings Transport Brisbane: VIP Courier Bike - Direct Urgent', 'fr'),
(332, 'Temando: Kings Transport Brisbane: VIP Courier Bike - Direct Urgent', 'it'),
(332, 'Temando: Kings Transport Brisbane: VIP Courier Bike - Direct Urgent', 'nl'),
(332, 'Temando: Kings Transport Brisbane: VIP Courier Bike - Direct Urgent', 'no'),
(332, 'Temando: Kings Transport Brisbane: VIP Courier Bike - Direct Urgent', 'pt'),
(332, 'Temando: Kings Transport Brisbane: VIP Courier Bike - Direct Urgent', 'ro'),
(332, 'Temando: Kings Transport Brisbane: VIP Courier Bike - Direct Urgent', 'ru'),
(333, 'Temando: Kings Transport Brisbane: VIP Van/Tray - Priority Allocation, Direct Run', 'da'),
(333, 'Temando: Kings Transport Brisbane: VIP Van/Tray - Priority Allocation, Direct Run', 'de'),
(333, 'Temando: Kings Transport Brisbane: VIP Van/Tray - Priority Allocation, Direct Run', 'el'),
(333, 'Temando: Kings Transport Brisbane: VIP Van/Tray - Priority Allocation, Direct Run', 'en'),
(333, 'Temando: Kings Transport Brisbane: VIP Van/Tray - Priority Allocation, Direct Run', 'es'),
(333, 'Temando: Kings Transport Brisbane: VIP Van/Tray - Priority Allocation, Direct Run', 'fr'),
(333, 'Temando: Kings Transport Brisbane: VIP Van/Tray - Priority Allocation, Direct Run', 'it'),
(333, 'Temando: Kings Transport Brisbane: VIP Van/Tray - Priority Allocation, Direct Run', 'nl'),
(333, 'Temando: Kings Transport Brisbane: VIP Van/Tray - Priority Allocation, Direct Run', 'no'),
(333, 'Temando: Kings Transport Brisbane: VIP Van/Tray - Priority Allocation, Direct Run', 'pt'),
(333, 'Temando: Kings Transport Brisbane: VIP Van/Tray - Priority Allocation, Direct Run', 'ro'),
(333, 'Temando: Kings Transport Brisbane: VIP Van/Tray - Priority Allocation, Direct Run', 'ru'),
(334, 'Temando: Kings Transport Melbourne - Same Day Service: 1 Tonne Couier - 3 Hour Turn ', 'da'),
(334, 'Temando: Kings Transport Melbourne - Same Day Service: 1 Tonne Couier - 3 Hour Turn ', 'de'),
(334, 'Temando: Kings Transport Melbourne - Same Day Service: 1 Tonne Couier - 3 Hour Turn ', 'el'),
(334, 'Temando: Kings Transport Melbourne - Same Day Service: 1 Tonne Couier - 3 Hour Turn ', 'en'),
(334, 'Temando: Kings Transport Melbourne - Same Day Service: 1 Tonne Couier - 3 Hour Turn ', 'es'),
(334, 'Temando: Kings Transport Melbourne - Same Day Service: 1 Tonne Couier - 3 Hour Turn ', 'fr'),
(334, 'Temando: Kings Transport Melbourne - Same Day Service: 1 Tonne Couier - 3 Hour Turn ', 'it'),
(334, 'Temando: Kings Transport Melbourne - Same Day Service: 1 Tonne Couier - 3 Hour Turn ', 'nl'),
(334, 'Temando: Kings Transport Melbourne - Same Day Service: 1 Tonne Couier - 3 Hour Turn ', 'no'),
(334, 'Temando: Kings Transport Melbourne - Same Day Service: 1 Tonne Couier - 3 Hour Turn ', 'pt'),
(334, 'Temando: Kings Transport Melbourne - Same Day Service: 1 Tonne Couier - 3 Hour Turn ', 'ro'),
(334, 'Temando: Kings Transport Melbourne - Same Day Service: 1 Tonne Couier - 3 Hour Turn ', 'ru'),
(335, 'Temando: Kings Transport Melbourne - Same Day Service: 1T Tray/ Roof Racks (250Kg) - 3 Hour Turn Around', 'da'),
(335, 'Temando: Kings Transport Melbourne - Same Day Service: 1T Tray/ Roof Racks (250Kg) - 3 Hour Turn Around', 'de'),
(335, 'Temando: Kings Transport Melbourne - Same Day Service: 1T Tray/ Roof Racks (250Kg) - 3 Hour Turn Around', 'el'),
(335, 'Temando: Kings Transport Melbourne - Same Day Service: 1T Tray/ Roof Racks (250Kg) - 3 Hour Turn Around', 'en'),
(335, 'Temando: Kings Transport Melbourne - Same Day Service: 1T Tray/ Roof Racks (250Kg) - 3 Hour Turn Around', 'es'),
(335, 'Temando: Kings Transport Melbourne - Same Day Service: 1T Tray/ Roof Racks (250Kg) - 3 Hour Turn Around', 'fr'),
(335, 'Temando: Kings Transport Melbourne - Same Day Service: 1T Tray/ Roof Racks (250Kg) - 3 Hour Turn Around', 'it'),
(335, 'Temando: Kings Transport Melbourne - Same Day Service: 1T Tray/ Roof Racks (250Kg) - 3 Hour Turn Around', 'nl'),
(335, 'Temando: Kings Transport Melbourne - Same Day Service: 1T Tray/ Roof Racks (250Kg) - 3 Hour Turn Around', 'no'),
(335, 'Temando: Kings Transport Melbourne - Same Day Service: 1T Tray/ Roof Racks (250Kg) - 3 Hour Turn Around', 'pt'),
(335, 'Temando: Kings Transport Melbourne - Same Day Service: 1T Tray/ Roof Racks (250Kg) - 3 Hour Turn Around', 'ro'),
(335, 'Temando: Kings Transport Melbourne - Same Day Service: 1T Tray/ Roof Racks (250Kg) - 3 Hour Turn Around', 'ru'),
(336, 'Temando: Kings Transport Melbourne - Same Day Service: Express Courier - 2 Hr Turn Around', 'da'),
(336, 'Temando: Kings Transport Melbourne - Same Day Service: Express Courier - 2 Hr Turn Around', 'de'),
(336, 'Temando: Kings Transport Melbourne - Same Day Service: Express Courier - 2 Hr Turn Around', 'el'),
(336, 'Temando: Kings Transport Melbourne - Same Day Service: Express Courier - 2 Hr Turn Around', 'en'),
(336, 'Temando: Kings Transport Melbourne - Same Day Service: Express Courier - 2 Hr Turn Around', 'es'),
(336, 'Temando: Kings Transport Melbourne - Same Day Service: Express Courier - 2 Hr Turn Around', 'fr'),
(336, 'Temando: Kings Transport Melbourne - Same Day Service: Express Courier - 2 Hr Turn Around', 'it'),
(336, 'Temando: Kings Transport Melbourne - Same Day Service: Express Courier - 2 Hr Turn Around', 'nl'),
(336, 'Temando: Kings Transport Melbourne - Same Day Service: Express Courier - 2 Hr Turn Around', 'no'),
(336, 'Temando: Kings Transport Melbourne - Same Day Service: Express Courier - 2 Hr Turn Around', 'pt'),
(336, 'Temando: Kings Transport Melbourne - Same Day Service: Express Courier - 2 Hr Turn Around', 'ro'),
(336, 'Temando: Kings Transport Melbourne - Same Day Service: Express Courier - 2 Hr Turn Around', 'ru'),
(337, 'Temando: Kings Transport Melbourne - Same Day Service: Standard Courier -4 hrs (2hrs CBD)', 'da'),
(337, 'Temando: Kings Transport Melbourne - Same Day Service: Standard Courier -4 hrs (2hrs CBD)', 'de'),
(337, 'Temando: Kings Transport Melbourne - Same Day Service: Standard Courier -4 hrs (2hrs CBD)', 'el'),
(337, 'Temando: Kings Transport Melbourne - Same Day Service: Standard Courier -4 hrs (2hrs CBD)', 'en'),
(337, 'Temando: Kings Transport Melbourne - Same Day Service: Standard Courier -4 hrs (2hrs CBD)', 'es'),
(337, 'Temando: Kings Transport Melbourne - Same Day Service: Standard Courier -4 hrs (2hrs CBD)', 'fr'),
(337, 'Temando: Kings Transport Melbourne - Same Day Service: Standard Courier -4 hrs (2hrs CBD)', 'it'),
(337, 'Temando: Kings Transport Melbourne - Same Day Service: Standard Courier -4 hrs (2hrs CBD)', 'nl'),
(337, 'Temando: Kings Transport Melbourne - Same Day Service: Standard Courier -4 hrs (2hrs CBD)', 'no'),
(337, 'Temando: Kings Transport Melbourne - Same Day Service: Standard Courier -4 hrs (2hrs CBD)', 'pt'),
(337, 'Temando: Kings Transport Melbourne - Same Day Service: Standard Courier -4 hrs (2hrs CBD)', 'ro'),
(337, 'Temando: Kings Transport Melbourne - Same Day Service: Standard Courier -4 hrs (2hrs CBD)', 'ru'),
(338, 'Temando: Kings Transport Melbourne - Same Day Service: Courier Van/Tray - 2Hour Turn Around', 'da'),
(338, 'Temando: Kings Transport Melbourne - Same Day Service: Courier Van/Tray - 2Hour Turn Around', 'de'),
(338, 'Temando: Kings Transport Melbourne - Same Day Service: Courier Van/Tray - 2Hour Turn Around', 'el'),
(338, 'Temando: Kings Transport Melbourne - Same Day Service: Courier Van/Tray - 2Hour Turn Around', 'en'),
(338, 'Temando: Kings Transport Melbourne - Same Day Service: Courier Van/Tray - 2Hour Turn Around', 'es'),
(338, 'Temando: Kings Transport Melbourne - Same Day Service: Courier Van/Tray - 2Hour Turn Around', 'fr'),
(338, 'Temando: Kings Transport Melbourne - Same Day Service: Courier Van/Tray - 2Hour Turn Around', 'it'),
(338, 'Temando: Kings Transport Melbourne - Same Day Service: Courier Van/Tray - 2Hour Turn Around', 'nl'),
(338, 'Temando: Kings Transport Melbourne - Same Day Service: Courier Van/Tray - 2Hour Turn Around', 'no'),
(338, 'Temando: Kings Transport Melbourne - Same Day Service: Courier Van/Tray - 2Hour Turn Around', 'pt'),
(338, 'Temando: Kings Transport Melbourne - Same Day Service: Courier Van/Tray - 2Hour Turn Around', 'ro'),
(338, 'Temando: Kings Transport Melbourne - Same Day Service: Courier Van/Tray - 2Hour Turn Around', 'ru'),
(339, 'Temando: Kings Transport Melbourne - Same Day Service: VIP 1Tonne Courier-Priority Allocatioin, Direct Ru', 'da'),
(339, 'Temando: Kings Transport Melbourne - Same Day Service: VIP 1Tonne Courier-Priority Allocatioin, Direct Ru', 'de'),
(339, 'Temando: Kings Transport Melbourne - Same Day Service: VIP 1Tonne Courier-Priority Allocatioin, Direct Ru', 'el');
INSERT INTO `partiushop_shipping_service_descriptions` (`service_id`, `description`, `lang_code`) VALUES
(339, 'Temando: Kings Transport Melbourne - Same Day Service: VIP 1Tonne Courier-Priority Allocatioin, Direct Ru', 'en'),
(339, 'Temando: Kings Transport Melbourne - Same Day Service: VIP 1Tonne Courier-Priority Allocatioin, Direct Ru', 'es'),
(339, 'Temando: Kings Transport Melbourne - Same Day Service: VIP 1Tonne Courier-Priority Allocatioin, Direct Ru', 'fr'),
(339, 'Temando: Kings Transport Melbourne - Same Day Service: VIP 1Tonne Courier-Priority Allocatioin, Direct Ru', 'it'),
(339, 'Temando: Kings Transport Melbourne - Same Day Service: VIP 1Tonne Courier-Priority Allocatioin, Direct Ru', 'nl'),
(339, 'Temando: Kings Transport Melbourne - Same Day Service: VIP 1Tonne Courier-Priority Allocatioin, Direct Ru', 'no'),
(339, 'Temando: Kings Transport Melbourne - Same Day Service: VIP 1Tonne Courier-Priority Allocatioin, Direct Ru', 'pt'),
(339, 'Temando: Kings Transport Melbourne - Same Day Service: VIP 1Tonne Courier-Priority Allocatioin, Direct Ru', 'ro'),
(339, 'Temando: Kings Transport Melbourne - Same Day Service: VIP 1Tonne Courier-Priority Allocatioin, Direct Ru', 'ru'),
(340, 'Temando: Kings Transport Melbourne - Same Day Service: 1T Tray/Roof Racks(250Kg)Priority Alloc,Direct Run', 'da'),
(340, 'Temando: Kings Transport Melbourne - Same Day Service: 1T Tray/Roof Racks(250Kg)Priority Alloc,Direct Run', 'de'),
(340, 'Temando: Kings Transport Melbourne - Same Day Service: 1T Tray/Roof Racks(250Kg)Priority Alloc,Direct Run', 'el'),
(340, 'Temando: Kings Transport Melbourne - Same Day Service: 1T Tray/Roof Racks(250Kg)Priority Alloc,Direct Run', 'en'),
(340, 'Temando: Kings Transport Melbourne - Same Day Service: 1T Tray/Roof Racks(250Kg)Priority Alloc,Direct Run', 'es'),
(340, 'Temando: Kings Transport Melbourne - Same Day Service: 1T Tray/Roof Racks(250Kg)Priority Alloc,Direct Run', 'fr'),
(340, 'Temando: Kings Transport Melbourne - Same Day Service: 1T Tray/Roof Racks(250Kg)Priority Alloc,Direct Run', 'it'),
(340, 'Temando: Kings Transport Melbourne - Same Day Service: 1T Tray/Roof Racks(250Kg)Priority Alloc,Direct Run', 'nl'),
(340, 'Temando: Kings Transport Melbourne - Same Day Service: 1T Tray/Roof Racks(250Kg)Priority Alloc,Direct Run', 'no'),
(340, 'Temando: Kings Transport Melbourne - Same Day Service: 1T Tray/Roof Racks(250Kg)Priority Alloc,Direct Run', 'pt'),
(340, 'Temando: Kings Transport Melbourne - Same Day Service: 1T Tray/Roof Racks(250Kg)Priority Alloc,Direct Run', 'ro'),
(340, 'Temando: Kings Transport Melbourne - Same Day Service: 1T Tray/Roof Racks(250Kg)Priority Alloc,Direct Run', 'ru'),
(341, 'Temando: Kings Transport Melbourne - Same Day Service: VIP Courier - Priority Allocation, Direct Run', 'da'),
(341, 'Temando: Kings Transport Melbourne - Same Day Service: VIP Courier - Priority Allocation, Direct Run', 'de'),
(341, 'Temando: Kings Transport Melbourne - Same Day Service: VIP Courier - Priority Allocation, Direct Run', 'el'),
(341, 'Temando: Kings Transport Melbourne - Same Day Service: VIP Courier - Priority Allocation, Direct Run', 'en'),
(341, 'Temando: Kings Transport Melbourne - Same Day Service: VIP Courier - Priority Allocation, Direct Run', 'es'),
(341, 'Temando: Kings Transport Melbourne - Same Day Service: VIP Courier - Priority Allocation, Direct Run', 'fr'),
(341, 'Temando: Kings Transport Melbourne - Same Day Service: VIP Courier - Priority Allocation, Direct Run', 'it'),
(341, 'Temando: Kings Transport Melbourne - Same Day Service: VIP Courier - Priority Allocation, Direct Run', 'nl'),
(341, 'Temando: Kings Transport Melbourne - Same Day Service: VIP Courier - Priority Allocation, Direct Run', 'no'),
(341, 'Temando: Kings Transport Melbourne - Same Day Service: VIP Courier - Priority Allocation, Direct Run', 'pt'),
(341, 'Temando: Kings Transport Melbourne - Same Day Service: VIP Courier - Priority Allocation, Direct Run', 'ro'),
(341, 'Temando: Kings Transport Melbourne - Same Day Service: VIP Courier - Priority Allocation, Direct Run', 'ru'),
(342, 'Temando: Kings Transport Melbourne - Same Day Service: VIP Van/Tray - Priority Allocation, Direct Run', 'da'),
(342, 'Temando: Kings Transport Melbourne - Same Day Service: VIP Van/Tray - Priority Allocation, Direct Run', 'de'),
(342, 'Temando: Kings Transport Melbourne - Same Day Service: VIP Van/Tray - Priority Allocation, Direct Run', 'el'),
(342, 'Temando: Kings Transport Melbourne - Same Day Service: VIP Van/Tray - Priority Allocation, Direct Run', 'en'),
(342, 'Temando: Kings Transport Melbourne - Same Day Service: VIP Van/Tray - Priority Allocation, Direct Run', 'es'),
(342, 'Temando: Kings Transport Melbourne - Same Day Service: VIP Van/Tray - Priority Allocation, Direct Run', 'fr'),
(342, 'Temando: Kings Transport Melbourne - Same Day Service: VIP Van/Tray - Priority Allocation, Direct Run', 'it'),
(342, 'Temando: Kings Transport Melbourne - Same Day Service: VIP Van/Tray - Priority Allocation, Direct Run', 'nl'),
(342, 'Temando: Kings Transport Melbourne - Same Day Service: VIP Van/Tray - Priority Allocation, Direct Run', 'no'),
(342, 'Temando: Kings Transport Melbourne - Same Day Service: VIP Van/Tray - Priority Allocation, Direct Run', 'pt'),
(342, 'Temando: Kings Transport Melbourne - Same Day Service: VIP Van/Tray - Priority Allocation, Direct Run', 'ro'),
(342, 'Temando: Kings Transport Melbourne - Same Day Service: VIP Van/Tray - Priority Allocation, Direct Run', 'ru'),
(343, 'Temando: Kings Transport Sydney: 1 Tonne Courier -2 Hour Turn around', 'da'),
(343, 'Temando: Kings Transport Sydney: 1 Tonne Courier -2 Hour Turn around', 'de'),
(343, 'Temando: Kings Transport Sydney: 1 Tonne Courier -2 Hour Turn around', 'el'),
(343, 'Temando: Kings Transport Sydney: 1 Tonne Courier -2 Hour Turn around', 'en'),
(343, 'Temando: Kings Transport Sydney: 1 Tonne Courier -2 Hour Turn around', 'es'),
(343, 'Temando: Kings Transport Sydney: 1 Tonne Courier -2 Hour Turn around', 'fr'),
(343, 'Temando: Kings Transport Sydney: 1 Tonne Courier -2 Hour Turn around', 'it'),
(343, 'Temando: Kings Transport Sydney: 1 Tonne Courier -2 Hour Turn around', 'nl'),
(343, 'Temando: Kings Transport Sydney: 1 Tonne Courier -2 Hour Turn around', 'no'),
(343, 'Temando: Kings Transport Sydney: 1 Tonne Courier -2 Hour Turn around', 'pt'),
(343, 'Temando: Kings Transport Sydney: 1 Tonne Courier -2 Hour Turn around', 'ro'),
(343, 'Temando: Kings Transport Sydney: 1 Tonne Courier -2 Hour Turn around', 'ru'),
(344, 'Temando: Kings Transport Sydney: Standard Courier - 2 hour turn around', 'da'),
(344, 'Temando: Kings Transport Sydney: Standard Courier - 2 hour turn around', 'de'),
(344, 'Temando: Kings Transport Sydney: Standard Courier - 2 hour turn around', 'el'),
(344, 'Temando: Kings Transport Sydney: Standard Courier - 2 hour turn around', 'en'),
(344, 'Temando: Kings Transport Sydney: Standard Courier - 2 hour turn around', 'es'),
(344, 'Temando: Kings Transport Sydney: Standard Courier - 2 hour turn around', 'fr'),
(344, 'Temando: Kings Transport Sydney: Standard Courier - 2 hour turn around', 'it'),
(344, 'Temando: Kings Transport Sydney: Standard Courier - 2 hour turn around', 'nl'),
(344, 'Temando: Kings Transport Sydney: Standard Courier - 2 hour turn around', 'no'),
(344, 'Temando: Kings Transport Sydney: Standard Courier - 2 hour turn around', 'pt'),
(344, 'Temando: Kings Transport Sydney: Standard Courier - 2 hour turn around', 'ro'),
(344, 'Temando: Kings Transport Sydney: Standard Courier - 2 hour turn around', 'ru'),
(345, 'Temando: Kings Transport Sydney: Standard Van or Tray - 2 hour turn around', 'da'),
(345, 'Temando: Kings Transport Sydney: Standard Van or Tray - 2 hour turn around', 'de'),
(345, 'Temando: Kings Transport Sydney: Standard Van or Tray - 2 hour turn around', 'el'),
(345, 'Temando: Kings Transport Sydney: Standard Van or Tray - 2 hour turn around', 'en'),
(345, 'Temando: Kings Transport Sydney: Standard Van or Tray - 2 hour turn around', 'es'),
(345, 'Temando: Kings Transport Sydney: Standard Van or Tray - 2 hour turn around', 'fr'),
(345, 'Temando: Kings Transport Sydney: Standard Van or Tray - 2 hour turn around', 'it'),
(345, 'Temando: Kings Transport Sydney: Standard Van or Tray - 2 hour turn around', 'nl'),
(345, 'Temando: Kings Transport Sydney: Standard Van or Tray - 2 hour turn around', 'no'),
(345, 'Temando: Kings Transport Sydney: Standard Van or Tray - 2 hour turn around', 'pt'),
(345, 'Temando: Kings Transport Sydney: Standard Van or Tray - 2 hour turn around', 'ro'),
(345, 'Temando: Kings Transport Sydney: Standard Van or Tray - 2 hour turn around', 'ru'),
(346, 'Temando: Kings Transport Sydney: Wagon Van Tray Courier - 2 hour turn around', 'da'),
(346, 'Temando: Kings Transport Sydney: Wagon Van Tray Courier - 2 hour turn around', 'de'),
(346, 'Temando: Kings Transport Sydney: Wagon Van Tray Courier - 2 hour turn around', 'el'),
(346, 'Temando: Kings Transport Sydney: Wagon Van Tray Courier - 2 hour turn around', 'en'),
(346, 'Temando: Kings Transport Sydney: Wagon Van Tray Courier - 2 hour turn around', 'es'),
(346, 'Temando: Kings Transport Sydney: Wagon Van Tray Courier - 2 hour turn around', 'fr'),
(346, 'Temando: Kings Transport Sydney: Wagon Van Tray Courier - 2 hour turn around', 'it'),
(346, 'Temando: Kings Transport Sydney: Wagon Van Tray Courier - 2 hour turn around', 'nl'),
(346, 'Temando: Kings Transport Sydney: Wagon Van Tray Courier - 2 hour turn around', 'no'),
(346, 'Temando: Kings Transport Sydney: Wagon Van Tray Courier - 2 hour turn around', 'pt'),
(346, 'Temando: Kings Transport Sydney: Wagon Van Tray Courier - 2 hour turn around', 'ro'),
(346, 'Temando: Kings Transport Sydney: Wagon Van Tray Courier - 2 hour turn around', 'ru'),
(347, 'Temando: Mainfreight: General (Road)', 'da'),
(347, 'Temando: Mainfreight: General (Road)', 'de'),
(347, 'Temando: Mainfreight: General (Road)', 'el'),
(347, 'Temando: Mainfreight: General (Road)', 'en'),
(347, 'Temando: Mainfreight: General (Road)', 'es'),
(347, 'Temando: Mainfreight: General (Road)', 'fr'),
(347, 'Temando: Mainfreight: General (Road)', 'it'),
(347, 'Temando: Mainfreight: General (Road)', 'nl'),
(347, 'Temando: Mainfreight: General (Road)', 'no'),
(347, 'Temando: Mainfreight: General (Road)', 'pt'),
(347, 'Temando: Mainfreight: General (Road)', 'ro'),
(347, 'Temando: Mainfreight: General (Road)', 'ru'),
(348, 'Temando: Neway Transport (NT): Regional 1 Man Tailgate', 'da'),
(348, 'Temando: Neway Transport (NT): Regional 1 Man Tailgate', 'de'),
(348, 'Temando: Neway Transport (NT): Regional 1 Man Tailgate', 'el'),
(348, 'Temando: Neway Transport (NT): Regional 1 Man Tailgate', 'en'),
(348, 'Temando: Neway Transport (NT): Regional 1 Man Tailgate', 'es'),
(348, 'Temando: Neway Transport (NT): Regional 1 Man Tailgate', 'fr'),
(348, 'Temando: Neway Transport (NT): Regional 1 Man Tailgate', 'it'),
(348, 'Temando: Neway Transport (NT): Regional 1 Man Tailgate', 'nl'),
(348, 'Temando: Neway Transport (NT): Regional 1 Man Tailgate', 'no'),
(348, 'Temando: Neway Transport (NT): Regional 1 Man Tailgate', 'pt'),
(348, 'Temando: Neway Transport (NT): Regional 1 Man Tailgate', 'ro'),
(348, 'Temando: Neway Transport (NT): Regional 1 Man Tailgate', 'ru'),
(349, 'Temando: Neway Transport (NT): Regional 2 man tailgate', 'da'),
(349, 'Temando: Neway Transport (NT): Regional 2 man tailgate', 'de'),
(349, 'Temando: Neway Transport (NT): Regional 2 man tailgate', 'el'),
(349, 'Temando: Neway Transport (NT): Regional 2 man tailgate', 'en'),
(349, 'Temando: Neway Transport (NT): Regional 2 man tailgate', 'es'),
(349, 'Temando: Neway Transport (NT): Regional 2 man tailgate', 'fr'),
(349, 'Temando: Neway Transport (NT): Regional 2 man tailgate', 'it'),
(349, 'Temando: Neway Transport (NT): Regional 2 man tailgate', 'nl'),
(349, 'Temando: Neway Transport (NT): Regional 2 man tailgate', 'no'),
(349, 'Temando: Neway Transport (NT): Regional 2 man tailgate', 'pt'),
(349, 'Temando: Neway Transport (NT): Regional 2 man tailgate', 'ro'),
(349, 'Temando: Neway Transport (NT): Regional 2 man tailgate', 'ru'),
(350, 'Temando: Neway Transport (NT):  Tailgate Service (2 Men)', 'da'),
(350, 'Temando: Neway Transport (NT):  Tailgate Service (2 Men)', 'de'),
(350, 'Temando: Neway Transport (NT):  Tailgate Service (2 Men)', 'el'),
(350, 'Temando: Neway Transport (NT):  Tailgate Service (2 Men)', 'en'),
(350, 'Temando: Neway Transport (NT):  Tailgate Service (2 Men)', 'es'),
(350, 'Temando: Neway Transport (NT):  Tailgate Service (2 Men)', 'fr'),
(350, 'Temando: Neway Transport (NT):  Tailgate Service (2 Men)', 'it'),
(350, 'Temando: Neway Transport (NT):  Tailgate Service (2 Men)', 'nl'),
(350, 'Temando: Neway Transport (NT):  Tailgate Service (2 Men)', 'no'),
(350, 'Temando: Neway Transport (NT):  Tailgate Service (2 Men)', 'pt'),
(350, 'Temando: Neway Transport (NT):  Tailgate Service (2 Men)', 'ro'),
(350, 'Temando: Neway Transport (NT):  Tailgate Service (2 Men)', 'ru'),
(351, 'Temando: Neway Transport (NT): Tailgate Sensitive (1 Man)', 'da'),
(351, 'Temando: Neway Transport (NT): Tailgate Sensitive (1 Man)', 'de'),
(351, 'Temando: Neway Transport (NT): Tailgate Sensitive (1 Man)', 'el'),
(351, 'Temando: Neway Transport (NT): Tailgate Sensitive (1 Man)', 'en'),
(351, 'Temando: Neway Transport (NT): Tailgate Sensitive (1 Man)', 'es'),
(351, 'Temando: Neway Transport (NT): Tailgate Sensitive (1 Man)', 'fr'),
(351, 'Temando: Neway Transport (NT): Tailgate Sensitive (1 Man)', 'it'),
(351, 'Temando: Neway Transport (NT): Tailgate Sensitive (1 Man)', 'nl'),
(351, 'Temando: Neway Transport (NT): Tailgate Sensitive (1 Man)', 'no'),
(351, 'Temando: Neway Transport (NT): Tailgate Sensitive (1 Man)', 'pt'),
(351, 'Temando: Neway Transport (NT): Tailgate Sensitive (1 Man)', 'ro'),
(351, 'Temando: Neway Transport (NT): Tailgate Sensitive (1 Man)', 'ru'),
(352, 'Temando: SCT Logistics: General Rail Service', 'da'),
(352, 'Temando: SCT Logistics: General Rail Service', 'de'),
(352, 'Temando: SCT Logistics: General Rail Service', 'el'),
(352, 'Temando: SCT Logistics: General Rail Service', 'en'),
(352, 'Temando: SCT Logistics: General Rail Service', 'es'),
(352, 'Temando: SCT Logistics: General Rail Service', 'fr'),
(352, 'Temando: SCT Logistics: General Rail Service', 'it'),
(352, 'Temando: SCT Logistics: General Rail Service', 'nl'),
(352, 'Temando: SCT Logistics: General Rail Service', 'no'),
(352, 'Temando: SCT Logistics: General Rail Service', 'pt'),
(352, 'Temando: SCT Logistics: General Rail Service', 'ro'),
(352, 'Temando: SCT Logistics: General Rail Service', 'ru'),
(353, 'Temando: SCT Logistics: General Road Service', 'da'),
(353, 'Temando: SCT Logistics: General Road Service', 'de'),
(353, 'Temando: SCT Logistics: General Road Service', 'el'),
(353, 'Temando: SCT Logistics: General Road Service', 'en'),
(353, 'Temando: SCT Logistics: General Road Service', 'es'),
(353, 'Temando: SCT Logistics: General Road Service', 'fr'),
(353, 'Temando: SCT Logistics: General Road Service', 'it'),
(353, 'Temando: SCT Logistics: General Road Service', 'nl'),
(353, 'Temando: SCT Logistics: General Road Service', 'no'),
(353, 'Temando: SCT Logistics: General Road Service', 'pt'),
(353, 'Temando: SCT Logistics: General Road Service', 'ro'),
(353, 'Temando: SCT Logistics: General Road Service', 'ru'),
(354, 'Temando: SMB Car Transport: General (Road)', 'da'),
(354, 'Temando: SMB Car Transport: General (Road)', 'de'),
(354, 'Temando: SMB Car Transport: General (Road)', 'el'),
(354, 'Temando: SMB Car Transport: General (Road)', 'en'),
(354, 'Temando: SMB Car Transport: General (Road)', 'es'),
(354, 'Temando: SMB Car Transport: General (Road)', 'fr'),
(354, 'Temando: SMB Car Transport: General (Road)', 'it'),
(354, 'Temando: SMB Car Transport: General (Road)', 'nl'),
(354, 'Temando: SMB Car Transport: General (Road)', 'no'),
(354, 'Temando: SMB Car Transport: General (Road)', 'pt'),
(354, 'Temando: SMB Car Transport: General (Road)', 'ro'),
(354, 'Temando: SMB Car Transport: General (Road)', 'ru'),
(355, 'Temando: Startrack: Express Premium (eta metro only)', 'da'),
(355, 'Temando: Startrack: Express Premium (eta metro only)', 'de'),
(355, 'Temando: Startrack: Express Premium (eta metro only)', 'el'),
(355, 'Temando: Startrack: Express Premium (eta metro only)', 'en'),
(355, 'Temando: Startrack: Express Premium (eta metro only)', 'es'),
(355, 'Temando: Startrack: Express Premium (eta metro only)', 'fr'),
(355, 'Temando: Startrack: Express Premium (eta metro only)', 'it'),
(355, 'Temando: Startrack: Express Premium (eta metro only)', 'nl'),
(355, 'Temando: Startrack: Express Premium (eta metro only)', 'no'),
(355, 'Temando: Startrack: Express Premium (eta metro only)', 'pt'),
(355, 'Temando: Startrack: Express Premium (eta metro only)', 'ro'),
(355, 'Temando: Startrack: Express Premium (eta metro only)', 'ru'),
(356, 'Temando: Startrack: Express Premium AAE Satchel (eta metro only)', 'da'),
(356, 'Temando: Startrack: Express Premium AAE Satchel (eta metro only)', 'de'),
(356, 'Temando: Startrack: Express Premium AAE Satchel (eta metro only)', 'el'),
(356, 'Temando: Startrack: Express Premium AAE Satchel (eta metro only)', 'en'),
(356, 'Temando: Startrack: Express Premium AAE Satchel (eta metro only)', 'es'),
(356, 'Temando: Startrack: Express Premium AAE Satchel (eta metro only)', 'fr'),
(356, 'Temando: Startrack: Express Premium AAE Satchel (eta metro only)', 'it'),
(356, 'Temando: Startrack: Express Premium AAE Satchel (eta metro only)', 'nl'),
(356, 'Temando: Startrack: Express Premium AAE Satchel (eta metro only)', 'no'),
(356, 'Temando: Startrack: Express Premium AAE Satchel (eta metro only)', 'pt'),
(356, 'Temando: Startrack: Express Premium AAE Satchel (eta metro only)', 'ro'),
(356, 'Temando: Startrack: Express Premium AAE Satchel (eta metro only)', 'ru'),
(357, 'Temando: Startrack ATL: Express Premium (eta metro only) - Auth to Leave', 'da'),
(357, 'Temando: Startrack ATL: Express Premium (eta metro only) - Auth to Leave', 'de'),
(357, 'Temando: Startrack ATL: Express Premium (eta metro only) - Auth to Leave', 'el'),
(357, 'Temando: Startrack ATL: Express Premium (eta metro only) - Auth to Leave', 'en'),
(357, 'Temando: Startrack ATL: Express Premium (eta metro only) - Auth to Leave', 'es'),
(357, 'Temando: Startrack ATL: Express Premium (eta metro only) - Auth to Leave', 'fr'),
(357, 'Temando: Startrack ATL: Express Premium (eta metro only) - Auth to Leave', 'it'),
(357, 'Temando: Startrack ATL: Express Premium (eta metro only) - Auth to Leave', 'nl'),
(357, 'Temando: Startrack ATL: Express Premium (eta metro only) - Auth to Leave', 'no'),
(357, 'Temando: Startrack ATL: Express Premium (eta metro only) - Auth to Leave', 'pt'),
(357, 'Temando: Startrack ATL: Express Premium (eta metro only) - Auth to Leave', 'ro'),
(357, 'Temando: Startrack ATL: Express Premium (eta metro only) - Auth to Leave', 'ru'),
(358, 'Temando: Startrack ATL: Express Premium Satchel (eta is metro) - ATL', 'da'),
(358, 'Temando: Startrack ATL: Express Premium Satchel (eta is metro) - ATL', 'de'),
(358, 'Temando: Startrack ATL: Express Premium Satchel (eta is metro) - ATL', 'el'),
(358, 'Temando: Startrack ATL: Express Premium Satchel (eta is metro) - ATL', 'en'),
(358, 'Temando: Startrack ATL: Express Premium Satchel (eta is metro) - ATL', 'es'),
(358, 'Temando: Startrack ATL: Express Premium Satchel (eta is metro) - ATL', 'fr'),
(358, 'Temando: Startrack ATL: Express Premium Satchel (eta is metro) - ATL', 'it'),
(358, 'Temando: Startrack ATL: Express Premium Satchel (eta is metro) - ATL', 'nl'),
(358, 'Temando: Startrack ATL: Express Premium Satchel (eta is metro) - ATL', 'no'),
(358, 'Temando: Startrack ATL: Express Premium Satchel (eta is metro) - ATL', 'pt'),
(358, 'Temando: Startrack ATL: Express Premium Satchel (eta is metro) - ATL', 'ro'),
(358, 'Temando: Startrack ATL: Express Premium Satchel (eta is metro) - ATL', 'ru'),
(359, 'Temando: Startrack Next Flight: Next Flight: Extra Costs Apply for Regional Areas', 'da'),
(359, 'Temando: Startrack Next Flight: Next Flight: Extra Costs Apply for Regional Areas', 'de'),
(359, 'Temando: Startrack Next Flight: Next Flight: Extra Costs Apply for Regional Areas', 'el'),
(359, 'Temando: Startrack Next Flight: Next Flight: Extra Costs Apply for Regional Areas', 'en'),
(359, 'Temando: Startrack Next Flight: Next Flight: Extra Costs Apply for Regional Areas', 'es'),
(359, 'Temando: Startrack Next Flight: Next Flight: Extra Costs Apply for Regional Areas', 'fr'),
(359, 'Temando: Startrack Next Flight: Next Flight: Extra Costs Apply for Regional Areas', 'it'),
(359, 'Temando: Startrack Next Flight: Next Flight: Extra Costs Apply for Regional Areas', 'nl'),
(359, 'Temando: Startrack Next Flight: Next Flight: Extra Costs Apply for Regional Areas', 'no'),
(359, 'Temando: Startrack Next Flight: Next Flight: Extra Costs Apply for Regional Areas', 'pt'),
(359, 'Temando: Startrack Next Flight: Next Flight: Extra Costs Apply for Regional Areas', 'ro'),
(359, 'Temando: Startrack Next Flight: Next Flight: Extra Costs Apply for Regional Areas', 'ru'),
(360, 'Temando: Sunexpress Transport Solutions: Urgent Direct Service (Next Availalble Vehicle)', 'da'),
(360, 'Temando: Sunexpress Transport Solutions: Urgent Direct Service (Next Availalble Vehicle)', 'de'),
(360, 'Temando: Sunexpress Transport Solutions: Urgent Direct Service (Next Availalble Vehicle)', 'el'),
(360, 'Temando: Sunexpress Transport Solutions: Urgent Direct Service (Next Availalble Vehicle)', 'en'),
(360, 'Temando: Sunexpress Transport Solutions: Urgent Direct Service (Next Availalble Vehicle)', 'es'),
(360, 'Temando: Sunexpress Transport Solutions: Urgent Direct Service (Next Availalble Vehicle)', 'fr'),
(360, 'Temando: Sunexpress Transport Solutions: Urgent Direct Service (Next Availalble Vehicle)', 'it'),
(360, 'Temando: Sunexpress Transport Solutions: Urgent Direct Service (Next Availalble Vehicle)', 'nl'),
(360, 'Temando: Sunexpress Transport Solutions: Urgent Direct Service (Next Availalble Vehicle)', 'no'),
(360, 'Temando: Sunexpress Transport Solutions: Urgent Direct Service (Next Availalble Vehicle)', 'pt'),
(360, 'Temando: Sunexpress Transport Solutions: Urgent Direct Service (Next Availalble Vehicle)', 'ro'),
(360, 'Temando: Sunexpress Transport Solutions: Urgent Direct Service (Next Availalble Vehicle)', 'ru'),
(361, 'Temando: Sunexpress Transport Solutions: Overnight Service', 'da'),
(361, 'Temando: Sunexpress Transport Solutions: Overnight Service', 'de'),
(361, 'Temando: Sunexpress Transport Solutions: Overnight Service', 'el'),
(361, 'Temando: Sunexpress Transport Solutions: Overnight Service', 'en'),
(361, 'Temando: Sunexpress Transport Solutions: Overnight Service', 'es'),
(361, 'Temando: Sunexpress Transport Solutions: Overnight Service', 'fr'),
(361, 'Temando: Sunexpress Transport Solutions: Overnight Service', 'it'),
(361, 'Temando: Sunexpress Transport Solutions: Overnight Service', 'nl'),
(361, 'Temando: Sunexpress Transport Solutions: Overnight Service', 'no'),
(361, 'Temando: Sunexpress Transport Solutions: Overnight Service', 'pt'),
(361, 'Temando: Sunexpress Transport Solutions: Overnight Service', 'ro'),
(361, 'Temando: Sunexpress Transport Solutions: Overnight Service', 'ru'),
(362, 'Temando: Sunexpress Transport Solutions: Same Day Service (allow 5 hrs for delivery)', 'da'),
(362, 'Temando: Sunexpress Transport Solutions: Same Day Service (allow 5 hrs for delivery)', 'de'),
(362, 'Temando: Sunexpress Transport Solutions: Same Day Service (allow 5 hrs for delivery)', 'el'),
(362, 'Temando: Sunexpress Transport Solutions: Same Day Service (allow 5 hrs for delivery)', 'en'),
(362, 'Temando: Sunexpress Transport Solutions: Same Day Service (allow 5 hrs for delivery)', 'es'),
(362, 'Temando: Sunexpress Transport Solutions: Same Day Service (allow 5 hrs for delivery)', 'fr'),
(362, 'Temando: Sunexpress Transport Solutions: Same Day Service (allow 5 hrs for delivery)', 'it'),
(362, 'Temando: Sunexpress Transport Solutions: Same Day Service (allow 5 hrs for delivery)', 'nl'),
(362, 'Temando: Sunexpress Transport Solutions: Same Day Service (allow 5 hrs for delivery)', 'no'),
(362, 'Temando: Sunexpress Transport Solutions: Same Day Service (allow 5 hrs for delivery)', 'pt'),
(362, 'Temando: Sunexpress Transport Solutions: Same Day Service (allow 5 hrs for delivery)', 'ro'),
(362, 'Temando: Sunexpress Transport Solutions: Same Day Service (allow 5 hrs for delivery)', 'ru'),
(363, 'Temando: Sunexpress Transport Solutions: Same Day Service (allow 3hrs for delivery)', 'da'),
(363, 'Temando: Sunexpress Transport Solutions: Same Day Service (allow 3hrs for delivery)', 'de'),
(363, 'Temando: Sunexpress Transport Solutions: Same Day Service (allow 3hrs for delivery)', 'el'),
(363, 'Temando: Sunexpress Transport Solutions: Same Day Service (allow 3hrs for delivery)', 'en'),
(363, 'Temando: Sunexpress Transport Solutions: Same Day Service (allow 3hrs for delivery)', 'es'),
(363, 'Temando: Sunexpress Transport Solutions: Same Day Service (allow 3hrs for delivery)', 'fr'),
(363, 'Temando: Sunexpress Transport Solutions: Same Day Service (allow 3hrs for delivery)', 'it'),
(363, 'Temando: Sunexpress Transport Solutions: Same Day Service (allow 3hrs for delivery)', 'nl'),
(363, 'Temando: Sunexpress Transport Solutions: Same Day Service (allow 3hrs for delivery)', 'no'),
(363, 'Temando: Sunexpress Transport Solutions: Same Day Service (allow 3hrs for delivery)', 'pt'),
(363, 'Temando: Sunexpress Transport Solutions: Same Day Service (allow 3hrs for delivery)', 'ro'),
(363, 'Temando: Sunexpress Transport Solutions: Same Day Service (allow 3hrs for delivery)', 'ru'),
(364, 'Temando: TNT: Overnight Express (AIR)', 'da'),
(364, 'Temando: TNT: Overnight Express (AIR)', 'de'),
(364, 'Temando: TNT: Overnight Express (AIR)', 'el'),
(364, 'Temando: TNT: Overnight Express (AIR)', 'en'),
(364, 'Temando: TNT: Overnight Express (AIR)', 'es'),
(364, 'Temando: TNT: Overnight Express (AIR)', 'fr'),
(364, 'Temando: TNT: Overnight Express (AIR)', 'it'),
(364, 'Temando: TNT: Overnight Express (AIR)', 'nl'),
(364, 'Temando: TNT: Overnight Express (AIR)', 'no'),
(364, 'Temando: TNT: Overnight Express (AIR)', 'pt'),
(364, 'Temando: TNT: Overnight Express (AIR)', 'ro'),
(364, 'Temando: TNT: Overnight Express (AIR)', 'ru'),
(365, 'Temando: TNT: Delivery Before 9AM Next Day (AIR)', 'da'),
(365, 'Temando: TNT: Delivery Before 9AM Next Day (AIR)', 'de'),
(365, 'Temando: TNT: Delivery Before 9AM Next Day (AIR)', 'el'),
(365, 'Temando: TNT: Delivery Before 9AM Next Day (AIR)', 'en'),
(365, 'Temando: TNT: Delivery Before 9AM Next Day (AIR)', 'es'),
(365, 'Temando: TNT: Delivery Before 9AM Next Day (AIR)', 'fr'),
(365, 'Temando: TNT: Delivery Before 9AM Next Day (AIR)', 'it'),
(365, 'Temando: TNT: Delivery Before 9AM Next Day (AIR)', 'nl'),
(365, 'Temando: TNT: Delivery Before 9AM Next Day (AIR)', 'no'),
(365, 'Temando: TNT: Delivery Before 9AM Next Day (AIR)', 'pt'),
(365, 'Temando: TNT: Delivery Before 9AM Next Day (AIR)', 'ro'),
(365, 'Temando: TNT: Delivery Before 9AM Next Day (AIR)', 'ru'),
(366, 'Temando: TNT: Delivery Before 10AM Next Day (AIR)', 'da'),
(366, 'Temando: TNT: Delivery Before 10AM Next Day (AIR)', 'de'),
(366, 'Temando: TNT: Delivery Before 10AM Next Day (AIR)', 'el'),
(366, 'Temando: TNT: Delivery Before 10AM Next Day (AIR)', 'en'),
(366, 'Temando: TNT: Delivery Before 10AM Next Day (AIR)', 'es'),
(366, 'Temando: TNT: Delivery Before 10AM Next Day (AIR)', 'fr'),
(366, 'Temando: TNT: Delivery Before 10AM Next Day (AIR)', 'it'),
(366, 'Temando: TNT: Delivery Before 10AM Next Day (AIR)', 'nl'),
(366, 'Temando: TNT: Delivery Before 10AM Next Day (AIR)', 'no'),
(366, 'Temando: TNT: Delivery Before 10AM Next Day (AIR)', 'pt'),
(366, 'Temando: TNT: Delivery Before 10AM Next Day (AIR)', 'ro'),
(366, 'Temando: TNT: Delivery Before 10AM Next Day (AIR)', 'ru'),
(367, 'Temando: TNT: Delivery before Noon Next Day (AIR)', 'da'),
(367, 'Temando: TNT: Delivery before Noon Next Day (AIR)', 'de'),
(367, 'Temando: TNT: Delivery before Noon Next Day (AIR)', 'el'),
(367, 'Temando: TNT: Delivery before Noon Next Day (AIR)', 'en'),
(367, 'Temando: TNT: Delivery before Noon Next Day (AIR)', 'es'),
(367, 'Temando: TNT: Delivery before Noon Next Day (AIR)', 'fr'),
(367, 'Temando: TNT: Delivery before Noon Next Day (AIR)', 'it'),
(367, 'Temando: TNT: Delivery before Noon Next Day (AIR)', 'nl'),
(367, 'Temando: TNT: Delivery before Noon Next Day (AIR)', 'no'),
(367, 'Temando: TNT: Delivery before Noon Next Day (AIR)', 'pt'),
(367, 'Temando: TNT: Delivery before Noon Next Day (AIR)', 'ro'),
(367, 'Temando: TNT: Delivery before Noon Next Day (AIR)', 'ru'),
(368, 'Temando: TNT ATL: Delivery Before 10AM Next Day (AIR)- ATL', 'da'),
(368, 'Temando: TNT ATL: Delivery Before 10AM Next Day (AIR)- ATL', 'de'),
(368, 'Temando: TNT ATL: Delivery Before 10AM Next Day (AIR)- ATL', 'el'),
(368, 'Temando: TNT ATL: Delivery Before 10AM Next Day (AIR)- ATL', 'en'),
(368, 'Temando: TNT ATL: Delivery Before 10AM Next Day (AIR)- ATL', 'es'),
(368, 'Temando: TNT ATL: Delivery Before 10AM Next Day (AIR)- ATL', 'fr'),
(368, 'Temando: TNT ATL: Delivery Before 10AM Next Day (AIR)- ATL', 'it'),
(368, 'Temando: TNT ATL: Delivery Before 10AM Next Day (AIR)- ATL', 'nl'),
(368, 'Temando: TNT ATL: Delivery Before 10AM Next Day (AIR)- ATL', 'no'),
(368, 'Temando: TNT ATL: Delivery Before 10AM Next Day (AIR)- ATL', 'pt'),
(368, 'Temando: TNT ATL: Delivery Before 10AM Next Day (AIR)- ATL', 'ro'),
(368, 'Temando: TNT ATL: Delivery Before 10AM Next Day (AIR)- ATL', 'ru'),
(369, 'Temando: TNT ATL: Delivery before Noon Next Day (AIR) - ATL', 'da'),
(369, 'Temando: TNT ATL: Delivery before Noon Next Day (AIR) - ATL', 'de'),
(369, 'Temando: TNT ATL: Delivery before Noon Next Day (AIR) - ATL', 'el'),
(369, 'Temando: TNT ATL: Delivery before Noon Next Day (AIR) - ATL', 'en'),
(369, 'Temando: TNT ATL: Delivery before Noon Next Day (AIR) - ATL', 'es'),
(369, 'Temando: TNT ATL: Delivery before Noon Next Day (AIR) - ATL', 'fr'),
(369, 'Temando: TNT ATL: Delivery before Noon Next Day (AIR) - ATL', 'it'),
(369, 'Temando: TNT ATL: Delivery before Noon Next Day (AIR) - ATL', 'nl'),
(369, 'Temando: TNT ATL: Delivery before Noon Next Day (AIR) - ATL', 'no'),
(369, 'Temando: TNT ATL: Delivery before Noon Next Day (AIR) - ATL', 'pt'),
(369, 'Temando: TNT ATL: Delivery before Noon Next Day (AIR) - ATL', 'ro'),
(369, 'Temando: TNT ATL: Delivery before Noon Next Day (AIR) - ATL', 'ru'),
(370, 'Temando: TNT ATL: Delivery Before 9AM Next Day- (AIR) - ATL', 'da'),
(370, 'Temando: TNT ATL: Delivery Before 9AM Next Day- (AIR) - ATL', 'de'),
(370, 'Temando: TNT ATL: Delivery Before 9AM Next Day- (AIR) - ATL', 'el'),
(370, 'Temando: TNT ATL: Delivery Before 9AM Next Day- (AIR) - ATL', 'en'),
(370, 'Temando: TNT ATL: Delivery Before 9AM Next Day- (AIR) - ATL', 'es'),
(370, 'Temando: TNT ATL: Delivery Before 9AM Next Day- (AIR) - ATL', 'fr'),
(370, 'Temando: TNT ATL: Delivery Before 9AM Next Day- (AIR) - ATL', 'it'),
(370, 'Temando: TNT ATL: Delivery Before 9AM Next Day- (AIR) - ATL', 'nl'),
(370, 'Temando: TNT ATL: Delivery Before 9AM Next Day- (AIR) - ATL', 'no'),
(370, 'Temando: TNT ATL: Delivery Before 9AM Next Day- (AIR) - ATL', 'pt'),
(370, 'Temando: TNT ATL: Delivery Before 9AM Next Day- (AIR) - ATL', 'ro'),
(370, 'Temando: TNT ATL: Delivery Before 9AM Next Day- (AIR) - ATL', 'ru'),
(371, 'Temando: TNT ATL: Overnight Express (AIR) - Auth to Leave (ATL)', 'da'),
(371, 'Temando: TNT ATL: Overnight Express (AIR) - Auth to Leave (ATL)', 'de'),
(371, 'Temando: TNT ATL: Overnight Express (AIR) - Auth to Leave (ATL)', 'el'),
(371, 'Temando: TNT ATL: Overnight Express (AIR) - Auth to Leave (ATL)', 'en'),
(371, 'Temando: TNT ATL: Overnight Express (AIR) - Auth to Leave (ATL)', 'es'),
(371, 'Temando: TNT ATL: Overnight Express (AIR) - Auth to Leave (ATL)', 'fr'),
(371, 'Temando: TNT ATL: Overnight Express (AIR) - Auth to Leave (ATL)', 'it'),
(371, 'Temando: TNT ATL: Overnight Express (AIR) - Auth to Leave (ATL)', 'nl'),
(371, 'Temando: TNT ATL: Overnight Express (AIR) - Auth to Leave (ATL)', 'no'),
(371, 'Temando: TNT ATL: Overnight Express (AIR) - Auth to Leave (ATL)', 'pt'),
(371, 'Temando: TNT ATL: Overnight Express (AIR) - Auth to Leave (ATL)', 'ro'),
(371, 'Temando: TNT ATL: Overnight Express (AIR) - Auth to Leave (ATL)', 'ru'),
(372, 'Temando: TNT Satchel Only: Delivery Before 10AM Next Day (AIR)', 'da'),
(372, 'Temando: TNT Satchel Only: Delivery Before 10AM Next Day (AIR)', 'de'),
(372, 'Temando: TNT Satchel Only: Delivery Before 10AM Next Day (AIR)', 'el'),
(372, 'Temando: TNT Satchel Only: Delivery Before 10AM Next Day (AIR)', 'en'),
(372, 'Temando: TNT Satchel Only: Delivery Before 10AM Next Day (AIR)', 'es'),
(372, 'Temando: TNT Satchel Only: Delivery Before 10AM Next Day (AIR)', 'fr'),
(372, 'Temando: TNT Satchel Only: Delivery Before 10AM Next Day (AIR)', 'it'),
(372, 'Temando: TNT Satchel Only: Delivery Before 10AM Next Day (AIR)', 'nl'),
(372, 'Temando: TNT Satchel Only: Delivery Before 10AM Next Day (AIR)', 'no'),
(372, 'Temando: TNT Satchel Only: Delivery Before 10AM Next Day (AIR)', 'pt'),
(372, 'Temando: TNT Satchel Only: Delivery Before 10AM Next Day (AIR)', 'ro'),
(372, 'Temando: TNT Satchel Only: Delivery Before 10AM Next Day (AIR)', 'ru'),
(373, 'Temando: TNT Satchel Only: Delivery Before 9AM Next Day (AIR)', 'da'),
(373, 'Temando: TNT Satchel Only: Delivery Before 9AM Next Day (AIR)', 'de'),
(373, 'Temando: TNT Satchel Only: Delivery Before 9AM Next Day (AIR)', 'el'),
(373, 'Temando: TNT Satchel Only: Delivery Before 9AM Next Day (AIR)', 'en'),
(373, 'Temando: TNT Satchel Only: Delivery Before 9AM Next Day (AIR)', 'es'),
(373, 'Temando: TNT Satchel Only: Delivery Before 9AM Next Day (AIR)', 'fr'),
(373, 'Temando: TNT Satchel Only: Delivery Before 9AM Next Day (AIR)', 'it'),
(373, 'Temando: TNT Satchel Only: Delivery Before 9AM Next Day (AIR)', 'nl'),
(373, 'Temando: TNT Satchel Only: Delivery Before 9AM Next Day (AIR)', 'no'),
(373, 'Temando: TNT Satchel Only: Delivery Before 9AM Next Day (AIR)', 'pt'),
(373, 'Temando: TNT Satchel Only: Delivery Before 9AM Next Day (AIR)', 'ro'),
(373, 'Temando: TNT Satchel Only: Delivery Before 9AM Next Day (AIR)', 'ru'),
(374, 'Temando: TNT Satchel Only: Delivery before Noon Next Day (AIR)', 'da'),
(374, 'Temando: TNT Satchel Only: Delivery before Noon Next Day (AIR)', 'de'),
(374, 'Temando: TNT Satchel Only: Delivery before Noon Next Day (AIR)', 'el'),
(374, 'Temando: TNT Satchel Only: Delivery before Noon Next Day (AIR)', 'en'),
(374, 'Temando: TNT Satchel Only: Delivery before Noon Next Day (AIR)', 'es'),
(374, 'Temando: TNT Satchel Only: Delivery before Noon Next Day (AIR)', 'fr'),
(374, 'Temando: TNT Satchel Only: Delivery before Noon Next Day (AIR)', 'it'),
(374, 'Temando: TNT Satchel Only: Delivery before Noon Next Day (AIR)', 'nl'),
(374, 'Temando: TNT Satchel Only: Delivery before Noon Next Day (AIR)', 'no'),
(374, 'Temando: TNT Satchel Only: Delivery before Noon Next Day (AIR)', 'pt'),
(374, 'Temando: TNT Satchel Only: Delivery before Noon Next Day (AIR)', 'ro'),
(374, 'Temando: TNT Satchel Only: Delivery before Noon Next Day (AIR)', 'ru'),
(375, 'Temando: TNT Satchel Only: Overnight Express (AIR)', 'da'),
(375, 'Temando: TNT Satchel Only: Overnight Express (AIR)', 'de'),
(375, 'Temando: TNT Satchel Only: Overnight Express (AIR)', 'el'),
(375, 'Temando: TNT Satchel Only: Overnight Express (AIR)', 'en'),
(375, 'Temando: TNT Satchel Only: Overnight Express (AIR)', 'es'),
(375, 'Temando: TNT Satchel Only: Overnight Express (AIR)', 'fr'),
(375, 'Temando: TNT Satchel Only: Overnight Express (AIR)', 'it'),
(375, 'Temando: TNT Satchel Only: Overnight Express (AIR)', 'nl'),
(375, 'Temando: TNT Satchel Only: Overnight Express (AIR)', 'no'),
(375, 'Temando: TNT Satchel Only: Overnight Express (AIR)', 'pt'),
(375, 'Temando: TNT Satchel Only: Overnight Express (AIR)', 'ro'),
(375, 'Temando: TNT Satchel Only: Overnight Express (AIR)', 'ru'),
(376, 'Temando: TNT Satchel Only ATL: Delivery Before 10AM Next Day (AIR) ATL', 'da'),
(376, 'Temando: TNT Satchel Only ATL: Delivery Before 10AM Next Day (AIR) ATL', 'de'),
(376, 'Temando: TNT Satchel Only ATL: Delivery Before 10AM Next Day (AIR) ATL', 'el'),
(376, 'Temando: TNT Satchel Only ATL: Delivery Before 10AM Next Day (AIR) ATL', 'en'),
(376, 'Temando: TNT Satchel Only ATL: Delivery Before 10AM Next Day (AIR) ATL', 'es'),
(376, 'Temando: TNT Satchel Only ATL: Delivery Before 10AM Next Day (AIR) ATL', 'fr'),
(376, 'Temando: TNT Satchel Only ATL: Delivery Before 10AM Next Day (AIR) ATL', 'it'),
(376, 'Temando: TNT Satchel Only ATL: Delivery Before 10AM Next Day (AIR) ATL', 'nl'),
(376, 'Temando: TNT Satchel Only ATL: Delivery Before 10AM Next Day (AIR) ATL', 'no'),
(376, 'Temando: TNT Satchel Only ATL: Delivery Before 10AM Next Day (AIR) ATL', 'pt'),
(376, 'Temando: TNT Satchel Only ATL: Delivery Before 10AM Next Day (AIR) ATL', 'ro'),
(376, 'Temando: TNT Satchel Only ATL: Delivery Before 10AM Next Day (AIR) ATL', 'ru'),
(377, 'Temando: TNT Satchel Only ATL: Delivery before Noon Next Day (AIR) ATL', 'da'),
(377, 'Temando: TNT Satchel Only ATL: Delivery before Noon Next Day (AIR) ATL', 'de'),
(377, 'Temando: TNT Satchel Only ATL: Delivery before Noon Next Day (AIR) ATL', 'el'),
(377, 'Temando: TNT Satchel Only ATL: Delivery before Noon Next Day (AIR) ATL', 'en'),
(377, 'Temando: TNT Satchel Only ATL: Delivery before Noon Next Day (AIR) ATL', 'es'),
(377, 'Temando: TNT Satchel Only ATL: Delivery before Noon Next Day (AIR) ATL', 'fr'),
(377, 'Temando: TNT Satchel Only ATL: Delivery before Noon Next Day (AIR) ATL', 'it'),
(377, 'Temando: TNT Satchel Only ATL: Delivery before Noon Next Day (AIR) ATL', 'nl'),
(377, 'Temando: TNT Satchel Only ATL: Delivery before Noon Next Day (AIR) ATL', 'no'),
(377, 'Temando: TNT Satchel Only ATL: Delivery before Noon Next Day (AIR) ATL', 'pt'),
(377, 'Temando: TNT Satchel Only ATL: Delivery before Noon Next Day (AIR) ATL', 'ro'),
(377, 'Temando: TNT Satchel Only ATL: Delivery before Noon Next Day (AIR) ATL', 'ru'),
(378, 'Temando: TNT Satchel Only ATL: Delivery Before 9AM Next Day (AIR) ATL', 'da'),
(378, 'Temando: TNT Satchel Only ATL: Delivery Before 9AM Next Day (AIR) ATL', 'de'),
(378, 'Temando: TNT Satchel Only ATL: Delivery Before 9AM Next Day (AIR) ATL', 'el'),
(378, 'Temando: TNT Satchel Only ATL: Delivery Before 9AM Next Day (AIR) ATL', 'en'),
(378, 'Temando: TNT Satchel Only ATL: Delivery Before 9AM Next Day (AIR) ATL', 'es'),
(378, 'Temando: TNT Satchel Only ATL: Delivery Before 9AM Next Day (AIR) ATL', 'fr'),
(378, 'Temando: TNT Satchel Only ATL: Delivery Before 9AM Next Day (AIR) ATL', 'it'),
(378, 'Temando: TNT Satchel Only ATL: Delivery Before 9AM Next Day (AIR) ATL', 'nl'),
(378, 'Temando: TNT Satchel Only ATL: Delivery Before 9AM Next Day (AIR) ATL', 'no'),
(378, 'Temando: TNT Satchel Only ATL: Delivery Before 9AM Next Day (AIR) ATL', 'pt'),
(378, 'Temando: TNT Satchel Only ATL: Delivery Before 9AM Next Day (AIR) ATL', 'ro'),
(378, 'Temando: TNT Satchel Only ATL: Delivery Before 9AM Next Day (AIR) ATL', 'ru'),
(379, 'Temando: TNT Satchel Only ATL: Overnight Express (AIR) Authority to Leave (ATL)', 'da'),
(379, 'Temando: TNT Satchel Only ATL: Overnight Express (AIR) Authority to Leave (ATL)', 'de'),
(379, 'Temando: TNT Satchel Only ATL: Overnight Express (AIR) Authority to Leave (ATL)', 'el'),
(379, 'Temando: TNT Satchel Only ATL: Overnight Express (AIR) Authority to Leave (ATL)', 'en'),
(379, 'Temando: TNT Satchel Only ATL: Overnight Express (AIR) Authority to Leave (ATL)', 'es'),
(379, 'Temando: TNT Satchel Only ATL: Overnight Express (AIR) Authority to Leave (ATL)', 'fr'),
(379, 'Temando: TNT Satchel Only ATL: Overnight Express (AIR) Authority to Leave (ATL)', 'it'),
(379, 'Temando: TNT Satchel Only ATL: Overnight Express (AIR) Authority to Leave (ATL)', 'nl'),
(379, 'Temando: TNT Satchel Only ATL: Overnight Express (AIR) Authority to Leave (ATL)', 'no'),
(379, 'Temando: TNT Satchel Only ATL: Overnight Express (AIR) Authority to Leave (ATL)', 'pt'),
(379, 'Temando: TNT Satchel Only ATL: Overnight Express (AIR) Authority to Leave (ATL)', 'ro'),
(379, 'Temando: TNT Satchel Only ATL: Overnight Express (AIR) Authority to Leave (ATL)', 'ru'),
(380, 'Temando: TNT Sensitive: Road Express', 'da'),
(380, 'Temando: TNT Sensitive: Road Express', 'de'),
(380, 'Temando: TNT Sensitive: Road Express', 'el'),
(380, 'Temando: TNT Sensitive: Road Express', 'en'),
(380, 'Temando: TNT Sensitive: Road Express', 'es'),
(380, 'Temando: TNT Sensitive: Road Express', 'fr'),
(380, 'Temando: TNT Sensitive: Road Express', 'it'),
(380, 'Temando: TNT Sensitive: Road Express', 'nl'),
(380, 'Temando: TNT Sensitive: Road Express', 'no'),
(380, 'Temando: TNT Sensitive: Road Express', 'pt'),
(380, 'Temando: TNT Sensitive: Road Express', 'ro'),
(380, 'Temando: TNT Sensitive: Road Express', 'ru'),
(381, 'Temando: TNT Sensitive: Overnight Express', 'da'),
(381, 'Temando: TNT Sensitive: Overnight Express', 'de'),
(381, 'Temando: TNT Sensitive: Overnight Express', 'el'),
(381, 'Temando: TNT Sensitive: Overnight Express', 'en'),
(381, 'Temando: TNT Sensitive: Overnight Express', 'es'),
(381, 'Temando: TNT Sensitive: Overnight Express', 'fr'),
(381, 'Temando: TNT Sensitive: Overnight Express', 'it'),
(381, 'Temando: TNT Sensitive: Overnight Express', 'nl'),
(381, 'Temando: TNT Sensitive: Overnight Express', 'no'),
(381, 'Temando: TNT Sensitive: Overnight Express', 'pt'),
(381, 'Temando: TNT Sensitive: Overnight Express', 'ro'),
(381, 'Temando: TNT Sensitive: Overnight Express', 'ru'),
(382, 'Temando: TNT Sensitive: Sameday Time Critical Nationwide', 'da'),
(382, 'Temando: TNT Sensitive: Sameday Time Critical Nationwide', 'de'),
(382, 'Temando: TNT Sensitive: Sameday Time Critical Nationwide', 'el'),
(382, 'Temando: TNT Sensitive: Sameday Time Critical Nationwide', 'en'),
(382, 'Temando: TNT Sensitive: Sameday Time Critical Nationwide', 'es'),
(382, 'Temando: TNT Sensitive: Sameday Time Critical Nationwide', 'fr'),
(382, 'Temando: TNT Sensitive: Sameday Time Critical Nationwide', 'it'),
(382, 'Temando: TNT Sensitive: Sameday Time Critical Nationwide', 'nl'),
(382, 'Temando: TNT Sensitive: Sameday Time Critical Nationwide', 'no'),
(382, 'Temando: TNT Sensitive: Sameday Time Critical Nationwide', 'pt'),
(382, 'Temando: TNT Sensitive: Sameday Time Critical Nationwide', 'ro'),
(382, 'Temando: TNT Sensitive: Sameday Time Critical Nationwide', 'ru'),
(383, 'Temando: TNT Road: Road Express', 'da'),
(383, 'Temando: TNT Road: Road Express', 'de'),
(383, 'Temando: TNT Road: Road Express', 'el'),
(383, 'Temando: TNT Road: Road Express', 'en'),
(383, 'Temando: TNT Road: Road Express', 'es'),
(383, 'Temando: TNT Road: Road Express', 'fr'),
(383, 'Temando: TNT Road: Road Express', 'it'),
(383, 'Temando: TNT Road: Road Express', 'nl'),
(383, 'Temando: TNT Road: Road Express', 'no'),
(383, 'Temando: TNT Road: Road Express', 'pt'),
(383, 'Temando: TNT Road: Road Express', 'ro'),
(383, 'Temando: TNT Road: Road Express', 'ru'),
(384, 'DHL Express Envelope', 'da'),
(384, 'DHL Express Envelope', 'de'),
(384, 'DHL Express Envelope', 'el'),
(384, 'DHL Express Envelope', 'en'),
(384, 'DHL Express Envelope', 'es'),
(384, 'DHL Express Envelope', 'fr'),
(384, 'DHL Express Envelope', 'it'),
(384, 'DHL Express Envelope', 'nl'),
(384, 'DHL Express Envelope', 'no'),
(384, 'DHL Express Envelope', 'pt'),
(384, 'DHL Express Envelope', 'ro'),
(384, 'DHL Express Envelope', 'ru'),
(385, 'DHL Express Worldwide (Dutiable)', 'da'),
(385, 'DHL Express Worldwide (Dutiable)', 'de'),
(385, 'DHL Express Worldwide (Dutiable)', 'el'),
(385, 'DHL Express Worldwide (Dutiable)', 'en'),
(385, 'DHL Express Worldwide (Dutiable)', 'es'),
(385, 'DHL Express Worldwide (Dutiable)', 'fr'),
(385, 'DHL Express Worldwide (Dutiable)', 'it'),
(385, 'DHL Express Worldwide (Dutiable)', 'nl'),
(385, 'DHL Express Worldwide (Dutiable)', 'no'),
(385, 'DHL Express Worldwide (Dutiable)', 'pt'),
(385, 'DHL Express Worldwide (Dutiable)', 'ro'),
(385, 'DHL Express Worldwide (Dutiable)', 'ru'),
(386, 'DHL Express Worldwide (EU)', 'da'),
(386, 'DHL Express Worldwide (EU)', 'de'),
(386, 'DHL Express Worldwide (EU)', 'el'),
(386, 'DHL Express Worldwide (EU)', 'en'),
(386, 'DHL Express Worldwide (EU)', 'es'),
(386, 'DHL Express Worldwide (EU)', 'fr'),
(386, 'DHL Express Worldwide (EU)', 'it'),
(386, 'DHL Express Worldwide (EU)', 'nl'),
(386, 'DHL Express Worldwide (EU)', 'no'),
(386, 'DHL Express Worldwide (EU)', 'pt'),
(386, 'DHL Express Worldwide (EU)', 'ro'),
(386, 'DHL Express Worldwide (EU)', 'ru'),
(387, 'DHL Express 9:00 (Non-dutiable)', 'da'),
(387, 'DHL Express 9:00 (Non-dutiable)', 'de'),
(387, 'DHL Express 9:00 (Non-dutiable)', 'el'),
(387, 'DHL Express 9:00 (Non-dutiable)', 'en'),
(387, 'DHL Express 9:00 (Non-dutiable)', 'es'),
(387, 'DHL Express 9:00 (Non-dutiable)', 'fr'),
(387, 'DHL Express 9:00 (Non-dutiable)', 'it'),
(387, 'DHL Express 9:00 (Non-dutiable)', 'nl'),
(387, 'DHL Express 9:00 (Non-dutiable)', 'no'),
(387, 'DHL Express 9:00 (Non-dutiable)', 'pt'),
(387, 'DHL Express 9:00 (Non-dutiable)', 'ro'),
(387, 'DHL Express 9:00 (Non-dutiable)', 'ru'),
(388, 'DHL Express 10:30', 'da'),
(388, 'DHL Express 10:30', 'de'),
(388, 'DHL Express 10:30', 'el'),
(388, 'DHL Express 10:30', 'en'),
(388, 'DHL Express 10:30', 'es'),
(388, 'DHL Express 10:30', 'fr'),
(388, 'DHL Express 10:30', 'it'),
(388, 'DHL Express 10:30', 'nl'),
(388, 'DHL Express 10:30', 'no'),
(388, 'DHL Express 10:30', 'pt'),
(388, 'DHL Express 10:30', 'ro'),
(388, 'DHL Express 10:30', 'ru'),
(389, 'DHL Express 12:00', 'da'),
(389, 'DHL Express 12:00', 'de'),
(389, 'DHL Express 12:00', 'el'),
(389, 'DHL Express 12:00', 'en'),
(389, 'DHL Express 12:00', 'es'),
(389, 'DHL Express 12:00', 'fr'),
(389, 'DHL Express 12:00', 'it'),
(389, 'DHL Express 12:00', 'nl'),
(389, 'DHL Express 12:00', 'no'),
(389, 'DHL Express 12:00', 'pt'),
(389, 'DHL Express 12:00', 'ro'),
(389, 'DHL Express 12:00', 'ru'),
(390, 'DHL Domestic Express', 'da'),
(390, 'DHL Domestic Express', 'de'),
(390, 'DHL Domestic Express', 'el'),
(390, 'DHL Domestic Express', 'en'),
(390, 'DHL Domestic Express', 'es'),
(390, 'DHL Domestic Express', 'fr'),
(390, 'DHL Domestic Express', 'it'),
(390, 'DHL Domestic Express', 'nl'),
(390, 'DHL Domestic Express', 'no'),
(390, 'DHL Domestic Express', 'pt'),
(390, 'DHL Domestic Express', 'ro'),
(390, 'DHL Domestic Express', 'ru'),
(391, 'DHL Express Easy', 'da'),
(391, 'DHL Express Easy', 'de'),
(391, 'DHL Express Easy', 'el'),
(391, 'DHL Express Easy', 'en'),
(391, 'DHL Express Easy', 'es'),
(391, 'DHL Express Easy', 'fr'),
(391, 'DHL Express Easy', 'it'),
(391, 'DHL Express Easy', 'nl'),
(391, 'DHL Express Easy', 'no'),
(391, 'DHL Express Easy', 'pt'),
(391, 'DHL Express Easy', 'ro'),
(391, 'DHL Express Easy', 'ru'),
(392, 'Regular Parcel', 'da'),
(392, 'Regular Parcel', 'de'),
(392, 'Regular Parcel', 'el'),
(392, 'Regular Parcel', 'en'),
(392, 'Regular Parcel', 'es'),
(392, 'Regular Parcel', 'fr'),
(392, 'Regular Parcel', 'it'),
(392, 'Regular Parcel', 'nl'),
(392, 'Regular Parcel', 'no'),
(392, 'Regular Parcel', 'pt'),
(392, 'Regular Parcel', 'ro'),
(392, 'Regular Parcel', 'ru'),
(393, 'Expedited Parcel', 'da'),
(393, 'Expedited Parcel', 'de'),
(393, 'Expedited Parcel', 'el'),
(393, 'Expedited Parcel', 'en'),
(393, 'Expedited Parcel', 'es'),
(393, 'Expedited Parcel', 'fr'),
(393, 'Expedited Parcel', 'it'),
(393, 'Expedited Parcel', 'nl'),
(393, 'Expedited Parcel', 'no'),
(393, 'Expedited Parcel', 'pt'),
(393, 'Expedited Parcel', 'ro'),
(393, 'Expedited Parcel', 'ru'),
(394, 'Xpresspost', 'da'),
(394, 'Xpresspost', 'de'),
(394, 'Xpresspost', 'el'),
(394, 'Xpresspost', 'en'),
(394, 'Xpresspost', 'es'),
(394, 'Xpresspost', 'fr'),
(394, 'Xpresspost', 'it'),
(394, 'Xpresspost', 'nl'),
(394, 'Xpresspost', 'no'),
(394, 'Xpresspost', 'pt'),
(394, 'Xpresspost', 'ro'),
(394, 'Xpresspost', 'ru'),
(395, 'Xpresspost Certified', 'da'),
(395, 'Xpresspost Certified', 'de'),
(395, 'Xpresspost Certified', 'el'),
(395, 'Xpresspost Certified', 'en'),
(395, 'Xpresspost Certified', 'es'),
(395, 'Xpresspost Certified', 'fr'),
(395, 'Xpresspost Certified', 'it'),
(395, 'Xpresspost Certified', 'nl'),
(395, 'Xpresspost Certified', 'no'),
(395, 'Xpresspost Certified', 'pt'),
(395, 'Xpresspost Certified', 'ro'),
(395, 'Xpresspost Certified', 'ru'),
(396, 'Priority', 'da'),
(396, 'Priority', 'de'),
(396, 'Priority', 'el'),
(396, 'Priority', 'en'),
(396, 'Priority', 'es'),
(396, 'Priority', 'fr'),
(396, 'Priority', 'it'),
(396, 'Priority', 'nl'),
(396, 'Priority', 'no'),
(396, 'Priority', 'pt'),
(396, 'Priority', 'ro'),
(396, 'Priority', 'ru'),
(397, 'Delivered Tonight', 'da'),
(397, 'Delivered Tonight', 'de'),
(397, 'Delivered Tonight', 'el'),
(397, 'Delivered Tonight', 'en'),
(397, 'Delivered Tonight', 'es'),
(397, 'Delivered Tonight', 'fr'),
(397, 'Delivered Tonight', 'it'),
(397, 'Delivered Tonight', 'nl'),
(397, 'Delivered Tonight', 'no'),
(397, 'Delivered Tonight', 'pt'),
(397, 'Delivered Tonight', 'ro'),
(397, 'Delivered Tonight', 'ru'),
(398, 'Library Books', 'da'),
(398, 'Library Books', 'de'),
(398, 'Library Books', 'el'),
(398, 'Library Books', 'en'),
(398, 'Library Books', 'es'),
(398, 'Library Books', 'fr'),
(398, 'Library Books', 'it'),
(398, 'Library Books', 'nl'),
(398, 'Library Books', 'no'),
(398, 'Library Books', 'pt'),
(398, 'Library Books', 'ro'),
(398, 'Library Books', 'ru'),
(399, 'Expedited Parcel USA', 'da'),
(399, 'Expedited Parcel USA', 'de'),
(399, 'Expedited Parcel USA', 'el'),
(399, 'Expedited Parcel USA', 'en'),
(399, 'Expedited Parcel USA', 'es'),
(399, 'Expedited Parcel USA', 'fr'),
(399, 'Expedited Parcel USA', 'it'),
(399, 'Expedited Parcel USA', 'nl'),
(399, 'Expedited Parcel USA', 'no'),
(399, 'Expedited Parcel USA', 'pt'),
(399, 'Expedited Parcel USA', 'ro'),
(399, 'Expedited Parcel USA', 'ru'),
(400, 'Priority Worldwide Envelope USA', 'da'),
(400, 'Priority Worldwide Envelope USA', 'de'),
(400, 'Priority Worldwide Envelope USA', 'el'),
(400, 'Priority Worldwide Envelope USA', 'en'),
(400, 'Priority Worldwide Envelope USA', 'es'),
(400, 'Priority Worldwide Envelope USA', 'fr'),
(400, 'Priority Worldwide Envelope USA', 'it'),
(400, 'Priority Worldwide Envelope USA', 'nl'),
(400, 'Priority Worldwide Envelope USA', 'no'),
(400, 'Priority Worldwide Envelope USA', 'pt'),
(400, 'Priority Worldwide Envelope USA', 'ro'),
(400, 'Priority Worldwide Envelope USA', 'ru'),
(401, 'Priority Worldwide pak USA', 'da'),
(401, 'Priority Worldwide pak USA', 'de'),
(401, 'Priority Worldwide pak USA', 'el'),
(401, 'Priority Worldwide pak USA', 'en'),
(401, 'Priority Worldwide pak USA', 'es'),
(401, 'Priority Worldwide pak USA', 'fr'),
(401, 'Priority Worldwide pak USA', 'it'),
(401, 'Priority Worldwide pak USA', 'nl'),
(401, 'Priority Worldwide pak USA', 'no'),
(401, 'Priority Worldwide pak USA', 'pt'),
(401, 'Priority Worldwide pak USA', 'ro'),
(401, 'Priority Worldwide pak USA', 'ru'),
(402, 'Priority Worldwide Parcel USA', 'da'),
(402, 'Priority Worldwide Parcel USA', 'de'),
(402, 'Priority Worldwide Parcel USA', 'el'),
(402, 'Priority Worldwide Parcel USA', 'en'),
(402, 'Priority Worldwide Parcel USA', 'es'),
(402, 'Priority Worldwide Parcel USA', 'fr'),
(402, 'Priority Worldwide Parcel USA', 'it'),
(402, 'Priority Worldwide Parcel USA', 'nl'),
(402, 'Priority Worldwide Parcel USA', 'no'),
(402, 'Priority Worldwide Parcel USA', 'pt'),
(402, 'Priority Worldwide Parcel USA', 'ro');
INSERT INTO `partiushop_shipping_service_descriptions` (`service_id`, `description`, `lang_code`) VALUES
(402, 'Priority Worldwide Parcel USA', 'ru'),
(403, 'Small Packet USA Air', 'da'),
(403, 'Small Packet USA Air', 'de'),
(403, 'Small Packet USA Air', 'el'),
(403, 'Small Packet USA Air', 'en'),
(403, 'Small Packet USA Air', 'es'),
(403, 'Small Packet USA Air', 'fr'),
(403, 'Small Packet USA Air', 'it'),
(403, 'Small Packet USA Air', 'nl'),
(403, 'Small Packet USA Air', 'no'),
(403, 'Small Packet USA Air', 'pt'),
(403, 'Small Packet USA Air', 'ro'),
(403, 'Small Packet USA Air', 'ru'),
(404, 'Tracked Packet - USA', 'da'),
(404, 'Tracked Packet - USA', 'de'),
(404, 'Tracked Packet - USA', 'el'),
(404, 'Tracked Packet - USA', 'en'),
(404, 'Tracked Packet - USA', 'es'),
(404, 'Tracked Packet - USA', 'fr'),
(404, 'Tracked Packet - USA', 'it'),
(404, 'Tracked Packet - USA', 'nl'),
(404, 'Tracked Packet - USA', 'no'),
(404, 'Tracked Packet - USA', 'pt'),
(404, 'Tracked Packet - USA', 'ro'),
(404, 'Tracked Packet - USA', 'ru'),
(405, 'Tracked Packet - USA (LVM - large volume mailers)', 'da'),
(405, 'Tracked Packet - USA (LVM - large volume mailers)', 'de'),
(405, 'Tracked Packet - USA (LVM - large volume mailers)', 'el'),
(405, 'Tracked Packet - USA (LVM - large volume mailers)', 'en'),
(405, 'Tracked Packet - USA (LVM - large volume mailers)', 'es'),
(405, 'Tracked Packet - USA (LVM - large volume mailers)', 'fr'),
(405, 'Tracked Packet - USA (LVM - large volume mailers)', 'it'),
(405, 'Tracked Packet - USA (LVM - large volume mailers)', 'nl'),
(405, 'Tracked Packet - USA (LVM - large volume mailers)', 'no'),
(405, 'Tracked Packet - USA (LVM - large volume mailers)', 'pt'),
(405, 'Tracked Packet - USA (LVM - large volume mailers)', 'ro'),
(405, 'Tracked Packet - USA (LVM - large volume mailers)', 'ru'),
(406, 'Xpresspost USA', 'da'),
(406, 'Xpresspost USA', 'de'),
(406, 'Xpresspost USA', 'el'),
(406, 'Xpresspost USA', 'en'),
(406, 'Xpresspost USA', 'es'),
(406, 'Xpresspost USA', 'fr'),
(406, 'Xpresspost USA', 'it'),
(406, 'Xpresspost USA', 'nl'),
(406, 'Xpresspost USA', 'no'),
(406, 'Xpresspost USA', 'pt'),
(406, 'Xpresspost USA', 'ro'),
(406, 'Xpresspost USA', 'ru'),
(407, 'Xpresspost International', 'da'),
(407, 'Xpresspost International', 'de'),
(407, 'Xpresspost International', 'el'),
(407, 'Xpresspost International', 'en'),
(407, 'Xpresspost International', 'es'),
(407, 'Xpresspost International', 'fr'),
(407, 'Xpresspost International', 'it'),
(407, 'Xpresspost International', 'nl'),
(407, 'Xpresspost International', 'no'),
(407, 'Xpresspost International', 'pt'),
(407, 'Xpresspost International', 'ro'),
(407, 'Xpresspost International', 'ru'),
(408, 'International Parcel Air', 'da'),
(408, 'International Parcel Air', 'de'),
(408, 'International Parcel Air', 'el'),
(408, 'International Parcel Air', 'en'),
(408, 'International Parcel Air', 'es'),
(408, 'International Parcel Air', 'fr'),
(408, 'International Parcel Air', 'it'),
(408, 'International Parcel Air', 'nl'),
(408, 'International Parcel Air', 'no'),
(408, 'International Parcel Air', 'pt'),
(408, 'International Parcel Air', 'ro'),
(408, 'International Parcel Air', 'ru'),
(409, 'International Parcel Surface', 'da'),
(409, 'International Parcel Surface', 'de'),
(409, 'International Parcel Surface', 'el'),
(409, 'International Parcel Surface', 'en'),
(409, 'International Parcel Surface', 'es'),
(409, 'International Parcel Surface', 'fr'),
(409, 'International Parcel Surface', 'it'),
(409, 'International Parcel Surface', 'nl'),
(409, 'International Parcel Surface', 'no'),
(409, 'International Parcel Surface', 'pt'),
(409, 'International Parcel Surface', 'ro'),
(409, 'International Parcel Surface', 'ru'),
(410, 'Priority Worldwide Envelope Int’l', 'da'),
(410, 'Priority Worldwide Envelope Int’l', 'de'),
(410, 'Priority Worldwide Envelope Int’l', 'el'),
(410, 'Priority Worldwide Envelope Int’l', 'en'),
(410, 'Priority Worldwide Envelope Int’l', 'es'),
(410, 'Priority Worldwide Envelope Int’l', 'fr'),
(410, 'Priority Worldwide Envelope Int’l', 'it'),
(410, 'Priority Worldwide Envelope Int’l', 'nl'),
(410, 'Priority Worldwide Envelope Int’l', 'no'),
(410, 'Priority Worldwide Envelope Int’l', 'pt'),
(410, 'Priority Worldwide Envelope Int’l', 'ro'),
(410, 'Priority Worldwide Envelope Int’l', 'ru'),
(411, 'Priority Worldwide pak Int’l', 'da'),
(411, 'Priority Worldwide pak Int’l', 'de'),
(411, 'Priority Worldwide pak Int’l', 'el'),
(411, 'Priority Worldwide pak Int’l', 'en'),
(411, 'Priority Worldwide pak Int’l', 'es'),
(411, 'Priority Worldwide pak Int’l', 'fr'),
(411, 'Priority Worldwide pak Int’l', 'it'),
(411, 'Priority Worldwide pak Int’l', 'nl'),
(411, 'Priority Worldwide pak Int’l', 'no'),
(411, 'Priority Worldwide pak Int’l', 'pt'),
(411, 'Priority Worldwide pak Int’l', 'ro'),
(411, 'Priority Worldwide pak Int’l', 'ru'),
(412, 'Priority Worldwide parcel Int’l', 'da'),
(412, 'Priority Worldwide parcel Int’l', 'de'),
(412, 'Priority Worldwide parcel Int’l', 'el'),
(412, 'Priority Worldwide parcel Int’l', 'en'),
(412, 'Priority Worldwide parcel Int’l', 'es'),
(412, 'Priority Worldwide parcel Int’l', 'fr'),
(412, 'Priority Worldwide parcel Int’l', 'it'),
(412, 'Priority Worldwide parcel Int’l', 'nl'),
(412, 'Priority Worldwide parcel Int’l', 'no'),
(412, 'Priority Worldwide parcel Int’l', 'pt'),
(412, 'Priority Worldwide parcel Int’l', 'ro'),
(412, 'Priority Worldwide parcel Int’l', 'ru'),
(413, 'Small Packet International Air', 'da'),
(413, 'Small Packet International Air', 'de'),
(413, 'Small Packet International Air', 'el'),
(413, 'Small Packet International Air', 'en'),
(413, 'Small Packet International Air', 'es'),
(413, 'Small Packet International Air', 'fr'),
(413, 'Small Packet International Air', 'it'),
(413, 'Small Packet International Air', 'nl'),
(413, 'Small Packet International Air', 'no'),
(413, 'Small Packet International Air', 'pt'),
(413, 'Small Packet International Air', 'ro'),
(413, 'Small Packet International Air', 'ru'),
(414, 'Small Packet International Surface', 'da'),
(414, 'Small Packet International Surface', 'de'),
(414, 'Small Packet International Surface', 'el'),
(414, 'Small Packet International Surface', 'en'),
(414, 'Small Packet International Surface', 'es'),
(414, 'Small Packet International Surface', 'fr'),
(414, 'Small Packet International Surface', 'it'),
(414, 'Small Packet International Surface', 'nl'),
(414, 'Small Packet International Surface', 'no'),
(414, 'Small Packet International Surface', 'pt'),
(414, 'Small Packet International Surface', 'ro'),
(414, 'Small Packet International Surface', 'ru'),
(415, 'Tracked Packet - International', 'da'),
(415, 'Tracked Packet - International', 'de'),
(415, 'Tracked Packet - International', 'el'),
(415, 'Tracked Packet - International', 'en'),
(415, 'Tracked Packet - International', 'es'),
(415, 'Tracked Packet - International', 'fr'),
(415, 'Tracked Packet - International', 'it'),
(415, 'Tracked Packet - International', 'nl'),
(415, 'Tracked Packet - International', 'no'),
(415, 'Tracked Packet - International', 'pt'),
(415, 'Tracked Packet - International', 'ro'),
(415, 'Tracked Packet - International', 'ru'),
(416, 'Domestic Parcels: Parcel Post', 'da'),
(416, 'Domestic Parcels: Parcel Post', 'de'),
(416, 'Domestic Parcels: Parcel Post', 'el'),
(416, 'Domestic Parcels: Parcel Post', 'en'),
(416, 'Domestic Parcels: Parcel Post', 'es'),
(416, 'Domestic Parcels: Parcel Post', 'fr'),
(416, 'Domestic Parcels: Parcel Post', 'it'),
(416, 'Domestic Parcels: Parcel Post', 'nl'),
(416, 'Domestic Parcels: Parcel Post', 'no'),
(416, 'Domestic Parcels: Parcel Post', 'pt'),
(416, 'Domestic Parcels: Parcel Post', 'ro'),
(416, 'Domestic Parcels: Parcel Post', 'ru'),
(417, 'Domestic Parcels: Parcel Post Small Satchel', 'da'),
(417, 'Domestic Parcels: Parcel Post Small Satchel', 'de'),
(417, 'Domestic Parcels: Parcel Post Small Satchel', 'el'),
(417, 'Domestic Parcels: Parcel Post Small Satchel', 'en'),
(417, 'Domestic Parcels: Parcel Post Small Satchel', 'es'),
(417, 'Domestic Parcels: Parcel Post Small Satchel', 'fr'),
(417, 'Domestic Parcels: Parcel Post Small Satchel', 'it'),
(417, 'Domestic Parcels: Parcel Post Small Satchel', 'nl'),
(417, 'Domestic Parcels: Parcel Post Small Satchel', 'no'),
(417, 'Domestic Parcels: Parcel Post Small Satchel', 'pt'),
(417, 'Domestic Parcels: Parcel Post Small Satchel', 'ro'),
(417, 'Domestic Parcels: Parcel Post Small Satchel', 'ru'),
(419, 'Domestic Parcels: Parcel Post Large Satchel', 'da'),
(419, 'Domestic Parcels: Parcel Post Large Satchel', 'de'),
(419, 'Domestic Parcels: Parcel Post Large Satchel', 'el'),
(419, 'Domestic Parcels: Parcel Post Large Satchel', 'en'),
(419, 'Domestic Parcels: Parcel Post Large Satchel', 'es'),
(419, 'Domestic Parcels: Parcel Post Large Satchel', 'fr'),
(419, 'Domestic Parcels: Parcel Post Large Satchel', 'it'),
(419, 'Domestic Parcels: Parcel Post Large Satchel', 'nl'),
(419, 'Domestic Parcels: Parcel Post Large Satchel', 'no'),
(419, 'Domestic Parcels: Parcel Post Large Satchel', 'pt'),
(419, 'Domestic Parcels: Parcel Post Large Satchel', 'ro'),
(419, 'Domestic Parcels: Parcel Post Large Satchel', 'ru'),
(420, 'Domestic Parcels: Express Post', 'da'),
(420, 'Domestic Parcels: Express Post', 'de'),
(420, 'Domestic Parcels: Express Post', 'el'),
(420, 'Domestic Parcels: Express Post', 'en'),
(420, 'Domestic Parcels: Express Post', 'es'),
(420, 'Domestic Parcels: Express Post', 'fr'),
(420, 'Domestic Parcels: Express Post', 'it'),
(420, 'Domestic Parcels: Express Post', 'nl'),
(420, 'Domestic Parcels: Express Post', 'no'),
(420, 'Domestic Parcels: Express Post', 'pt'),
(420, 'Domestic Parcels: Express Post', 'ro'),
(420, 'Domestic Parcels: Express Post', 'ru'),
(421, 'Domestic Parcels: Express Post Small Satchel', 'da'),
(421, 'Domestic Parcels: Express Post Small Satchel', 'de'),
(421, 'Domestic Parcels: Express Post Small Satchel', 'el'),
(421, 'Domestic Parcels: Express Post Small Satchel', 'en'),
(421, 'Domestic Parcels: Express Post Small Satchel', 'es'),
(421, 'Domestic Parcels: Express Post Small Satchel', 'fr'),
(421, 'Domestic Parcels: Express Post Small Satchel', 'it'),
(421, 'Domestic Parcels: Express Post Small Satchel', 'nl'),
(421, 'Domestic Parcels: Express Post Small Satchel', 'no'),
(421, 'Domestic Parcels: Express Post Small Satchel', 'pt'),
(421, 'Domestic Parcels: Express Post Small Satchel', 'ro'),
(421, 'Domestic Parcels: Express Post Small Satchel', 'ru'),
(423, 'Domestic Parcels: Express Post Extra Large Satchel', 'da'),
(423, 'Domestic Parcels: Express Post Extra Large Satchel', 'de'),
(423, 'Domestic Parcels: Express Post Extra Large Satchel', 'el'),
(423, 'Domestic Parcels: Express Post Extra Large Satchel', 'en'),
(423, 'Domestic Parcels: Express Post Extra Large Satchel', 'es'),
(423, 'Domestic Parcels: Express Post Extra Large Satchel', 'fr'),
(423, 'Domestic Parcels: Express Post Extra Large Satchel', 'it'),
(423, 'Domestic Parcels: Express Post Extra Large Satchel', 'nl'),
(423, 'Domestic Parcels: Express Post Extra Large Satchel', 'no'),
(423, 'Domestic Parcels: Express Post Extra Large Satchel', 'pt'),
(423, 'Domestic Parcels: Express Post Extra Large Satchel', 'ro'),
(423, 'Domestic Parcels: Express Post Extra Large Satchel', 'ru'),
(426, 'International Parcels: Courier', 'da'),
(426, 'International Parcels: Courier', 'de'),
(426, 'International Parcels: Courier', 'el'),
(426, 'International Parcels: Courier', 'en'),
(426, 'International Parcels: Courier', 'es'),
(426, 'International Parcels: Courier', 'fr'),
(426, 'International Parcels: Courier', 'it'),
(426, 'International Parcels: Courier', 'nl'),
(426, 'International Parcels: Courier', 'no'),
(426, 'International Parcels: Courier', 'pt'),
(426, 'International Parcels: Courier', 'ro'),
(426, 'International Parcels: Courier', 'ru'),
(427, 'International Parcels: Express', 'da'),
(427, 'International Parcels: Express', 'de'),
(427, 'International Parcels: Express', 'el'),
(427, 'International Parcels: Express', 'en'),
(427, 'International Parcels: Express', 'es'),
(427, 'International Parcels: Express', 'fr'),
(427, 'International Parcels: Express', 'it'),
(427, 'International Parcels: Express', 'nl'),
(427, 'International Parcels: Express', 'no'),
(427, 'International Parcels: Express', 'pt'),
(427, 'International Parcels: Express', 'ro'),
(427, 'International Parcels: Express', 'ru'),
(428, 'International Parcels: Standard', 'da'),
(428, 'International Parcels: Standard', 'de'),
(428, 'International Parcels: Standard', 'el'),
(428, 'International Parcels: Standard', 'en'),
(428, 'International Parcels: Standard', 'es'),
(428, 'International Parcels: Standard', 'fr'),
(428, 'International Parcels: Standard', 'it'),
(428, 'International Parcels: Standard', 'nl'),
(428, 'International Parcels: Standard', 'no'),
(428, 'International Parcels: Standard', 'pt'),
(428, 'International Parcels: Standard', 'ro'),
(428, 'International Parcels: Standard', 'ru'),
(430, 'International Parcels: Economy Sea', 'da'),
(430, 'International Parcels: Economy Sea', 'de'),
(430, 'International Parcels: Economy Sea', 'el'),
(430, 'International Parcels: Economy Sea', 'en'),
(430, 'International Parcels: Economy Sea', 'es'),
(430, 'International Parcels: Economy Sea', 'fr'),
(430, 'International Parcels: Economy Sea', 'it'),
(430, 'International Parcels: Economy Sea', 'nl'),
(430, 'International Parcels: Economy Sea', 'no'),
(430, 'International Parcels: Economy Sea', 'pt'),
(430, 'International Parcels: Economy Sea', 'ro'),
(430, 'International Parcels: Economy Sea', 'ru'),
(431, 'Domestic Letters: Small Letter', 'da'),
(431, 'Domestic Letters: Small Letter', 'de'),
(431, 'Domestic Letters: Small Letter', 'el'),
(431, 'Domestic Letters: Small Letter', 'en'),
(431, 'Domestic Letters: Small Letter', 'es'),
(431, 'Domestic Letters: Small Letter', 'fr'),
(431, 'Domestic Letters: Small Letter', 'it'),
(431, 'Domestic Letters: Small Letter', 'nl'),
(431, 'Domestic Letters: Small Letter', 'no'),
(431, 'Domestic Letters: Small Letter', 'pt'),
(431, 'Domestic Letters: Small Letter', 'ro'),
(431, 'Domestic Letters: Small Letter', 'ru'),
(432, 'Domestic Letters: Small Priority Letter', 'da'),
(432, 'Domestic Letters: Small Priority Letter', 'de'),
(432, 'Domestic Letters: Small Priority Letter', 'el'),
(432, 'Domestic Letters: Small Priority Letter', 'en'),
(432, 'Domestic Letters: Small Priority Letter', 'es'),
(432, 'Domestic Letters: Small Priority Letter', 'fr'),
(432, 'Domestic Letters: Small Priority Letter', 'it'),
(432, 'Domestic Letters: Small Priority Letter', 'nl'),
(432, 'Domestic Letters: Small Priority Letter', 'no'),
(432, 'Domestic Letters: Small Priority Letter', 'pt'),
(432, 'Domestic Letters: Small Priority Letter', 'ro'),
(432, 'Domestic Letters: Small Priority Letter', 'ru'),
(433, 'Domestic Letters: Large Letter', 'da'),
(433, 'Domestic Letters: Large Letter', 'de'),
(433, 'Domestic Letters: Large Letter', 'el'),
(433, 'Domestic Letters: Large Letter', 'en'),
(433, 'Domestic Letters: Large Letter', 'es'),
(433, 'Domestic Letters: Large Letter', 'fr'),
(433, 'Domestic Letters: Large Letter', 'it'),
(433, 'Domestic Letters: Large Letter', 'nl'),
(433, 'Domestic Letters: Large Letter', 'no'),
(433, 'Domestic Letters: Large Letter', 'pt'),
(433, 'Domestic Letters: Large Letter', 'ro'),
(433, 'Domestic Letters: Large Letter', 'ru'),
(434, 'Domestic Letters: Large Priority Letter', 'da'),
(434, 'Domestic Letters: Large Priority Letter', 'de'),
(434, 'Domestic Letters: Large Priority Letter', 'el'),
(434, 'Domestic Letters: Large Priority Letter', 'en'),
(434, 'Domestic Letters: Large Priority Letter', 'es'),
(434, 'Domestic Letters: Large Priority Letter', 'fr'),
(434, 'Domestic Letters: Large Priority Letter', 'it'),
(434, 'Domestic Letters: Large Priority Letter', 'nl'),
(434, 'Domestic Letters: Large Priority Letter', 'no'),
(434, 'Domestic Letters: Large Priority Letter', 'pt'),
(434, 'Domestic Letters: Large Priority Letter', 'ro'),
(434, 'Domestic Letters: Large Priority Letter', 'ru'),
(435, 'Domestic Letters: Express Post Small Envelope', 'da'),
(435, 'Domestic Letters: Express Post Small Envelope', 'de'),
(435, 'Domestic Letters: Express Post Small Envelope', 'el'),
(435, 'Domestic Letters: Express Post Small Envelope', 'en'),
(435, 'Domestic Letters: Express Post Small Envelope', 'es'),
(435, 'Domestic Letters: Express Post Small Envelope', 'fr'),
(435, 'Domestic Letters: Express Post Small Envelope', 'it'),
(435, 'Domestic Letters: Express Post Small Envelope', 'nl'),
(435, 'Domestic Letters: Express Post Small Envelope', 'no'),
(435, 'Domestic Letters: Express Post Small Envelope', 'pt'),
(435, 'Domestic Letters: Express Post Small Envelope', 'ro'),
(435, 'Domestic Letters: Express Post Small Envelope', 'ru'),
(436, 'Domestic Letters: Express Post Medium Envelope', 'da'),
(436, 'Domestic Letters: Express Post Medium Envelope', 'de'),
(436, 'Domestic Letters: Express Post Medium Envelope', 'el'),
(436, 'Domestic Letters: Express Post Medium Envelope', 'en'),
(436, 'Domestic Letters: Express Post Medium Envelope', 'es'),
(436, 'Domestic Letters: Express Post Medium Envelope', 'fr'),
(436, 'Domestic Letters: Express Post Medium Envelope', 'it'),
(436, 'Domestic Letters: Express Post Medium Envelope', 'nl'),
(436, 'Domestic Letters: Express Post Medium Envelope', 'no'),
(436, 'Domestic Letters: Express Post Medium Envelope', 'pt'),
(436, 'Domestic Letters: Express Post Medium Envelope', 'ro'),
(436, 'Domestic Letters: Express Post Medium Envelope', 'ru'),
(437, 'Domestic Letters: Express Post Large Envelope', 'da'),
(437, 'Domestic Letters: Express Post Large Envelope', 'de'),
(437, 'Domestic Letters: Express Post Large Envelope', 'el'),
(437, 'Domestic Letters: Express Post Large Envelope', 'en'),
(437, 'Domestic Letters: Express Post Large Envelope', 'es'),
(437, 'Domestic Letters: Express Post Large Envelope', 'fr'),
(437, 'Domestic Letters: Express Post Large Envelope', 'it'),
(437, 'Domestic Letters: Express Post Large Envelope', 'nl'),
(437, 'Domestic Letters: Express Post Large Envelope', 'no'),
(437, 'Domestic Letters: Express Post Large Envelope', 'pt'),
(437, 'Domestic Letters: Express Post Large Envelope', 'ro'),
(437, 'Domestic Letters: Express Post Large Envelope', 'ru'),
(438, 'International Letters: Courier', 'da'),
(438, 'International Letters: Courier', 'de'),
(438, 'International Letters: Courier', 'el'),
(438, 'International Letters: Courier', 'en'),
(438, 'International Letters: Courier', 'es'),
(438, 'International Letters: Courier', 'fr'),
(438, 'International Letters: Courier', 'it'),
(438, 'International Letters: Courier', 'nl'),
(438, 'International Letters: Courier', 'no'),
(438, 'International Letters: Courier', 'pt'),
(438, 'International Letters: Courier', 'ro'),
(438, 'International Letters: Courier', 'ru'),
(439, 'International Letters: Express', 'da'),
(439, 'International Letters: Express', 'de'),
(439, 'International Letters: Express', 'el'),
(439, 'International Letters: Express', 'en'),
(439, 'International Letters: Express', 'es'),
(439, 'International Letters: Express', 'fr'),
(439, 'International Letters: Express', 'it'),
(439, 'International Letters: Express', 'nl'),
(439, 'International Letters: Express', 'no'),
(439, 'International Letters: Express', 'pt'),
(439, 'International Letters: Express', 'ro'),
(439, 'International Letters: Express', 'ru'),
(440, 'International Letters: Registered Post DL', 'da'),
(440, 'International Letters: Registered Post DL', 'de'),
(440, 'International Letters: Registered Post DL', 'el'),
(440, 'International Letters: Registered Post DL', 'en'),
(440, 'International Letters: Registered Post DL', 'es'),
(440, 'International Letters: Registered Post DL', 'fr'),
(440, 'International Letters: Registered Post DL', 'it'),
(440, 'International Letters: Registered Post DL', 'nl'),
(440, 'International Letters: Registered Post DL', 'no'),
(440, 'International Letters: Registered Post DL', 'pt'),
(440, 'International Letters: Registered Post DL', 'ro'),
(440, 'International Letters: Registered Post DL', 'ru'),
(441, 'International Letters: Registered Post B4', 'da'),
(441, 'International Letters: Registered Post B4', 'de'),
(441, 'International Letters: Registered Post B4', 'el'),
(441, 'International Letters: Registered Post B4', 'en'),
(441, 'International Letters: Registered Post B4', 'es'),
(441, 'International Letters: Registered Post B4', 'fr'),
(441, 'International Letters: Registered Post B4', 'it'),
(441, 'International Letters: Registered Post B4', 'nl'),
(441, 'International Letters: Registered Post B4', 'no'),
(441, 'International Letters: Registered Post B4', 'pt'),
(441, 'International Letters: Registered Post B4', 'ro'),
(441, 'International Letters: Registered Post B4', 'ru'),
(442, 'International Letters: Economy Air (Light)', 'da'),
(442, 'International Letters: Economy Air (Light)', 'de'),
(442, 'International Letters: Economy Air (Light)', 'el'),
(442, 'International Letters: Economy Air (Light)', 'en'),
(442, 'International Letters: Economy Air (Light)', 'es'),
(442, 'International Letters: Economy Air (Light)', 'fr'),
(442, 'International Letters: Economy Air (Light)', 'it'),
(442, 'International Letters: Economy Air (Light)', 'nl'),
(442, 'International Letters: Economy Air (Light)', 'no'),
(442, 'International Letters: Economy Air (Light)', 'pt'),
(442, 'International Letters: Economy Air (Light)', 'ro'),
(442, 'International Letters: Economy Air (Light)', 'ru'),
(443, 'International Letters: Economy Air (Medium)', 'da'),
(443, 'International Letters: Economy Air (Medium)', 'de'),
(443, 'International Letters: Economy Air (Medium)', 'el'),
(443, 'International Letters: Economy Air (Medium)', 'en'),
(443, 'International Letters: Economy Air (Medium)', 'es'),
(443, 'International Letters: Economy Air (Medium)', 'fr'),
(443, 'International Letters: Economy Air (Medium)', 'it'),
(443, 'International Letters: Economy Air (Medium)', 'nl'),
(443, 'International Letters: Economy Air (Medium)', 'no'),
(443, 'International Letters: Economy Air (Medium)', 'pt'),
(443, 'International Letters: Economy Air (Medium)', 'ro'),
(443, 'International Letters: Economy Air (Medium)', 'ru'),
(444, 'International Letters: Economy Air (Heavy)', 'da'),
(444, 'International Letters: Economy Air (Heavy)', 'de'),
(444, 'International Letters: Economy Air (Heavy)', 'el'),
(444, 'International Letters: Economy Air (Heavy)', 'en'),
(444, 'International Letters: Economy Air (Heavy)', 'es'),
(444, 'International Letters: Economy Air (Heavy)', 'fr'),
(444, 'International Letters: Economy Air (Heavy)', 'it'),
(444, 'International Letters: Economy Air (Heavy)', 'nl'),
(444, 'International Letters: Economy Air (Heavy)', 'no'),
(444, 'International Letters: Economy Air (Heavy)', 'pt'),
(444, 'International Letters: Economy Air (Heavy)', 'ro'),
(444, 'International Letters: Economy Air (Heavy)', 'ru'),
(445, 'UPS Canada: Access Point Economy', 'da'),
(445, 'UPS Canada: Access Point Economy', 'de'),
(445, 'UPS Canada: Access Point Economy', 'el'),
(445, 'UPS Canada: Access Point Economy', 'en'),
(445, 'UPS Canada: Access Point Economy', 'es'),
(445, 'UPS Canada: Access Point Economy', 'fr'),
(445, 'UPS Canada: Access Point Economy', 'it'),
(445, 'UPS Canada: Access Point Economy', 'nl'),
(445, 'UPS Canada: Access Point Economy', 'no'),
(445, 'UPS Canada: Access Point Economy', 'pt'),
(445, 'UPS Canada: Access Point Economy', 'ro'),
(445, 'UPS Canada: Access Point Economy', 'ru'),
(446, 'UPS Canada: Worldwide Express Plus', 'da'),
(446, 'UPS Canada: Worldwide Express Plus', 'de'),
(446, 'UPS Canada: Worldwide Express Plus', 'el'),
(446, 'UPS Canada: Worldwide Express Plus', 'en'),
(446, 'UPS Canada: Worldwide Express Plus', 'es'),
(446, 'UPS Canada: Worldwide Express Plus', 'fr'),
(446, 'UPS Canada: Worldwide Express Plus', 'it'),
(446, 'UPS Canada: Worldwide Express Plus', 'nl'),
(446, 'UPS Canada: Worldwide Express Plus', 'no'),
(446, 'UPS Canada: Worldwide Express Plus', 'pt'),
(446, 'UPS Canada: Worldwide Express Plus', 'ro'),
(446, 'UPS Canada: Worldwide Express Plus', 'ru'),
(447, 'UPS Europe: Access Point Economy', 'da'),
(447, 'UPS Europe: Access Point Economy', 'de'),
(447, 'UPS Europe: Access Point Economy', 'el'),
(447, 'UPS Europe: Access Point Economy', 'en'),
(447, 'UPS Europe: Access Point Economy', 'es'),
(447, 'UPS Europe: Access Point Economy', 'fr'),
(447, 'UPS Europe: Access Point Economy', 'it'),
(447, 'UPS Europe: Access Point Economy', 'nl'),
(447, 'UPS Europe: Access Point Economy', 'no'),
(447, 'UPS Europe: Access Point Economy', 'pt'),
(447, 'UPS Europe: Access Point Economy', 'ro'),
(447, 'UPS Europe: Access Point Economy', 'ru'),
(448, 'UPS Mexico: Access Point Economy', 'da'),
(448, 'UPS Mexico: Access Point Economy', 'de'),
(448, 'UPS Mexico: Access Point Economy', 'el'),
(448, 'UPS Mexico: Access Point Economy', 'en'),
(448, 'UPS Mexico: Access Point Economy', 'es'),
(448, 'UPS Mexico: Access Point Economy', 'fr'),
(448, 'UPS Mexico: Access Point Economy', 'it'),
(448, 'UPS Mexico: Access Point Economy', 'nl'),
(448, 'UPS Mexico: Access Point Economy', 'no'),
(448, 'UPS Mexico: Access Point Economy', 'pt'),
(448, 'UPS Mexico: Access Point Economy', 'ro'),
(448, 'UPS Mexico: Access Point Economy', 'ru'),
(449, 'UPS Mexico: Standard', 'da'),
(449, 'UPS Mexico: Standard', 'de'),
(449, 'UPS Mexico: Standard', 'el'),
(449, 'UPS Mexico: Standard', 'en'),
(449, 'UPS Mexico: Standard', 'es'),
(449, 'UPS Mexico: Standard', 'fr'),
(449, 'UPS Mexico: Standard', 'it'),
(449, 'UPS Mexico: Standard', 'nl'),
(449, 'UPS Mexico: Standard', 'no'),
(449, 'UPS Mexico: Standard', 'pt'),
(449, 'UPS Mexico: Standard', 'ro'),
(449, 'UPS Mexico: Standard', 'ru'),
(450, 'UPS Poland: Access Point Economy', 'da'),
(450, 'UPS Poland: Access Point Economy', 'de'),
(450, 'UPS Poland: Access Point Economy', 'el'),
(450, 'UPS Poland: Access Point Economy', 'en'),
(450, 'UPS Poland: Access Point Economy', 'es'),
(450, 'UPS Poland: Access Point Economy', 'fr'),
(450, 'UPS Poland: Access Point Economy', 'it'),
(450, 'UPS Poland: Access Point Economy', 'nl'),
(450, 'UPS Poland: Access Point Economy', 'no'),
(450, 'UPS Poland: Access Point Economy', 'pt'),
(450, 'UPS Poland: Access Point Economy', 'ro'),
(450, 'UPS Poland: Access Point Economy', 'ru'),
(451, 'UPS All countries: Worldwide Express Freight', 'da'),
(451, 'UPS All countries: Worldwide Express Freight', 'de'),
(451, 'UPS All countries: Worldwide Express Freight', 'el'),
(451, 'UPS All countries: Worldwide Express Freight', 'en'),
(451, 'UPS All countries: Worldwide Express Freight', 'es'),
(451, 'UPS All countries: Worldwide Express Freight', 'fr'),
(451, 'UPS All countries: Worldwide Express Freight', 'it'),
(451, 'UPS All countries: Worldwide Express Freight', 'nl'),
(451, 'UPS All countries: Worldwide Express Freight', 'no'),
(451, 'UPS All countries: Worldwide Express Freight', 'pt'),
(451, 'UPS All countries: Worldwide Express Freight', 'ro'),
(451, 'UPS All countries: Worldwide Express Freight', 'ru'),
(452, 'FedEx 2nd Day® AM', 'da'),
(452, 'FedEx 2nd Day® AM', 'de'),
(452, 'FedEx 2nd Day® AM', 'el'),
(452, 'FedEx 2nd Day® AM', 'en'),
(452, 'FedEx 2nd Day® AM', 'es'),
(452, 'FedEx 2nd Day® AM', 'fr'),
(452, 'FedEx 2nd Day® AM', 'it'),
(452, 'FedEx 2nd Day® AM', 'nl'),
(452, 'FedEx 2nd Day® AM', 'no'),
(452, 'FedEx 2nd Day® AM', 'pt'),
(452, 'FedEx 2nd Day® AM', 'ro'),
(452, 'FedEx 2nd Day® AM', 'ru'),
(453, 'FedEx Distance Deferred®', 'da'),
(453, 'FedEx Distance Deferred®', 'de'),
(453, 'FedEx Distance Deferred®', 'el'),
(453, 'FedEx Distance Deferred®', 'en'),
(453, 'FedEx Distance Deferred®', 'es'),
(453, 'FedEx Distance Deferred®', 'fr'),
(453, 'FedEx Distance Deferred®', 'it'),
(453, 'FedEx Distance Deferred®', 'nl'),
(453, 'FedEx Distance Deferred®', 'no'),
(453, 'FedEx Distance Deferred®', 'pt'),
(453, 'FedEx Distance Deferred®', 'ro'),
(453, 'FedEx Distance Deferred®', 'ru'),
(454, 'FedEx First Freight®', 'da'),
(454, 'FedEx First Freight®', 'de'),
(454, 'FedEx First Freight®', 'el'),
(454, 'FedEx First Freight®', 'en'),
(454, 'FedEx First Freight®', 'es'),
(454, 'FedEx First Freight®', 'fr'),
(454, 'FedEx First Freight®', 'it'),
(454, 'FedEx First Freight®', 'nl'),
(454, 'FedEx First Freight®', 'no'),
(454, 'FedEx First Freight®', 'pt'),
(454, 'FedEx First Freight®', 'ro'),
(454, 'FedEx First Freight®', 'ru'),
(455, 'FedEx Freight® Ecomomy', 'da'),
(455, 'FedEx Freight® Ecomomy', 'de'),
(455, 'FedEx Freight® Ecomomy', 'el'),
(455, 'FedEx Freight® Ecomomy', 'en'),
(455, 'FedEx Freight® Ecomomy', 'es'),
(455, 'FedEx Freight® Ecomomy', 'fr'),
(455, 'FedEx Freight® Ecomomy', 'it'),
(455, 'FedEx Freight® Ecomomy', 'nl'),
(455, 'FedEx Freight® Ecomomy', 'no'),
(455, 'FedEx Freight® Ecomomy', 'pt'),
(455, 'FedEx Freight® Ecomomy', 'ro'),
(455, 'FedEx Freight® Ecomomy', 'ru'),
(456, 'FedEx Freight® Priority', 'da'),
(456, 'FedEx Freight® Priority', 'de'),
(456, 'FedEx Freight® Priority', 'el'),
(456, 'FedEx Freight® Priority', 'en'),
(456, 'FedEx Freight® Priority', 'es'),
(456, 'FedEx Freight® Priority', 'fr'),
(456, 'FedEx Freight® Priority', 'it'),
(456, 'FedEx Freight® Priority', 'nl'),
(456, 'FedEx Freight® Priority', 'no'),
(456, 'FedEx Freight® Priority', 'pt'),
(456, 'FedEx Freight® Priority', 'ro'),
(456, 'FedEx Freight® Priority', 'ru'),
(457, 'FedEx Overnight® Afternoon', 'da'),
(457, 'FedEx Overnight® Afternoon', 'de'),
(457, 'FedEx Overnight® Afternoon', 'el'),
(457, 'FedEx Overnight® Afternoon', 'en'),
(457, 'FedEx Overnight® Afternoon', 'es'),
(457, 'FedEx Overnight® Afternoon', 'fr'),
(457, 'FedEx Overnight® Afternoon', 'it'),
(457, 'FedEx Overnight® Afternoon', 'nl'),
(457, 'FedEx Overnight® Afternoon', 'no'),
(457, 'FedEx Overnight® Afternoon', 'pt'),
(457, 'FedEx Overnight® Afternoon', 'ro'),
(457, 'FedEx Overnight® Afternoon', 'ru'),
(458, 'FedEx Overnight® Early morning', 'da'),
(458, 'FedEx Overnight® Early morning', 'de'),
(458, 'FedEx Overnight® Early morning', 'el'),
(458, 'FedEx Overnight® Early morning', 'en'),
(458, 'FedEx Overnight® Early morning', 'es'),
(458, 'FedEx Overnight® Early morning', 'fr'),
(458, 'FedEx Overnight® Early morning', 'it'),
(458, 'FedEx Overnight® Early morning', 'nl'),
(458, 'FedEx Overnight® Early morning', 'no'),
(458, 'FedEx Overnight® Early morning', 'pt'),
(458, 'FedEx Overnight® Early morning', 'ro'),
(458, 'FedEx Overnight® Early morning', 'ru'),
(459, 'FedEx Overnight® End of day', 'da'),
(459, 'FedEx Overnight® End of day', 'de'),
(459, 'FedEx Overnight® End of day', 'el'),
(459, 'FedEx Overnight® End of day', 'en'),
(459, 'FedEx Overnight® End of day', 'es'),
(459, 'FedEx Overnight® End of day', 'fr'),
(459, 'FedEx Overnight® End of day', 'it'),
(459, 'FedEx Overnight® End of day', 'nl'),
(459, 'FedEx Overnight® End of day', 'no'),
(459, 'FedEx Overnight® End of day', 'pt'),
(459, 'FedEx Overnight® End of day', 'ro'),
(459, 'FedEx Overnight® End of day', 'ru'),
(460, 'FedEx Overnight® Freight', 'da'),
(460, 'FedEx Overnight® Freight', 'de'),
(460, 'FedEx Overnight® Freight', 'el'),
(460, 'FedEx Overnight® Freight', 'en'),
(460, 'FedEx Overnight® Freight', 'es'),
(460, 'FedEx Overnight® Freight', 'fr'),
(460, 'FedEx Overnight® Freight', 'it'),
(460, 'FedEx Overnight® Freight', 'nl'),
(460, 'FedEx Overnight® Freight', 'no'),
(460, 'FedEx Overnight® Freight', 'pt'),
(460, 'FedEx Overnight® Freight', 'ro'),
(460, 'FedEx Overnight® Freight', 'ru'),
(461, 'FedEx Overnight® Midmorning', 'da'),
(461, 'FedEx Overnight® Midmorning', 'de'),
(461, 'FedEx Overnight® Midmorning', 'el'),
(461, 'FedEx Overnight® Midmorning', 'en'),
(461, 'FedEx Overnight® Midmorning', 'es'),
(461, 'FedEx Overnight® Midmorning', 'fr'),
(461, 'FedEx Overnight® Midmorning', 'it'),
(461, 'FedEx Overnight® Midmorning', 'nl'),
(461, 'FedEx Overnight® Midmorning', 'no'),
(461, 'FedEx Overnight® Midmorning', 'pt'),
(461, 'FedEx Overnight® Midmorning', 'ro'),
(461, 'FedEx Overnight® Midmorning', 'ru'),
(462, 'FedEx SameDay®', 'da'),
(462, 'FedEx SameDay®', 'de'),
(462, 'FedEx SameDay®', 'el'),
(462, 'FedEx SameDay®', 'en'),
(462, 'FedEx SameDay®', 'es'),
(462, 'FedEx SameDay®', 'fr'),
(462, 'FedEx SameDay®', 'it'),
(462, 'FedEx SameDay®', 'nl'),
(462, 'FedEx SameDay®', 'no'),
(462, 'FedEx SameDay®', 'pt'),
(462, 'FedEx SameDay®', 'ro'),
(462, 'FedEx SameDay®', 'ru'),
(463, 'FedEx SameDay® City', 'da'),
(463, 'FedEx SameDay® City', 'de'),
(463, 'FedEx SameDay® City', 'el'),
(463, 'FedEx SameDay® City', 'en'),
(463, 'FedEx SameDay® City', 'es'),
(463, 'FedEx SameDay® City', 'fr'),
(463, 'FedEx SameDay® City', 'it'),
(463, 'FedEx SameDay® City', 'nl'),
(463, 'FedEx SameDay® City', 'no'),
(463, 'FedEx SameDay® City', 'pt'),
(463, 'FedEx SameDay® City', 'ro'),
(463, 'FedEx SameDay® City', 'ru'),
(464, 'Pickup', 'da'),
(464, 'Pickup', 'de'),
(464, 'Pickup', 'el'),
(464, 'Pickup', 'en'),
(464, 'Pickup', 'es'),
(464, 'Pickup', 'fr'),
(464, 'Pickup', 'it'),
(464, 'Pickup', 'nl'),
(464, 'Pickup', 'no'),
(464, 'Pickup', 'pt'),
(464, 'Pickup', 'ro'),
(464, 'Самовывоз', 'ru'),
(465, 'Domestic Parcels: Parcel Post Medium Satchel', 'da'),
(465, 'Domestic Parcels: Parcel Post Medium Satchel', 'de'),
(465, 'Domestic Parcels: Parcel Post Medium Satchel', 'el'),
(465, 'Domestic Parcels: Parcel Post Medium Satchel', 'en'),
(465, 'Domestic Parcels: Parcel Post Medium Satchel', 'es'),
(465, 'Domestic Parcels: Parcel Post Medium Satchel', 'fr'),
(465, 'Domestic Parcels: Parcel Post Medium Satchel', 'it'),
(465, 'Domestic Parcels: Parcel Post Medium Satchel', 'nl'),
(465, 'Domestic Parcels: Parcel Post Medium Satchel', 'no'),
(465, 'Domestic Parcels: Parcel Post Medium Satchel', 'pt'),
(465, 'Domestic Parcels: Parcel Post Medium Satchel', 'ro'),
(465, 'Domestic Parcels: Parcel Post Medium Satchel', 'ru'),
(466, 'Domestic Parcels: Parcel Post Extra Large Satchel', 'da'),
(466, 'Domestic Parcels: Parcel Post Extra Large Satchel', 'de'),
(466, 'Domestic Parcels: Parcel Post Extra Large Satchel', 'el'),
(466, 'Domestic Parcels: Parcel Post Extra Large Satchel', 'en'),
(466, 'Domestic Parcels: Parcel Post Extra Large Satchel', 'es'),
(466, 'Domestic Parcels: Parcel Post Extra Large Satchel', 'fr'),
(466, 'Domestic Parcels: Parcel Post Extra Large Satchel', 'it'),
(466, 'Domestic Parcels: Parcel Post Extra Large Satchel', 'nl'),
(466, 'Domestic Parcels: Parcel Post Extra Large Satchel', 'no'),
(466, 'Domestic Parcels: Parcel Post Extra Large Satchel', 'pt'),
(466, 'Domestic Parcels: Parcel Post Extra Large Satchel', 'ro'),
(466, 'Domestic Parcels: Parcel Post Extra Large Satchel', 'ru'),
(467, 'Domestic Parcels: Parcel Post Small Package', 'da'),
(467, 'Domestic Parcels: Parcel Post Small Package', 'de'),
(467, 'Domestic Parcels: Parcel Post Small Package', 'el'),
(467, 'Domestic Parcels: Parcel Post Small Package', 'en'),
(467, 'Domestic Parcels: Parcel Post Small Package', 'es'),
(467, 'Domestic Parcels: Parcel Post Small Package', 'fr'),
(467, 'Domestic Parcels: Parcel Post Small Package', 'it'),
(467, 'Domestic Parcels: Parcel Post Small Package', 'nl'),
(467, 'Domestic Parcels: Parcel Post Small Package', 'no'),
(467, 'Domestic Parcels: Parcel Post Small Package', 'pt'),
(467, 'Domestic Parcels: Parcel Post Small Package', 'ro'),
(467, 'Domestic Parcels: Parcel Post Small Package', 'ru'),
(468, 'Domestic Parcels: Parcel Post Large Package', 'da'),
(468, 'Domestic Parcels: Parcel Post Large Package', 'de'),
(468, 'Domestic Parcels: Parcel Post Large Package', 'el'),
(468, 'Domestic Parcels: Parcel Post Large Package', 'en'),
(468, 'Domestic Parcels: Parcel Post Large Package', 'es'),
(468, 'Domestic Parcels: Parcel Post Large Package', 'fr'),
(468, 'Domestic Parcels: Parcel Post Large Package', 'it'),
(468, 'Domestic Parcels: Parcel Post Large Package', 'nl'),
(468, 'Domestic Parcels: Parcel Post Large Package', 'no'),
(468, 'Domestic Parcels: Parcel Post Large Package', 'pt'),
(468, 'Domestic Parcels: Parcel Post Large Package', 'ro'),
(468, 'Domestic Parcels: Parcel Post Large Package', 'ru'),
(469, 'Domestic Parcels: Parcel Post Extra Large Package', 'da'),
(469, 'Domestic Parcels: Parcel Post Extra Large Package', 'de'),
(469, 'Domestic Parcels: Parcel Post Extra Large Package', 'el'),
(469, 'Domestic Parcels: Parcel Post Extra Large Package', 'en'),
(469, 'Domestic Parcels: Parcel Post Extra Large Package', 'es'),
(469, 'Domestic Parcels: Parcel Post Extra Large Package', 'fr'),
(469, 'Domestic Parcels: Parcel Post Extra Large Package', 'it'),
(469, 'Domestic Parcels: Parcel Post Extra Large Package', 'nl'),
(469, 'Domestic Parcels: Parcel Post Extra Large Package', 'no'),
(469, 'Domestic Parcels: Parcel Post Extra Large Package', 'pt'),
(469, 'Domestic Parcels: Parcel Post Extra Large Package', 'ro'),
(469, 'Domestic Parcels: Parcel Post Extra Large Package', 'ru'),
(470, 'Domestic Parcels: Express Post Medium Satchel', 'da'),
(470, 'Domestic Parcels: Express Post Medium Satchel', 'de'),
(470, 'Domestic Parcels: Express Post Medium Satchel', 'el'),
(470, 'Domestic Parcels: Express Post Medium Satchel', 'en'),
(470, 'Domestic Parcels: Express Post Medium Satchel', 'es'),
(470, 'Domestic Parcels: Express Post Medium Satchel', 'fr'),
(470, 'Domestic Parcels: Express Post Medium Satchel', 'it'),
(470, 'Domestic Parcels: Express Post Medium Satchel', 'nl'),
(470, 'Domestic Parcels: Express Post Medium Satchel', 'no'),
(470, 'Domestic Parcels: Express Post Medium Satchel', 'pt'),
(470, 'Domestic Parcels: Express Post Medium Satchel', 'ro'),
(470, 'Domestic Parcels: Express Post Medium Satchel', 'ru'),
(471, 'Domestic Letters: Large Letter 250g', 'da'),
(471, 'Domestic Letters: Large Letter 250g', 'de'),
(471, 'Domestic Letters: Large Letter 250g', 'el'),
(471, 'Domestic Letters: Large Letter 250g', 'en'),
(471, 'Domestic Letters: Large Letter 250g', 'es'),
(471, 'Domestic Letters: Large Letter 250g', 'fr'),
(471, 'Domestic Letters: Large Letter 250g', 'it'),
(471, 'Domestic Letters: Large Letter 250g', 'nl'),
(471, 'Domestic Letters: Large Letter 250g', 'no'),
(471, 'Domestic Letters: Large Letter 250g', 'pt'),
(471, 'Domestic Letters: Large Letter 250g', 'ro'),
(471, 'Domestic Letters: Large Letter 250g', 'ru'),
(472, 'Domestic Letters: Large Priority Letter 250g', 'da'),
(472, 'Domestic Letters: Large Priority Letter 250g', 'de'),
(472, 'Domestic Letters: Large Priority Letter 250g', 'el'),
(472, 'Domestic Letters: Large Priority Letter 250g', 'en'),
(472, 'Domestic Letters: Large Priority Letter 250g', 'es'),
(472, 'Domestic Letters: Large Priority Letter 250g', 'fr'),
(472, 'Domestic Letters: Large Priority Letter 250g', 'it'),
(472, 'Domestic Letters: Large Priority Letter 250g', 'nl'),
(472, 'Domestic Letters: Large Priority Letter 250g', 'no'),
(472, 'Domestic Letters: Large Priority Letter 250g', 'pt'),
(472, 'Domestic Letters: Large Priority Letter 250g', 'ro'),
(472, 'Domestic Letters: Large Priority Letter 250g', 'ru'),
(473, 'Domestic Letters: Large Letter 500g', 'da'),
(473, 'Domestic Letters: Large Letter 500g', 'de'),
(473, 'Domestic Letters: Large Letter 500g', 'el'),
(473, 'Domestic Letters: Large Letter 500g', 'en'),
(473, 'Domestic Letters: Large Letter 500g', 'es'),
(473, 'Domestic Letters: Large Letter 500g', 'fr'),
(473, 'Domestic Letters: Large Letter 500g', 'it'),
(473, 'Domestic Letters: Large Letter 500g', 'nl'),
(473, 'Domestic Letters: Large Letter 500g', 'no'),
(473, 'Domestic Letters: Large Letter 500g', 'pt'),
(473, 'Domestic Letters: Large Letter 500g', 'ro'),
(473, 'Domestic Letters: Large Letter 500g', 'ru'),
(474, 'Domestic Letters: Large Priority Letter 500g', 'da'),
(474, 'Domestic Letters: Large Priority Letter 500g', 'de'),
(474, 'Domestic Letters: Large Priority Letter 500g', 'el'),
(474, 'Domestic Letters: Large Priority Letter 500g', 'en'),
(474, 'Domestic Letters: Large Priority Letter 500g', 'es'),
(474, 'Domestic Letters: Large Priority Letter 500g', 'fr'),
(474, 'Domestic Letters: Large Priority Letter 500g', 'it'),
(474, 'Domestic Letters: Large Priority Letter 500g', 'nl'),
(474, 'Domestic Letters: Large Priority Letter 500g', 'no'),
(474, 'Domestic Letters: Large Priority Letter 500g', 'pt'),
(474, 'Domestic Letters: Large Priority Letter 500g', 'ro'),
(474, 'Domestic Letters: Large Priority Letter 500g', 'ru'),
(159982, 'CORREIOS MINI ENVIOS CTR AG', 'en'),
(159982, 'CORREIOS MINI ENVIOS CTR AG', 'es'),
(159982, 'CORREIOS MINI ENVIOS CTR AG', 'pt'),
(162015, 'SEDEX 12 CONTRATO AG', 'en'),
(162015, 'SEDEX 12 CONTRATO AG', 'es'),
(162015, 'SEDEX 12 CONTRATO AG', 'pt'),
(162016, 'SEDEX 10 CONTRATO AG', 'en'),
(162016, 'SEDEX 10 CONTRATO AG', 'es'),
(162016, 'SEDEX 10 CONTRATO AG', 'pt'),
(162020, 'SEDEX HOJE CONTRATO AG', 'en'),
(162020, 'SEDEX HOJE CONTRATO AG', 'es'),
(162020, 'SEDEX HOJE CONTRATO AG', 'pt'),
(162021, 'SEDEX CONTRATO GDES FORMATOS', 'en'),
(162021, 'SEDEX CONTRATO GDES FORMATOS', 'es'),
(162021, 'SEDEX CONTRATO GDES FORMATOS', 'pt'),
(162022, 'SEDEX CONTRATO AG', 'en'),
(162022, 'SEDEX CONTRATO AG', 'es'),
(162022, 'SEDEX CONTRATO AG', 'pt'),
(162026, 'PAC CONTRATO AG', 'en'),
(162026, 'PAC CONTRATO AG', 'es'),
(162026, 'PAC CONTRATO AG', 'pt'),
(162029, 'PAC CONTRATO GDES FORMATOS', 'en'),
(162029, 'PAC CONTRATO GDES FORMATOS', 'es'),
(162029, 'PAC CONTRATO GDES FORMATOS', 'pt'),
(162134, 'CARTA SIMPLES SELO E SE PCTE', 'en'),
(162134, 'CARTA SIMPLES SELO E SE PCTE', 'es'),
(162134, 'CARTA SIMPLES SELO E SE PCTE', 'pt'),
(162135, 'CARTA SIMPLES CHANCELA PCTE', 'en'),
(162135, 'CARTA SIMPLES CHANCELA PCTE', 'es'),
(162135, 'CARTA SIMPLES CHANCELA PCTE', 'pt'),
(162142, 'CARTA RG B1 CHANC ETIQUETA', 'en'),
(162142, 'CARTA RG B1 CHANC ETIQUETA', 'es'),
(162142, 'CARTA RG B1 CHANC ETIQUETA', 'pt'),
(162143, 'CARTA REG B1 MFD', 'en'),
(162143, 'CARTA REG B1 MFD', 'es'),
(162143, 'CARTA REG B1 MFD', 'pt'),
(162144, 'CARTA RG AR CONV B1 CHAN ETIQ', 'en'),
(162144, 'CARTA RG AR CONV B1 CHAN ETIQ', 'es'),
(162144, 'CARTA RG AR CONV B1 CHAN ETIQ', 'pt'),
(162145, 'CARTA REG AR CONV B1 MFD', 'en'),
(162145, 'CARTA REG AR CONV B1 MFD', 'es'),
(162145, 'CARTA REG AR CONV B1 MFD', 'pt'),
(162402, 'CARTA RG AR ELTR B1 CHANC ETIQ', 'en'),
(162402, 'CARTA RG AR ELTR B1 CHANC ETIQ', 'es'),
(162402, 'CARTA RG AR ELTR B1 CHANC ETIQ', 'pt'),
(162414, 'SEDEX HOJE UO', 'en'),
(162414, 'SEDEX HOJE UO', 'es'),
(162414, 'SEDEX HOJE UO', 'pt'),
(162456, 'CARTA REG AR ELET B1 MFD', 'en'),
(162456, 'CARTA REG AR ELET B1 MFD', 'es'),
(162456, 'CARTA REG AR ELET B1 MFD', 'pt');

-- --------------------------------------------------------

--
