INSERT INTO `partiushop_product_feature_variant_descriptions` (`variant_id`, `variant`, `description`, `page_title`, `meta_keywords`, `meta_description`, `lang_code`) VALUES
(177, 'Nintendo', '<p>A leading innovator of world-class in the field of interactive entertainment, Nintendo Co., Ltd., located in Kyoto, Japan. The company is engaged in manufacturing and marketing of hardware and software for the home console Wii Wee you portable Nintendo 3DS system line and Nintendo DS. In addition, by the company have been creating recognizable brands gaming industry as Mario, Donkey Kong, Metroid, Zelda and Pokémon.</p>', '', '', '', 'fr'),
(177, 'Nintendo', '<p>A leading innovator of world-class in the field of interactive entertainment, Nintendo Co., Ltd., located in Kyoto, Japan. The company is engaged in manufacturing and marketing of hardware and software for the home console Wii Wee you portable Nintendo 3DS system line and Nintendo DS. In addition, by the company have been creating recognizable brands gaming industry as Mario, Donkey Kong, Metroid, Zelda and Pokémon.</p>', '', '', '', 'it'),
(177, 'Nintendo', '<p>A leading innovator of world-class in the field of interactive entertainment, Nintendo Co., Ltd., located in Kyoto, Japan. The company is engaged in manufacturing and marketing of hardware and software for the home console Wii Wee you portable Nintendo 3DS system line and Nintendo DS. In addition, by the company have been creating recognizable brands gaming industry as Mario, Donkey Kong, Metroid, Zelda and Pokémon.</p>', '', '', '', 'nl'),
(177, 'Nintendo', '<p>A leading innovator of world-class in the field of interactive entertainment, Nintendo Co., Ltd., located in Kyoto, Japan. The company is engaged in manufacturing and marketing of hardware and software for the home console Wii Wee you portable Nintendo 3DS system line and Nintendo DS. In addition, by the company have been creating recognizable brands gaming industry as Mario, Donkey Kong, Metroid, Zelda and Pokémon.</p>', '', '', '', 'no'),
(177, 'Nintendo', '<p>A leading innovator of world-class in the field of interactive entertainment, Nintendo Co., Ltd., located in Kyoto, Japan. The company is engaged in manufacturing and marketing of hardware and software for the home console Wii Wee you portable Nintendo 3DS system line and Nintendo DS. In addition, by the company have been creating recognizable brands gaming industry as Mario, Donkey Kong, Metroid, Zelda and Pokémon.</p>', '', '', '', 'pt'),
(177, 'Nintendo', '<p>A leading innovator of world-class in the field of interactive entertainment, Nintendo Co., Ltd., located in Kyoto, Japan. The company is engaged in manufacturing and marketing of hardware and software for the home console Wii Wee you portable Nintendo 3DS system line and Nintendo DS. In addition, by the company have been creating recognizable brands gaming industry as Mario, Donkey Kong, Metroid, Zelda and Pokémon.</p>', '', '', '', 'ro'),
(177, 'Nintendo', '<p>A leading innovator of world-class in the field of interactive entertainment, Nintendo Co., Ltd., located in Kyoto, Japan. The company is engaged in manufacturing and marketing of hardware and software for the home console Wii Wee you portable Nintendo 3DS system line and Nintendo DS. In addition, by the company have been creating recognizable brands gaming industry as Mario, Donkey Kong, Metroid, Zelda and Pokémon.</p>', '', '', '', 'ru'),
(190, 'Electronic Arts (EA)', '<p>EA Games&mdash;Home to the largest number of studio and development teams, this label is responsible for action-adventure, role playing, racing and combat games, marketed under the EA brand. In addition to traditional packaged-goods games, EA Games also develops massively multiplayer online role-playing games. Led by Patrick Söderlund.</p>', '', '', '', 'da'),
(190, 'Electronic Arts (EA)', '<p>EA Games&mdash;Home to the largest number of studio and development teams, this label is responsible for action-adventure, role playing, racing and combat games, marketed under the EA brand. In addition to traditional packaged-goods games, EA Games also develops massively multiplayer online role-playing games. Led by Patrick Söderlund.</p>', '', '', '', 'de'),
(190, 'Electronic Arts (EA)', '<p>EA Games&mdash;Home to the largest number of studio and development teams, this label is responsible for action-adventure, role playing, racing and combat games, marketed under the EA brand. In addition to traditional packaged-goods games, EA Games also develops massively multiplayer online role-playing games. Led by Patrick Söderlund.</p>', '', '', '', 'el'),
(190, 'Electronic Arts (EA)', '<p>EA Games&mdash;Home to the largest number of studio and development teams, this label is responsible for action-adventure, role playing, racing and combat games, marketed under the EA brand. In addition to traditional packaged-goods games, EA Games also develops massively multiplayer online role-playing games. Led by Patrick Söderlund.</p>', '', '', '', 'en'),
(190, 'Electronic Arts (EA)', '<p>EA Games&mdash;Home to the largest number of studio and development teams, this label is responsible for action-adventure, role playing, racing and combat games, marketed under the EA brand. In addition to traditional packaged-goods games, EA Games also develops massively multiplayer online role-playing games. Led by Patrick Söderlund.</p>', '', '', '', 'es'),
(190, 'Electronic Arts (EA)', '<p>EA Games&mdash;Home to the largest number of studio and development teams, this label is responsible for action-adventure, role playing, racing and combat games, marketed under the EA brand. In addition to traditional packaged-goods games, EA Games also develops massively multiplayer online role-playing games. Led by Patrick Söderlund.</p>', '', '', '', 'fr'),
(190, 'Electronic Arts (EA)', '<p>EA Games&mdash;Home to the largest number of studio and development teams, this label is responsible for action-adventure, role playing, racing and combat games, marketed under the EA brand. In addition to traditional packaged-goods games, EA Games also develops massively multiplayer online role-playing games. Led by Patrick Söderlund.</p>', '', '', '', 'it'),
(190, 'Electronic Arts (EA)', '<p>EA Games&mdash;Home to the largest number of studio and development teams, this label is responsible for action-adventure, role playing, racing and combat games, marketed under the EA brand. In addition to traditional packaged-goods games, EA Games also develops massively multiplayer online role-playing games. Led by Patrick Söderlund.</p>', '', '', '', 'nl'),
(190, 'Electronic Arts (EA)', '<p>EA Games&mdash;Home to the largest number of studio and development teams, this label is responsible for action-adventure, role playing, racing and combat games, marketed under the EA brand. In addition to traditional packaged-goods games, EA Games also develops massively multiplayer online role-playing games. Led by Patrick Söderlund.</p>', '', '', '', 'no'),
(190, 'Electronic Arts (EA)', '<p>EA Games&mdash;Home to the largest number of studio and development teams, this label is responsible for action-adventure, role playing, racing and combat games, marketed under the EA brand. In addition to traditional packaged-goods games, EA Games also develops massively multiplayer online role-playing games. Led by Patrick Söderlund.</p>', '', '', '', 'pt'),
(190, 'Electronic Arts (EA)', '<p>EA Games&mdash;Home to the largest number of studio and development teams, this label is responsible for action-adventure, role playing, racing and combat games, marketed under the EA brand. In addition to traditional packaged-goods games, EA Games also develops massively multiplayer online role-playing games. Led by Patrick Söderlund.</p>', '', '', '', 'ro'),
(190, 'Electronic Arts (EA)', '<p>EA Games&mdash;Home to the largest number of studio and development teams, this label is responsible for action-adventure, role playing, racing and combat games, marketed under the EA brand. In addition to traditional packaged-goods games, EA Games also develops massively multiplayer online role-playing games. Led by Patrick Söderlund.</p>', '', '', '', 'ru'),
(191, 'Sucker Punch Productions', '<p>Sucker Punch is an American production company founded in 1997 and based in Bellevue, Washington.</p>', '', '', '', 'da'),
(191, 'Sucker Punch Productions', '<p>Sucker Punch is an American production company founded in 1997 and based in Bellevue, Washington.</p>', '', '', '', 'de'),
(191, 'Sucker Punch Productions', '<p>Sucker Punch is an American production company founded in 1997 and based in Bellevue, Washington.</p>', '', '', '', 'el'),
(191, 'Sucker Punch Productions', '<p>Sucker Punch is an American production company founded in 1997 and based in Bellevue, Washington.</p>', '', '', '', 'en'),
(191, 'Sucker Punch Productions', '<p>Sucker Punch is an American production company founded in 1997 and based in Bellevue, Washington.</p>', '', '', '', 'es'),
(191, 'Sucker Punch Productions', '<p>Sucker Punch is an American production company founded in 1997 and based in Bellevue, Washington.</p>', '', '', '', 'fr'),
(191, 'Sucker Punch Productions', '<p>Sucker Punch is an American production company founded in 1997 and based in Bellevue, Washington.</p>', '', '', '', 'it'),
(191, 'Sucker Punch Productions', '<p>Sucker Punch is an American production company founded in 1997 and based in Bellevue, Washington.</p>', '', '', '', 'nl'),
(191, 'Sucker Punch Productions', '<p>Sucker Punch is an American production company founded in 1997 and based in Bellevue, Washington.</p>', '', '', '', 'no'),
(191, 'Sucker Punch Productions', '<p>Sucker Punch is an American production company founded in 1997 and based in Bellevue, Washington.</p>', '', '', '', 'pt'),
(191, 'Sucker Punch Productions', '<p>Sucker Punch is an American production company founded in 1997 and based in Bellevue, Washington.</p>', '', '', '', 'ro'),
(191, 'Sucker Punch Productions', '<p>Sucker Punch is an American production company founded in 1997 and based in Bellevue, Washington.</p>', '', '', '', 'ru'),
(192, 'Razer', '<p>\n	<strong style=\"background-color: initial;\">Razer</strong> is a company specializing in products specifically marketed to gamers. The Razer brand is currently being marketed under Razer USA Ltd. Razer\'s main slogan is \'FOR GAMERS, BY GAMERS\'.</p>', '', '', '', 'da'),
(192, 'Razer', '<p>\n	<strong style=\"background-color: initial;\">Razer</strong> is a company specializing in products specifically marketed to gamers. The Razer brand is currently being marketed under Razer USA Ltd. Razer\'s main slogan is \'FOR GAMERS, BY GAMERS\'.</p>', '', '', '', 'de'),
(192, 'Razer', '<p>\n	<strong style=\"background-color: initial;\">Razer</strong> is a company specializing in products specifically marketed to gamers. The Razer brand is currently being marketed under Razer USA Ltd. Razer\'s main slogan is \'FOR GAMERS, BY GAMERS\'.</p>', '', '', '', 'el'),
(192, 'Razer', '<p>\n	<strong style=\"background-color: initial;\">Razer</strong> is a company specializing in products specifically marketed to gamers. The Razer brand is currently being marketed under Razer USA Ltd. Razer\'s main slogan is \'FOR GAMERS, BY GAMERS\'.</p>', '', '', '', 'en'),
(192, 'Razer', '<p>\n	<strong style=\"background-color: initial;\">Razer</strong> is a company specializing in products specifically marketed to gamers. The Razer brand is currently being marketed under Razer USA Ltd. Razer\'s main slogan is \'FOR GAMERS, BY GAMERS\'.</p>', '', '', '', 'es'),
(192, 'Razer', '<p>\n	<strong style=\"background-color: initial;\">Razer</strong> is a company specializing in products specifically marketed to gamers. The Razer brand is currently being marketed under Razer USA Ltd. Razer\'s main slogan is \'FOR GAMERS, BY GAMERS\'.</p>', '', '', '', 'fr'),
(192, 'Razer', '<p>\n	<strong style=\"background-color: initial;\">Razer</strong> is a company specializing in products specifically marketed to gamers. The Razer brand is currently being marketed under Razer USA Ltd. Razer\'s main slogan is \'FOR GAMERS, BY GAMERS\'.</p>', '', '', '', 'it'),
(192, 'Razer', '<p>\n	<strong style=\"background-color: initial;\">Razer</strong> is a company specializing in products specifically marketed to gamers. The Razer brand is currently being marketed under Razer USA Ltd. Razer\'s main slogan is \'FOR GAMERS, BY GAMERS\'.</p>', '', '', '', 'nl'),
(192, 'Razer', '<p>\n	<strong style=\"background-color: initial;\">Razer</strong> is a company specializing in products specifically marketed to gamers. The Razer brand is currently being marketed under Razer USA Ltd. Razer\'s main slogan is \'FOR GAMERS, BY GAMERS\'.</p>', '', '', '', 'no'),
(192, 'Razer', '<p>\n	<strong style=\"background-color: initial;\">Razer</strong> is a company specializing in products specifically marketed to gamers. The Razer brand is currently being marketed under Razer USA Ltd. Razer\'s main slogan is \'FOR GAMERS, BY GAMERS\'.</p>', '', '', '', 'pt'),
(192, 'Razer', '<p>\n	<strong style=\"background-color: initial;\">Razer</strong> is a company specializing in products specifically marketed to gamers. The Razer brand is currently being marketed under Razer USA Ltd. Razer\'s main slogan is \'FOR GAMERS, BY GAMERS\'.</p>', '', '', '', 'ro'),
(192, 'Razer', '<p>\n	<strong style=\"background-color: initial;\">Razer</strong> is a company specializing in products specifically marketed to gamers. The Razer brand is currently being marketed under Razer USA Ltd. Razer\'s main slogan is \'FOR GAMERS, BY GAMERS\'.</p>', '', '', '', 'ru'),
(1202, 'Novo', '', '', '', '', 'da'),
(1202, 'Novo', '', '', '', '', 'de'),
(1202, 'Novo', '', '', '', '', 'el'),
(1202, 'Novo', '', '', '', '', 'en'),
(1202, 'Novo', '', '', '', '', 'es'),
(1202, 'Novo', '', '', '', '', 'fr'),
(1202, 'Novo', '', '', '', '', 'it'),
(1202, 'Novo', '', '', '', '', 'nl'),
(1202, 'Novo', '', '', '', '', 'no'),
(1202, 'Novo', '', '', '', '', 'pt'),
(1202, 'Novo', '', '', '', '', 'ro'),
(1202, 'Novo', '', '', '', '', 'ru'),
(1203, 'Usado', '', '', '', '', 'da'),
(1203, 'Usado', '', '', '', '', 'de'),
(1203, 'Usado', '', '', '', '', 'el'),
(1203, 'Usado', '', '', '', '', 'en'),
(1203, 'Usado', '', '', '', '', 'es'),
(1203, 'Usado', '', '', '', '', 'fr'),
(1203, 'Usado', '', '', '', '', 'it'),
(1203, 'Usado', '', '', '', '', 'nl'),
(1203, 'Usado', '', '', '', '', 'no'),
(1203, 'Usado', '', '', '', '', 'pt'),
(1203, 'Usado', '', '', '', '', 'ro'),
(1203, 'Usado', '', '', '', '', 'ru'),
(1204, 'Windows 10', '', '', '', '', 'da'),
(1204, 'Windows 10', '', '', '', '', 'de'),
(1204, 'Windows 10', '', '', '', '', 'el'),
(1204, 'Windows 10', '', '', '', '', 'en'),
(1204, 'Windows 10', '', '', '', '', 'es'),
(1204, 'Windows 10', '', '', '', '', 'fr'),
(1204, 'Windows 10', '', '', '', '', 'it'),
(1204, 'Windows 10', '', '', '', '', 'nl'),
(1204, 'Windows 10', '', '', '', '', 'no'),
(1204, 'Windows 10', '', '', '', '', 'pt'),
(1204, 'Windows 10', '', '', '', '', 'ro'),
(1204, 'Windows 10', '', '', '', '', 'ru');

-- --------------------------------------------------------

--
-- Table structure for table `partiushop_product_files`
--

CREATE TABLE `partiushop_product_files` (
  `file_id` mediumint(8) UNSIGNED NOT NULL,
  `folder_id` mediumint(8) UNSIGNED DEFAULT NULL,
  `product_id` mediumint(8) UNSIGNED NOT NULL DEFAULT 0,
  `file_path` varchar(255) NOT NULL DEFAULT '',
  `preview_path` varchar(255) NOT NULL DEFAULT '',
  `file_size` bigint(20) UNSIGNED NOT NULL DEFAULT 0,
  `preview_size` int(11) UNSIGNED NOT NULL DEFAULT 0,
  `agreement` char(1) NOT NULL DEFAULT 'N',
  `max_downloads` smallint(5) UNSIGNED NOT NULL DEFAULT 0,
  `total_downloads` smallint(5) UNSIGNED NOT NULL DEFAULT 0,
  `activation_type` char(1) NOT NULL DEFAULT 'M',
  `position` smallint(5) NOT NULL DEFAULT 0,
  `status` char(1) NOT NULL DEFAULT 'A'
) ENGINE=InnoDB DEFAULT CHARSET=utf8;

-- --------------------------------------------------------

--
-- Table structure for table `partiushop_product_file_descriptions`
--

CREATE TABLE `partiushop_product_file_descriptions` (
  `file_id` mediumint(8) UNSIGNED NOT NULL DEFAULT 0,
  `lang_code` char(2) NOT NULL DEFAULT '',
  `file_name` varchar(255) NOT NULL DEFAULT '',
  `license` text DEFAULT NULL,
  `readme` text DEFAULT NULL
) ENGINE=InnoDB DEFAULT CHARSET=utf8;

-- --------------------------------------------------------

--
-- Table structure for table `partiushop_product_file_ekeys`
--

CREATE TABLE `partiushop_product_file_ekeys` (
  `ekey` varchar(32) NOT NULL DEFAULT '',
  `file_id` mediumint(8) UNSIGNED NOT NULL DEFAULT 0,
  `product_id` mediumint(8) UNSIGNED NOT NULL DEFAULT 0,
  `order_id` mediumint(8) UNSIGNED NOT NULL DEFAULT 0,
  `downloads` mediumint(8) UNSIGNED NOT NULL DEFAULT 0,
  `active` char(1) NOT NULL DEFAULT 'N',
  `ttl` int(11) NOT NULL DEFAULT 0
) ENGINE=InnoDB DEFAULT CHARSET=utf8;

-- --------------------------------------------------------

--
-- Table structure for table `partiushop_product_file_folders`
--

CREATE TABLE `partiushop_product_file_folders` (
  `folder_id` mediumint(8) UNSIGNED NOT NULL,
  `product_id` mediumint(8) UNSIGNED NOT NULL DEFAULT 0,
  `position` smallint(5) NOT NULL DEFAULT 0,
  `status` char(1) NOT NULL DEFAULT 'A'
) ENGINE=InnoDB DEFAULT CHARSET=utf8;

-- --------------------------------------------------------

--
-- Table structure for table `partiushop_product_file_folder_descriptions`
--

CREATE TABLE `partiushop_product_file_folder_descriptions` (
  `folder_id` mediumint(8) UNSIGNED NOT NULL DEFAULT 0,
  `lang_code` char(2) NOT NULL DEFAULT '',
  `folder_name` varchar(255) NOT NULL DEFAULT ''
) ENGINE=InnoDB DEFAULT CHARSET=utf8;

-- --------------------------------------------------------

--
-- Table structure for table `partiushop_product_filters`
--

CREATE TABLE `partiushop_product_filters` (
  `filter_id` mediumint(8) UNSIGNED NOT NULL,
  `categories_path` text DEFAULT NULL,
  `company_id` int(11) UNSIGNED DEFAULT 0,
  `feature_id` mediumint(8) UNSIGNED NOT NULL DEFAULT 0,
  `position` smallint(5) UNSIGNED NOT NULL DEFAULT 0,
  `field_type` char(1) NOT NULL DEFAULT '',
  `status` char(1) NOT NULL DEFAULT 'A',
  `round_to` varchar(8) NOT NULL DEFAULT '1',
  `display_count` smallint(5) UNSIGNED NOT NULL DEFAULT 10,
  `display` char(1) NOT NULL DEFAULT 'Y'
) ENGINE=InnoDB DEFAULT CHARSET=utf8;

--
-- Dumping data for table `partiushop_product_filters`
--

INSERT INTO `partiushop_product_filters` (`filter_id`, `categories_path`, `company_id`, `feature_id`, `position`, `field_type`, `status`, `round_to`, `display_count`, `display`) VALUES
(1, '', 0, 0, 0, 'P', 'A', '1', 10, 'Y'),
(7, '165,166,167,168,169,234,235,236,237,238,240', 0, 15, 10, '', 'A', '1', 10, 'Y'),
(8, '165,166,167,168,169,170,174,190,191,193,234,235,236,237,238,240', 0, 16, 20, '', 'A', '1', 10, 'Y'),
(9, '165,166,167,168,169,234,235,236,237,238,240', 0, 17, 30, '', 'A', '1', 10, 'Y'),
(10, '', 0, 18, 0, '', 'D', '1', 10, 'Y');

-- --------------------------------------------------------

--
-- Table structure for table `partiushop_product_filter_descriptions`
--

CREATE TABLE `partiushop_product_filter_descriptions` (
  `filter_id` mediumint(8) UNSIGNED NOT NULL DEFAULT 0,
  `lang_code` char(2) NOT NULL DEFAULT '',
  `filter` varchar(255) NOT NULL DEFAULT ''
) ENGINE=InnoDB DEFAULT CHARSET=utf8;

--
-- Dumping data for table `partiushop_product_filter_descriptions`
--

INSERT INTO `partiushop_product_filter_descriptions` (`filter_id`, `lang_code`, `filter`) VALUES
(1, 'da', 'Price'),
(1, 'de', 'Price'),
(1, 'el', 'Price'),
(1, 'en', 'Price'),
(1, 'es', 'Price'),
(1, 'fr', 'Price'),
(1, 'it', 'Price'),
(1, 'nl', 'Price'),
(1, 'no', 'Price'),
(1, 'pt', 'Price'),
(1, 'ro', 'Price'),
(1, 'ru', 'Price'),
(7, 'da', 'Operating System'),
(7, 'de', 'Operating System'),
(7, 'el', 'Operating System'),
(7, 'en', 'Operating System'),
(7, 'es', 'Operating System'),
(7, 'fr', 'Operating System'),
(7, 'it', 'Operating System'),
(7, 'nl', 'Operating System'),
(7, 'no', 'Operating System'),
(7, 'pt', 'Operating System'),
(7, 'ro', 'Operating System'),
(7, 'ru', 'Operating System'),
(8, 'da', 'Display'),
(8, 'de', 'Display'),
(8, 'el', 'Display'),
(8, 'en', 'Display'),
(8, 'es', 'Display'),
(8, 'fr', 'Display'),
(8, 'it', 'Display'),
(8, 'nl', 'Display'),
(8, 'no', 'Display'),
(8, 'pt', 'Display'),
(8, 'ro', 'Display'),
(8, 'ru', 'Display'),
(9, 'da', 'Storage Capacity'),
(9, 'de', 'Storage Capacity'),
(9, 'el', 'Storage Capacity'),
(9, 'en', 'Storage Capacity'),
(9, 'es', 'Storage Capacity'),
(9, 'fr', 'Storage Capacity'),
(9, 'it', 'Storage Capacity'),
(9, 'nl', 'Storage Capacity'),
(9, 'no', 'Storage Capacity'),
(9, 'pt', 'Storage Capacity'),
(9, 'ro', 'Storage Capacity'),
(9, 'ru', 'Storage Capacity'),
(10, 'da', 'Brand'),
(10, 'de', 'Brand'),
(10, 'el', 'Brand'),
(10, 'en', 'Brand'),
(10, 'es', 'Brand'),
(10, 'fr', 'Brand'),
(10, 'it', 'Brand'),
(10, 'nl', 'Brand'),
(10, 'no', 'Brand'),
(10, 'pt', 'Brand'),
(10, 'ro', 'Brand'),
(10, 'ru', 'Brand');

-- --------------------------------------------------------

--
-- Table structure for table `partiushop_product_global_option_links`
--

CREATE TABLE `partiushop_product_global_option_links` (
  `option_id` mediumint(8) UNSIGNED NOT NULL DEFAULT 0,
  `product_id` mediumint(8) UNSIGNED NOT NULL DEFAULT 0
) ENGINE=InnoDB DEFAULT CHARSET=utf8;

-- --------------------------------------------------------

--
-- Table structure for table `partiushop_product_options`
--

CREATE TABLE `partiushop_product_options` (
  `option_id` mediumint(8) UNSIGNED NOT NULL,
  `product_id` mediumint(8) UNSIGNED NOT NULL DEFAULT 0,
  `company_id` int(11) UNSIGNED NOT NULL DEFAULT 0,
  `option_type` char(1) NOT NULL DEFAULT 'S',
  `inventory` char(1) NOT NULL DEFAULT 'Y',
  `regexp` varchar(255) NOT NULL DEFAULT '',
  `required` char(1) NOT NULL DEFAULT 'N',
  `multiupload` char(1) NOT NULL DEFAULT 'N',
  `allowed_extensions` varchar(255) NOT NULL DEFAULT '',
  `max_file_size` bigint(20) UNSIGNED NOT NULL DEFAULT 0,
  `missing_variants_handling` char(1) NOT NULL DEFAULT 'M',
  `status` char(1) NOT NULL DEFAULT 'A',
  `position` smallint(5) UNSIGNED NOT NULL DEFAULT 0,
  `value` varchar(255) NOT NULL DEFAULT ''
) ENGINE=InnoDB DEFAULT CHARSET=utf8;

-- --------------------------------------------------------

--
-- Table structure for table `partiushop_product_options_descriptions`
--

CREATE TABLE `partiushop_product_options_descriptions` (
  `option_id` mediumint(8) UNSIGNED NOT NULL DEFAULT 0,
  `lang_code` char(2) NOT NULL DEFAULT '',
  `option_name` varchar(64) NOT NULL DEFAULT '',
  `internal_option_name` varchar(64) NOT NULL DEFAULT '',
  `option_text` varchar(255) NOT NULL DEFAULT '',
  `description` mediumtext DEFAULT NULL,
  `comment` varchar(255) NOT NULL DEFAULT '',
  `inner_hint` varchar(255) NOT NULL DEFAULT '',
  `incorrect_message` varchar(255) NOT NULL DEFAULT ''
) ENGINE=InnoDB DEFAULT CHARSET=utf8;

-- --------------------------------------------------------

--
-- Table structure for table `partiushop_product_options_exceptions`
--

CREATE TABLE `partiushop_product_options_exceptions` (
  `exception_id` mediumint(8) UNSIGNED NOT NULL,
  `product_id` mediumint(8) UNSIGNED NOT NULL DEFAULT 0,
  `combination` text DEFAULT NULL
) ENGINE=InnoDB DEFAULT CHARSET=utf8;

-- --------------------------------------------------------

--
-- Table structure for table `partiushop_product_options_inventory`
--

CREATE TABLE `partiushop_product_options_inventory` (
  `product_id` mediumint(8) UNSIGNED NOT NULL DEFAULT 0,
  `product_code` varchar(64) NOT NULL DEFAULT '',
  `combination_hash` int(11) UNSIGNED NOT NULL DEFAULT 0,
  `combination` varchar(255) NOT NULL DEFAULT '',
  `amount` mediumint(8) NOT NULL DEFAULT 0,
  `temp` char(1) NOT NULL DEFAULT 'N',
  `position` smallint(5) UNSIGNED NOT NULL DEFAULT 0
) ENGINE=InnoDB DEFAULT CHARSET=utf8;

-- --------------------------------------------------------

--
-- Table structure for table `partiushop_product_option_variants`
--

CREATE TABLE `partiushop_product_option_variants` (
  `variant_id` mediumint(8) UNSIGNED NOT NULL,
  `option_id` mediumint(8) UNSIGNED NOT NULL DEFAULT 0,
  `position` smallint(5) UNSIGNED NOT NULL DEFAULT 0,
  `modifier` decimal(13,3) NOT NULL DEFAULT 0.000,
  `modifier_type` char(1) NOT NULL DEFAULT 'A',
  `weight_modifier` decimal(12,3) NOT NULL DEFAULT 0.000,
  `weight_modifier_type` char(1) NOT NULL DEFAULT 'A',
  `point_modifier` decimal(12,3) NOT NULL DEFAULT 0.000,
  `point_modifier_type` char(1) NOT NULL DEFAULT 'A',
  `status` char(1) NOT NULL DEFAULT 'A'
) ENGINE=InnoDB DEFAULT CHARSET=utf8;

-- --------------------------------------------------------

--
-- Table structure for table `partiushop_product_option_variants_descriptions`
--

CREATE TABLE `partiushop_product_option_variants_descriptions` (
  `variant_id` mediumint(8) UNSIGNED NOT NULL DEFAULT 0,
  `lang_code` char(2) NOT NULL DEFAULT '',
  `variant_name` varchar(255) NOT NULL DEFAULT ''
) ENGINE=InnoDB DEFAULT CHARSET=utf8;

-- --------------------------------------------------------

--
-- Table structure for table `partiushop_product_plans`
--

CREATE TABLE `partiushop_product_plans` (
  `product_plans_id` int(11) NOT NULL,
  `company_id` mediumint(8) UNSIGNED NOT NULL DEFAULT 0,
  `plan_id` mediumint(8) UNSIGNED NOT NULL DEFAULT 0,
  `start_date` int(11) DEFAULT NULL,
  `end_date` int(11) DEFAULT NULL,
  `last_payout` int(11) DEFAULT NULL
) ENGINE=MyISAM DEFAULT CHARSET=utf8;

-- --------------------------------------------------------

--
-- Table structure for table `partiushop_product_plans_payment_quote`
--

CREATE TABLE `partiushop_product_plans_payment_quote` (
  `product_plans_payment_quote_id` int(11) NOT NULL,
  `company_id` mediumint(8) UNSIGNED NOT NULL DEFAULT 0,
  `plan_id` mediumint(8) UNSIGNED NOT NULL DEFAULT 0,
  `order_id` mediumint(8) UNSIGNED NOT NULL DEFAULT 0,
  `value` decimal(12,2) UNSIGNED NOT NULL DEFAULT 0.00,
  `created_date` int(11) DEFAULT NULL,
  `payout_date` int(11) DEFAULT NULL
) ENGINE=MyISAM DEFAULT CHARSET=utf8;

-- --------------------------------------------------------

--
-- Table structure for table `partiushop_product_point_prices`
--

CREATE TABLE `partiushop_product_point_prices` (
  `point_price_id` mediumint(8) UNSIGNED NOT NULL,
  `product_id` mediumint(8) UNSIGNED NOT NULL DEFAULT 0,
  `point_price` int(11) UNSIGNED NOT NULL DEFAULT 0,
  `lower_limit` smallint(5) UNSIGNED NOT NULL DEFAULT 0,
  `usergroup_id` mediumint(8) UNSIGNED NOT NULL DEFAULT 0
) ENGINE=InnoDB DEFAULT CHARSET=utf8;

--
-- Dumping data for table `partiushop_product_point_prices`
--

INSERT INTO `partiushop_product_point_prices` (`point_price_id`, `product_id`, `point_price`, `lower_limit`, `usergroup_id`) VALUES
(1, 287, 0, 1, 0),
(2, 298, 0, 1, 0),
(3, 299, 0, 1, 0),
(4, 300, 0, 1, 0),
(5, 301, 0, 1, 0),
(6, 302, 0, 1, 0),
(7, 303, 0, 1, 0),
(8, 304, 0, 1, 0),
(9, 305, 0, 1, 0),
(10, 306, 0, 1, 0);

-- --------------------------------------------------------

--
-- Table structure for table `partiushop_product_popularity`
--

CREATE TABLE `partiushop_product_popularity` (
  `product_id` mediumint(8) UNSIGNED NOT NULL DEFAULT 0,
  `viewed` int(11) NOT NULL DEFAULT 0,
  `added` int(11) NOT NULL DEFAULT 0,
  `deleted` int(11) NOT NULL DEFAULT 0,
  `bought` int(11) NOT NULL DEFAULT 0,
  `total` int(11) NOT NULL DEFAULT 0
) ENGINE=InnoDB DEFAULT CHARSET=utf8;

--
-- Dumping data for table `partiushop_product_popularity`
--

INSERT INTO `partiushop_product_popularity` (`product_id`, `viewed`, `added`, `deleted`, `bought`, `total`) VALUES
(145, 0, 0, 259, 0, 1290),
(285, 1, 4, 9, 0, 48),
(286, 0, 0, 260, 0, 1295),
(296, 13, 2, 0, 1, 59),
(297, 14, 11, 5, 2, 142),
(298, 9, 0, 0, 0, 27),
(299, 11, 0, 0, 0, 33),
(300, 12, 5, 3, 5, 126),
(301, 16, 2, 3, 0, 73),
(302, 14, 8, 13, 11, 257),
(303, 21, 14, 15, 8, 288),
(304, 19, 12, 6, 15, 297),
(305, 16, 13, 18, 7, 273),
(306, 14, 19, 9, 14, 322),
(307, 27, 1, 1, 0, 91),
(308, 27, 1, 1, 0, 91);

-- --------------------------------------------------------

--
-- Table structure for table `partiushop_product_prices`
--

CREATE TABLE `partiushop_product_prices` (
  `product_id` mediumint(8) UNSIGNED NOT NULL DEFAULT 0,
  `price` decimal(12,2) NOT NULL DEFAULT 0.00,
  `percentage_discount` int(2) UNSIGNED NOT NULL DEFAULT 0,
  `lower_limit` mediumint(8) UNSIGNED NOT NULL DEFAULT 0,
  `usergroup_id` mediumint(8) UNSIGNED NOT NULL DEFAULT 0
) ENGINE=InnoDB DEFAULT CHARSET=utf8;

--
-- Dumping data for table `partiushop_product_prices`
--

INSERT INTO `partiushop_product_prices` (`product_id`, `price`, `percentage_discount`, `lower_limit`, `usergroup_id`) VALUES
(285, '0.00', 0, 1, 0),
(296, '5000.00', 0, 1, 0),
(297, '1100.00', 0, 1, 0),
(298, '3900.00', 0, 1, 0),
(299, '3900.00', 0, 1, 0),
(300, '3900.00', 0, 1, 0),
(301, '3900.00', 0, 1, 0),
(302, '3900.00', 0, 1, 0),
(303, '5000.00', 0, 1, 0),
(304, '5000.00', 0, 1, 0),
(305, '5000.00', 0, 1, 0),
(306, '5000.00', 0, 1, 0),
(307, '1200.00', 0, 1, 0),
(308, '1200.00', 0, 1, 0);

-- --------------------------------------------------------

--
-- Table structure for table `partiushop_product_required_products`
--

CREATE TABLE `partiushop_product_required_products` (
  `product_id` mediumint(8) UNSIGNED NOT NULL DEFAULT 0,
  `required_id` mediumint(8) UNSIGNED NOT NULL DEFAULT 0
) ENGINE=InnoDB DEFAULT CHARSET=utf8;

-- --------------------------------------------------------

--
-- Table structure for table `partiushop_product_reviews`
--

CREATE TABLE `partiushop_product_reviews` (
  `product_review_id` mediumint(8) UNSIGNED NOT NULL,
  `product_id` mediumint(8) UNSIGNED NOT NULL DEFAULT 0,
  `user_id` mediumint(8) UNSIGNED NOT NULL DEFAULT 0,
  `name` varchar(255) NOT NULL DEFAULT '',
  `advantages` mediumtext DEFAULT NULL,
  `disadvantages` mediumtext DEFAULT NULL,
  `comment` mediumtext DEFAULT NULL,
  `rating_value` tinyint(4) UNSIGNED NOT NULL DEFAULT 0,
  `ip_address` varbinary(40) NOT NULL DEFAULT '',
  `is_buyer` char(1) NOT NULL DEFAULT 'N',
  `product_review_timestamp` int(11) UNSIGNED NOT NULL DEFAULT 0,
  `country_code` char(2) NOT NULL DEFAULT '',
  `city` varchar(255) NOT NULL DEFAULT '',
  `reply_user_id` mediumint(8) UNSIGNED NOT NULL DEFAULT 0,
  `reply` mediumtext DEFAULT NULL,
  `reply_timestamp` int(11) UNSIGNED NOT NULL DEFAULT 0,
  `helpfulness` mediumint(8) NOT NULL DEFAULT 0,
  `status` char(1) NOT NULL DEFAULT 'D',
  `storefront_id` int(11) UNSIGNED NOT NULL DEFAULT 0
) ENGINE=MyISAM DEFAULT CHARSET=utf8;

--
-- Dumping data for table `partiushop_product_reviews`
--

INSERT INTO `partiushop_product_reviews` (`product_review_id`, `product_id`, `user_id`, `name`, `advantages`, `disadvantages`, `comment`, `rating_value`, `ip_address`, `is_buyer`, `product_review_timestamp`, `country_code`, `city`, `reply_user_id`, `reply`, `reply_timestamp`, `helpfulness`, `status`, `storefront_id`) VALUES
(1, 304, 0, '', 'Teste', 'teste', 'teste', 5, 0x3264613937636166, 'N', 1629156929, 'BR', 'Douradina', 0, NULL, 0, 0, 'D', 1);

-- --------------------------------------------------------

--
-- Table structure for table `partiushop_product_review_prepared_data`
--

CREATE TABLE `partiushop_product_review_prepared_data` (
  `product_id` mediumint(8) UNSIGNED NOT NULL DEFAULT 0,
  `storefront_id` int(11) UNSIGNED NOT NULL DEFAULT 0,
  `average_rating` decimal(4,2) DEFAULT NULL,
  `reviews_count` mediumint(8) UNSIGNED DEFAULT 0
) ENGINE=MyISAM DEFAULT CHARSET=utf8;

--
-- Dumping data for table `partiushop_product_review_prepared_data`
--

INSERT INTO `partiushop_product_review_prepared_data` (`product_id`, `storefront_id`, `average_rating`, `reviews_count`) VALUES
(0, 0, NULL, 0);

-- --------------------------------------------------------

--
-- Table structure for table `partiushop_product_review_votes`
--

CREATE TABLE `partiushop_product_review_votes` (
  `user_id` mediumint(8) UNSIGNED NOT NULL DEFAULT 0,
  `product_review_id` mediumint(8) UNSIGNED NOT NULL DEFAULT 0,
  `value` int(2) NOT NULL DEFAULT 0,
  `ip_address` varbinary(40) NOT NULL DEFAULT '',
  `timestamp` int(11) UNSIGNED NOT NULL DEFAULT 0
) ENGINE=MyISAM DEFAULT CHARSET=utf8;

-- --------------------------------------------------------

--
-- Table structure for table `partiushop_product_sales`
--

CREATE TABLE `partiushop_product_sales` (
  `category_id` mediumint(8) UNSIGNED NOT NULL DEFAULT 0,
  `product_id` mediumint(8) UNSIGNED NOT NULL DEFAULT 0,
  `amount` mediumint(8) UNSIGNED NOT NULL DEFAULT 0
) ENGINE=InnoDB DEFAULT CHARSET=utf8;

--
-- Dumping data for table `partiushop_product_sales`
--

INSERT INTO `partiushop_product_sales` (`category_id`, `product_id`, `amount`) VALUES
(283, 296, 1),
(283, 297, 2),
(283, 300, 5),
(283, 302, 8),
(283, 303, 7),
(283, 304, 12),
(283, 305, 7),
(283, 306, 14);

-- --------------------------------------------------------

--
-- Table structure for table `partiushop_product_subscriptions`
--

CREATE TABLE `partiushop_product_subscriptions` (
  `subscription_id` mediumint(8) UNSIGNED NOT NULL,
  `product_id` mediumint(8) UNSIGNED NOT NULL DEFAULT 0,
  `user_id` mediumint(8) UNSIGNED NOT NULL DEFAULT 0,
  `email` varchar(128) NOT NULL DEFAULT ''
) ENGINE=InnoDB DEFAULT CHARSET=utf8;

-- --------------------------------------------------------

--
-- Table structure for table `partiushop_product_tabs`
--

CREATE TABLE `partiushop_product_tabs` (
  `tab_id` mediumint(8) UNSIGNED NOT NULL,
  `tab_type` char(1) NOT NULL DEFAULT 'B',
  `block_id` mediumint(8) UNSIGNED NOT NULL DEFAULT 0,
  `template` varchar(255) NOT NULL DEFAULT '',
  `addon` varchar(32) NOT NULL DEFAULT '',
  `position` int(11) NOT NULL DEFAULT 0,
  `status` char(1) NOT NULL DEFAULT 'A',
  `is_primary` char(1) NOT NULL DEFAULT 'N',
  `product_ids` text DEFAULT NULL,
  `company_id` int(11) UNSIGNED NOT NULL DEFAULT 0,
  `show_in_popup` char(1) NOT NULL DEFAULT 'N',
  `ab__smc_hide_content` char(1) NOT NULL DEFAULT 'N',
  `ab__smc_override` char(1) NOT NULL DEFAULT 'N',
  `ab__smc_height` int(5) UNSIGNED NOT NULL DEFAULT 250
) ENGINE=InnoDB DEFAULT CHARSET=utf8;

--
-- Dumping data for table `partiushop_product_tabs`
--

INSERT INTO `partiushop_product_tabs` (`tab_id`, `tab_type`, `block_id`, `template`, `addon`, `position`, `status`, `is_primary`, `product_ids`, `company_id`, `show_in_popup`, `ab__smc_hide_content`, `ab__smc_override`, `ab__smc_height`) VALUES
(1, 'T', 0, 'blocks/product_tabs/description.tpl', '', 1, 'A', 'Y', '', 0, 'N', 'N', 'N', 250),
(2, 'T', 0, 'blocks/product_tabs/features.tpl', '', 2, 'A', 'Y', '', 0, 'N', 'N', 'N', 250),
(3, 'T', 0, 'blocks/product_tabs/files.tpl', '', 3, 'A', 'Y', NULL, 0, 'N', 'N', 'N', 250),
(4, 'T', 0, 'addons/buy_together/blocks/product_tabs/buy_together.tpl', 'buy_together', 4, 'D', 'Y', NULL, 0, 'N', 'N', 'N', 250),
(5, 'T', 0, 'addons/tags/blocks/product_tabs/tags.tpl', 'tags', 5, 'A', 'Y', NULL, 0, 'N', 'N', 'N', 250),
(6, 'T', 0, 'addons/attachments/blocks/product_tabs/attachments.tpl', 'attachments', 6, 'A', 'Y', NULL, 0, 'N', 'N', 'N', 250),
(7, 'B', 69, '', 'product_variations', 7, 'A', 'N', NULL, 0, 'N', 'N', 'N', 250),
(8, 'T', 0, 'addons/discussion/blocks/product_tabs/discussion.tpl', 'discussion', 8, 'A', 'Y', '', 0, 'N', 'N', 'N', 250),
(9, 'T', 0, 'addons/required_products/blocks/product_tabs/required_products.tpl', 'required_products', 9, 'A', 'Y', '', 0, 'N', 'N', 'N', 250),
(10, 'T', 0, 'addons/ab__video_gallery/blocks/product_tabs/ab__video_gallery.tpl', 'ab__video_gallery', 10, 'D', 'Y', '', 0, 'N', 'N', 'N', 250),
(11, 'T', 0, 'addons/ab__deal_of_the_day/blocks/product_tabs/ab__deal_of_the_day.tpl', 'ab__deal_of_the_day', 11, 'D', 'Y', '', 0, 'N', 'N', 'N', 250),
(12, 'B', 153, '', 'master_products', 0, 'A', 'N', NULL, 0, 'N', 'N', 'N', 250),
(13, 'T', 0, 'addons/product_reviews/blocks/product_tabs/product_reviews.tpl', 'product_reviews', 12, 'A', 'Y', NULL, 0, 'N', 'N', 'N', 250),
(14, 'B', 464, 'addons/warehouses/blocks/availability_in_stores.tpl', 'warehouses', 13, 'A', 'N', NULL, 0, 'N', 'N', 'N', 250);

-- --------------------------------------------------------

--
-- Table structure for table `partiushop_product_tabs_descriptions`
--

CREATE TABLE `partiushop_product_tabs_descriptions` (
  `tab_id` mediumint(8) UNSIGNED NOT NULL DEFAULT 0,
  `lang_code` char(2) NOT NULL DEFAULT '',
  `name` varchar(255) NOT NULL DEFAULT '',
  `ab__smc_show_more` varchar(50) NOT NULL DEFAULT '',
  `ab__smc_show_less` varchar(50) NOT NULL DEFAULT ''
) ENGINE=InnoDB DEFAULT CHARSET=utf8;

--
-- Dumping data for table `partiushop_product_tabs_descriptions`
--

INSERT INTO `partiushop_product_tabs_descriptions` (`tab_id`, `lang_code`, `name`, `ab__smc_show_more`, `ab__smc_show_less`) VALUES
(1, 'da', 'Description', '', ''),
(1, 'de', 'Description', '', ''),
(1, 'el', 'Περιγραφη', '', ''),
(1, 'en', 'Description', '', ''),
(1, 'es', 'Description', '', ''),
(1, 'fr', 'Description', '', ''),
(1, 'it', 'Description', '', ''),
(1, 'nl', 'Description', '', ''),
(1, 'no', 'Description', '', ''),
(1, 'pt', 'Descrição', '', ''),
(1, 'ro', 'Description', '', ''),
(1, 'ru', 'Описание', '', ''),
(2, 'da', 'Features', '', ''),
(2, 'de', 'Features', '', ''),
(2, 'el', 'Χαρακτηρηστικά', '', ''),
(2, 'en', 'Features', '', ''),
(2, 'es', 'Features', '', ''),
(2, 'fr', 'Features', '', ''),
(2, 'it', 'Features', '', ''),
(2, 'nl', 'Features', '', ''),
(2, 'no', 'Features', '', ''),
(2, 'pt', 'Especificações', '', ''),
(2, 'ro', 'Features', '', ''),
(2, 'ru', 'Особенности', '', ''),
(3, 'da', 'Files', '', ''),
(3, 'de', 'Files', '', ''),
(3, 'el', 'Αρχεία', '', ''),
(3, 'en', 'Files', '', ''),
(3, 'es', 'Files', '', ''),
(3, 'fr', 'Files', '', ''),
(3, 'it', 'Files', '', ''),
(3, 'nl', 'Files', '', ''),
(3, 'no', 'Files', '', ''),
(3, 'pt', 'Files', '', ''),
(3, 'ro', 'Files', '', ''),
(3, 'ru', 'Файлы', '', ''),
(4, 'da', 'Køb sammen', '', ''),
(4, 'de', 'Zusammen kaufen', '', ''),
(4, 'el', 'Αγοράστε μαζί', '', ''),
(4, 'en', 'Buy together', '', ''),
(4, 'es', 'Comprar juntos', '', ''),
(4, 'fr', 'Acheter ensemble', '', ''),
(4, 'it', 'Acquista insieme', '', ''),
(4, 'nl', 'Samen kopen', '', ''),
(4, 'no', 'Kjøp sammen', '', ''),
(4, 'pt', 'Buy together', '', ''),
(4, 'ro', 'Cumpără împreună', '', ''),
(4, 'ru', 'Комбинации товаров', '', ''),
(5, 'da', 'mærker', '', ''),
(5, 'de', 'Schlagwörter', '', ''),
(5, 'el', 'Καρτέλες', '', ''),
(5, 'en', 'Tags', '', ''),
(5, 'es', 'Etiquetas', '', ''),
(5, 'fr', 'Favoris', '', ''),
(5, 'it', 'Tag', '', ''),
(5, 'nl', 'Tags', '', ''),
(5, 'no', 'Tagger', '', ''),
(5, 'pt', 'Tags', '', ''),
(5, 'ro', 'Tag-uri', '', ''),
(5, 'ru', 'Теги', '', ''),
(6, 'da', 'Bilag', '', ''),
(6, 'de', 'Anhänge', '', ''),
(6, 'el', 'Συνημμένα', '', ''),
(6, 'en', 'Attachments', '', ''),
(6, 'es', 'Archivos adjuntos', '', ''),
(6, 'fr', 'Fichiers joints', '', ''),
(6, 'it', 'Allegati', '', ''),
(6, 'nl', 'Bijlagen', '', ''),
(6, 'no', 'Vedlegg', '', ''),
(6, 'pt', 'Attachments', '', ''),
(6, 'ro', 'Atașamente', '', ''),
(6, 'ru', 'Прикрепленные файлы', '', ''),
(7, 'da', 'View all variations as list', '', ''),
(7, 'de', 'View all variations as list', '', ''),
(7, 'el', 'Προβολη ολων των παραλλαγών ως λίστα', '', ''),
(7, 'en', 'View all variations as list', '', ''),
(7, 'es', 'View all variations as list', '', ''),
(7, 'fr', 'View all variations as list', '', ''),
(7, 'it', 'View all variations as list', '', ''),
(7, 'nl', 'View all variations as list', '', ''),
(7, 'no', 'View all variations as list', '', ''),
(7, 'pt', 'View all variations as list', '', ''),
(7, 'ro', 'View all variations as list', '', ''),
(7, 'ru', 'Список вариантов товара', '', ''),
(8, 'da', 'Vurdering', '', ''),
(8, 'de', 'Rezensionen', '', ''),
(8, 'el', 'Κριτικές', '', ''),
(8, 'en', 'Reviews', '', ''),
(8, 'es', 'Comentarios', '', ''),
(8, 'fr', 'Commentaires', '', ''),
(8, 'it', 'Recensioni', '', ''),
(8, 'nl', 'Beoordelingen', '', ''),
(8, 'no', 'Omtaler', '', ''),
(8, 'pt', 'Avaliações', '', ''),
(8, 'ro', 'Recenzii', '', ''),
(8, 'ru', 'Отзывы', '', ''),
(9, 'da', 'Påkrævede produkter', '', ''),
(9, 'de', 'Benötigte Artikel ', '', ''),
(9, 'el', 'Απαιτούμενα προϊόντα', '', ''),
(9, 'en', 'Required products', '', ''),
(9, 'es', 'Productos requeridos', '', ''),
(9, 'fr', 'Produits requis', '', ''),
(9, 'it', 'Prodotti obbligatori', '', ''),
(9, 'nl', 'Benodigde producten', '', ''),
(9, 'no', 'Påkrevde produkter', '', ''),
(9, 'pt', 'Produtos Necessários', '', ''),
(9, 'ro', 'Produse necesare', '', ''),
(9, 'ru', 'Обязательные товары', '', ''),
(10, 'da', 'Video gallery', '', ''),
(10, 'de', 'Video gallery', '', ''),
(10, 'el', 'Video gallery', '', ''),
(10, 'en', 'Video gallery', '', ''),
(10, 'es', 'Video gallery', '', ''),
(10, 'fr', 'Video gallery', '', ''),
(10, 'it', 'Video gallery', '', ''),
(10, 'nl', 'Video gallery', '', ''),
(10, 'no', 'Video gallery', '', ''),
(10, 'pt', 'Videos', '', ''),
(10, 'ro', 'Video gallery', '', ''),
(10, 'ru', 'Видео галерея', '', ''),
(11, 'da', 'Promotions', '', ''),
(11, 'de', 'Promotions', '', ''),
(11, 'el', 'Promotions', '', ''),
(11, 'en', 'Promotions', '', ''),
(11, 'es', 'Promotions', '', ''),
(11, 'fr', 'Promotions', '', ''),
(11, 'it', 'Promotions', '', ''),
(11, 'nl', 'Promotions', '', ''),
(11, 'no', 'Promotions', '', ''),
(11, 'pt', 'Promoções', '', ''),
(11, 'ro', 'Promotions', '', ''),
(11, 'ru', 'Промо-акции', '', ''),
(12, 'da', 'Distribuidores deste produto', '', ''),
(12, 'de', 'Distribuidores deste produto', '', ''),
(12, 'el', 'Distribuidores deste produto', '', ''),
(12, 'en', 'Distribuidores deste produto', '', ''),
(12, 'es', 'Distribuidores deste produto', '', ''),
(12, 'fr', 'Distribuidores deste produto', '', ''),
(12, 'it', 'Distribuidores deste produto', '', ''),
(12, 'nl', 'Distribuidores deste produto', '', ''),
(12, 'no', 'Distribuidores deste produto', '', ''),
(12, 'pt', 'Distribuidores deste produto', '', ''),
(12, 'ro', 'Distribuidores deste produto', '', ''),
(12, 'ru', 'Distribuidores deste produto', '', ''),
(13, 'da', 'Reviews', '', ''),
(13, 'de', 'Reviews', '', ''),
(13, 'el', 'Κριτικές', '', ''),
(13, 'en', 'Reviews', '', ''),
(13, 'es', 'Opiniones', '', ''),
(13, 'fr', 'Reviews', '', ''),
(13, 'it', 'Reviews', '', ''),
(13, 'nl', 'Reviews', '', ''),
(13, 'no', 'Reviews', '', ''),
(13, 'pt', 'Reviews', '', ''),
(13, 'ro', 'Reviews', '', ''),
(13, 'ru', 'Отзывы', '', ''),
(14, 'da', 'Availability in stores', '', ''),
(14, 'de', 'Availability in stores', '', ''),
(14, 'el', 'Διαθεσιμότητα στα καταστήματα', '', ''),
(14, 'en', 'Availability in stores', '', ''),
(14, 'es', 'Disponibilidad en tiendas', '', ''),
(14, 'fr', 'Availability in stores', '', ''),
(14, 'it', 'Disponibile nei negozi', '', ''),
(14, 'nl', 'Availability in stores', '', ''),
(14, 'no', 'Availability in stores', '', ''),
(14, 'pt', 'Disponibilidade em lojas', '', ''),
(14, 'ro', 'Availability in stores', '', ''),
(14, 'ru', 'Наличие в магазинах', '', '');

-- --------------------------------------------------------

--
-- Table structure for table `partiushop_product_variation_data_identity_map`
--

CREATE TABLE `partiushop_product_variation_data_identity_map` (
  `table_id` varchar(32) NOT NULL DEFAULT '',
  `id` varchar(64) NOT NULL DEFAULT '',
  `parent_id` varchar(64) NOT NULL DEFAULT '',
  `product_id` mediumint(8) UNSIGNED NOT NULL
) ENGINE=InnoDB DEFAULT CHARSET=utf8;

-- --------------------------------------------------------

--
-- Table structure for table `partiushop_product_variation_groups`
--

CREATE TABLE `partiushop_product_variation_groups` (
  `id` mediumint(8) UNSIGNED NOT NULL,
  `code` varchar(128) DEFAULT NULL,
  `created_at` int(11) UNSIGNED NOT NULL DEFAULT 0,
  `updated_at` int(11) UNSIGNED NOT NULL DEFAULT 0
) ENGINE=InnoDB DEFAULT CHARSET=utf8;

-- --------------------------------------------------------

--
-- Table structure for table `partiushop_product_variation_group_features`
--

CREATE TABLE `partiushop_product_variation_group_features` (
  `feature_id` mediumint(8) UNSIGNED NOT NULL,
  `purpose` varchar(32) NOT NULL,
  `group_id` mediumint(8) UNSIGNED NOT NULL
) ENGINE=InnoDB DEFAULT CHARSET=utf8;

-- --------------------------------------------------------

--
-- Table structure for table `partiushop_product_variation_group_products`
--

CREATE TABLE `partiushop_product_variation_group_products` (
  `product_id` mediumint(8) UNSIGNED NOT NULL,
  `parent_product_id` mediumint(8) UNSIGNED NOT NULL,
  `group_id` mediumint(8) UNSIGNED NOT NULL
) ENGINE=InnoDB DEFAULT CHARSET=utf8;

-- --------------------------------------------------------

--
-- Table structure for table `partiushop_profile_fields`
--

CREATE TABLE `partiushop_profile_fields` (
  `field_id` mediumint(8) UNSIGNED NOT NULL,
  `field_name` varchar(32) NOT NULL DEFAULT '',
  `profile_show` char(1) DEFAULT 'N',
  `profile_required` char(1) DEFAULT 'N',
  `checkout_show` char(1) DEFAULT 'N',
  `checkout_required` char(1) DEFAULT 'N',
  `partner_show` char(1) DEFAULT 'N',
  `partner_required` char(1) DEFAULT 'N',
  `storefront_show` char(1) DEFAULT 'Y',
  `field_type` char(1) NOT NULL DEFAULT 'I',
  `profile_type` char(1) NOT NULL DEFAULT 'U',
  `position` smallint(5) UNSIGNED NOT NULL DEFAULT 0,
  `is_default` char(1) DEFAULT 'N',
  `section` char(1) DEFAULT 'C',
  `matching_id` mediumint(8) UNSIGNED NOT NULL DEFAULT 0,
  `class` varchar(100) NOT NULL DEFAULT '',
  `wrapper_class` varchar(100) NOT NULL DEFAULT '',
  `autocomplete_type` varchar(100) NOT NULL DEFAULT ''
) ENGINE=InnoDB DEFAULT CHARSET=utf8;

--
-- Dumping data for table `partiushop_profile_fields`
--

INSERT INTO `partiushop_profile_fields` (`field_id`, `field_name`, `profile_show`, `profile_required`, `checkout_show`, `checkout_required`, `partner_show`, `partner_required`, `storefront_show`, `field_type`, `profile_type`, `position`, `is_default`, `section`, `matching_id`, `class`, `wrapper_class`, `autocomplete_type`) VALUES
(6, 'firstname', 'Y', 'N', 'Y', 'N', 'N', 'N', 'Y', 'I', 'U', 10, 'Y', 'C', 0, 'first-name', '', 'given-name'),
(7, 'lastname', 'Y', 'N', 'Y', 'N', 'N', 'N', 'Y', 'I', 'U', 20, 'Y', 'C', 0, 'last-name', '', 'surname'),
(8, 'company', 'N', 'N', 'N', 'N', 'N', 'N', 'Y', 'I', 'U', 30, 'Y', 'C', 0, 'company', '', 'organization'),
(9, 'phone', 'Y', 'N', 'Y', 'N', 'N', 'N', 'Y', 'P', 'U', 40, 'Y', 'C', 0, 'phone', '', 'tel'),
(14, 'b_firstname', 'Y', 'N', 'Y', 'N', 'N', 'N', 'Y', 'I', 'U', 10, 'Y', 'B', 15, 'billing-first-name', '', 'given-name'),
(15, 's_firstname', 'Y', 'Y', 'N', 'N', 'N', 'N', 'Y', 'I', 'U', 10, 'Y', 'S', 14, 'shipping-first-name', '', 'given-name'),
(16, 'b_lastname', 'Y', 'N', 'Y', 'N', 'N', 'N', 'Y', 'I', 'U', 20, 'Y', 'B', 17, 'billing-last-name', '', 'surname'),
(17, 's_lastname', 'Y', 'Y', 'N', 'N', 'N', 'N', 'Y', 'I', 'U', 20, 'Y', 'S', 16, 'shipping-last-name', '', 'surname'),
(18, 'b_address', 'Y', 'N', 'Y', 'N', 'N', 'N', 'Y', 'I', 'U', 30, 'Y', 'B', 19, 'billing-address', 'litecheckout__field--xlarge', 'street-address'),
(19, 's_address', 'Y', 'Y', 'Y', 'Y', 'N', 'N', 'Y', 'I', 'U', 30, 'Y', 'S', 18, 'shipping-address', 'litecheckout__field--xlarge', 'shipping street-address'),
(20, 'b_address_2', 'Y', 'N', 'N', 'N', 'N', 'N', 'Y', 'I', 'U', 40, 'Y', 'B', 21, 'billing-address-line2', '', 'address-line2'),
(21, 's_address_2', 'N', 'N', 'N', 'N', 'N', 'N', 'Y', 'I', 'U', 40, 'Y', 'S', 20, 'shipping-address-line2', '', 'address-line2'),
(22, 'b_city', 'Y', 'Y', 'Y', 'N', 'N', 'N', 'Y', 'I', 'U', 50, 'Y', 'B', 23, 'billing-city', '', 'city'),
(23, 's_city', 'Y', 'Y', 'Y', 'Y', 'N', 'N', 'Y', 'I', 'U', 50, 'Y', 'S', 22, 'shipping-city', '', 'city'),
(24, 'b_state', 'Y', 'N', 'Y', 'N', 'N', 'N', 'Y', 'A', 'U', 70, 'Y', 'B', 25, 'billing-state', '', 'state'),
(25, 's_state', 'Y', 'Y', 'Y', 'Y', 'N', 'N', 'Y', 'A', 'U', 70, 'Y', 'S', 24, 'shipping-state', '', 'state'),
(26, 'b_country', 'Y', 'N', 'Y', 'N', 'N', 'N', 'Y', 'O', 'U', 60, 'Y', 'B', 27, 'billing-country', '', 'country'),
(27, 's_country', 'Y', 'Y', 'Y', 'Y', 'N', 'N', 'Y', 'O', 'U', 60, 'Y', 'S', 26, 'shipping-country', '', 'country'),
(28, 'b_zipcode', 'Y', 'N', 'Y', 'N', 'N', 'N', 'Y', 'Z', 'U', 80, 'Y', 'B', 29, 'billing-zip-code', 'litecheckout__field--xsmall', 'postal-code'),
(29, 's_zipcode', 'Y', 'N', 'Y', 'Y', 'N', 'N', 'Y', 'Z', 'U', 80, 'Y', 'S', 28, 'shipping-zip-code', 'litecheckout__field--xsmall', 'shipping postal-code'),
(30, 'b_phone', 'Y', 'N', 'Y', 'N', 'N', 'N', 'Y', 'P', 'U', 90, 'Y', 'B', 31, 'billing-phone', '', 'tel'),
(31, 's_phone', 'Y', 'N', 'N', 'N', 'N', 'N', 'Y', 'P', 'U', 90, 'Y', 'S', 30, 'shipping-phone', '', 'tel'),
(32, 'email', 'Y', 'Y', 'Y', 'Y', 'Y', 'Y', 'Y', 'E', 'U', 50, 'Y', 'C', 0, 'litecheckout__field--full', '', 'off'),
(35, 's_address_type', 'Y', 'N', 'N', 'N', 'N', 'N', 'Y', 'N', 'U', 100, 'Y', 'S', 34, 'shipping-address-type', '', ''),
(36, 'company', 'Y', 'Y', 'N', 'N', 'N', 'N', 'Y', 'I', 'S', 10, 'Y', 'C', 0, 'company', '', 'organization'),
(37, 'admin_firstname', 'Y', 'Y', 'N', 'N', 'N', 'N', 'N', 'I', 'S', 20, 'N', 'C', 0, 'first-name', '', 'given-name'),
(38, 'admin_lastname', 'Y', 'Y', 'N', 'N', 'N', 'N', 'N', 'I', 'S', 30, 'N', 'C', 0, 'last-name', '', 'surname'),
(39, 'email', 'Y', 'Y', 'N', 'N', 'N', 'N', 'Y', 'E', 'S', 40, 'Y', 'C', 0, 'email', '', 'email'),
(40, 'company_description', 'N', 'N', 'N', 'N', 'N', 'N', 'Y', 'T', 'S', 50, 'Y', 'C', 0, 'company-description', '', ''),
(41, 'address', 'Y', 'N', 'N', 'N', 'N', 'N', 'Y', 'I', 'S', 60, 'Y', 'C', 0, 'shipping-address', '', 'street-address'),
(42, 'city', 'Y', 'N', 'N', 'N', 'N', 'N', 'Y', 'I', 'S', 80, 'Y', 'C', 0, 'shipping-city', '', 'city'),
(43, 'country', 'Y', 'N', 'N', 'N', 'N', 'N', 'Y', 'O', 'S', 90, 'Y', 'C', 0, 'shipping-country', '', 'country'),
(44, 'state', 'Y', 'N', 'N', 'N', 'N', 'N', 'Y', 'A', 'S', 100, 'Y', 'C', 0, 'shipping-state', '', 'state'),
(45, 'zipcode', 'Y', 'N', 'N', 'N', 'N', 'N', 'Y', 'Z', 'S', 110, 'Y', 'C', 0, 'shipping-zip-code', '', 'postal-code'),
(46, 'phone', 'Y', 'N', 'N', 'N', 'N', 'N', 'Y', 'I', 'S', 120, 'Y', 'C', 0, 'shipping-phone', '', 'phone-full'),
(48, 'url', 'N', 'N', 'N', 'N', 'N', 'N', 'Y', 'I', 'S', 140, 'Y', 'C', 0, 'url', '', 'url'),
(49, 'accept_terms', 'N', 'N', 'N', 'N', 'N', 'N', 'Y', 'B', 'S', 150, 'Y', 'C', 0, 'cm-agreement checkbox', '', ''),
(50, 'plan_id', 'N', 'N', 'N', 'N', 'N', 'N', 'Y', 'V', 'S', 15, 'Y', 'C', 0, 'plan-id', '', ''),
(51, 'b_RG_NUMBER', 'N', 'N', 'Y', 'N', 'N', 'N', 'Y', 'I', 'U', 81, 'N', 'B', 52, 'billing-first-name', '', ''),
(52, 's_RG_NUMBER', 'Y', 'N', 'N', 'N', 'N', 'N', 'Y', 'I', 'U', 0, 'N', 'S', 51, '', '', ''),
(53, 'b_CPF', 'Y', 'N', 'Y', 'N', 'N', 'N', 'Y', 'I', 'U', 82, 'N', 'B', 54, 'billing-first-name', '', ''),
(54, 's_CPF', 'Y', 'N', 'N', 'N', 'N', 'N', 'Y', 'I', 'U', 82, 'N', 'S', 53, 'billing-first-name', '', ''),
(59, 'tax_number', 'Y', 'N', 'N', 'N', 'N', 'N', 'N', 'I', 'S', 14, 'Y', 'C', 0, 'tax_number', '', ''),
(60, 'b_numero', 'Y', 'N', 'N', 'N', 'N', 'N', 'Y', 'I', 'U', 45, 'N', 'B', 61, 'address-numero', '', ''),
(61, 's_numero', 'Y', 'N', 'Y', 'Y', 'N', 'N', 'Y', 'I', 'U', 45, 'N', 'S', 60, 'address-numero', '', '');

-- --------------------------------------------------------

--
-- Table structure for table `partiushop_profile_fields_data`
--

CREATE TABLE `partiushop_profile_fields_data` (
  `object_id` mediumint(8) UNSIGNED NOT NULL DEFAULT 0,
  `object_type` char(1) NOT NULL DEFAULT 'U',
  `field_id` mediumint(8) UNSIGNED NOT NULL DEFAULT 0,
  `value` varchar(255) NOT NULL DEFAULT '0'
) ENGINE=InnoDB DEFAULT CHARSET=utf8;

--
-- Dumping data for table `partiushop_profile_fields_data`
--

INSERT INTO `partiushop_profile_fields_data` (`object_id`, `object_type`, `field_id`, `value`) VALUES
(2, 'P', 52, ''),
(2, 'P', 53, '01391599918'),
(2, 'P', 54, '01391599918'),
(2, 'P', 60, '165'),
(2, 'P', 61, '165'),
(3, 'U', 52, ''),
(3, 'U', 53, '01391599918'),
(3, 'U', 54, '01391599918'),
(3, 'U', 60, '165'),
(3, 'U', 61, '165'),
(6, 'P', 52, '156556157'),
(6, 'P', 53, ''),
(6, 'P', 54, ''),
(13, 'P', 52, '123456789'),
(14, 'P', 52, ''),
(17, 'P', 52, '111111111111'),
(23, 'P', 52, ''),
(30, 'U', 52, ''),
(30, 'U', 53, '09679310965'),
(30, 'U', 54, '09679310965'),
(31, 'P', 52, ''),
(31, 'P', 53, '09679310965'),
(31, 'P', 54, '09679310965'),
(32, 'P', 52, ''),
(33, 'P', 53, ''),
(33, 'U', 52, ''),
(33, 'U', 53, '56097768052'),
(33, 'U', 54, '56097768052'),
(33, 'U', 60, ''),
(33, 'U', 61, ''),
(34, 'P', 52, ''),
(34, 'P', 53, '56097768052'),
(34, 'P', 54, '56097768052'),
(34, 'P', 60, ''),
(34, 'P', 61, ''),
(34, 'U', 52, ''),
(34, 'U', 53, '16579907029'),
(34, 'U', 54, '16579907029'),
(34, 'U', 60, '165'),
(34, 'U', 61, '165'),
(35, 'P', 52, ''),
(35, 'P', 53, '16579907029'),
(35, 'P', 54, '16579907029'),
(35, 'P', 60, '165'),
(35, 'P', 61, '165'),
(35, 'U', 52, '458150459'),
(35, 'U', 53, '33447538279'),
(35, 'U', 54, '33447538279'),
(35, 'U', 60, ''),
(35, 'U', 61, ''),
(36, 'P', 52, '458150459'),
(36, 'P', 53, '33447538279'),
(36, 'P', 54, '33447538279'),
(36, 'P', 60, ''),
(36, 'P', 61, ''),
(101, 'O', 52, ''),
(102, 'O', 52, ''),
(103, 'O', 52, ''),
(104, 'O', 52, ''),
(105, 'O', 53, '01391599918'),
(105, 'O', 54, '01391599918'),
(107, 'O', 51, ''),
(107, 'O', 52, '11111111111111111'),
(107, 'O', 53, ''),
(107, 'O', 54, '09679310965'),
(108, 'O', 51, ''),
(108, 'O', 53, ''),
(108, 'O', 54, '01391599918'),
(109, 'O', 51, ''),
(109, 'O', 53, ''),
(109, 'O', 54, '01391599918'),
(110, 'O', 53, '01391599918'),
(110, 'O', 54, '01391599918'),
(111, 'O', 53, '01391599918'),
(111, 'O', 54, '01391599918'),
(112, 'O', 53, '01391599918'),
(112, 'O', 54, '01391599918'),
(113, 'O', 53, '04041987083'),
(113, 'O', 54, '04041987083'),
(114, 'O', 53, '04041987083'),
(114, 'O', 54, '04041987083'),
(115, 'O', 52, '458150459'),
(115, 'O', 53, '33447538279'),
(115, 'O', 54, '33447538279'),
(116, 'O', 52, '458150459'),
(116, 'O', 53, '33447538279'),
(116, 'O', 54, '33447538279'),
(117, 'O', 52, '458150459'),
(117, 'O', 53, '33447538279'),
(117, 'O', 54, '33447538279'),
(118, 'O', 52, '458150459'),
(118, 'O', 53, '33447538279'),
(118, 'O', 54, '33447538279'),
(119, 'O', 52, '458150459'),
(119, 'O', 53, '33447538279'),
(119, 'O', 54, '33447538279'),
(120, 'O', 52, '458150459'),
(120, 'O', 53, '33447538279'),
(120, 'O', 54, '33447538279'),
(121, 'O', 52, '458150459'),
(121, 'O', 53, '33447538279'),
(121, 'O', 54, '33447538279'),
(122, 'O', 52, '458150459'),
(122, 'O', 53, '33447538279'),
(122, 'O', 54, '33447538279'),
(123, 'O', 52, '458150459'),
(123, 'O', 53, '33447538279'),
(123, 'O', 54, '33447538279'),
(124, 'O', 52, '458150459'),
(124, 'O', 53, '33447538279'),
(124, 'O', 54, '33447538279'),
(125, 'O', 52, '458150459'),
(125, 'O', 53, '33447538279'),
(125, 'O', 54, '33447538279'),
(126, 'O', 52, '458150459'),
(126, 'O', 53, '33447538279'),
(126, 'O', 54, '33447538279'),
(127, 'O', 52, '458150459'),
(127, 'O', 53, '33447538279'),
(127, 'O', 54, '33447538279'),
(128, 'O', 52, '458150459'),
(128, 'O', 53, '33447538279'),
(128, 'O', 54, '33447538279'),
(129, 'O', 52, '458150459'),
(129, 'O', 53, '33447538279'),
(129, 'O', 54, '33447538279'),
(130, 'O', 52, '458150459'),
(130, 'O', 53, '33447538279'),
(130, 'O', 54, '33447538279'),
(131, 'O', 52, '458150459'),
(131, 'O', 53, '33447538279'),
(131, 'O', 54, '33447538279'),
(132, 'O', 52, '458150459'),
(132, 'O', 53, '33447538279'),
(132, 'O', 54, '33447538279'),
(133, 'O', 52, '458150459'),
(133, 'O', 53, '33447538279'),
(133, 'O', 54, '33447538279'),
(134, 'O', 52, '458150459'),
(134, 'O', 53, '33447538279'),
(134, 'O', 54, '33447538279'),
(135, 'O', 52, '458150459'),
(135, 'O', 53, '33447538279'),
(135, 'O', 54, '33447538279'),
(136, 'O', 52, '458150459'),
(136, 'O', 53, '33447538279'),
(136, 'O', 54, '33447538279'),
(137, 'O', 52, '458150459'),
(137, 'O', 53, '33447538279'),
(137, 'O', 54, '33447538279'),
(138, 'O', 52, '458150459'),
(138, 'O', 53, '33447538279'),
(138, 'O', 54, '33447538279'),
(139, 'O', 52, '458150459'),
(139, 'O', 53, '33447538279'),
(139, 'O', 54, '33447538279'),
(140, 'O', 52, '458150459'),
(140, 'O', 53, '33447538279'),
(140, 'O', 54, '33447538279'),
(141, 'O', 52, '458150459'),
(141, 'O', 53, '33447538279'),
(141, 'O', 54, '33447538279'),
(142, 'O', 52, '458150459'),
(142, 'O', 53, '33447538279'),
(142, 'O', 54, '33447538279'),
(143, 'O', 52, '458150459'),
(143, 'O', 53, '33447538279'),
(143, 'O', 54, '33447538279'),
(144, 'O', 52, '458150459'),
(144, 'O', 53, '33447538279'),
(144, 'O', 54, '33447538279'),
(145, 'O', 52, '458150459'),
(145, 'O', 53, '33447538279'),
(145, 'O', 54, '33447538279'),
(146, 'O', 52, '458150459'),
(146, 'O', 53, '33447538279'),
(146, 'O', 54, '33447538279'),
(147, 'O', 52, '458150459'),
(147, 'O', 53, '33447538279'),
(147, 'O', 54, '33447538279'),
(148, 'O', 52, '458150459'),
(148, 'O', 53, '33447538279'),
(148, 'O', 54, '33447538279'),
(149, 'O', 52, '458150459'),
(149, 'O', 53, '33447538279'),
(149, 'O', 54, '33447538279'),
(150, 'O', 52, '458150459'),
(150, 'O', 53, '33447538279'),
(150, 'O', 54, '33447538279'),
(151, 'O', 52, '458150459'),
(151, 'O', 53, '33447538279'),
(151, 'O', 54, '33447538279'),
(152, 'O', 52, '458150459'),
(152, 'O', 53, '33447538279'),
(152, 'O', 54, '33447538279'),
(153, 'O', 52, '458150459'),
(153, 'O', 53, '33447538279'),
(153, 'O', 54, '33447538279'),
(154, 'O', 52, '458150459'),
(154, 'O', 53, '33447538279'),
(154, 'O', 54, '33447538279');

-- --------------------------------------------------------

--
-- Table structure for table `partiushop_profile_field_descriptions`
--

CREATE TABLE `partiushop_profile_field_descriptions` (
  `object_id` mediumint(8) UNSIGNED NOT NULL DEFAULT 0,
  `description` varchar(255) NOT NULL DEFAULT '',
  `object_type` char(1) NOT NULL DEFAULT 'F',
  `lang_code` char(2) NOT NULL DEFAULT ''
) ENGINE=InnoDB DEFAULT CHARSET=utf8;

--
-- Dumping data for table `partiushop_profile_field_descriptions`
--

INSERT INTO `partiushop_profile_field_descriptions` (`object_id`, `description`, `object_type`, `lang_code`) VALUES
(6, 'Fornavn', 'F', 'da'),
(6, 'Vorname', 'F', 'de'),
(6, 'Ονομα', 'F', 'el'),
(6, 'First name', 'F', 'en'),
(6, 'Nombre', 'F', 'es'),
(6, 'First name', 'F', 'fr'),
(6, 'Nome', 'F', 'it'),
(6, 'Voornaam', 'F', 'nl'),
(6, 'Fornavn', 'F', 'no'),
(6, 'Nome', 'F', 'pt'),
(6, 'Prenume', 'F', 'ro'),
(6, 'Имя', 'F', 'ru'),
(7, 'Efternavn', 'F', 'da'),
(7, 'Nachnamen', 'F', 'de'),
(7, 'Επίθετο', 'F', 'el'),
(7, 'Last name', 'F', 'en'),
(7, 'Apellidos', 'F', 'es'),
(7, 'Nom', 'F', 'fr'),
(7, 'Cognome', 'F', 'it'),
(7, 'Achternaam', 'F', 'nl'),
(7, 'Etternavn', 'F', 'no'),
(7, 'Sobrenome', 'F', 'pt'),
(7, 'Nume', 'F', 'ro'),
(7, 'Фамилия', 'F', 'ru'),
(8, 'Firma', 'F', 'da'),
(8, 'Firma', 'F', 'de'),
(8, 'Εταιρία', 'F', 'el'),
(8, 'Company', 'F', 'en'),
(8, 'Empresa', 'F', 'es'),
(8, 'Company', 'F', 'fr'),
(8, 'Azienda', 'F', 'it'),
(8, 'Bedrijf', 'F', 'nl'),
(8, 'Firma', 'F', 'no'),
(8, 'Empresa', 'F', 'pt'),
(8, 'Companie', 'F', 'ro'),
(8, 'Компания', 'F', 'ru'),
(9, 'Telefon', 'F', 'da'),
(9, 'Telefon', 'F', 'de'),
(9, 'Αριθμός τηλεφώνου', 'F', 'el'),
(9, 'Phone', 'F', 'en'),
(9, 'Teléfono', 'F', 'es'),
(9, 'Phone', 'F', 'fr'),
(9, 'Telefono', 'F', 'it'),
(9, 'Telefoon', 'F', 'nl'),
(9, 'Telefon', 'F', 'no'),
(9, 'Telefone', 'F', 'pt'),
(9, 'Telefon', 'F', 'ro'),
(9, 'Телефон', 'F', 'ru'),
(14, 'Fornavn', 'F', 'da'),
(14, 'Vorname', 'F', 'de'),
(14, 'Ονομα', 'F', 'el'),
(14, 'First name', 'F', 'en'),
(14, 'Nombre', 'F', 'es'),
(14, 'First name', 'F', 'fr'),
(14, 'Nome', 'F', 'it'),
(14, 'Voornaam', 'F', 'nl'),
(14, 'Fornavn', 'F', 'no'),
(14, 'Nome', 'F', 'pt'),
(14, 'Prenume', 'F', 'ro'),
(14, 'Имя', 'F', 'ru'),
(15, 'Fornavn', 'F', 'da'),
(15, 'Vorname', 'F', 'de'),
(15, 'Ονομα', 'F', 'el'),
(15, 'First name', 'F', 'en'),
(15, 'Nombre', 'F', 'es'),
(15, 'First name', 'F', 'fr'),
(15, 'Nome', 'F', 'it'),
(15, 'Voornaam', 'F', 'nl'),
(15, 'Fornavn', 'F', 'no'),
(15, 'Nome', 'F', 'pt'),
(15, 'Prenume', 'F', 'ro'),
(15, 'Имя', 'F', 'ru'),
(16, 'Efternavn', 'F', 'da'),
(16, 'Nachname', 'F', 'de'),
(16, 'Επίθετο', 'F', 'el'),
(16, 'Last name', 'F', 'en'),
(16, 'Apellidos', 'F', 'es'),
(16, 'Nom', 'F', 'fr'),
(16, 'Cognome', 'F', 'it'),
(16, 'Achternaam', 'F', 'nl'),
(16, 'Etternavn', 'F', 'no'),
(16, 'Sobrenome', 'F', 'pt'),
(16, 'Nume', 'F', 'ro'),
(16, 'Фамилия', 'F', 'ru'),
(17, 'Efternavn', 'F', 'da'),
(17, 'Nachname', 'F', 'de'),
(17, 'Επίθετο', 'F', 'el'),
(17, 'Last name', 'F', 'en'),
(17, 'Apellidos', 'F', 'es'),
(17, 'Nom', 'F', 'fr'),
(17, 'Cognome', 'F', 'it'),
(17, 'Achternaam', 'F', 'nl'),
(17, 'Etternavn', 'F', 'no'),
(17, 'Sobrenome', 'F', 'pt'),
(17, 'Nume', 'F', 'ro'),
(17, 'Фамилия', 'F', 'ru'),
(18, 'Adresse', 'F', 'da'),
(18, 'Adresse', 'F', 'de'),
(18, 'Διεύθυνση', 'F', 'el'),
(18, 'Address', 'F', 'en'),
(18, 'Dirección', 'F', 'es'),
(18, 'Address', 'F', 'fr'),
(18, 'Indirizzo', 'F', 'it'),
(18, 'Adres', 'F', 'nl'),
(18, 'Adresse', 'F', 'no'),
(18, 'Endereço', 'F', 'pt'),
(18, 'Adresă', 'F', 'ro'),
(18, 'Адрес', 'F', 'ru'),
(19, 'Adresse', 'F', 'da'),
(19, 'Adresse', 'F', 'de'),
(19, 'Διεύθυνση', 'F', 'el'),
(19, 'Address', 'F', 'en'),
(19, 'Dirección', 'F', 'es'),
(19, 'Address', 'F', 'fr'),
(19, 'Indirizzo', 'F', 'it'),
(19, 'Adres', 'F', 'nl'),
(19, 'Adresse', 'F', 'no'),
(19, 'Endereço', 'F', 'pt'),
(19, 'Adresă', 'F', 'ro'),
(19, 'Адрес', 'F', 'ru'),
(20, 'Adresse 2', 'F', 'da'),
(20, 'Adresse', 'F', 'de'),
(20, 'Διεύθυνση, γραμμή 2', 'F', 'el'),
(20, 'Address', 'F', 'en'),
(20, 'Dirección, línea 2', 'F', 'es'),
(20, 'Address', 'F', 'fr'),
(20, 'Indirizzo 2', 'F', 'it'),
(20, 'Adres', 'F', 'nl'),
(20, 'Adresse', 'F', 'no'),
(20, 'Endereço', 'F', 'pt'),
(20, 'Adresă, linia 2', 'F', 'ro'),
(20, 'Адрес (строка 2)', 'F', 'ru'),
(21, 'Adresse 2', 'F', 'da'),
(21, 'Adresse', 'F', 'de'),
(21, 'Διεύθυνση, γραμμή 2', 'F', 'el'),
(21, 'Address', 'F', 'en'),
(21, 'Dirección, línea 2', 'F', 'es'),
(21, 'Address', 'F', 'fr'),
(21, 'Indirizzo 2', 'F', 'it'),
(21, 'Adres', 'F', 'nl'),
(21, 'Adresse', 'F', 'no'),
(21, 'Endereço', 'F', 'pt'),
(21, 'Adresă, linia 2', 'F', 'ro'),
(21, 'Адрес (строка 2)', 'F', 'ru'),
(22, 'By', 'F', 'da'),
(22, 'Stadt', 'F', 'de'),
(22, 'Πόλη', 'F', 'el'),
(22, 'City', 'F', 'en'),
(22, 'Ciudad', 'F', 'es'),
(22, 'City', 'F', 'fr'),
(22, 'Città', 'F', 'it'),
(22, 'Plaats', 'F', 'nl'),
(22, 'Poststed', 'F', 'no'),
(22, 'Cidade', 'F', 'pt'),
(22, 'Oraș', 'F', 'ro'),
(22, 'Город', 'F', 'ru'),
(23, 'By', 'F', 'da'),
(23, 'Stadt', 'F', 'de'),
(23, 'Πόλη', 'F', 'el'),
(23, 'City', 'F', 'en'),
(23, 'Ciudad', 'F', 'es'),
(23, 'City', 'F', 'fr'),
(23, 'Città', 'F', 'it'),
(23, 'Plaats', 'F', 'nl'),
(23, 'Poststed', 'F', 'no'),
(23, 'Cidade', 'F', 'pt'),
(23, 'Oraș', 'F', 'ro'),
(23, 'Город', 'F', 'ru'),
(24, 'Område', 'F', 'da'),
(24, 'Bundesland/Kanton', 'F', 'de'),
(24, 'Νομός', 'F', 'el'),
(24, 'State/province', 'F', 'en'),
(24, 'Provincia', 'F', 'es'),
(24, 'State/province', 'F', 'fr'),
(24, 'Provincia', 'F', 'it'),
(24, 'Staat/provincie', 'F', 'nl'),
(24, 'Stat/kommune', 'F', 'no'),
(24, 'Estado', 'F', 'pt'),
(24, 'Județ', 'F', 'ro'),
(24, 'Область/район', 'F', 'ru'),
(25, 'Område', 'F', 'da'),
(25, 'Bundesland/Kanton', 'F', 'de'),
(25, 'Πολιτεία/Επαρχία', 'F', 'el'),
(25, 'State/province', 'F', 'en'),
(25, 'Provincia', 'F', 'es'),
(25, 'State/province', 'F', 'fr'),
(25, 'Provincia', 'F', 'it'),
(25, 'Staat/provincie', 'F', 'nl'),
(25, 'Stat/kommune', 'F', 'no'),
(25, 'Estado', 'F', 'pt'),
(25, 'Județ', 'F', 'ro'),
(25, 'Область/район', 'F', 'ru'),
(26, 'Land', 'F', 'da'),
(26, 'Land', 'F', 'de'),
(26, 'Χώρα', 'F', 'el'),
(26, 'Country', 'F', 'en'),
(26, 'País', 'F', 'es'),
(26, 'Country', 'F', 'fr'),
(26, 'Paese', 'F', 'it'),
(26, 'Land', 'F', 'nl'),
(26, 'Land', 'F', 'no'),
(26, 'País', 'F', 'pt'),
(26, 'Țară', 'F', 'ro'),
(26, 'Страна', 'F', 'ru'),
(27, 'Land', 'F', 'da'),
(27, 'Land', 'F', 'de'),
(27, 'Χώρα', 'F', 'el'),
(27, 'Country', 'F', 'en'),
(27, 'País', 'F', 'es'),
(27, 'Country', 'F', 'fr'),
(27, 'Paese', 'F', 'it'),
(27, 'Land', 'F', 'nl'),
(27, 'Land', 'F', 'no'),
(27, 'País', 'F', 'pt'),
(27, 'Țară', 'F', 'ro'),
(27, 'Страна', 'F', 'ru'),
(28, 'Postnr', 'F', 'da'),
(28, 'PLZ (Postleitzahl)', 'F', 'de'),
(28, 'T.K (ταχυδρομικός κώδικας)', 'F', 'el'),
(28, 'Zip/postal code', 'F', 'en'),
(28, 'Código Postal', 'F', 'es'),
(28, 'Zip/postal code', 'F', 'fr'),
(28, 'CAP', 'F', 'it'),
(28, 'Postcode', 'F', 'nl'),
(28, 'Postnummer', 'F', 'no'),
(28, 'CEP', 'F', 'pt'),
(28, 'Zip/Cod poștal', 'F', 'ro'),
(28, 'Почтовый индекс', 'F', 'ru'),
(29, 'Postnr', 'F', 'da'),
(29, 'PLZ (Postleitzahl)', 'F', 'de'),
(29, 'T.K (ταχυδρομικός κώδικας )', 'F', 'el'),
(29, 'Zip/postal code', 'F', 'en'),
(29, 'Código Postal', 'F', 'es'),
(29, 'Zip/postal code', 'F', 'fr'),
(29, 'CAP', 'F', 'it'),
(29, 'Postcode', 'F', 'nl'),
(29, 'Postnummer', 'F', 'no'),
(29, 'CEP', 'F', 'pt'),
(29, 'Zip/Cod poștal', 'F', 'ro'),
(29, 'Почтовый индекс', 'F', 'ru'),
(30, 'Telefon', 'F', 'da'),
(30, 'Telefon', 'F', 'de'),
(30, 'Αριθμός τηλεφώνου', 'F', 'el'),
(30, 'Phone', 'F', 'en'),
(30, 'Teléfono', 'F', 'es'),
(30, 'Phone', 'F', 'fr'),
(30, 'Telefono', 'F', 'it'),
(30, 'Telefoon', 'F', 'nl'),
(30, 'Telefon', 'F', 'no'),
(30, 'Telefone', 'F', 'pt'),
(30, 'Telefon', 'F', 'ro'),
(30, 'Телефон', 'F', 'ru'),
(31, 'Telefon', 'F', 'da'),
(31, 'Telefon', 'F', 'de'),
(31, 'Αριθμός τηλεφώνου', 'F', 'el'),
(31, 'Phone', 'F', 'en'),
(31, 'Teléfono', 'F', 'es'),
(31, 'Phone', 'F', 'fr'),
(31, 'Telefono', 'F', 'it'),
(31, 'Telefoon', 'F', 'nl'),
(31, 'Telefon', 'F', 'no'),
(31, 'Telefone', 'F', 'pt'),
(31, 'Telefon', 'F', 'ro'),
(31, 'Телефон', 'F', 'ru'),
(32, 'E-mail', 'F', 'da'),
(32, 'E-Mail', 'F', 'de'),
(32, 'Διεύθυνση ηλεκτρονικού ταχυδρομείου(e-mail)', 'F', 'el'),
(32, 'E-mail', 'F', 'en'),
(32, 'Correo electrónico', 'F', 'es'),
(32, 'E-mail', 'F', 'fr'),
(32, 'Indirizzo E-mail', 'F', 'it'),
(32, 'E-mail', 'F', 'nl'),
(32, 'E-post', 'F', 'no'),
(32, 'E-mail', 'F', 'pt'),
(32, 'Poştă electronică', 'F', 'ro'),
(32, 'E-mail', 'F', 'ru'),
(35, 'Adressetype', 'F', 'da'),
(35, 'Adresstyp', 'F', 'de'),
(35, 'Tύπος διεύθυνσης', 'F', 'el'),
(35, 'Address type', 'F', 'en'),
(35, 'Tipo de dirección', 'F', 'es'),
(35, 'Address type', 'F', 'fr'),
(35, 'Tipo di indirizzo', 'F', 'it'),
(35, 'Adres', 'F', 'nl'),
(35, 'Adresse type', 'F', 'no'),
(35, 'Tipo de endereço', 'F', 'pt'),
(35, 'Tipul adresei', 'F', 'ro'),
(35, 'Тип адреса', 'F', 'ru'),
(36, 'Firma', 'F', 'da'),
(36, 'Firma', 'F', 'de'),
(36, 'Εταιρία', 'F', 'el'),
(36, 'Company', 'F', 'en'),
(36, 'Empresa', 'F', 'es'),
(36, 'Company', 'F', 'fr'),
(36, 'Azienda', 'F', 'it'),
(36, 'Bedrijf', 'F', 'nl'),
(36, 'Firma', 'F', 'no'),
(36, 'Empresa', 'F', 'pt'),
(36, 'Companie', 'F', 'ro'),
(36, 'Компания', 'F', 'ru'),
(37, 'First name', 'F', 'da'),
(37, 'First name', 'F', 'de'),
(37, 'Ονομα', 'F', 'el'),
(37, 'First name', 'F', 'en'),
(37, 'Nombre', 'F', 'es'),
(37, 'First name', 'F', 'fr'),
(37, 'Nome', 'F', 'it'),
(37, 'Voornaam', 'F', 'nl'),
(37, 'First name', 'F', 'no'),
(37, 'First name', 'F', 'pt'),
(37, 'First name', 'F', 'ro'),
(37, 'Имя', 'F', 'ru'),
(38, 'Last name', 'F', 'da'),
(38, 'Last name', 'F', 'de'),
(38, 'Επίθετο', 'F', 'el'),
(38, 'Last name', 'F', 'en'),
(38, 'Apellido', 'F', 'es'),
(38, 'Last name', 'F', 'fr'),
(38, 'Cognome', 'F', 'it'),
(38, 'Achternaam', 'F', 'nl'),
(38, 'Last name', 'F', 'no'),
(38, 'Last name', 'F', 'pt'),
(38, 'Last name', 'F', 'ro'),
(38, 'Фамилия', 'F', 'ru'),
(39, 'E-mail', 'F', 'da'),
(39, 'E-Mail', 'F', 'de'),
(39, 'Διεύθυνση ηλεκτρονικού ταχυδρομείου(e-mail)', 'F', 'el'),
(39, 'E-mail', 'F', 'en'),
(39, 'Correo electrónico', 'F', 'es'),
(39, 'E-mail', 'F', 'fr'),
(39, 'Indirizzo E-mail', 'F', 'it'),
(39, 'E-mail', 'F', 'nl'),
(39, 'E-post', 'F', 'no'),
(39, 'E-mail', 'F', 'pt'),
(39, 'Poştă electronică', 'F', 'ro'),
(39, 'E-mail', 'F', 'ru'),
(40, 'Description', 'F', 'da'),
(40, 'Description', 'F', 'de'),
(40, 'Περιγραφή', 'F', 'el'),
(40, 'Description', 'F', 'en'),
(40, 'Descripción', 'F', 'es'),
(40, 'Description', 'F', 'fr'),
(40, 'Descrizione', 'F', 'it'),
(40, 'Omschrijving', 'F', 'nl'),
(40, 'Description', 'F', 'no'),
(40, 'Description', 'F', 'pt'),
(40, 'Description', 'F', 'ro'),
(40, 'Описание', 'F', 'ru'),
(41, 'Address', 'F', 'da'),
(41, 'Address', 'F', 'de'),
(41, 'Διευθυνση', 'F', 'el'),
(41, 'Address', 'F', 'en'),
(41, 'Dirección', 'F', 'es'),
(41, 'Address', 'F', 'fr'),
(41, 'Indirizzo', 'F', 'it'),
(41, 'Adres', 'F', 'nl'),
(41, 'Address', 'F', 'no'),
(41, 'Address', 'F', 'pt'),
(41, 'Address', 'F', 'ro'),
(41, 'Адрес', 'F', 'ru'),
(42, 'City', 'F', 'da'),
(42, 'City', 'F', 'de'),
(42, 'Πόλη', 'F', 'el'),
(42, 'City', 'F', 'en'),
(42, 'Ciudad', 'F', 'es'),
(42, 'City', 'F', 'fr'),
(42, 'Città', 'F', 'it'),
(42, 'Plaats', 'F', 'nl'),
(42, 'City', 'F', 'no'),
(42, 'City', 'F', 'pt'),
(42, 'City', 'F', 'ro'),
(42, 'Город', 'F', 'ru'),
(43, 'Country', 'F', 'da'),
(43, 'Country', 'F', 'de'),
(43, 'Χώρα', 'F', 'el'),
(43, 'Country', 'F', 'en'),
(43, 'País', 'F', 'es'),
(43, 'Country', 'F', 'fr'),
(43, 'Country', 'F', 'it'),
(43, 'Land', 'F', 'nl'),
(43, 'Country', 'F', 'no'),
(43, 'Country', 'F', 'pt'),
(43, 'Country', 'F', 'ro'),
(43, 'Страна', 'F', 'ru'),
(44, 'State/Province', 'F', 'da'),
(44, 'State/Province', 'F', 'de'),
(44, 'Νομός', 'F', 'el'),
(44, 'State/Province', 'F', 'en'),
(44, 'Estado/Provincia', 'F', 'es'),
(44, 'State/Province', 'F', 'fr'),
(44, 'Provincia', 'F', 'it'),
(44, 'Staat/provincie', 'F', 'nl'),
(44, 'State/Province', 'F', 'no'),
(44, 'State/Province', 'F', 'pt'),
(44, 'State/Province', 'F', 'ro'),
(44, 'Область/район', 'F', 'ru'),
(45, 'Zip/postal code', 'F', 'da'),
(45, 'Zip/postal code', 'F', 'de'),
(45, 'T.K (ταχυδρομικός κώδικας)', 'F', 'el'),
(45, 'Zip/postal code', 'F', 'en'),
(45, 'Código Postal', 'F', 'es'),
(45, 'Zip/postal code', 'F', 'fr'),
(45, 'Cap', 'F', 'it'),
(45, 'Postcode', 'F', 'nl'),
(45, 'Zip/postal code', 'F', 'no'),
(45, 'Zip/postal code', 'F', 'pt'),
(45, 'Zip/postal code', 'F', 'ro'),
(45, 'Почтовый индекс', 'F', 'ru'),
(46, 'Telefon', 'F', 'da'),
(46, 'Telefon', 'F', 'de'),
(46, 'Αριθμός τηλεφώνου', 'F', 'el'),
(46, 'Phone', 'F', 'en'),
(46, 'Teléfono', 'F', 'es'),
(46, 'Phone', 'F', 'fr'),
(46, 'Telefono', 'F', 'it'),
(46, 'Telefoon', 'F', 'nl'),
(46, 'Telefon', 'F', 'no'),
(46, 'Telefone', 'F', 'pt'),
(46, 'Telefon', 'F', 'ro'),
(46, 'Телефон', 'F', 'ru'),
(48, 'URL-ADRESSE', 'F', 'da'),
(48, 'URL', 'F', 'de'),
(48, 'URL', 'F', 'el'),
(48, 'URL', 'F', 'en'),
(48, 'De una dirección URL', 'F', 'es'),
(48, 'URL', 'F', 'fr'),
(48, 'Sito web', 'F', 'it'),
(48, 'URL', 'F', 'nl'),
(48, 'URL', 'F', 'no'),
(48, 'Site', 'F', 'pt'),
(48, 'URL', 'F', 'ro'),
(48, 'Веб-сайт', 'F', 'ru'),
(49, 'I accept the Terms and Conditions', 'F', 'da'),
(49, 'I accept the Terms and Conditions', 'F', 'de'),
(49, 'Αποδεχομαι τους όρους και προϋποθέσεις', 'F', 'el'),
(49, 'I accept the Terms and Conditions', 'F', 'en'),
(49, 'Acepto los términos y las condiciones', 'F', 'es'),
(49, 'I accept the Terms and Conditions', 'F', 'fr'),
(49, 'Accetto termini e condizioni', 'F', 'it'),
(49, 'Ik accepteer de algemene voorwaarden', 'F', 'nl'),
(49, 'I accept the Terms and Conditions', 'F', 'no'),
(49, 'I accept the Terms and Conditions', 'F', 'pt'),
(49, 'I accept the Terms and Conditions', 'F', 'ro'),
(49, 'Я принимаю условия', 'F', 'ru'),
(50, 'Plan', 'F', 'da'),
(50, 'Plan', 'F', 'de'),
(50, 'Πακετο', 'F', 'el'),
(50, 'Plan', 'F', 'en'),
(50, 'Plan', 'F', 'es'),
(50, 'Plan', 'F', 'fr'),
(50, 'Piano', 'F', 'it'),
(50, 'Plan', 'F', 'nl'),
(50, 'Plan', 'F', 'no'),
(50, 'Plan', 'F', 'pt'),
(50, 'Plan', 'F', 'ro'),
(50, 'Тарифный план', 'F', 'ru'),
(51, 'RG', 'F', 'da'),
(51, 'RG', 'F', 'de'),
(51, 'RG', 'F', 'el'),
(51, 'RG', 'F', 'en'),
(51, 'RG', 'F', 'es'),
(51, 'RG', 'F', 'fr'),
(51, 'RG', 'F', 'it'),
(51, 'RG', 'F', 'nl'),
(51, 'RG', 'F', 'no'),
(51, 'RG', 'F', 'pt'),
(51, 'RG', 'F', 'ro'),
(51, 'RG', 'F', 'ru'),
(52, 'RG', 'F', 'da'),
(52, 'RG', 'F', 'de'),
(52, 'RG', 'F', 'el'),
(52, 'RG', 'F', 'en'),
(52, 'RG', 'F', 'es'),
(52, 'RG', 'F', 'fr'),
(52, 'RG', 'F', 'it'),
(52, 'RG', 'F', 'nl'),
(52, 'RG', 'F', 'no'),
(52, 'RG', 'F', 'pt'),
(52, 'RG', 'F', 'ro'),
(52, 'RG', 'F', 'ru'),
(53, 'CPF', 'F', 'da'),
(53, 'CPF', 'F', 'de'),
(53, 'CPF', 'F', 'el'),
(53, 'CPF', 'F', 'en'),
(53, 'CPF', 'F', 'es'),
(53, 'CPF', 'F', 'fr'),
(53, 'CPF', 'F', 'it'),
(53, 'CPF', 'F', 'nl'),
(53, 'CPF', 'F', 'no'),
(53, 'CPF', 'F', 'pt'),
(53, 'CPF', 'F', 'ro'),
(53, 'CPF', 'F', 'ru'),
(54, 'CPF', 'F', 'da'),
(54, 'CPF', 'F', 'de'),
(54, 'CPF', 'F', 'el'),
(54, 'CPF', 'F', 'en'),
(54, 'CPF', 'F', 'es'),
(54, 'CPF', 'F', 'fr'),
(54, 'CPF', 'F', 'it'),
(54, 'CPF', 'F', 'nl'),
(54, 'CPF', 'F', 'no'),
(54, 'CPF', 'F', 'pt'),
(54, 'CPF', 'F', 'ro'),
(54, 'CPF', 'F', 'ru'),
(59, 'Tax number', 'F', 'da'),
(59, 'Tax number', 'F', 'de'),
(59, 'Tax number', 'F', 'el'),
(59, 'Tax number', 'F', 'en'),
(59, 'Tax number', 'F', 'es'),
(59, 'Tax number', 'F', 'fr'),
(59, 'Tax number', 'F', 'it'),
(59, 'Tax number', 'F', 'nl'),
(59, 'Tax number', 'F', 'no'),
(59, 'Tax number', 'F', 'pt'),
(59, 'Tax number', 'F', 'ro'),
(59, 'Tax number', 'F', 'ru'),
(60, 'Número', 'F', 'da'),
(60, 'Número', 'F', 'de'),
(60, 'Número', 'F', 'el'),
(60, 'Número', 'F', 'en'),
(60, 'Número', 'F', 'es'),
(60, 'Número', 'F', 'fr'),
(60, 'Número', 'F', 'it'),
(60, 'Número', 'F', 'nl'),
(60, 'Número', 'F', 'no'),
(60, 'Número', 'F', 'pt'),
(60, 'Número', 'F', 'ro'),
(60, 'Número', 'F', 'ru'),
(61, 'Número', 'F', 'da'),
(61, 'Número', 'F', 'de'),
(61, 'Número', 'F', 'el'),
(61, 'Número', 'F', 'en'),
(61, 'Número', 'F', 'es'),
(61, 'Número', 'F', 'fr'),
(61, 'Número', 'F', 'it'),
(61, 'Número', 'F', 'nl'),
(61, 'Número', 'F', 'no'),
(61, 'Número', 'F', 'pt'),
(61, 'Número', 'F', 'ro'),
(61, 'Número', 'F', 'ru');

-- --------------------------------------------------------

--
-- Table structure for table `partiushop_profile_field_sections`
--

CREATE TABLE `partiushop_profile_field_sections` (
  `section_id` int(11) UNSIGNED NOT NULL,
  `code` char(1) NOT NULL,
  `position` smallint(5) UNSIGNED NOT NULL DEFAULT 0,
  `status` char(1) NOT NULL DEFAULT 'A'
) ENGINE=InnoDB DEFAULT CHARSET=utf8;

--
-- Dumping data for table `partiushop_profile_field_sections`
--

INSERT INTO `partiushop_profile_field_sections` (`section_id`, `code`, `position`, `status`) VALUES
(1, 'C', 2, 'A'),
(2, 'S', 1, 'A'),
(3, 'B', 3, 'A');

-- --------------------------------------------------------

--
-- Table structure for table `partiushop_profile_field_values`
--

CREATE TABLE `partiushop_profile_field_values` (
  `value_id` mediumint(8) UNSIGNED NOT NULL,
  `field_id` mediumint(8) UNSIGNED NOT NULL DEFAULT 0,
  `position` smallint(5) UNSIGNED NOT NULL DEFAULT 0
) ENGINE=InnoDB DEFAULT CHARSET=utf8;

-- --------------------------------------------------------

--
-- Table structure for table `partiushop_promotions`
--

CREATE TABLE `partiushop_promotions` (
  `promotion_id` mediumint(8) UNSIGNED NOT NULL,
  `company_id` int(11) UNSIGNED NOT NULL DEFAULT 0,
  `conditions` text DEFAULT NULL,
  `bonuses` text DEFAULT NULL,
  `to_date` int(11) UNSIGNED NOT NULL DEFAULT 0,
  `from_date` int(11) UNSIGNED NOT NULL DEFAULT 0,
  `priority` mediumint(8) UNSIGNED NOT NULL DEFAULT 0,
  `stop` char(1) NOT NULL DEFAULT 'N',
  `zone` enum('cart','catalog') NOT NULL DEFAULT 'catalog',
  `conditions_hash` text DEFAULT NULL,
  `status` char(1) NOT NULL DEFAULT 'A',
  `number_of_usages` mediumint(8) NOT NULL DEFAULT 0,
  `users_conditions_hash` text DEFAULT NULL,
  `stop_other_rules` char(1) NOT NULL DEFAULT 'N'
) ENGINE=InnoDB DEFAULT CHARSET=utf8;

--
-- Dumping data for table `partiushop_promotions`
--

INSERT INTO `partiushop_promotions` (`promotion_id`, `company_id`, `conditions`, `bonuses`, `to_date`, `from_date`, `priority`, `stop`, `zone`, `conditions_hash`, `status`, `number_of_usages`, `users_conditions_hash`, `stop_other_rules`) VALUES
(14, 0, 'a:3:{s:3:\"set\";s:3:\"all\";s:9:\"set_value\";s:1:\"1\";s:10:\"conditions\";a:1:{i:1;a:3:{s:8:\"operator\";s:2:\"in\";s:9:\"condition\";s:10:\"categories\";s:5:\"value\";s:3:\"243\";}}}', 'a:1:{i:1;a:3:{s:5:\"bonus\";s:16:\"product_discount\";s:14:\"discount_bonus\";s:13:\"to_percentage\";s:14:\"discount_value\";s:2:\"95\";}}', 1588576711, 1580800711, 1, 'N', 'catalog', 'categories=243', 'A', 0, NULL, 'N'),
(15, 0, 'a:3:{s:3:\"set\";s:3:\"all\";s:9:\"set_value\";s:1:\"1\";s:10:\"conditions\";a:2:{i:1;a:3:{s:8:\"operator\";s:3:\"gte\";s:9:\"condition\";s:8:\"subtotal\";s:5:\"value\";s:3:\"100\";}i:2;a:3:{s:8:\"operator\";s:2:\"eq\";s:9:\"condition\";s:11:\"coupon_code\";s:5:\"value\";s:3:\"123\";}}}', 'a:1:{i:1;a:2:{s:5:\"bonus\";s:13:\"free_shipping\";s:5:\"value\";s:1:\"1\";}}', 1588576711, 1580800711, 2, 'N', 'cart', 'subtotal=100;coupon_code=123', 'A', 0, NULL, 'N'),
(16, 0, 'a:3:{s:3:\"set\";s:3:\"all\";s:9:\"set_value\";s:1:\"1\";s:10:\"conditions\";a:1:{i:2;a:3:{s:8:\"operator\";s:2:\"in\";s:9:\"condition\";s:8:\"products\";s:5:\"value\";s:19:\"247,214,217,218,244\";}}}', 'a:1:{i:1;a:3:{s:5:\"bonus\";s:16:\"product_discount\";s:14:\"discount_bonus\";s:13:\"by_percentage\";s:14:\"discount_value\";s:2:\"20\";}}', 1587599084, 0, 0, 'N', 'catalog', 'products=247,214,217,218,244', 'A', 0, '', 'N'),
(17, 0, 'a:3:{s:3:\"set\";s:3:\"all\";s:9:\"set_value\";s:1:\"1\";s:10:\"conditions\";a:1:{i:2;a:3:{s:8:\"operator\";s:2:\"in\";s:9:\"condition\";s:8:\"products\";s:5:\"value\";s:19:\"219,220,221,222,227\";}}}', 'a:1:{i:1;a:3:{s:5:\"bonus\";s:16:\"product_discount\";s:14:\"discount_bonus\";s:13:\"by_percentage\";s:14:\"discount_value\";s:2:\"50\";}}', 1587599084, 0, 0, 'N', 'catalog', 'products=219,220,221,222,227', 'A', 0, '', 'N'),
(18, 0, 'a:3:{s:3:\"set\";s:3:\"all\";s:9:\"set_value\";s:1:\"1\";s:10:\"conditions\";a:1:{i:1;a:3:{s:8:\"operator\";s:2:\"in\";s:9:\"condition\";s:8:\"products\";s:5:\"value\";s:19:\"228,229,205,206,207\";}}}', 'a:1:{i:1;a:3:{s:5:\"bonus\";s:16:\"product_discount\";s:14:\"discount_bonus\";s:13:\"by_percentage\";s:14:\"discount_value\";s:2:\"10\";}}', 1587599084, 0, 0, 'N', 'catalog', 'products=228,229,205,206,207', 'A', 0, '', 'N'),
(19, 0, 'a:3:{s:3:\"set\";s:3:\"all\";s:9:\"set_value\";s:1:\"1\";s:10:\"conditions\";a:1:{i:1;a:3:{s:8:\"operator\";s:3:\"gte\";s:9:\"condition\";s:8:\"subtotal\";s:5:\"value\";d:3000;}}}', 'a:1:{i:0;a:2:{s:5:\"bonus\";s:13:\"free_shipping\";s:5:\"value\";s:1:\"1\";}}', 1587599084, 0, 0, 'N', 'cart', 'subtotal=3000', 'A', 0, '', 'N'),
(20, 0, 'a:3:{s:3:\"set\";s:3:\"all\";s:9:\"set_value\";s:1:\"1\";s:10:\"conditions\";a:1:{i:6;a:3:{s:8:\"operator\";s:2:\"in\";s:9:\"condition\";s:10:\"categories\";s:5:\"value\";s:3:\"168\";}}}', 'a:1:{i:2;a:4:{s:5:\"bonus\";s:20:\"discount_on_products\";s:5:\"value\";s:19:\"223,224,225,240,241\";s:14:\"discount_bonus\";s:13:\"by_percentage\";s:14:\"discount_value\";d:5;}}', 1587599084, 0, 4, 'N', 'cart', 'categories=168', 'A', 0, '', 'N'),
(21, 0, 'a:3:{s:3:\"set\";s:3:\"all\";s:9:\"set_value\";s:1:\"1\";s:10:\"conditions\";a:1:{i:2;a:3:{s:8:\"operator\";s:2:\"in\";s:9:\"condition\";s:8:\"products\";s:5:\"value\";s:19:\"247,214,217,218,244\";}}}', 'a:1:{i:1;a:3:{s:5:\"bonus\";s:16:\"product_discount\";s:14:\"discount_bonus\";s:13:\"by_percentage\";s:14:\"discount_value\";s:2:\"20\";}}', 1587603647, 0, 0, 'N', 'catalog', 'products=247,214,217,218,244', 'A', 0, '', 'N'),
(22, 0, 'a:3:{s:3:\"set\";s:3:\"all\";s:9:\"set_value\";s:1:\"1\";s:10:\"conditions\";a:1:{i:2;a:3:{s:8:\"operator\";s:2:\"in\";s:9:\"condition\";s:8:\"products\";s:5:\"value\";s:19:\"219,220,221,222,227\";}}}', 'a:1:{i:1;a:3:{s:5:\"bonus\";s:16:\"product_discount\";s:14:\"discount_bonus\";s:13:\"by_percentage\";s:14:\"discount_value\";s:2:\"50\";}}', 1587603647, 0, 0, 'N', 'catalog', 'products=219,220,221,222,227', 'A', 0, '', 'N'),
(23, 0, 'a:3:{s:3:\"set\";s:3:\"all\";s:9:\"set_value\";s:1:\"1\";s:10:\"conditions\";a:1:{i:1;a:3:{s:8:\"operator\";s:2:\"in\";s:9:\"condition\";s:8:\"products\";s:5:\"value\";s:19:\"228,229,205,206,207\";}}}', 'a:1:{i:1;a:3:{s:5:\"bonus\";s:16:\"product_discount\";s:14:\"discount_bonus\";s:13:\"by_percentage\";s:14:\"discount_value\";s:2:\"10\";}}', 1587603647, 0, 0, 'N', 'catalog', 'products=228,229,205,206,207', 'A', 0, '', 'N'),
(24, 0, 'a:3:{s:3:\"set\";s:3:\"all\";s:9:\"set_value\";s:1:\"1\";s:10:\"conditions\";a:1:{i:1;a:3:{s:8:\"operator\";s:3:\"gte\";s:9:\"condition\";s:8:\"subtotal\";s:5:\"value\";d:3000;}}}', 'a:1:{i:0;a:2:{s:5:\"bonus\";s:13:\"free_shipping\";s:5:\"value\";s:1:\"1\";}}', 1587603647, 0, 0, 'N', 'cart', 'subtotal=3000', 'A', 0, '', 'N'),
(25, 0, 'a:3:{s:3:\"set\";s:3:\"all\";s:9:\"set_value\";s:1:\"1\";s:10:\"conditions\";a:1:{i:6;a:3:{s:8:\"operator\";s:2:\"in\";s:9:\"condition\";s:10:\"categories\";s:5:\"value\";s:3:\"168\";}}}', 'a:1:{i:2;a:4:{s:5:\"bonus\";s:20:\"discount_on_products\";s:5:\"value\";s:19:\"223,224,225,240,241\";s:14:\"discount_bonus\";s:13:\"by_percentage\";s:14:\"discount_value\";d:5;}}', 1587603647, 0, 4, 'N', 'cart', 'categories=168', 'A', 0, '', 'N');

-- --------------------------------------------------------

--
-- Table structure for table `partiushop_promotion_descriptions`
--

CREATE TABLE `partiushop_promotion_descriptions` (
  `promotion_id` mediumint(8) UNSIGNED NOT NULL DEFAULT 0,
  `name` varchar(255) NOT NULL DEFAULT '',
  `short_description` text DEFAULT NULL,
  `detailed_description` mediumtext DEFAULT NULL,
  `lang_code` char(2) NOT NULL DEFAULT ''
) ENGINE=InnoDB DEFAULT CHARSET=utf8;

--
-- Dumping data for table `partiushop_promotion_descriptions`
--

INSERT INTO `partiushop_promotion_descriptions` (`promotion_id`, `name`, `short_description`, `detailed_description`, `lang_code`) VALUES
(14, 'DVD 5% off', '', '', 'da'),
(14, 'DVD 5% off', '', '', 'de'),
(14, '5% Έκπτωση στα DVD', '', '', 'el'),
(14, 'DVD 5% off', '', '', 'en'),
(14, 'DVD 5% off', '', '', 'es'),
(14, 'DVD 5% off', '', '', 'fr'),
(14, 'DVD 5% off', '', '', 'it'),
(14, 'DVD 5% off', '', '', 'nl'),
(14, 'DVD 5% off', '', '', 'no'),
(14, 'DVD 5% off', '', '', 'pt'),
(14, 'DVD 5% off', '', '', 'ro'),
(14, 'DVD 5% off', '', '', 'ru'),
(15, 'Free shipping coupon', '', 'Buy $100+ products and receive free shipping!', 'da'),
(15, 'Free shipping coupon', '', 'Buy $100+ products and receive free shipping!', 'de'),
(15, 'Κουπόνι Δωρεάν Μεταφορικών', '', 'Αγοράστε προϊόντα αξίας τουλαχιστον $100 και σας κανουμε δώρο τα μεταφορικά!', 'el'),
(15, 'Free shipping coupon', '', 'Buy $100+ products and receive free shipping!', 'en'),
(15, 'Free shipping coupon', '', 'Buy $100+ products and receive free shipping!', 'es'),
(15, 'Free shipping coupon', '', 'Buy $100+ products and receive free shipping!', 'fr'),
(15, 'Free shipping coupon', '', 'Buy $100+ products and receive free shipping!', 'it'),
(15, 'Free shipping coupon', '', 'Buy $100+ products and receive free shipping!', 'nl'),
(15, 'Free shipping coupon', '', 'Buy $100+ products and receive free shipping!', 'no'),
(15, 'Free shipping coupon', '', 'Buy $100+ products and receive free shipping!', 'pt'),
(15, 'Free shipping coupon', '', 'Buy $100+ products and receive free shipping!', 'ro'),
(15, 'Free shipping coupon', '', 'Buy $100+ products and receive free shipping!', 'ru'),
(16, 'AB: Stock! Buy a promotional hair dryer VALERA - get a 40% discount on the curling iron!', '<p>To receive a gift, you need to add a VALERA promotional hairdryer and an action souplink to the basket.</p><p>The promotion is valid only when placing an order on the site.<br></p>', '<p>Every buyer of a promotional hair dryer VALERA can get a 40% discount on a cooler *! To receive a gift, you need to add a VALERA promotional hairdryer and an action souplink to the cart.</p><p>The promotion is valid only, when placing an order on the site.</p><p>Hurry, the number of gifts is limited!</p><p>* 40% of the discount is given on the promotional product - promotional coupon.<br></p>', 'da'),
(16, 'AB: Stock! Buy a promotional hair dryer VALERA - get a 40% discount on the curling iron!', '<p>To receive a gift, you need to add a VALERA promotional hairdryer and an action souplink to the basket.</p><p>The promotion is valid only when placing an order on the site.<br></p>', '<p>Every buyer of a promotional hair dryer VALERA can get a 40% discount on a cooler *! To receive a gift, you need to add a VALERA promotional hairdryer and an action souplink to the cart.</p><p>The promotion is valid only, when placing an order on the site.</p><p>Hurry, the number of gifts is limited!</p><p>* 40% of the discount is given on the promotional product - promotional coupon.<br></p>', 'de'),
(16, 'AB: Stock! Buy a promotional hair dryer VALERA - get a 40% discount on the curling iron!', '<p>To receive a gift, you need to add a VALERA promotional hairdryer and an action souplink to the basket.</p><p>The promotion is valid only when placing an order on the site.<br></p>', '<p>Every buyer of a promotional hair dryer VALERA can get a 40% discount on a cooler *! To receive a gift, you need to add a VALERA promotional hairdryer and an action souplink to the cart.</p><p>The promotion is valid only, when placing an order on the site.</p><p>Hurry, the number of gifts is limited!</p><p>* 40% of the discount is given on the promotional product - promotional coupon.<br></p>', 'el'),
(16, 'AB: Stock! Buy a promotional hair dryer VALERA - get a 40% discount on the curling iron!', '<p>To receive a gift, you need to add a VALERA promotional hairdryer and an action souplink to the basket.</p><p>The promotion is valid only when placing an order on the site.<br></p>', '<p>Every buyer of a promotional hair dryer VALERA can get a 40% discount on a cooler *! To receive a gift, you need to add a VALERA promotional hairdryer and an action souplink to the cart.</p><p>The promotion is valid only, when placing an order on the site.</p><p>Hurry, the number of gifts is limited!</p><p>* 40% of the discount is given on the promotional product - promotional coupon.<br></p>', 'en'),
(16, 'AB: Stock! Buy a promotional hair dryer VALERA - get a 40% discount on the curling iron!', '<p>To receive a gift, you need to add a VALERA promotional hairdryer and an action souplink to the basket.</p><p>The promotion is valid only when placing an order on the site.<br></p>', '<p>Every buyer of a promotional hair dryer VALERA can get a 40% discount on a cooler *! To receive a gift, you need to add a VALERA promotional hairdryer and an action souplink to the cart.</p><p>The promotion is valid only, when placing an order on the site.</p><p>Hurry, the number of gifts is limited!</p><p>* 40% of the discount is given on the promotional product - promotional coupon.<br></p>', 'es'),
(16, 'AB: Stock! Buy a promotional hair dryer VALERA - get a 40% discount on the curling iron!', '<p>To receive a gift, you need to add a VALERA promotional hairdryer and an action souplink to the basket.</p><p>The promotion is valid only when placing an order on the site.<br></p>', '<p>Every buyer of a promotional hair dryer VALERA can get a 40% discount on a cooler *! To receive a gift, you need to add a VALERA promotional hairdryer and an action souplink to the cart.</p><p>The promotion is valid only, when placing an order on the site.</p><p>Hurry, the number of gifts is limited!</p><p>* 40% of the discount is given on the promotional product - promotional coupon.<br></p>', 'fr'),
(16, 'AB: Stock! Buy a promotional hair dryer VALERA - get a 40% discount on the curling iron!', '<p>To receive a gift, you need to add a VALERA promotional hairdryer and an action souplink to the basket.</p><p>The promotion is valid only when placing an order on the site.<br></p>', '<p>Every buyer of a promotional hair dryer VALERA can get a 40% discount on a cooler *! To receive a gift, you need to add a VALERA promotional hairdryer and an action souplink to the cart.</p><p>The promotion is valid only, when placing an order on the site.</p><p>Hurry, the number of gifts is limited!</p><p>* 40% of the discount is given on the promotional product - promotional coupon.<br></p>', 'it'),
(16, 'AB: Stock! Buy a promotional hair dryer VALERA - get a 40% discount on the curling iron!', '<p>To receive a gift, you need to add a VALERA promotional hairdryer and an action souplink to the basket.</p><p>The promotion is valid only when placing an order on the site.<br></p>', '<p>Every buyer of a promotional hair dryer VALERA can get a 40% discount on a cooler *! To receive a gift, you need to add a VALERA promotional hairdryer and an action souplink to the cart.</p><p>The promotion is valid only, when placing an order on the site.</p><p>Hurry, the number of gifts is limited!</p><p>* 40% of the discount is given on the promotional product - promotional coupon.<br></p>', 'nl'),
(16, 'AB: Stock! Buy a promotional hair dryer VALERA - get a 40% discount on the curling iron!', '<p>To receive a gift, you need to add a VALERA promotional hairdryer and an action souplink to the basket.</p><p>The promotion is valid only when placing an order on the site.<br></p>', '<p>Every buyer of a promotional hair dryer VALERA can get a 40% discount on a cooler *! To receive a gift, you need to add a VALERA promotional hairdryer and an action souplink to the cart.</p><p>The promotion is valid only, when placing an order on the site.</p><p>Hurry, the number of gifts is limited!</p><p>* 40% of the discount is given on the promotional product - promotional coupon.<br></p>', 'no'),
(16, 'AB: Stock! Buy a promotional hair dryer VALERA - get a 40% discount on the curling iron!', '<p>To receive a gift, you need to add a VALERA promotional hairdryer and an action souplink to the basket.</p><p>The promotion is valid only when placing an order on the site.<br></p>', '<p>Every buyer of a promotional hair dryer VALERA can get a 40% discount on a cooler *! To receive a gift, you need to add a VALERA promotional hairdryer and an action souplink to the cart.</p><p>The promotion is valid only, when placing an order on the site.</p><p>Hurry, the number of gifts is limited!</p><p>* 40% of the discount is given on the promotional product - promotional coupon.<br></p>', 'pt'),
(16, 'AB: Stock! Buy a promotional hair dryer VALERA - get a 40% discount on the curling iron!', '<p>To receive a gift, you need to add a VALERA promotional hairdryer and an action souplink to the basket.</p><p>The promotion is valid only when placing an order on the site.<br></p>', '<p>Every buyer of a promotional hair dryer VALERA can get a 40% discount on a cooler *! To receive a gift, you need to add a VALERA promotional hairdryer and an action souplink to the cart.</p><p>The promotion is valid only, when placing an order on the site.</p><p>Hurry, the number of gifts is limited!</p><p>* 40% of the discount is given on the promotional product - promotional coupon.<br></p>', 'ro'),
(16, 'AB: Акция! Купи акционный фен VALERA - получи скидку 40% на плойку!', '<p>Для получения подарка необходимо добавить в корзину акционный фен VALERA и акционную плойку.\r\n</p>Акция действует только при оформлении заказа на сайте.', '<p>Каждый покупатель акционного фена VALERA может получить скидку 40% на плойку*! Для получения подарка необходимо добавить в корзину акционный фен VALERA и акционную плойку.\r\n</p><p>Акция действует только при оформлении заказа на сайте.\r\n</p><p>Спешите, количество подарков ограничено!\r\n</p><p>*40% скидки предоставляется на акционный товар - акционная плойка.\r\n</p>', 'ru'),
(17, 'AB: RACING CARD + 2-YEAR LICENSE FOR RACES K1', '<p><span class=\"legal-disclosures-line2\"><span class=\"legal-disclosures-line1\">Promotional value expires 60 days after purchase. Amount paid never expires.</span> <span class=\"fine-print-description\">Limit 2 per person, may buy 20 additional as gifts.</span></span></p>', '<p><span class=\"legal-disclosures-line1\">Promotional value expires 60 days after purchase. Amount paid never expires.</span> <span class=\"fine-print-description\">Limit 2 per person, may buy 20 additional as gifts. Must activate licenses by the expiration date. Licenses expire 1 year from activation date. All junior racers must be at least 48\'\' and adult racers must be at least 4\'10\'\' tall to race. All racers should be under 7\' tall and 300 lbs. Subject to availability. Not valid for group events. May split between 2 people.</span> <span class=\"legal-disclosures-line2\">Merchant is solely responsible to purchasers for the care and quality of the advertised goods and services.</span></p>', 'da'),
(17, 'AB: RACING CARD + 2-YEAR LICENSE FOR RACES K1', '<p><span class=\"legal-disclosures-line2\"><span class=\"legal-disclosures-line1\">Promotional value expires 60 days after purchase. Amount paid never expires.</span> <span class=\"fine-print-description\">Limit 2 per person, may buy 20 additional as gifts.</span></span></p>', '<p><span class=\"legal-disclosures-line1\">Promotional value expires 60 days after purchase. Amount paid never expires.</span> <span class=\"fine-print-description\">Limit 2 per person, may buy 20 additional as gifts. Must activate licenses by the expiration date. Licenses expire 1 year from activation date. All junior racers must be at least 48\'\' and adult racers must be at least 4\'10\'\' tall to race. All racers should be under 7\' tall and 300 lbs. Subject to availability. Not valid for group events. May split between 2 people.</span> <span class=\"legal-disclosures-line2\">Merchant is solely responsible to purchasers for the care and quality of the advertised goods and services.</span></p>', 'de'),
(17, 'AB: RACING CARD + 2-YEAR LICENSE FOR RACES K1', '<p><span class=\"legal-disclosures-line2\"><span class=\"legal-disclosures-line1\">Promotional value expires 60 days after purchase. Amount paid never expires.</span> <span class=\"fine-print-description\">Limit 2 per person, may buy 20 additional as gifts.</span></span></p>', '<p><span class=\"legal-disclosures-line1\">Promotional value expires 60 days after purchase. Amount paid never expires.</span> <span class=\"fine-print-description\">Limit 2 per person, may buy 20 additional as gifts. Must activate licenses by the expiration date. Licenses expire 1 year from activation date. All junior racers must be at least 48\'\' and adult racers must be at least 4\'10\'\' tall to race. All racers should be under 7\' tall and 300 lbs. Subject to availability. Not valid for group events. May split between 2 people.</span> <span class=\"legal-disclosures-line2\">Merchant is solely responsible to purchasers for the care and quality of the advertised goods and services.</span></p>', 'el'),
(17, 'AB: RACING CARD + 2-YEAR LICENSE FOR RACES K1', '<p><span class=\"legal-disclosures-line2\"><span class=\"legal-disclosures-line1\">Promotional value expires 60 days after purchase. Amount paid never expires.</span> <span class=\"fine-print-description\">Limit 2 per person, may buy 20 additional as gifts.</span></span></p>', '<p><span class=\"legal-disclosures-line1\">Promotional value expires 60 days after purchase. Amount paid never expires.</span> <span class=\"fine-print-description\">Limit 2 per person, may buy 20 additional as gifts. Must activate licenses by the expiration date. Licenses expire 1 year from activation date. All junior racers must be at least 48\'\' and adult racers must be at least 4\'10\'\' tall to race. All racers should be under 7\' tall and 300 lbs. Subject to availability. Not valid for group events. May split between 2 people.</span> <span class=\"legal-disclosures-line2\">Merchant is solely responsible to purchasers for the care and quality of the advertised goods and services.</span></p>', 'en'),
(17, 'AB: RACING CARD + 2-YEAR LICENSE FOR RACES K1', '<p><span class=\"legal-disclosures-line2\"><span class=\"legal-disclosures-line1\">Promotional value expires 60 days after purchase. Amount paid never expires.</span> <span class=\"fine-print-description\">Limit 2 per person, may buy 20 additional as gifts.</span></span></p>', '<p><span class=\"legal-disclosures-line1\">Promotional value expires 60 days after purchase. Amount paid never expires.</span> <span class=\"fine-print-description\">Limit 2 per person, may buy 20 additional as gifts. Must activate licenses by the expiration date. Licenses expire 1 year from activation date. All junior racers must be at least 48\'\' and adult racers must be at least 4\'10\'\' tall to race. All racers should be under 7\' tall and 300 lbs. Subject to availability. Not valid for group events. May split between 2 people.</span> <span class=\"legal-disclosures-line2\">Merchant is solely responsible to purchasers for the care and quality of the advertised goods and services.</span></p>', 'es'),
(17, 'AB: RACING CARD + 2-YEAR LICENSE FOR RACES K1', '<p><span class=\"legal-disclosures-line2\"><span class=\"legal-disclosures-line1\">Promotional value expires 60 days after purchase. Amount paid never expires.</span> <span class=\"fine-print-description\">Limit 2 per person, may buy 20 additional as gifts.</span></span></p>', '<p><span class=\"legal-disclosures-line1\">Promotional value expires 60 days after purchase. Amount paid never expires.</span> <span class=\"fine-print-description\">Limit 2 per person, may buy 20 additional as gifts. Must activate licenses by the expiration date. Licenses expire 1 year from activation date. All junior racers must be at least 48\'\' and adult racers must be at least 4\'10\'\' tall to race. All racers should be under 7\' tall and 300 lbs. Subject to availability. Not valid for group events. May split between 2 people.</span> <span class=\"legal-disclosures-line2\">Merchant is solely responsible to purchasers for the care and quality of the advertised goods and services.</span></p>', 'fr'),
(17, 'AB: RACING CARD + 2-YEAR LICENSE FOR RACES K1', '<p><span class=\"legal-disclosures-line2\"><span class=\"legal-disclosures-line1\">Promotional value expires 60 days after purchase. Amount paid never expires.</span> <span class=\"fine-print-description\">Limit 2 per person, may buy 20 additional as gifts.</span></span></p>', '<p><span class=\"legal-disclosures-line1\">Promotional value expires 60 days after purchase. Amount paid never expires.</span> <span class=\"fine-print-description\">Limit 2 per person, may buy 20 additional as gifts. Must activate licenses by the expiration date. Licenses expire 1 year from activation date. All junior racers must be at least 48\'\' and adult racers must be at least 4\'10\'\' tall to race. All racers should be under 7\' tall and 300 lbs. Subject to availability. Not valid for group events. May split between 2 people.</span> <span class=\"legal-disclosures-line2\">Merchant is solely responsible to purchasers for the care and quality of the advertised goods and services.</span></p>', 'it'),
(17, 'AB: RACING CARD + 2-YEAR LICENSE FOR RACES K1', '<p><span class=\"legal-disclosures-line2\"><span class=\"legal-disclosures-line1\">Promotional value expires 60 days after purchase. Amount paid never expires.</span> <span class=\"fine-print-description\">Limit 2 per person, may buy 20 additional as gifts.</span></span></p>', '<p><span class=\"legal-disclosures-line1\">Promotional value expires 60 days after purchase. Amount paid never expires.</span> <span class=\"fine-print-description\">Limit 2 per person, may buy 20 additional as gifts. Must activate licenses by the expiration date. Licenses expire 1 year from activation date. All junior racers must be at least 48\'\' and adult racers must be at least 4\'10\'\' tall to race. All racers should be under 7\' tall and 300 lbs. Subject to availability. Not valid for group events. May split between 2 people.</span> <span class=\"legal-disclosures-line2\">Merchant is solely responsible to purchasers for the care and quality of the advertised goods and services.</span></p>', 'nl'),
(17, 'AB: RACING CARD + 2-YEAR LICENSE FOR RACES K1', '<p><span class=\"legal-disclosures-line2\"><span class=\"legal-disclosures-line1\">Promotional value expires 60 days after purchase. Amount paid never expires.</span> <span class=\"fine-print-description\">Limit 2 per person, may buy 20 additional as gifts.</span></span></p>', '<p><span class=\"legal-disclosures-line1\">Promotional value expires 60 days after purchase. Amount paid never expires.</span> <span class=\"fine-print-description\">Limit 2 per person, may buy 20 additional as gifts. Must activate licenses by the expiration date. Licenses expire 1 year from activation date. All junior racers must be at least 48\'\' and adult racers must be at least 4\'10\'\' tall to race. All racers should be under 7\' tall and 300 lbs. Subject to availability. Not valid for group events. May split between 2 people.</span> <span class=\"legal-disclosures-line2\">Merchant is solely responsible to purchasers for the care and quality of the advertised goods and services.</span></p>', 'no'),
(17, 'AB: RACING CARD + 2-YEAR LICENSE FOR RACES K1', '<p><span class=\"legal-disclosures-line2\"><span class=\"legal-disclosures-line1\">Promotional value expires 60 days after purchase. Amount paid never expires.</span> <span class=\"fine-print-description\">Limit 2 per person, may buy 20 additional as gifts.</span></span></p>', '<p><span class=\"legal-disclosures-line1\">Promotional value expires 60 days after purchase. Amount paid never expires.</span> <span class=\"fine-print-description\">Limit 2 per person, may buy 20 additional as gifts. Must activate licenses by the expiration date. Licenses expire 1 year from activation date. All junior racers must be at least 48\'\' and adult racers must be at least 4\'10\'\' tall to race. All racers should be under 7\' tall and 300 lbs. Subject to availability. Not valid for group events. May split between 2 people.</span> <span class=\"legal-disclosures-line2\">Merchant is solely responsible to purchasers for the care and quality of the advertised goods and services.</span></p>', 'pt'),
(17, 'AB: RACING CARD + 2-YEAR LICENSE FOR RACES K1', '<p><span class=\"legal-disclosures-line2\"><span class=\"legal-disclosures-line1\">Promotional value expires 60 days after purchase. Amount paid never expires.</span> <span class=\"fine-print-description\">Limit 2 per person, may buy 20 additional as gifts.</span></span></p>', '<p><span class=\"legal-disclosures-line1\">Promotional value expires 60 days after purchase. Amount paid never expires.</span> <span class=\"fine-print-description\">Limit 2 per person, may buy 20 additional as gifts. Must activate licenses by the expiration date. Licenses expire 1 year from activation date. All junior racers must be at least 48\'\' and adult racers must be at least 4\'10\'\' tall to race. All racers should be under 7\' tall and 300 lbs. Subject to availability. Not valid for group events. May split between 2 people.</span> <span class=\"legal-disclosures-line2\">Merchant is solely responsible to purchasers for the care and quality of the advertised goods and services.</span></p>', 'ro'),
(17, 'AB: Гоночный картинг + двухлетняя лицензия на гонки K1', '<p>Необходимо активировать лицензии по истечении срока действия. Срок действия лицензий истекает через год после даты активации.\r\n</p><p><span class=\"fine-print-description\"></span><span class=\"legal-disclosures-line2\"></span>\r\n</p>', '<p>Необходимо активировать лицензии по истечении срока действия. Срок действия лицензий истекает через год после даты активации. Обязательно воспользуйтесь этой акцией, это очень выгодные цены.</p><p><span class=\"legal-disclosures-line2\"></span>\r\n</p>', 'ru'),
(18, 'AB: Only today you can buy a camera with - 10% discount ', '<p>Buy a camera of a well-known brand with 10% discount during this period. .<br>\r\n</p>', '<p>Buy a camera of a well-known brand with 10% discount during this period. </p><p>Buying promotional models of cameras or Canon lenses, you get a free one-year subscription to a plan for photographers from Adobe Creative Cloud and one of the online courses.<br></p>', 'da'),
(18, 'AB: Only today you can buy a camera with - 10% discount ', '<p>Buy a camera of a well-known brand with 10% discount during this period. .<br>\r\n</p>', '<p>Buy a camera of a well-known brand with 10% discount during this period. </p><p>Buying promotional models of cameras or Canon lenses, you get a free one-year subscription to a plan for photographers from Adobe Creative Cloud and one of the online courses.<br></p>', 'de'),
(18, 'AB: Only today you can buy a camera with - 10% discount ', '<p>Buy a camera of a well-known brand with 10% discount during this period. .<br>\r\n</p>', '<p>Buy a camera of a well-known brand with 10% discount during this period. </p><p>Buying promotional models of cameras or Canon lenses, you get a free one-year subscription to a plan for photographers from Adobe Creative Cloud and one of the online courses.<br></p>', 'el'),
(18, 'AB: Only today you can buy a camera with - 10% discount ', '<p>Buy a camera of a well-known brand with 10% discount during this period. .<br>\r\n</p>', '<p>Buy a camera of a well-known brand with 10% discount during this period. </p><p>Buying promotional models of cameras or Canon lenses, you get a free one-year subscription to a plan for photographers from Adobe Creative Cloud and one of the online courses.<br></p>', 'en'),
(18, 'AB: Only today you can buy a camera with - 10% discount ', '<p>Buy a camera of a well-known brand with 10% discount during this period. .<br>\r\n</p>', '<p>Buy a camera of a well-known brand with 10% discount during this period. </p><p>Buying promotional models of cameras or Canon lenses, you get a free one-year subscription to a plan for photographers from Adobe Creative Cloud and one of the online courses.<br></p>', 'es'),
(18, 'AB: Only today you can buy a camera with - 10% discount ', '<p>Buy a camera of a well-known brand with 10% discount during this period. .<br>\r\n</p>', '<p>Buy a camera of a well-known brand with 10% discount during this period. </p><p>Buying promotional models of cameras or Canon lenses, you get a free one-year subscription to a plan for photographers from Adobe Creative Cloud and one of the online courses.<br></p>', 'fr'),
(18, 'AB: Only today you can buy a camera with - 10% discount ', '<p>Buy a camera of a well-known brand with 10% discount during this period. .<br>\r\n</p>', '<p>Buy a camera of a well-known brand with 10% discount during this period. </p><p>Buying promotional models of cameras or Canon lenses, you get a free one-year subscription to a plan for photographers from Adobe Creative Cloud and one of the online courses.<br></p>', 'it'),
(18, 'AB: Only today you can buy a camera with - 10% discount ', '<p>Buy a camera of a well-known brand with 10% discount during this period. .<br>\r\n</p>', '<p>Buy a camera of a well-known brand with 10% discount during this period. </p><p>Buying promotional models of cameras or Canon lenses, you get a free one-year subscription to a plan for photographers from Adobe Creative Cloud and one of the online courses.<br></p>', 'nl'),
(18, 'AB: Only today you can buy a camera with - 10% discount ', '<p>Buy a camera of a well-known brand with 10% discount during this period. .<br>\r\n</p>', '<p>Buy a camera of a well-known brand with 10% discount during this period. </p><p>Buying promotional models of cameras or Canon lenses, you get a free one-year subscription to a plan for photographers from Adobe Creative Cloud and one of the online courses.<br></p>', 'no'),
(18, 'AB: Only today you can buy a camera with - 10% discount ', '<p>Buy a camera of a well-known brand with 10% discount during this period. .<br>\r\n</p>', '<p>Buy a camera of a well-known brand with 10% discount during this period. </p><p>Buying promotional models of cameras or Canon lenses, you get a free one-year subscription to a plan for photographers from Adobe Creative Cloud and one of the online courses.<br></p>', 'pt'),
(18, 'AB: Only today you can buy a camera with - 10% discount ', '<p>Buy a camera of a well-known brand with 10% discount during this period. .<br>\r\n</p>', '<p>Buy a camera of a well-known brand with 10% discount during this period. </p><p>Buying promotional models of cameras or Canon lenses, you get a free one-year subscription to a plan for photographers from Adobe Creative Cloud and one of the online courses.<br></p>', 'ro'),
(18, 'AB: Купите фотоаппарат известного бренда со скидкой - 10%', '<p>При покупке акционных моделей камер или объективов Canon, получите в подарок годичную подписку на план для фотографов от Adobe Creative Cloud.<br>\r\n</p>', '<p>Купите фотоаппарат известного бренда со скидкой 10% в указанный период.\r\n</p><p>При покупке акционных моделей камер или объективов Canon, получите в подарок годичную подписку на план для фотографов от Adobe Creative Cloud.\r\n</p>', 'ru'),
(19, 'AB: Free shipping for orders over $ 50.', '<p>Get exclusive shipping terms for orders over $ 50.</p>', '<p>Our online store offers the best delivery terms for orders over $ 50. Take advantage of this offer right now and save on delivery, we will bring products at our own expense.</p>', 'da'),
(19, 'AB: Free shipping for orders over $ 50.', '<p>Get exclusive shipping terms for orders over $ 50.</p>', '<p>Our online store offers the best delivery terms for orders over $ 50. Take advantage of this offer right now and save on delivery, we will bring products at our own expense.</p>', 'de'),
(19, 'AB: Free shipping for orders over $ 50.', '<p>Get exclusive shipping terms for orders over $ 50.</p>', '<p>Our online store offers the best delivery terms for orders over $ 50. Take advantage of this offer right now and save on delivery, we will bring products at our own expense.</p>', 'el'),
(19, 'AB: Free shipping for orders over $ 50.', '<p>Get exclusive shipping terms for orders over $ 50.</p>', '<p>Our online store offers the best delivery terms for orders over $ 50. Take advantage of this offer right now and save on delivery, we will bring products at our own expense.</p>', 'en'),
(19, 'AB: Free shipping for orders over $ 50.', '<p>Get exclusive shipping terms for orders over $ 50.</p>', '<p>Our online store offers the best delivery terms for orders over $ 50. Take advantage of this offer right now and save on delivery, we will bring products at our own expense.</p>', 'es'),
(19, 'AB: Free shipping for orders over $ 50.', '<p>Get exclusive shipping terms for orders over $ 50.</p>', '<p>Our online store offers the best delivery terms for orders over $ 50. Take advantage of this offer right now and save on delivery, we will bring products at our own expense.</p>', 'fr'),
(19, 'AB: Free shipping for orders over $ 50.', '<p>Get exclusive shipping terms for orders over $ 50.</p>', '<p>Our online store offers the best delivery terms for orders over $ 50. Take advantage of this offer right now and save on delivery, we will bring products at our own expense.</p>', 'it'),
(19, 'AB: Free shipping for orders over $ 50.', '<p>Get exclusive shipping terms for orders over $ 50.</p>', '<p>Our online store offers the best delivery terms for orders over $ 50. Take advantage of this offer right now and save on delivery, we will bring products at our own expense.</p>', 'nl'),
(19, 'AB: Free shipping for orders over $ 50.', '<p>Get exclusive shipping terms for orders over $ 50.</p>', '<p>Our online store offers the best delivery terms for orders over $ 50. Take advantage of this offer right now and save on delivery, we will bring products at our own expense.</p>', 'no'),
(19, 'AB: Free shipping for orders over $ 50.', '<p>Get exclusive shipping terms for orders over $ 50.</p>', '<p>Our online store offers the best delivery terms for orders over $ 50. Take advantage of this offer right now and save on delivery, we will bring products at our own expense.</p>', 'pt'),
(19, 'AB: Free shipping for orders over $ 50.', '<p>Get exclusive shipping terms for orders over $ 50.</p>', '<p>Our online store offers the best delivery terms for orders over $ 50. Take advantage of this offer right now and save on delivery, we will bring products at our own expense.</p>', 'ro'),
(19, 'AB: Бесплатная доставка на заказ от 3000 руб.', '<p>Получите эксклюзивные условия доставки при заказе свыше 3000 руб.</p>', '<p>Наш интернет - магазин предлагает лучшие условия доставки для заказов более 3000 руб. Воспользуйтесь этим предложением прямо сейчас и сэкономите на доставке, мы привезем товар за свой счет.</p>', 'ru'),
(20, 'AB: 5% discount for X-Box One & Sabertooth bundle', '<p>Buying X-Box One & Sabertooth in a bundle, you will get a 5% discount for all order.\r\n</p>', '<p>Buying X-Box One & Sabertooth in a bundle, you will get a 5% discount for all order. Harry up, our offer is limited (only the first 500 purchases will receive such exclusive conditions)\r\n</p>', 'da'),
(20, 'AB: 5% discount for X-Box One & Sabertooth bundle', '<p>Buying X-Box One & Sabertooth in a bundle, you will get a 5% discount for all order.\r\n</p>', '<p>Buying X-Box One & Sabertooth in a bundle, you will get a 5% discount for all order. Harry up, our offer is limited (only the first 500 purchases will receive such exclusive conditions)\r\n</p>', 'de'),
(20, 'AB: 5% discount for X-Box One & Sabertooth bundle', '<p>Buying X-Box One & Sabertooth in a bundle, you will get a 5% discount for all order.\r\n</p>', '<p>Buying X-Box One & Sabertooth in a bundle, you will get a 5% discount for all order. Harry up, our offer is limited (only the first 500 purchases will receive such exclusive conditions)\r\n</p>', 'el'),
(20, 'AB: 5% discount for X-Box One & Sabertooth bundle', '<p>Buying X-Box One & Sabertooth in a bundle, you will get a 5% discount for all order.\r\n</p>', '<p>Buying X-Box One & Sabertooth in a bundle, you will get a 5% discount for all order. Harry up, our offer is limited (only the first 500 purchases will receive such exclusive conditions)\r\n</p>', 'en'),
(20, 'AB: 5% discount for X-Box One & Sabertooth bundle', '<p>Buying X-Box One & Sabertooth in a bundle, you will get a 5% discount for all order.\r\n</p>', '<p>Buying X-Box One & Sabertooth in a bundle, you will get a 5% discount for all order. Harry up, our offer is limited (only the first 500 purchases will receive such exclusive conditions)\r\n</p>', 'es'),
(20, 'AB: 5% discount for X-Box One & Sabertooth bundle', '<p>Buying X-Box One & Sabertooth in a bundle, you will get a 5% discount for all order.\r\n</p>', '<p>Buying X-Box One & Sabertooth in a bundle, you will get a 5% discount for all order. Harry up, our offer is limited (only the first 500 purchases will receive such exclusive conditions)\r\n</p>', 'fr'),
(20, 'AB: 5% discount for X-Box One & Sabertooth bundle', '<p>Buying X-Box One & Sabertooth in a bundle, you will get a 5% discount for all order.\r\n</p>', '<p>Buying X-Box One & Sabertooth in a bundle, you will get a 5% discount for all order. Harry up, our offer is limited (only the first 500 purchases will receive such exclusive conditions)\r\n</p>', 'it'),
(20, 'AB: 5% discount for X-Box One & Sabertooth bundle', '<p>Buying X-Box One & Sabertooth in a bundle, you will get a 5% discount for all order.\r\n</p>', '<p>Buying X-Box One & Sabertooth in a bundle, you will get a 5% discount for all order. Harry up, our offer is limited (only the first 500 purchases will receive such exclusive conditions)\r\n</p>', 'nl'),
(20, 'AB: 5% discount for X-Box One & Sabertooth bundle', '<p>Buying X-Box One & Sabertooth in a bundle, you will get a 5% discount for all order.\r\n</p>', '<p>Buying X-Box One & Sabertooth in a bundle, you will get a 5% discount for all order. Harry up, our offer is limited (only the first 500 purchases will receive such exclusive conditions)\r\n</p>', 'no'),
(20, 'AB: 5% discount for X-Box One & Sabertooth bundle', '<p>Buying X-Box One & Sabertooth in a bundle, you will get a 5% discount for all order.\r\n</p>', '<p>Buying X-Box One & Sabertooth in a bundle, you will get a 5% discount for all order. Harry up, our offer is limited (only the first 500 purchases will receive such exclusive conditions)\r\n</p>', 'pt'),
(20, 'AB: 5% discount for X-Box One & Sabertooth bundle', '<p>Buying X-Box One & Sabertooth in a bundle, you will get a 5% discount for all order.\r\n</p>', '<p>Buying X-Box One & Sabertooth in a bundle, you will get a 5% discount for all order. Harry up, our offer is limited (only the first 500 purchases will receive such exclusive conditions)\r\n</p>', 'ro'),
(20, 'AB: Скидка 5% при покупке X-Box One и Sabertooth', '<p>При покупке комплекта X-Box One и Sabertooth вы получите скидку 5%.\r\n</p>', '<p>При покупке комплекта X-Box One и Sabertooth вы получите скидку 5%. Поторопитесь, предложение ограничено (только первые 500 покупателей получат эти эксклюзивные условия покупки)\r\n</p>', 'ru'),
(21, 'AB: Stock! Buy a promotional hair dryer VALERA - get a 40% discount on the curling iron!', '<p>To receive a gift, you need to add a VALERA promotional hairdryer and an action souplink to the basket.</p><p>The promotion is valid only when placing an order on the site.<br></p>', '<p>Every buyer of a promotional hair dryer VALERA can get a 40% discount on a cooler *! To receive a gift, you need to add a VALERA promotional hairdryer and an action souplink to the cart.</p><p>The promotion is valid only, when placing an order on the site.</p><p>Hurry, the number of gifts is limited!</p><p>* 40% of the discount is given on the promotional product - promotional coupon.<br></p>', 'da'),
(21, 'AB: Stock! Buy a promotional hair dryer VALERA - get a 40% discount on the curling iron!', '<p>To receive a gift, you need to add a VALERA promotional hairdryer and an action souplink to the basket.</p><p>The promotion is valid only when placing an order on the site.<br></p>', '<p>Every buyer of a promotional hair dryer VALERA can get a 40% discount on a cooler *! To receive a gift, you need to add a VALERA promotional hairdryer and an action souplink to the cart.</p><p>The promotion is valid only, when placing an order on the site.</p><p>Hurry, the number of gifts is limited!</p><p>* 40% of the discount is given on the promotional product - promotional coupon.<br></p>', 'de'),
(21, 'AB: Stock! Buy a promotional hair dryer VALERA - get a 40% discount on the curling iron!', '<p>To receive a gift, you need to add a VALERA promotional hairdryer and an action souplink to the basket.</p><p>The promotion is valid only when placing an order on the site.<br></p>', '<p>Every buyer of a promotional hair dryer VALERA can get a 40% discount on a cooler *! To receive a gift, you need to add a VALERA promotional hairdryer and an action souplink to the cart.</p><p>The promotion is valid only, when placing an order on the site.</p><p>Hurry, the number of gifts is limited!</p><p>* 40% of the discount is given on the promotional product - promotional coupon.<br></p>', 'el'),
(21, 'AB: Stock! Buy a promotional hair dryer VALERA - get a 40% discount on the curling iron!', '<p>To receive a gift, you need to add a VALERA promotional hairdryer and an action souplink to the basket.</p><p>The promotion is valid only when placing an order on the site.<br></p>', '<p>Every buyer of a promotional hair dryer VALERA can get a 40% discount on a cooler *! To receive a gift, you need to add a VALERA promotional hairdryer and an action souplink to the cart.</p><p>The promotion is valid only, when placing an order on the site.</p><p>Hurry, the number of gifts is limited!</p><p>* 40% of the discount is given on the promotional product - promotional coupon.<br></p>', 'en'),
(21, 'AB: Stock! Buy a promotional hair dryer VALERA - get a 40% discount on the curling iron!', '<p>To receive a gift, you need to add a VALERA promotional hairdryer and an action souplink to the basket.</p><p>The promotion is valid only when placing an order on the site.<br></p>', '<p>Every buyer of a promotional hair dryer VALERA can get a 40% discount on a cooler *! To receive a gift, you need to add a VALERA promotional hairdryer and an action souplink to the cart.</p><p>The promotion is valid only, when placing an order on the site.</p><p>Hurry, the number of gifts is limited!</p><p>* 40% of the discount is given on the promotional product - promotional coupon.<br></p>', 'es'),
(21, 'AB: Stock! Buy a promotional hair dryer VALERA - get a 40% discount on the curling iron!', '<p>To receive a gift, you need to add a VALERA promotional hairdryer and an action souplink to the basket.</p><p>The promotion is valid only when placing an order on the site.<br></p>', '<p>Every buyer of a promotional hair dryer VALERA can get a 40% discount on a cooler *! To receive a gift, you need to add a VALERA promotional hairdryer and an action souplink to the cart.</p><p>The promotion is valid only, when placing an order on the site.</p><p>Hurry, the number of gifts is limited!</p><p>* 40% of the discount is given on the promotional product - promotional coupon.<br></p>', 'fr'),
(21, 'AB: Stock! Buy a promotional hair dryer VALERA - get a 40% discount on the curling iron!', '<p>To receive a gift, you need to add a VALERA promotional hairdryer and an action souplink to the basket.</p><p>The promotion is valid only when placing an order on the site.<br></p>', '<p>Every buyer of a promotional hair dryer VALERA can get a 40% discount on a cooler *! To receive a gift, you need to add a VALERA promotional hairdryer and an action souplink to the cart.</p><p>The promotion is valid only, when placing an order on the site.</p><p>Hurry, the number of gifts is limited!</p><p>* 40% of the discount is given on the promotional product - promotional coupon.<br></p>', 'it'),
(21, 'AB: Stock! Buy a promotional hair dryer VALERA - get a 40% discount on the curling iron!', '<p>To receive a gift, you need to add a VALERA promotional hairdryer and an action souplink to the basket.</p><p>The promotion is valid only when placing an order on the site.<br></p>', '<p>Every buyer of a promotional hair dryer VALERA can get a 40% discount on a cooler *! To receive a gift, you need to add a VALERA promotional hairdryer and an action souplink to the cart.</p><p>The promotion is valid only, when placing an order on the site.</p><p>Hurry, the number of gifts is limited!</p><p>* 40% of the discount is given on the promotional product - promotional coupon.<br></p>', 'nl'),
(21, 'AB: Stock! Buy a promotional hair dryer VALERA - get a 40% discount on the curling iron!', '<p>To receive a gift, you need to add a VALERA promotional hairdryer and an action souplink to the basket.</p><p>The promotion is valid only when placing an order on the site.<br></p>', '<p>Every buyer of a promotional hair dryer VALERA can get a 40% discount on a cooler *! To receive a gift, you need to add a VALERA promotional hairdryer and an action souplink to the cart.</p><p>The promotion is valid only, when placing an order on the site.</p><p>Hurry, the number of gifts is limited!</p><p>* 40% of the discount is given on the promotional product - promotional coupon.<br></p>', 'no'),
(21, 'AB: Stock! Buy a promotional hair dryer VALERA - get a 40% discount on the curling iron!', '<p>To receive a gift, you need to add a VALERA promotional hairdryer and an action souplink to the basket.</p><p>The promotion is valid only when placing an order on the site.<br></p>', '<p>Every buyer of a promotional hair dryer VALERA can get a 40% discount on a cooler *! To receive a gift, you need to add a VALERA promotional hairdryer and an action souplink to the cart.</p><p>The promotion is valid only, when placing an order on the site.</p><p>Hurry, the number of gifts is limited!</p><p>* 40% of the discount is given on the promotional product - promotional coupon.<br></p>', 'pt'),
(21, 'AB: Stock! Buy a promotional hair dryer VALERA - get a 40% discount on the curling iron!', '<p>To receive a gift, you need to add a VALERA promotional hairdryer and an action souplink to the basket.</p><p>The promotion is valid only when placing an order on the site.<br></p>', '<p>Every buyer of a promotional hair dryer VALERA can get a 40% discount on a cooler *! To receive a gift, you need to add a VALERA promotional hairdryer and an action souplink to the cart.</p><p>The promotion is valid only, when placing an order on the site.</p><p>Hurry, the number of gifts is limited!</p><p>* 40% of the discount is given on the promotional product - promotional coupon.<br></p>', 'ro'),
(21, 'AB: Акция! Купи акционный фен VALERA - получи скидку 40% на плойку!', '<p>Для получения подарка необходимо добавить в корзину акционный фен VALERA и акционную плойку.\r\n</p>Акция действует только при оформлении заказа на сайте.', '<p>Каждый покупатель акционного фена VALERA может получить скидку 40% на плойку*! Для получения подарка необходимо добавить в корзину акционный фен VALERA и акционную плойку.\r\n</p><p>Акция действует только при оформлении заказа на сайте.\r\n</p><p>Спешите, количество подарков ограничено!\r\n</p><p>*40% скидки предоставляется на акционный товар - акционная плойка.\r\n</p>', 'ru'),
(22, 'AB: RACING CARD + 2-YEAR LICENSE FOR RACES K1', '<p><span class=\"legal-disclosures-line2\"><span class=\"legal-disclosures-line1\">Promotional value expires 60 days after purchase. Amount paid never expires.</span> <span class=\"fine-print-description\">Limit 2 per person, may buy 20 additional as gifts.</span></span></p>', '<p><span class=\"legal-disclosures-line1\">Promotional value expires 60 days after purchase. Amount paid never expires.</span> <span class=\"fine-print-description\">Limit 2 per person, may buy 20 additional as gifts. Must activate licenses by the expiration date. Licenses expire 1 year from activation date. All junior racers must be at least 48\'\' and adult racers must be at least 4\'10\'\' tall to race. All racers should be under 7\' tall and 300 lbs. Subject to availability. Not valid for group events. May split between 2 people.</span> <span class=\"legal-disclosures-line2\">Merchant is solely responsible to purchasers for the care and quality of the advertised goods and services.</span></p>', 'da'),
(22, 'AB: RACING CARD + 2-YEAR LICENSE FOR RACES K1', '<p><span class=\"legal-disclosures-line2\"><span class=\"legal-disclosures-line1\">Promotional value expires 60 days after purchase. Amount paid never expires.</span> <span class=\"fine-print-description\">Limit 2 per person, may buy 20 additional as gifts.</span></span></p>', '<p><span class=\"legal-disclosures-line1\">Promotional value expires 60 days after purchase. Amount paid never expires.</span> <span class=\"fine-print-description\">Limit 2 per person, may buy 20 additional as gifts. Must activate licenses by the expiration date. Licenses expire 1 year from activation date. All junior racers must be at least 48\'\' and adult racers must be at least 4\'10\'\' tall to race. All racers should be under 7\' tall and 300 lbs. Subject to availability. Not valid for group events. May split between 2 people.</span> <span class=\"legal-disclosures-line2\">Merchant is solely responsible to purchasers for the care and quality of the advertised goods and services.</span></p>', 'de'),
(22, 'AB: RACING CARD + 2-YEAR LICENSE FOR RACES K1', '<p><span class=\"legal-disclosures-line2\"><span class=\"legal-disclosures-line1\">Promotional value expires 60 days after purchase. Amount paid never expires.</span> <span class=\"fine-print-description\">Limit 2 per person, may buy 20 additional as gifts.</span></span></p>', '<p><span class=\"legal-disclosures-line1\">Promotional value expires 60 days after purchase. Amount paid never expires.</span> <span class=\"fine-print-description\">Limit 2 per person, may buy 20 additional as gifts. Must activate licenses by the expiration date. Licenses expire 1 year from activation date. All junior racers must be at least 48\'\' and adult racers must be at least 4\'10\'\' tall to race. All racers should be under 7\' tall and 300 lbs. Subject to availability. Not valid for group events. May split between 2 people.</span> <span class=\"legal-disclosures-line2\">Merchant is solely responsible to purchasers for the care and quality of the advertised goods and services.</span></p>', 'el'),
(22, 'AB: RACING CARD + 2-YEAR LICENSE FOR RACES K1', '<p><span class=\"legal-disclosures-line2\"><span class=\"legal-disclosures-line1\">Promotional value expires 60 days after purchase. Amount paid never expires.</span> <span class=\"fine-print-description\">Limit 2 per person, may buy 20 additional as gifts.</span></span></p>', '<p><span class=\"legal-disclosures-line1\">Promotional value expires 60 days after purchase. Amount paid never expires.</span> <span class=\"fine-print-description\">Limit 2 per person, may buy 20 additional as gifts. Must activate licenses by the expiration date. Licenses expire 1 year from activation date. All junior racers must be at least 48\'\' and adult racers must be at least 4\'10\'\' tall to race. All racers should be under 7\' tall and 300 lbs. Subject to availability. Not valid for group events. May split between 2 people.</span> <span class=\"legal-disclosures-line2\">Merchant is solely responsible to purchasers for the care and quality of the advertised goods and services.</span></p>', 'en'),
(22, 'AB: RACING CARD + 2-YEAR LICENSE FOR RACES K1', '<p><span class=\"legal-disclosures-line2\"><span class=\"legal-disclosures-line1\">Promotional value expires 60 days after purchase. Amount paid never expires.</span> <span class=\"fine-print-description\">Limit 2 per person, may buy 20 additional as gifts.</span></span></p>', '<p><span class=\"legal-disclosures-line1\">Promotional value expires 60 days after purchase. Amount paid never expires.</span> <span class=\"fine-print-description\">Limit 2 per person, may buy 20 additional as gifts. Must activate licenses by the expiration date. Licenses expire 1 year from activation date. All junior racers must be at least 48\'\' and adult racers must be at least 4\'10\'\' tall to race. All racers should be under 7\' tall and 300 lbs. Subject to availability. Not valid for group events. May split between 2 people.</span> <span class=\"legal-disclosures-line2\">Merchant is solely responsible to purchasers for the care and quality of the advertised goods and services.</span></p>', 'es'),
(22, 'AB: RACING CARD + 2-YEAR LICENSE FOR RACES K1', '<p><span class=\"legal-disclosures-line2\"><span class=\"legal-disclosures-line1\">Promotional value expires 60 days after purchase. Amount paid never expires.</span> <span class=\"fine-print-description\">Limit 2 per person, may buy 20 additional as gifts.</span></span></p>', '<p><span class=\"legal-disclosures-line1\">Promotional value expires 60 days after purchase. Amount paid never expires.</span> <span class=\"fine-print-description\">Limit 2 per person, may buy 20 additional as gifts. Must activate licenses by the expiration date. Licenses expire 1 year from activation date. All junior racers must be at least 48\'\' and adult racers must be at least 4\'10\'\' tall to race. All racers should be under 7\' tall and 300 lbs. Subject to availability. Not valid for group events. May split between 2 people.</span> <span class=\"legal-disclosures-line2\">Merchant is solely responsible to purchasers for the care and quality of the advertised goods and services.</span></p>', 'fr');
INSERT INTO `partiushop_promotion_descriptions` (`promotion_id`, `name`, `short_description`, `detailed_description`, `lang_code`) VALUES
(22, 'AB: RACING CARD + 2-YEAR LICENSE FOR RACES K1', '<p><span class=\"legal-disclosures-line2\"><span class=\"legal-disclosures-line1\">Promotional value expires 60 days after purchase. Amount paid never expires.</span> <span class=\"fine-print-description\">Limit 2 per person, may buy 20 additional as gifts.</span></span></p>', '<p><span class=\"legal-disclosures-line1\">Promotional value expires 60 days after purchase. Amount paid never expires.</span> <span class=\"fine-print-description\">Limit 2 per person, may buy 20 additional as gifts. Must activate licenses by the expiration date. Licenses expire 1 year from activation date. All junior racers must be at least 48\'\' and adult racers must be at least 4\'10\'\' tall to race. All racers should be under 7\' tall and 300 lbs. Subject to availability. Not valid for group events. May split between 2 people.</span> <span class=\"legal-disclosures-line2\">Merchant is solely responsible to purchasers for the care and quality of the advertised goods and services.</span></p>', 'it'),
(22, 'AB: RACING CARD + 2-YEAR LICENSE FOR RACES K1', '<p><span class=\"legal-disclosures-line2\"><span class=\"legal-disclosures-line1\">Promotional value expires 60 days after purchase. Amount paid never expires.</span> <span class=\"fine-print-description\">Limit 2 per person, may buy 20 additional as gifts.</span></span></p>', '<p><span class=\"legal-disclosures-line1\">Promotional value expires 60 days after purchase. Amount paid never expires.</span> <span class=\"fine-print-description\">Limit 2 per person, may buy 20 additional as gifts. Must activate licenses by the expiration date. Licenses expire 1 year from activation date. All junior racers must be at least 48\'\' and adult racers must be at least 4\'10\'\' tall to race. All racers should be under 7\' tall and 300 lbs. Subject to availability. Not valid for group events. May split between 2 people.</span> <span class=\"legal-disclosures-line2\">Merchant is solely responsible to purchasers for the care and quality of the advertised goods and services.</span></p>', 'nl'),
(22, 'AB: RACING CARD + 2-YEAR LICENSE FOR RACES K1', '<p><span class=\"legal-disclosures-line2\"><span class=\"legal-disclosures-line1\">Promotional value expires 60 days after purchase. Amount paid never expires.</span> <span class=\"fine-print-description\">Limit 2 per person, may buy 20 additional as gifts.</span></span></p>', '<p><span class=\"legal-disclosures-line1\">Promotional value expires 60 days after purchase. Amount paid never expires.</span> <span class=\"fine-print-description\">Limit 2 per person, may buy 20 additional as gifts. Must activate licenses by the expiration date. Licenses expire 1 year from activation date. All junior racers must be at least 48\'\' and adult racers must be at least 4\'10\'\' tall to race. All racers should be under 7\' tall and 300 lbs. Subject to availability. Not valid for group events. May split between 2 people.</span> <span class=\"legal-disclosures-line2\">Merchant is solely responsible to purchasers for the care and quality of the advertised goods and services.</span></p>', 'no'),
(22, 'AB: RACING CARD + 2-YEAR LICENSE FOR RACES K1', '<p><span class=\"legal-disclosures-line2\"><span class=\"legal-disclosures-line1\">Promotional value expires 60 days after purchase. Amount paid never expires.</span> <span class=\"fine-print-description\">Limit 2 per person, may buy 20 additional as gifts.</span></span></p>', '<p><span class=\"legal-disclosures-line1\">Promotional value expires 60 days after purchase. Amount paid never expires.</span> <span class=\"fine-print-description\">Limit 2 per person, may buy 20 additional as gifts. Must activate licenses by the expiration date. Licenses expire 1 year from activation date. All junior racers must be at least 48\'\' and adult racers must be at least 4\'10\'\' tall to race. All racers should be under 7\' tall and 300 lbs. Subject to availability. Not valid for group events. May split between 2 people.</span> <span class=\"legal-disclosures-line2\">Merchant is solely responsible to purchasers for the care and quality of the advertised goods and services.</span></p>', 'pt'),
(22, 'AB: RACING CARD + 2-YEAR LICENSE FOR RACES K1', '<p><span class=\"legal-disclosures-line2\"><span class=\"legal-disclosures-line1\">Promotional value expires 60 days after purchase. Amount paid never expires.</span> <span class=\"fine-print-description\">Limit 2 per person, may buy 20 additional as gifts.</span></span></p>', '<p><span class=\"legal-disclosures-line1\">Promotional value expires 60 days after purchase. Amount paid never expires.</span> <span class=\"fine-print-description\">Limit 2 per person, may buy 20 additional as gifts. Must activate licenses by the expiration date. Licenses expire 1 year from activation date. All junior racers must be at least 48\'\' and adult racers must be at least 4\'10\'\' tall to race. All racers should be under 7\' tall and 300 lbs. Subject to availability. Not valid for group events. May split between 2 people.</span> <span class=\"legal-disclosures-line2\">Merchant is solely responsible to purchasers for the care and quality of the advertised goods and services.</span></p>', 'ro'),
(22, 'AB: Гоночный картинг + двухлетняя лицензия на гонки K1', '<p>Необходимо активировать лицензии по истечении срока действия. Срок действия лицензий истекает через год после даты активации.\r\n</p><p><span class=\"fine-print-description\"></span><span class=\"legal-disclosures-line2\"></span>\r\n</p>', '<p>Необходимо активировать лицензии по истечении срока действия. Срок действия лицензий истекает через год после даты активации. Обязательно воспользуйтесь этой акцией, это очень выгодные цены.</p><p><span class=\"legal-disclosures-line2\"></span>\r\n</p>', 'ru'),
(23, 'AB: Only today you can buy a camera with - 10% discount ', '<p>Buy a camera of a well-known brand with 10% discount during this period. .<br>\r\n</p>', '<p>Buy a camera of a well-known brand with 10% discount during this period. </p><p>Buying promotional models of cameras or Canon lenses, you get a free one-year subscription to a plan for photographers from Adobe Creative Cloud and one of the online courses.<br></p>', 'da'),
(23, 'AB: Only today you can buy a camera with - 10% discount ', '<p>Buy a camera of a well-known brand with 10% discount during this period. .<br>\r\n</p>', '<p>Buy a camera of a well-known brand with 10% discount during this period. </p><p>Buying promotional models of cameras or Canon lenses, you get a free one-year subscription to a plan for photographers from Adobe Creative Cloud and one of the online courses.<br></p>', 'de'),
(23, 'AB: Only today you can buy a camera with - 10% discount ', '<p>Buy a camera of a well-known brand with 10% discount during this period. .<br>\r\n</p>', '<p>Buy a camera of a well-known brand with 10% discount during this period. </p><p>Buying promotional models of cameras or Canon lenses, you get a free one-year subscription to a plan for photographers from Adobe Creative Cloud and one of the online courses.<br></p>', 'el'),
(23, 'AB: Only today you can buy a camera with - 10% discount ', '<p>Buy a camera of a well-known brand with 10% discount during this period. .<br>\r\n</p>', '<p>Buy a camera of a well-known brand with 10% discount during this period. </p><p>Buying promotional models of cameras or Canon lenses, you get a free one-year subscription to a plan for photographers from Adobe Creative Cloud and one of the online courses.<br></p>', 'en'),
(23, 'AB: Only today you can buy a camera with - 10% discount ', '<p>Buy a camera of a well-known brand with 10% discount during this period. .<br>\r\n</p>', '<p>Buy a camera of a well-known brand with 10% discount during this period. </p><p>Buying promotional models of cameras or Canon lenses, you get a free one-year subscription to a plan for photographers from Adobe Creative Cloud and one of the online courses.<br></p>', 'es'),
(23, 'AB: Only today you can buy a camera with - 10% discount ', '<p>Buy a camera of a well-known brand with 10% discount during this period. .<br>\r\n</p>', '<p>Buy a camera of a well-known brand with 10% discount during this period. </p><p>Buying promotional models of cameras or Canon lenses, you get a free one-year subscription to a plan for photographers from Adobe Creative Cloud and one of the online courses.<br></p>', 'fr'),
(23, 'AB: Only today you can buy a camera with - 10% discount ', '<p>Buy a camera of a well-known brand with 10% discount during this period. .<br>\r\n</p>', '<p>Buy a camera of a well-known brand with 10% discount during this period. </p><p>Buying promotional models of cameras or Canon lenses, you get a free one-year subscription to a plan for photographers from Adobe Creative Cloud and one of the online courses.<br></p>', 'it'),
(23, 'AB: Only today you can buy a camera with - 10% discount ', '<p>Buy a camera of a well-known brand with 10% discount during this period. .<br>\r\n</p>', '<p>Buy a camera of a well-known brand with 10% discount during this period. </p><p>Buying promotional models of cameras or Canon lenses, you get a free one-year subscription to a plan for photographers from Adobe Creative Cloud and one of the online courses.<br></p>', 'nl'),
(23, 'AB: Only today you can buy a camera with - 10% discount ', '<p>Buy a camera of a well-known brand with 10% discount during this period. .<br>\r\n</p>', '<p>Buy a camera of a well-known brand with 10% discount during this period. </p><p>Buying promotional models of cameras or Canon lenses, you get a free one-year subscription to a plan for photographers from Adobe Creative Cloud and one of the online courses.<br></p>', 'no'),
(23, 'AB: Only today you can buy a camera with - 10% discount ', '<p>Buy a camera of a well-known brand with 10% discount during this period. .<br>\r\n</p>', '<p>Buy a camera of a well-known brand with 10% discount during this period. </p><p>Buying promotional models of cameras or Canon lenses, you get a free one-year subscription to a plan for photographers from Adobe Creative Cloud and one of the online courses.<br></p>', 'pt'),
(23, 'AB: Only today you can buy a camera with - 10% discount ', '<p>Buy a camera of a well-known brand with 10% discount during this period. .<br>\r\n</p>', '<p>Buy a camera of a well-known brand with 10% discount during this period. </p><p>Buying promotional models of cameras or Canon lenses, you get a free one-year subscription to a plan for photographers from Adobe Creative Cloud and one of the online courses.<br></p>', 'ro'),
(23, 'AB: Купите фотоаппарат известного бренда со скидкой - 10%', '<p>При покупке акционных моделей камер или объективов Canon, получите в подарок годичную подписку на план для фотографов от Adobe Creative Cloud.<br>\r\n</p>', '<p>Купите фотоаппарат известного бренда со скидкой 10% в указанный период.\r\n</p><p>При покупке акционных моделей камер или объективов Canon, получите в подарок годичную подписку на план для фотографов от Adobe Creative Cloud.\r\n</p>', 'ru'),
(24, 'AB: Free shipping for orders over $ 50.', '<p>Get exclusive shipping terms for orders over $ 50.</p>', '<p>Our online store offers the best delivery terms for orders over $ 50. Take advantage of this offer right now and save on delivery, we will bring products at our own expense.</p>', 'da'),
(24, 'AB: Free shipping for orders over $ 50.', '<p>Get exclusive shipping terms for orders over $ 50.</p>', '<p>Our online store offers the best delivery terms for orders over $ 50. Take advantage of this offer right now and save on delivery, we will bring products at our own expense.</p>', 'de'),
(24, 'AB: Free shipping for orders over $ 50.', '<p>Get exclusive shipping terms for orders over $ 50.</p>', '<p>Our online store offers the best delivery terms for orders over $ 50. Take advantage of this offer right now and save on delivery, we will bring products at our own expense.</p>', 'el'),
(24, 'AB: Free shipping for orders over $ 50.', '<p>Get exclusive shipping terms for orders over $ 50.</p>', '<p>Our online store offers the best delivery terms for orders over $ 50. Take advantage of this offer right now and save on delivery, we will bring products at our own expense.</p>', 'en'),
(24, 'AB: Free shipping for orders over $ 50.', '<p>Get exclusive shipping terms for orders over $ 50.</p>', '<p>Our online store offers the best delivery terms for orders over $ 50. Take advantage of this offer right now and save on delivery, we will bring products at our own expense.</p>', 'es'),
(24, 'AB: Free shipping for orders over $ 50.', '<p>Get exclusive shipping terms for orders over $ 50.</p>', '<p>Our online store offers the best delivery terms for orders over $ 50. Take advantage of this offer right now and save on delivery, we will bring products at our own expense.</p>', 'fr'),
(24, 'AB: Free shipping for orders over $ 50.', '<p>Get exclusive shipping terms for orders over $ 50.</p>', '<p>Our online store offers the best delivery terms for orders over $ 50. Take advantage of this offer right now and save on delivery, we will bring products at our own expense.</p>', 'it'),
(24, 'AB: Free shipping for orders over $ 50.', '<p>Get exclusive shipping terms for orders over $ 50.</p>', '<p>Our online store offers the best delivery terms for orders over $ 50. Take advantage of this offer right now and save on delivery, we will bring products at our own expense.</p>', 'nl'),
(24, 'AB: Free shipping for orders over $ 50.', '<p>Get exclusive shipping terms for orders over $ 50.</p>', '<p>Our online store offers the best delivery terms for orders over $ 50. Take advantage of this offer right now and save on delivery, we will bring products at our own expense.</p>', 'no'),
(24, 'AB: Free shipping for orders over $ 50.', '<p>Get exclusive shipping terms for orders over $ 50.</p>', '<p>Our online store offers the best delivery terms for orders over $ 50. Take advantage of this offer right now and save on delivery, we will bring products at our own expense.</p>', 'pt'),
(24, 'AB: Free shipping for orders over $ 50.', '<p>Get exclusive shipping terms for orders over $ 50.</p>', '<p>Our online store offers the best delivery terms for orders over $ 50. Take advantage of this offer right now and save on delivery, we will bring products at our own expense.</p>', 'ro'),
(24, 'AB: Бесплатная доставка на заказ от 3000 руб.', '<p>Получите эксклюзивные условия доставки при заказе свыше 3000 руб.</p>', '<p>Наш интернет - магазин предлагает лучшие условия доставки для заказов более 3000 руб. Воспользуйтесь этим предложением прямо сейчас и сэкономите на доставке, мы привезем товар за свой счет.</p>', 'ru'),
(25, 'AB: 5% discount for X-Box One & Sabertooth bundle', '<p>Buying X-Box One & Sabertooth in a bundle, you will get a 5% discount for all order.\r\n</p>', '<p>Buying X-Box One & Sabertooth in a bundle, you will get a 5% discount for all order. Harry up, our offer is limited (only the first 500 purchases will receive such exclusive conditions)\r\n</p>', 'da'),
(25, 'AB: 5% discount for X-Box One & Sabertooth bundle', '<p>Buying X-Box One & Sabertooth in a bundle, you will get a 5% discount for all order.\r\n</p>', '<p>Buying X-Box One & Sabertooth in a bundle, you will get a 5% discount for all order. Harry up, our offer is limited (only the first 500 purchases will receive such exclusive conditions)\r\n</p>', 'de'),
(25, 'AB: 5% discount for X-Box One & Sabertooth bundle', '<p>Buying X-Box One & Sabertooth in a bundle, you will get a 5% discount for all order.\r\n</p>', '<p>Buying X-Box One & Sabertooth in a bundle, you will get a 5% discount for all order. Harry up, our offer is limited (only the first 500 purchases will receive such exclusive conditions)\r\n</p>', 'el'),
(25, 'AB: 5% discount for X-Box One & Sabertooth bundle', '<p>Buying X-Box One & Sabertooth in a bundle, you will get a 5% discount for all order.\r\n</p>', '<p>Buying X-Box One & Sabertooth in a bundle, you will get a 5% discount for all order. Harry up, our offer is limited (only the first 500 purchases will receive such exclusive conditions)\r\n</p>', 'en'),
(25, 'AB: 5% discount for X-Box One & Sabertooth bundle', '<p>Buying X-Box One & Sabertooth in a bundle, you will get a 5% discount for all order.\r\n</p>', '<p>Buying X-Box One & Sabertooth in a bundle, you will get a 5% discount for all order. Harry up, our offer is limited (only the first 500 purchases will receive such exclusive conditions)\r\n</p>', 'es'),
(25, 'AB: 5% discount for X-Box One & Sabertooth bundle', '<p>Buying X-Box One & Sabertooth in a bundle, you will get a 5% discount for all order.\r\n</p>', '<p>Buying X-Box One & Sabertooth in a bundle, you will get a 5% discount for all order. Harry up, our offer is limited (only the first 500 purchases will receive such exclusive conditions)\r\n</p>', 'fr'),
(25, 'AB: 5% discount for X-Box One & Sabertooth bundle', '<p>Buying X-Box One & Sabertooth in a bundle, you will get a 5% discount for all order.\r\n</p>', '<p>Buying X-Box One & Sabertooth in a bundle, you will get a 5% discount for all order. Harry up, our offer is limited (only the first 500 purchases will receive such exclusive conditions)\r\n</p>', 'it'),
(25, 'AB: 5% discount for X-Box One & Sabertooth bundle', '<p>Buying X-Box One & Sabertooth in a bundle, you will get a 5% discount for all order.\r\n</p>', '<p>Buying X-Box One & Sabertooth in a bundle, you will get a 5% discount for all order. Harry up, our offer is limited (only the first 500 purchases will receive such exclusive conditions)\r\n</p>', 'nl'),
(25, 'AB: 5% discount for X-Box One & Sabertooth bundle', '<p>Buying X-Box One & Sabertooth in a bundle, you will get a 5% discount for all order.\r\n</p>', '<p>Buying X-Box One & Sabertooth in a bundle, you will get a 5% discount for all order. Harry up, our offer is limited (only the first 500 purchases will receive such exclusive conditions)\r\n</p>', 'no'),
(25, 'AB: 5% discount for X-Box One & Sabertooth bundle', '<p>Buying X-Box One & Sabertooth in a bundle, you will get a 5% discount for all order.\r\n</p>', '<p>Buying X-Box One & Sabertooth in a bundle, you will get a 5% discount for all order. Harry up, our offer is limited (only the first 500 purchases will receive such exclusive conditions)\r\n</p>', 'pt'),
(25, 'AB: 5% discount for X-Box One & Sabertooth bundle', '<p>Buying X-Box One & Sabertooth in a bundle, you will get a 5% discount for all order.\r\n</p>', '<p>Buying X-Box One & Sabertooth in a bundle, you will get a 5% discount for all order. Harry up, our offer is limited (only the first 500 purchases will receive such exclusive conditions)\r\n</p>', 'ro'),
(25, 'AB: Скидка 5% при покупке X-Box One и Sabertooth', '<p>При покупке комплекта X-Box One и Sabertooth вы получите скидку 5%.\r\n</p>', '<p>При покупке комплекта X-Box One и Sabertooth вы получите скидку 5%. Поторопитесь, предложение ограничено (только первые 500 покупателей получат эти эксклюзивные условия покупки)\r\n</p>', 'ru');

-- --------------------------------------------------------

--
-- Table structure for table `partiushop_promotion_images`
--

CREATE TABLE `partiushop_promotion_images` (
  `promotion_image_id` mediumint(8) UNSIGNED NOT NULL,
  `promotion_id` int(11) UNSIGNED NOT NULL DEFAULT 0,
  `lang_code` char(2) NOT NULL DEFAULT ''
) ENGINE=MyISAM DEFAULT CHARSET=utf8;

-- --------------------------------------------------------

--
-- Table structure for table `partiushop_quick_menu`
--

CREATE TABLE `partiushop_quick_menu` (
  `menu_id` mediumint(8) UNSIGNED NOT NULL,
  `user_id` mediumint(8) UNSIGNED NOT NULL,
  `url` varchar(255) NOT NULL,
  `parent_id` mediumint(8) UNSIGNED NOT NULL,
  `position` smallint(5) UNSIGNED NOT NULL DEFAULT 0
) ENGINE=InnoDB DEFAULT CHARSET=utf8;

--
-- Dumping data for table `partiushop_quick_menu`
--

INSERT INTO `partiushop_quick_menu` (`menu_id`, `user_id`, `url`, `parent_id`, `position`) VALUES
(1, 1, '', 0, 1),
(2, 1, '', 0, 2),
(6, 1, 'products.add', 1, 1),
(7, 1, 'categories.add', 1, 2),
(8, 1, 'order_management.new', 1, 3),
(9, 1, 'pages.add?page_type=T', 1, 4),
(10, 1, 'profiles.add', 1, 5),
(11, 1, 'promotions.add', 1, 6),
(12, 1, 'banners.add', 1, 7),
(13, 1, 'orders.manage?view_id=1', 2, 1),
(14, 1, 'orders.manage?view_id=2', 2, 2),
(15, 1, 'orders.manage?view_id=3', 2, 3),
(16, 1, 'orders.manage?view_id=4', 2, 4),
(17, 30, '', 0, 0),
(18, 30, 'ab__am.addons', 17, 0);

-- --------------------------------------------------------

--
-- Table structure for table `partiushop_reward_points`
--

CREATE TABLE `partiushop_reward_points` (
  `reward_point_id` mediumint(8) UNSIGNED NOT NULL,
  `object_id` mediumint(8) UNSIGNED NOT NULL DEFAULT 0,
  `usergroup_id` mediumint(8) UNSIGNED NOT NULL DEFAULT 0,
  `amount` int(11) UNSIGNED NOT NULL DEFAULT 0,
  `amount_type` char(1) NOT NULL DEFAULT 'A',
  `object_type` char(1) NOT NULL DEFAULT 'P',
  `company_id` int(11) UNSIGNED NOT NULL DEFAULT 0
) ENGINE=InnoDB DEFAULT CHARSET=utf8;

-- --------------------------------------------------------

--
-- Table structure for table `partiushop_reward_point_changes`
--

CREATE TABLE `partiushop_reward_point_changes` (
  `change_id` mediumint(8) UNSIGNED NOT NULL,
  `user_id` mediumint(8) UNSIGNED NOT NULL DEFAULT 0,
  `amount` int(11) NOT NULL DEFAULT 0,
  `timestamp` int(11) UNSIGNED NOT NULL DEFAULT 0,
  `action` char(1) NOT NULL DEFAULT 'A',
  `reason` text DEFAULT NULL
) ENGINE=InnoDB DEFAULT CHARSET=utf8;

-- --------------------------------------------------------

--
-- Table structure for table `partiushop_rma_properties`
--

CREATE TABLE `partiushop_rma_properties` (
  `property_id` mediumint(8) UNSIGNED NOT NULL,
  `position` smallint(5) UNSIGNED NOT NULL DEFAULT 0,
  `status` char(1) NOT NULL DEFAULT '',
  `type` char(1) NOT NULL DEFAULT 'R',
  `update_totals_and_inventory` char(1) NOT NULL DEFAULT 'N'
) ENGINE=InnoDB DEFAULT CHARSET=utf8;

--
-- Dumping data for table `partiushop_rma_properties`
--

INSERT INTO `partiushop_rma_properties` (`property_id`, `position`, `status`, `type`, `update_totals_and_inventory`) VALUES
(1, 10, 'A', 'A', 'N'),
(2, 20, 'A', 'A', 'Y'),
(3, 30, 'A', 'R', 'N'),
(4, 40, 'A', 'R', 'N'),
(5, 50, 'A', 'R', 'N'),
(6, 60, 'A', 'R', 'N'),
(7, 70, 'A', 'R', 'N'),
(8, 80, 'A', 'R', 'N'),
(11, 10, 'A', 'R', 'N'),
(12, 20, 'A', 'R', 'N'),
(13, 90, 'A', 'R', 'N');

-- --------------------------------------------------------

--
-- Table structure for table `partiushop_rma_property_descriptions`
--

CREATE TABLE `partiushop_rma_property_descriptions` (
  `property_id` mediumint(8) UNSIGNED NOT NULL DEFAULT 0,
  `lang_code` char(2) NOT NULL DEFAULT '',
  `property` varchar(255) NOT NULL DEFAULT ''
) ENGINE=InnoDB DEFAULT CHARSET=utf8;

--
-- Dumping data for table `partiushop_rma_property_descriptions`
--

INSERT INTO `partiushop_rma_property_descriptions` (`property_id`, `lang_code`, `property`) VALUES
(1, 'da', 'Ombyt'),
(1, 'de', 'Replace item'),
(1, 'el', 'Αντικατάσταση προϊόντος'),
(1, 'en', 'Replace item'),
(1, 'es', 'Sustituir artículo'),
(1, 'fr', 'Replace item'),
(1, 'it', 'Replace item'),
(1, 'nl', 'Replace item'),
(1, 'no', 'Replace item'),
(1, 'pt', 'Substituir item'),
(1, 'ro', 'Înlocuiți produs'),
(1, 'ru', 'Заменить товар'),
(2, 'da', 'Tilbagebetal'),
(2, 'de', 'Refund'),
(2, 'el', 'Αποζημίωση'),
(2, 'en', 'Refund'),
(2, 'es', 'Reembolso'),
(2, 'fr', 'Refund'),
(2, 'it', 'Refund'),
(2, 'nl', 'Refund'),
(2, 'no', 'Refund'),
(2, 'pt', 'Reembolso'),
(2, 'ro', 'Refinanțați'),
(2, 'ru', 'Возврат денег'),
(3, 'da', 'Forkert beskrivelse online'),
(3, 'de', 'Wrong description online'),
(3, 'el', 'Λαθεμένη περιγραφή αντικειμένου'),
(3, 'en', 'Wrong description online'),
(3, 'es', 'Descripción incorrecta en la web'),
(3, 'fr', 'Wrong description online'),
(3, 'it', 'Wrong description online'),
(3, 'nl', 'Wrong description online'),
(3, 'no', 'Wrong description online'),
(3, 'pt', 'Descrição estava errada'),
(3, 'ro', 'Descriere greșită online'),
(3, 'ru', 'Неверное описание товара в магазине'),
(4, 'da', 'Virker ikke'),
(4, 'de', 'Can\'t make it work'),
(4, 'el', 'Δεν τίθεται σε λειτουργία'),
(4, 'en', 'Can\'t make it work'),
(4, 'es', 'No funciona'),
(4, 'fr', 'Can\'t make it work'),
(4, 'it', 'Can\'t make it work'),
(4, 'nl', 'Can\'t make it work'),
(4, 'no', 'Can\'t make it work'),
(4, 'pt', 'Não consigo fazer funcionar'),
(4, 'ro', 'Nu se poate pune într-o stare de funcționare'),
(4, 'ru', 'Не работает'),
(5, 'da', 'Producent defekt'),
(5, 'de', 'Manufacturer defect'),
(5, 'el', 'Ελάττωμα κατασκευαστή'),
(5, 'en', 'Manufacturer defect'),
(5, 'es', 'Defecto de fabricación'),
(5, 'fr', 'Manufacturer defect'),
(5, 'it', 'Manufacturer defect'),
(5, 'nl', 'Manufacturer defect'),
(5, 'no', 'Manufacturer defect'),
(5, 'pt', 'Defeito do fabricante'),
(5, 'ro', 'Defect de fabrică'),
(5, 'ru', 'Заводской дефект'),
(6, 'da', 'Forkert vare afsendt'),
(6, 'de', 'Wrong item delivered'),
(6, 'el', 'Παραλαβή λάθος προϊόντος'),
(6, 'en', 'Wrong item delivered'),
(6, 'es', 'Artículo incorrecto entregado'),
(6, 'fr', 'Wrong item delivered'),
(6, 'it', 'Wrong item delivered'),
(6, 'nl', 'Wrong item delivered'),
(6, 'no', 'Wrong item delivered'),
(6, 'pt', 'Item errado entregue'),
(6, 'ro', 'Produs livrat greșit'),
(6, 'ru', 'Пришёл другой товар'),
(7, 'da', 'Uden for garanti'),
(7, 'de', 'Out of warranty'),
(7, 'el', 'Εκτός εγγύησης'),
(7, 'en', 'Out of warranty'),
(7, 'es', 'Sin garantía'),
(7, 'fr', 'Out of warranty'),
(7, 'it', 'Out of warranty'),
(7, 'nl', 'Out of warranty'),
(7, 'no', 'Out of warranty'),
(7, 'pt', 'Fora de garantia'),
(7, 'ro', 'În afara garanției'),
(7, 'ru', 'Без гарантии'),
(8, 'da', 'Beskadiget under forsendelsen'),
(8, 'de', 'Damaged during shipping'),
(8, 'el', 'Καταστροφή κατά την αποστολή'),
(8, 'en', 'Damaged during shipping'),
(8, 'es', 'Dañado durante el transporte'),
(8, 'fr', 'Damaged during shipping'),
(8, 'it', 'Damaged during shipping'),
(8, 'nl', 'Damaged during shipping'),
(8, 'no', 'Damaged during shipping'),
(8, 'pt', 'Danificado durante a entrega'),
(8, 'ro', 'Avariat în timpul transportului'),
(8, 'ru', 'Поврежден в процессе доставки'),
(11, 'da', 'Død ved ankomsten'),
(11, 'de', 'Dead on arrival'),
(11, 'el', 'Kατεστραμμένo κατά την άφιξη'),
(11, 'en', 'Dead on arrival'),
(11, 'es', 'Entregado en mal estado'),
(11, 'fr', 'Dead on arrival'),
(11, 'it', 'Dead on arrival'),
(11, 'nl', 'Dead on arrival'),
(11, 'no', 'Dead on arrival'),
(11, 'pt', 'Chegou sem funcionar'),
(11, 'ro', 'Stricat la sosire'),
(11, 'ru', 'Оказался неработоспособным на момент получении'),
(12, 'da', 'Forkert vare bestilt'),
(12, 'de', 'Wrong item ordered'),
(12, 'el', 'Παραγγελία λάθους προϊόντος'),
(12, 'en', 'Wrong item ordered'),
(12, 'es', 'Artículo incorrecto pedido'),
(12, 'fr', 'Wrong item ordered'),
(12, 'it', 'Wrong item ordered'),
(12, 'nl', 'Wrong item ordered'),
(12, 'no', 'Wrong item ordered'),
(12, 'pt', 'Pedido errado'),
(12, 'ro', 'Produs comandat greșit'),
(12, 'ru', 'Заказан неверный товар'),
(13, 'da', 'Andet'),
(13, 'de', 'Other'),
(13, 'el', 'Άλλο'),
(13, 'en', 'Other'),
(13, 'es', 'Otra razón'),
(13, 'fr', 'Other'),
(13, 'it', 'Other'),
(13, 'nl', 'Other'),
(13, 'no', 'Other'),
(13, 'pt', 'Outros'),
(13, 'ro', 'Alta'),
(13, 'ru', 'Другое');

-- --------------------------------------------------------

--
-- Table structure for table `partiushop_rma_returns`
--

CREATE TABLE `partiushop_rma_returns` (
  `return_id` mediumint(8) UNSIGNED NOT NULL,
  `order_id` mediumint(8) UNSIGNED NOT NULL DEFAULT 0,
  `user_id` mediumint(8) UNSIGNED NOT NULL DEFAULT 0,
  `timestamp` int(11) UNSIGNED NOT NULL DEFAULT 0,
  `action` mediumint(8) UNSIGNED NOT NULL DEFAULT 0,
  `status` char(1) NOT NULL DEFAULT 'O',
  `total_amount` mediumint(8) UNSIGNED NOT NULL DEFAULT 0,
  `comment` text DEFAULT NULL,
  `extra` text DEFAULT NULL,
  `printslip` varchar(255) DEFAULT NULL
) ENGINE=InnoDB DEFAULT CHARSET=utf8;

--
-- Dumping data for table `partiushop_rma_returns`
--

INSERT INTO `partiushop_rma_returns` (`return_id`, `order_id`, `user_id`, `timestamp`, `action`, `status`, `total_amount`, `comment`, `extra`, `printslip`) VALUES
(1, 111, 3, 1637114768, 1, 'R', 1, '', NULL, NULL),
(2, 112, 3, 1637115303, 1, 'A', 1, '', NULL, NULL),
(3, 114, 35, 1651180372, 1, 'R', 1, 'Bla Bla', 'a:1:{s:17:\"gift_certificates\";a:0:{}}', NULL),
(4, 131, 35, 1652120547, 1, 'A', 1, 'EIIIIIIIIIIIIIIIIIIIIIIIIi', NULL, NULL),
(5, 132, 35, 1652123169, 1, 'A', 1, 'adadasdasd', NULL, NULL),
(6, 133, 35, 1652123729, 1, 'R', 1, 'adsdaa', NULL, NULL),
(7, 134, 35, 1652124487, 1, 'A', 1, 'asd', NULL, NULL),
(8, 136, 35, 1652124923, 1, 'A', 1, 'hfg', NULL, NULL);

-- --------------------------------------------------------

--
-- Table structure for table `partiushop_rma_return_products`
--

CREATE TABLE `partiushop_rma_return_products` (
  `return_id` mediumint(8) UNSIGNED NOT NULL DEFAULT 0,
  `item_id` int(11) UNSIGNED NOT NULL DEFAULT 0,
  `product_id` mediumint(8) UNSIGNED NOT NULL DEFAULT 0,
  `reason` mediumint(8) UNSIGNED NOT NULL DEFAULT 0,
  `amount` mediumint(8) UNSIGNED NOT NULL DEFAULT 0,
  `type` char(1) NOT NULL DEFAULT 'A',
  `price` decimal(12,2) NOT NULL DEFAULT 0.00,
  `product_options` text DEFAULT NULL,
  `product` varchar(255) NOT NULL DEFAULT ''
) ENGINE=InnoDB DEFAULT CHARSET=utf8;

--
-- Dumping data for table `partiushop_rma_return_products`
--

INSERT INTO `partiushop_rma_return_products` (`return_id`, `item_id`, `product_id`, `reason`, `amount`, `type`, `price`, `product_options`, `product`) VALUES
(1, 552830084, 300, 11, 1, 'A', '3900.00', '', 'galaxy s21 v2'),
(2, 552830084, 300, 11, 1, 'A', '3900.00', '', 'galaxy s21 v2'),
(3, 3472745896, 302, 4, 1, 'A', '3900.00', '', 'galaxy s21 v4'),
(4, 3381666225, 306, 4, 1, 'A', '5000.00', '', 'iPhone 12 v4'),
(5, 3381666225, 306, 3, 1, 'A', '5000.00', '', 'iPhone 12 v4'),
(6, 3381666225, 306, 11, 1, 'A', '5000.00', '', 'iPhone 12 v4'),
(7, 3472745896, 302, 11, 1, 'A', '3900.00', '', 'galaxy s21 v4'),
(8, 664682653, 304, 11, 1, 'A', '5000.00', '', 'iPhone 12 v2');

-- --------------------------------------------------------

--
-- Table structure for table `partiushop_robots_data`
--

CREATE TABLE `partiushop_robots_data` (
  `robots_id` int(11) UNSIGNED NOT NULL,
  `storefront_id` int(11) UNSIGNED NOT NULL DEFAULT 0,
  `data` text NOT NULL
) ENGINE=InnoDB DEFAULT CHARSET=utf8;

--
-- Dumping data for table `partiushop_robots_data`
--

INSERT INTO `partiushop_robots_data` (`robots_id`, `storefront_id`, `data`) VALUES
(1, 1, 'User-agent: *\nDisallow: /app/\nDisallow: /store_closed.html\n'),
(2, 2, 'User-agent: *\nDisallow: /app/\nDisallow: /store_closed.html\n');

-- --------------------------------------------------------

--
-- Table structure for table `partiushop_sales_reports`
--

CREATE TABLE `partiushop_sales_reports` (
  `report_id` mediumint(8) UNSIGNED NOT NULL,
  `position` smallint(5) UNSIGNED NOT NULL DEFAULT 0,
  `name` varchar(255) NOT NULL DEFAULT '',
  `status` char(1) NOT NULL DEFAULT 'A',
  `type` char(1) NOT NULL DEFAULT '',
  `period` char(2) NOT NULL DEFAULT 'A',
  `time_from` int(11) NOT NULL DEFAULT 0,
  `time_to` int(11) NOT NULL DEFAULT 0
) ENGINE=InnoDB DEFAULT CHARSET=utf8;

--
-- Dumping data for table `partiushop_sales_reports`
--

INSERT INTO `partiushop_sales_reports` (`report_id`, `position`, `name`, `status`, `type`, `period`, `time_from`, `time_to`) VALUES
(1, 50, '', 'A', 'O', 'Y', 1147723200, 1147809600),
(2, 40, '', 'A', 'O', 'Y', 1147723200, 1147809600),
(3, 30, '', 'A', 'O', 'Y', 1147723200, 1147809600),
(4, 60, '', 'A', 'O', 'Y', 1147723200, 1147809600),
(5, 10, '', 'A', 'O', 'Y', 1147723200, 1147809600);

-- --------------------------------------------------------

--
-- Table structure for table `partiushop_sales_reports_descriptions`
--

CREATE TABLE `partiushop_sales_reports_descriptions` (
  `report_id` mediumint(8) UNSIGNED NOT NULL DEFAULT 0,
  `description` varchar(255) NOT NULL DEFAULT '',
  `lang_code` char(2) NOT NULL DEFAULT ''
) ENGINE=InnoDB DEFAULT CHARSET=utf8;

--
-- Dumping data for table `partiushop_sales_reports_descriptions`
--

INSERT INTO `partiushop_sales_reports_descriptions` (`report_id`, `description`, `lang_code`) VALUES
(1, 'Top 10 Produkter', 'da'),
(1, 'Top 10 Produkte', 'de'),
(1, 'Τα 10 κορυφαία προϊόντα', 'el'),
(1, 'Top 10 Products', 'en'),
(1, 'Top 10 Products', 'es'),
(1, 'Top 10 Produits', 'fr'),
(1, 'Top 10 Products', 'it'),
(1, 'Top 10 Products', 'nl'),
(1, 'Top 10 Products', 'no'),
(1, 'Top 10 Products', 'pt'),
(1, 'Top 10 Produse', 'ro'),
(1, 'Топ 10 Товары', 'ru'),
(2, 'Top 10 Kategorier', 'da'),
(2, 'Top 10 Kategorien', 'de'),
(2, 'Οι 10 κορυφαίες κατηγορίες ', 'el'),
(2, 'Top 10 Categories', 'en'),
(2, 'Top 10 Categories', 'es'),
(2, 'Top 10 Categories', 'fr'),
(2, 'Top 10 Categories', 'it'),
(2, 'Top 10 Categories', 'nl'),
(2, 'Top 10 Categories', 'no'),
(2, 'Top 10 Categories', 'pt'),
(2, 'Top 10 Categorii', 'ro'),
(2, 'Топ 10 Категории', 'ru'),
(3, 'Top 10 Kunder', 'da'),
(3, 'Top 10 Kunden', 'de'),
(3, 'Οι 10 κορυφαίοι πελάτες', 'el'),
(3, 'Top 10 Customers', 'en'),
(3, 'Top 10 Customers', 'es'),
(3, 'Top 10 Clients', 'fr'),
(3, 'Top 10 Customers', 'it'),
(3, 'Top 10 Customers', 'nl'),
(3, 'Top 10 Customers', 'no'),
(3, 'Top 10 Customers', 'pt'),
(3, 'Top 10 Clueți', 'ro'),
(3, 'Топ 10 Покупатели', 'ru'),
(4, 'Betalings metode', 'da'),
(4, 'Zahlungsmethoden', 'de'),
(4, 'Τρόποι πληρωμής', 'el'),
(4, 'Payment Methods', 'en'),
(4, 'Payment Methods', 'es'),
(4, 'Méthodes de paiements', 'fr'),
(4, 'Payment Methods', 'it'),
(4, 'Payment Methods', 'nl'),
(4, 'Payment Methods', 'no'),
(4, 'Payment Methods', 'pt'),
(4, 'Modalități de plată', 'ro'),
(4, 'Способы оплаты', 'ru'),
(5, 'Ordre raport', 'da'),
(5, 'Berichte uber Bestellungen', 'de'),
(5, 'Άλλες αναφορές', 'el'),
(5, 'Order Reports', 'en'),
(5, 'Order Reports', 'es'),
(5, 'Rapports de ventes', 'fr'),
(5, 'Order Reports', 'it'),
(5, 'Order Reports', 'nl'),
(5, 'Order Reports', 'no'),
(5, 'Order Reports', 'pt'),
(5, 'Rapoarte comenzi', 'ro'),
(5, 'Отчеты по заказам', 'ru');

-- --------------------------------------------------------

--
-- Table structure for table `partiushop_sales_reports_elements`
--

CREATE TABLE `partiushop_sales_reports_elements` (
  `element_id` mediumint(8) UNSIGNED NOT NULL,
  `code` varchar(66) NOT NULL DEFAULT '',
  `type` char(1) NOT NULL DEFAULT 'O',
  `depend_on_it` char(1) NOT NULL DEFAULT 'N'
) ENGINE=InnoDB DEFAULT CHARSET=utf8;

--
-- Dumping data for table `partiushop_sales_reports_elements`
--

INSERT INTO `partiushop_sales_reports_elements` (`element_id`, `code`, `type`, `depend_on_it`) VALUES
(1, 'order_amount', 'O', 'N'),
(2, 'order_number', 'O', 'N'),
(3, 'order', 'O', 'Y'),
(4, 'status', 'O', 'Y'),
(5, 'payment', 'O', 'Y'),
(6, 'location', 'O', 'Y'),
(7, 'user', 'O', 'Y'),
(8, 'discount', 'O', 'N'),
(9, 'tax', 'O', 'N'),
(10, 'shipping', 'O', 'N'),
(11, 'category', 'O', 'Y'),
(12, 'product', 'O', 'Y'),
(13, 'product_cost', 'O', 'N'),
(14, 'product_number', 'O', 'N'),
(15, 'issuer', 'O', 'Y');

-- --------------------------------------------------------

--
-- Table structure for table `partiushop_sales_reports_intervals`
--

CREATE TABLE `partiushop_sales_reports_intervals` (
  `interval_id` mediumint(8) UNSIGNED NOT NULL,
  `value` int(11) UNSIGNED NOT NULL DEFAULT 0,
  `interval_code` varchar(64) NOT NULL DEFAULT ''
) ENGINE=InnoDB DEFAULT CHARSET=utf8;

--
-- Dumping data for table `partiushop_sales_reports_intervals`
--

INSERT INTO `partiushop_sales_reports_intervals` (`interval_id`, `value`, `interval_code`) VALUES
(1, 0, 'total'),
(3, 86400, 'day'),
(5, 604800, 'week'),
(7, 2592000, 'month'),
(9, 31536000, 'year');

-- --------------------------------------------------------

--
-- Table structure for table `partiushop_sales_reports_tables`
--

CREATE TABLE `partiushop_sales_reports_tables` (
  `table_id` mediumint(8) UNSIGNED NOT NULL,
  `report_id` mediumint(8) UNSIGNED NOT NULL DEFAULT 0,
  `position` smallint(5) UNSIGNED NOT NULL DEFAULT 0,
  `type` char(1) NOT NULL DEFAULT 'T',
  `display` varchar(64) NOT NULL DEFAULT 'order_amount',
  `interval_id` mediumint(8) UNSIGNED NOT NULL DEFAULT 0,
  `auto` char(1) NOT NULL DEFAULT 'Y'
) ENGINE=InnoDB DEFAULT CHARSET=utf8;

--
-- Dumping data for table `partiushop_sales_reports_tables`
--

INSERT INTO `partiushop_sales_reports_tables` (`table_id`, `report_id`, `position`, `type`, `display`, `interval_id`, `auto`) VALUES
(1, 1, 10, 'P', 'product_number', 1, 'Y'),
(2, 1, 20, 'B', 'product_cost', 1, 'Y'),
(3, 2, 10, 'P', 'product_number', 1, 'Y'),
(4, 2, 20, 'B', 'product_cost', 1, 'Y'),
(5, 3, 10, 'T', 'order_amount', 1, 'Y'),
(6, 3, 20, 'T', 'product_number', 1, 'Y'),
(7, 1, 30, 'T', 'product_cost', 1, 'Y'),
(8, 2, 30, 'T', 'product_number', 7, 'Y'),
(9, 2, 40, 'T', 'product_cost', 7, 'Y'),
(10, 1, 40, 'T', 'product_number', 7, 'Y'),
(11, 4, 10, 'P', 'order_number', 1, 'Y'),
(13, 4, 20, 'P', 'order_amount', 1, 'Y'),
(14, 5, 10, 'T', 'product_cost', 7, 'Y'),
(15, 5, 30, 'T', 'order_amount', 1, 'Y'),
(16, 5, 20, 'T', 'order_amount', 7, 'Y'),
(17, 5, 60, 'P', 'order_number', 1, 'Y'),
(19, 5, 50, 'T', 'shipping', 1, 'Y');

-- --------------------------------------------------------

--
-- Table structure for table `partiushop_sales_reports_table_conditions`
--

CREATE TABLE `partiushop_sales_reports_table_conditions` (
  `table_id` mediumint(8) UNSIGNED NOT NULL DEFAULT 0,
  `code` varchar(64) NOT NULL DEFAULT '0',
  `sub_element_id` varchar(16) NOT NULL DEFAULT '0'
) ENGINE=InnoDB DEFAULT CHARSET=utf8;

-- --------------------------------------------------------

--
-- Table structure for table `partiushop_sales_reports_table_descriptions`
--

CREATE TABLE `partiushop_sales_reports_table_descriptions` (
  `table_id` mediumint(8) UNSIGNED NOT NULL DEFAULT 0,
  `description` varchar(255) NOT NULL DEFAULT '',
  `lang_code` char(2) NOT NULL DEFAULT ''
) ENGINE=InnoDB DEFAULT CHARSET=utf8;

--
-- Dumping data for table `partiushop_sales_reports_table_descriptions`
--

INSERT INTO `partiushop_sales_reports_table_descriptions` (`table_id`, `description`, `lang_code`) VALUES
(1, 'Top 10 Produkter - Vare solgt', 'da'),
(1, 'Top 10 Produkte - verkaufte Elemente', 'de'),
(1, 'Τα 10 κορυφαία προϊόντα(πίνακας)', 'el'),
(1, 'Top 10 Products - Items Sold', 'en'),
(1, 'Top 10 Products - Items Sold', 'es'),
(1, 'Top 10 Products - Items Sold', 'fr'),
(1, 'Top 10 Products - Items Sold', 'it'),
(1, 'Top 10 Products - Items Sold', 'nl'),
(1, 'Top 10 Products - Items Sold', 'no'),
(1, 'Top 10 Products - Items Sold', 'pt'),
(1, 'Top 10 Produse - Produse vândute', 'ro'),
(1, 'Топ 10 Товары- Проданные товары', 'ru'),
(2, 'Top 10 Produkter - Pris', 'da'),
(2, 'Top 10 Produkte - Kosten', 'de'),
(2, 'Τα 10 κορυφαία προϊόντα- Κόστος (πίνακας)', 'el'),
(2, 'Top 10 Products - Cost', 'en'),
(2, 'Top 10 Products - Cost', 'es'),
(2, 'Top 10 Products - Cost', 'fr'),
(2, 'Top 10 Products - Cost', 'it'),
(2, 'Top 10 Products - Cost', 'nl'),
(2, 'Top 10 Products - Cost', 'no'),
(2, 'Top 10 Products - Cost', 'pt'),
(2, 'Top 10 Produse - Cost', 'ro'),
(2, 'Топ 10 Товары - Стоимость', 'ru'),
(3, 'Top 10 Kategori - Vare solgt', 'da'),
(3, 'Top 10 Kategorien - verkaufte Elemente', 'de'),
(3, 'Τα 10 κορυφαία προϊόντα-Τεμάχια που πωλήθηκαν', 'el'),
(3, 'Top 10 Categories - Items Sold', 'en'),
(3, 'Top 10 Categories - Items Sold', 'es'),
(3, 'Top 10 Categories - Items Sold', 'fr'),
(3, 'Top 10 Categories - Items Sold', 'it'),
(3, 'Top 10 Categories - Items Sold', 'nl'),
(3, 'Top 10 Categories - Items Sold', 'no'),
(3, 'Top 10 Categories - Items Sold', 'pt'),
(3, 'Top 10 Categorii - Produse vândute', 'ro'),
(3, 'Топ 10 Категории - Проданные товары', 'ru'),
(4, 'Top 10 Kategori - Pris', 'da'),
(4, 'Top 10 Kategorien - Kosten', 'de'),
(4, 'Τα 10 κορυφαία προϊόντα-Κόστος (πίνακας)', 'el'),
(4, 'Top 10 Categories - Cost', 'en'),
(4, 'Top 10 Categories - Cost', 'es'),
(4, 'Top 10 Categories - Cost', 'fr'),
(4, 'Top 10 Categories - Cost', 'it'),
(4, 'Top 10 Categories - Cost', 'nl'),
(4, 'Top 10 Categories - Cost', 'no'),
(4, 'Top 10 Categories - Cost', 'pt'),
(4, 'Top 10 Categorii - Cost', 'ro'),
(4, 'Топ 10 Категории - Стоимость', 'ru'),
(5, 'Top 10 Kunder - Ordre pris', 'da'),
(5, 'Top 10 Kunden - Kosten der Bestellungen', 'de'),
(5, 'Τα 10 κορυφαία προϊόντα- Κόστος παραγγελίας', 'el'),
(5, 'Top 10 Customers - Orders cost', 'en'),
(5, 'Top 10 Customers - Orders cost', 'es'),
(5, 'Top 10 Customers - Orders cost', 'fr'),
(5, 'Top 10 Customers - Orders cost', 'it'),
(5, 'Top 10 Customers - Orders cost', 'nl'),
(5, 'Top 10 Customers - Orders cost', 'no'),
(5, 'Top 10 Customers - Orders cost', 'pt'),
(5, 'Top 10 Clienți - Cost comenzi', 'ro'),
(5, 'Топ 10 Покупатели - Стоимость заказов', 'ru'),
(6, 'Top 10 Kunder - Antal købte vare', 'da'),
(6, 'Top 10 Kunden - Elemente gekauft', 'de'),
(6, 'Τα 10 κορυφαία προϊόντα- Τεμάχια που αγοράστηκαν', 'el'),
(6, 'Top 10 Customers - Items bought', 'en'),
(6, 'Top 10 Customers - Items bought', 'es'),
(6, 'Top 10 Customers - Items bought', 'fr'),
(6, 'Top 10 Customers - Items bought', 'it'),
(6, 'Top 10 Customers - Items bought', 'nl'),
(6, 'Top 10 Customers - Items bought', 'no'),
(6, 'Top 10 Customers - Items bought', 'pt'),
(6, 'Top 10 Clienți - Produse cumpărate', 'ro'),
(6, 'Топ 10 Покупатели - Купленные товары', 'ru'),
(7, 'Top 10 Produkter - Pris (pr måned)', 'da'),
(7, 'Top 10 Produkte - Kosten  (monatlich)', 'de'),
(7, 'Τα 10 κορυφαία προϊόντα- Κόστος (πίνακας)', 'el'),
(7, 'Top 10 Products - Cost  (table)', 'en'),
(7, 'Top 10 Products - Cost  (table)', 'es'),
(7, 'Top 10 Products - Cost  (table)', 'fr'),
(7, 'Top 10 Products - Cost  (table)', 'it'),
(7, 'Top 10 Products - Cost  (table)', 'nl'),
(7, 'Top 10 Products - Cost  (table)', 'no'),
(7, 'Top 10 Products - Cost  (table)', 'pt'),
(7, 'Top 10 Produse - Cost  (lunar)', 'ro'),
(7, 'Топ 10 Товары - Стоимость  (ежемесячно)', 'ru'),
(8, 'Top 10 Kategori - Vare solgt (pr måned)', 'da'),
(8, 'Top 10 Kategorien - verkaufte Elemente  (monatlich)', 'de'),
(8, 'Τα 10 κορυφαία προϊόντα-Τεμάχια που πωλήθηκαν (πίνακας)', 'el'),
(8, 'Top 10 Categories - Items Sold  (table)', 'en'),
(8, 'Top 10 Categories - Items Sold  (table)', 'es'),
(8, 'Top 10 Categories - Items Sold  (table)', 'fr'),
(8, 'Top 10 Categories - Items Sold  (table)', 'it'),
(8, 'Top 10 Categories - Items Sold  (table)', 'nl'),
(8, 'Top 10 Categories - Items Sold  (table)', 'no'),
(8, 'Top 10 Categories - Items Sold  (table)', 'pt'),
(8, 'Top 10 Categorii - Produse vândute (lunar)', 'ro'),
(8, 'Топ 10 Категории - Проданные товары  (ежемесячно)', 'ru'),
(9, 'Top 10 Kategori - Pris (pr måned)', 'da'),
(9, 'Top 10 Kategorien - Kosten (monatlich)', 'de'),
(9, 'Τα 10 κορυφαία προϊόντα(πίνακας)', 'el'),
(9, 'Top 10 Categories - Cost (table)', 'en'),
(9, 'Top 10 Categories - Cost (table)', 'es'),
(9, 'Top 10 Categories - Cost (table)', 'fr'),
(9, 'Top 10 Categories - Cost (table)', 'it'),
(9, 'Top 10 Categories - Cost (table)', 'nl'),
(9, 'Top 10 Categories - Cost (table)', 'no'),
(9, 'Top 10 Categories - Cost (table)', 'pt'),
(9, 'Top 10 Categorii - Cost (lunar)', 'ro'),
(9, 'Топ 10 Категории - Стоимость (ежемесячно)', 'ru'),
(10, 'Top 10 Produkter - Vare solgt (pr måned)', 'da'),
(10, 'Top 10 Produkte - verkaufte Elemente  (monatlich)', 'de'),
(10, 'Τα 10 κορυφαία προϊόντα- Τεμάχια που πωλήθηκαν(πίνακας)', 'el'),
(10, 'Top 10 Products - Items Sold  (table)', 'en'),
(10, 'Top 10 Products - Items Sold  (table)', 'es'),
(10, 'Top 10 Products - Items Sold  (table)', 'fr'),
(10, 'Top 10 Products - Items Sold  (table)', 'it'),
(10, 'Top 10 Products - Items Sold  (table)', 'nl'),
(10, 'Top 10 Products - Items Sold  (table)', 'no'),
(10, 'Top 10 Products - Items Sold  (table)', 'pt'),
(10, 'Top 10 Produse - Produse vândute (lunar)', 'ro'),
(10, 'Топ 10 Товары - Проданные товары (ежемесячно)', 'ru'),
(11, 'Betalings metode oversigt - brugt i ordre', 'da'),
(11, 'Diagramm Zahlungsmethoden - platzierte Bestellungen', 'de'),
(11, 'Γράφημα τρόπων πληρωμής - ΟΙ παραγγελίες τέθηκαν', 'el'),
(11, 'Payment methods chart - Orders placed', 'en'),
(11, 'Payment methods chart - Orders placed', 'es'),
(11, 'Payment methods chart - Orders placed', 'fr'),
(11, 'Payment methods chart - Orders placed', 'it'),
(11, 'Payment methods chart - Orders placed', 'nl'),
(11, 'Payment methods chart - Orders placed', 'no'),
(11, 'Payment methods chart - Orders placed', 'pt'),
(11, 'Grafic modalități de plată - Comenzi plasate', 'ro'),
(11, 'Способы оплаты - Оформленные заказы', 'ru'),
(13, 'Betalings metode oversigt - gebyr', 'da'),
(13, 'Diagramm Zahlungsmethoden - Kosten', 'de'),
(13, 'Γράφημα τρόπων πληρωμής- Κόστος', 'el'),
(13, 'Payment methods chart - Cost', 'en'),
(13, 'Payment methods chart - Cost', 'es'),
(13, 'Payment methods chart - Cost', 'fr'),
(13, 'Payment methods chart - Cost', 'it'),
(13, 'Payment methods chart - Cost', 'nl'),
(13, 'Payment methods chart - Cost', 'no'),
(13, 'Payment methods chart - Cost', 'pt'),
(13, 'Grafic modalități de plată - Cost', 'ro'),
(13, 'Способы оплаты - Стоимость', 'ru'),
(14, 'Produkt salg  - Pris (pr måned)', 'da'),
(14, 'Artikelverkaufe  - Kosten (monatlich)', 'de'),
(14, 'Πωλήσεις προϊόντων - Κόστος (πίνακας)', 'el'),
(14, 'Products sales  - Cost (table)', 'en'),
(14, 'Products sales  - Cost (table)', 'es'),
(14, 'Ventes par produits - Coûts (mensuel)', 'fr'),
(14, 'Products sales  - Cost (table)', 'it'),
(14, 'Products sales  - Cost (table)', 'nl'),
(14, 'Products sales  - Cost (table)', 'no'),
(14, 'Products sales  - Cost (table)', 'pt'),
(14, 'Vânzări produse - Cost (lunar)', 'ro'),
(14, 'Продажи товаров - Стоимость (ежемесячно)', 'ru'),
(15, 'Mest aktive kunder', 'da'),
(15, 'aktivsten Kunden (nach Standorten)', 'de'),
(15, 'Οι πιο ενεργές περιοχές του πελάτη', 'el'),
(15, 'Most active customer locations', 'en'),
(15, 'Most active customer locations', 'es'),
(15, 'Pays des clients les plus actifs', 'fr'),
(15, 'Most active customer locations', 'it'),
(15, 'Most active customer locations', 'nl'),
(15, 'Most active customer locations', 'no'),
(15, 'Most active customer locations', 'pt'),
(15, 'Cele mai active locații ale clientului', 'ro'),
(15, 'Районы с большей акивностью покупателей', 'ru'),
(16, 'Kategori salg  - Pris (pr måned)', 'da'),
(16, 'Verkaufe nach Kategorien  - Kosten (monatlich)', 'de'),
(16, 'Κατηγορίες πωλήσεων- Κόστος ( πίνακας)', 'el'),
(16, 'Categories sales  - Cost (table)', 'en'),
(16, 'Categories sales  - Cost (table)', 'es'),
(16, 'Ventes par catégories - Coûts (mensuel)', 'fr'),
(16, 'Categories sales  - Cost (table)', 'it'),
(16, 'Categories sales  - Cost (table)', 'nl'),
(16, 'Categories sales  - Cost (table)', 'no'),
(16, 'Categories sales  - Cost (table)', 'pt'),
(16, 'Vânzări categorii  - Cost (lunar)', 'ro'),
(16, 'Продажи товаров по категориям - Стоимость (ежемесячно)', 'ru'),
(17, 'Order status', 'da'),
(17, 'Status der Bestellungen', 'de'),
(17, 'Κατάσταση παραγγελίας', 'el'),
(17, 'Order statuses', 'en'),
(17, 'Order statuses', 'es'),
(17, 'Statuts de commande', 'fr'),
(17, 'Order statuses', 'it'),
(17, 'Order statuses', 'nl'),
(17, 'Order statuses', 'no'),
(17, 'Order statuses', 'pt'),
(17, 'Statuturi comenzi', 'ro'),
(17, 'Статусы заказов', 'ru'),
(19, 'Fragt pris pr ordre ', 'da'),
(19, 'Versandkosten pro Bestellung', 'de'),
(19, 'Έξοδα αποστολής ανά παραγγελία', 'el'),
(19, 'Shipping cost per order', 'en'),
(19, 'Shipping cost per order', 'es'),
(19, 'Frais de livraison par commande', 'fr'),
(19, 'Shipping cost per order', 'it'),
(19, 'Shipping cost per order', 'nl'),
(19, 'Shipping cost per order', 'no'),
(19, 'Shipping cost per order', 'pt'),
(19, 'Costul transportului per comandă', 'ro'),
(19, 'Стоимость доставки за заказ', 'ru');

-- --------------------------------------------------------

--
-- Table structure for table `partiushop_sales_reports_table_elements`
--

CREATE TABLE `partiushop_sales_reports_table_elements` (
  `report_id` mediumint(8) UNSIGNED NOT NULL DEFAULT 0,
  `table_id` mediumint(8) UNSIGNED NOT NULL DEFAULT 0,
  `element_id` mediumint(8) UNSIGNED NOT NULL DEFAULT 0,
  `element_hash` int(11) NOT NULL DEFAULT 0,
  `color` varchar(64) NOT NULL DEFAULT 'blueviolet',
  `position` smallint(5) UNSIGNED NOT NULL DEFAULT 0,
  `status` char(1) NOT NULL DEFAULT 'A',
  `dependence` varchar(64) NOT NULL DEFAULT 'max_p',
  `limit_auto` mediumint(8) UNSIGNED NOT NULL DEFAULT 5
) ENGINE=InnoDB DEFAULT CHARSET=utf8;

--
-- Dumping data for table `partiushop_sales_reports_table_elements`
--

INSERT INTO `partiushop_sales_reports_table_elements` (`report_id`, `table_id`, `element_id`, `element_hash`, `color`, `position`, `status`, `dependence`, `limit_auto`) VALUES
(1, 1, 12, 12156775, 'blueviolet', 0, 'A', 'max_n', 10),
(1, 2, 12, 1962573517, 'blueviolet', 0, 'A', 'max_p', 10),
(1, 7, 12, 634527931, 'blueviolet', 0, 'A', 'max_p', 10),
(1, 10, 12, 1021140683, 'blueviolet', 0, 'A', 'max_n', 10),
(2, 3, 11, 867821142, 'blueviolet', 0, 'A', 'max_n', 10),
(2, 4, 11, 1368465681, 'blueviolet', 0, 'A', 'max_p', 10),
(2, 8, 11, 457678505, 'blueviolet', 0, 'A', 'max_n', 10),
(2, 9, 11, 1543767602, 'blueviolet', 0, 'A', 'max_p', 10),
(3, 5, 7, 1484724989, 'blueviolet', 0, 'A', 'max_p', 10),
(3, 6, 7, 1513727140, 'blueviolet', 0, 'A', 'max_n', 10),
(4, 11, 5, 829820942, 'blueviolet', 0, 'A', 'max_n', 10),
(4, 13, 5, 611229353, 'blueviolet', 0, 'A', 'max_p', 20),
(5, 14, 12, 935187175, 'blueviolet', 0, 'A', 'max_p', 99999),
(5, 15, 6, 1175800927, 'blueviolet', 0, 'A', 'max_p', 23),
(5, 16, 11, 2134945619, 'blueviolet', 0, 'A', 'max_p', 99999),
(5, 17, 4, 1415579363, 'blueviolet', 0, 'A', 'max_n', 10),
(5, 19, 3, 1063600566, 'blueviolet', 0, 'A', 'max_p', 99999);

-- --------------------------------------------------------

--
-- Table structure for table `partiushop_sales_reports_table_element_conditions`
--

CREATE TABLE `partiushop_sales_reports_table_element_conditions` (
  `table_id` mediumint(8) UNSIGNED NOT NULL DEFAULT 0,
  `element_hash` varchar(32) NOT NULL DEFAULT '',
  `element_code` varchar(64) NOT NULL DEFAULT '',
  `ids` varchar(16) NOT NULL DEFAULT ''
) ENGINE=InnoDB DEFAULT CHARSET=utf8;

-- --------------------------------------------------------

--
-- Table structure for table `partiushop_seo_names`
--

CREATE TABLE `partiushop_seo_names` (
  `name` varchar(250) NOT NULL DEFAULT '',
  `object_id` mediumint(8) UNSIGNED NOT NULL DEFAULT 0,
  `company_id` int(11) UNSIGNED NOT NULL DEFAULT 0,
  `type` char(1) NOT NULL DEFAULT '',
  `dispatch` varchar(64) NOT NULL DEFAULT '',
  `path` varchar(255) NOT NULL DEFAULT '',
  `lang_code` char(2) NOT NULL DEFAULT ''
) ENGINE=InnoDB DEFAULT CHARSET=utf8;

--
-- Dumping data for table `partiushop_seo_names`
--

INSERT INTO `partiushop_seo_names` (`name`, `object_id`, `company_id`, `type`, `dispatch`, `path`, `lang_code`) VALUES
('login-da', 0, 0, 's', 'auth.login_form', '', 'da'),
('login-de', 0, 0, 's', 'auth.login_form', '', 'de'),
('login-el', 0, 0, 's', 'auth.login_form', '', 'el'),
('login', 0, 0, 's', 'auth.login_form', '', 'en'),
('login-es', 0, 0, 's', 'auth.login_form', '', 'es'),
('login-fr', 0, 0, 's', 'auth.login_form', '', 'fr'),
('login-it', 0, 0, 's', 'auth.login_form', '', 'it'),
('login-nl', 0, 0, 's', 'auth.login_form', '', 'nl'),
('login-no', 0, 0, 's', 'auth.login_form', '', 'no'),
('auth-loginform', 0, 0, 's', 'auth.login_form', '', 'pt'),
('login-ro', 0, 0, 's', 'auth.login_form', '', 'ro'),
('login-ru', 0, 0, 's', 'auth.login_form', '', 'ru'),
('categories-catalog-da', 0, 0, 's', 'categories.ab__lc_catalog', '', 'da'),
('categories-catalog-de', 0, 0, 's', 'categories.ab__lc_catalog', '', 'de'),
('categories-catalog-el', 0, 0, 's', 'categories.ab__lc_catalog', '', 'el'),
('categories-catalog-en', 0, 0, 's', 'categories.ab__lc_catalog', '', 'en'),
('categories-catalog-es', 0, 0, 's', 'categories.ab__lc_catalog', '', 'es'),
('categories-catalog-fr', 0, 0, 's', 'categories.ab__lc_catalog', '', 'fr'),
('categories-catalog-it', 0, 0, 's', 'categories.ab__lc_catalog', '', 'it'),
('categories-catalog-nl', 0, 0, 's', 'categories.ab__lc_catalog', '', 'nl'),
('categories-catalog-no', 0, 0, 's', 'categories.ab__lc_catalog', '', 'no'),
('categories-catalog-pt', 0, 0, 's', 'categories.ab__lc_catalog', '', 'pt'),
('categories-catalog-ro', 0, 0, 's', 'categories.ab__lc_catalog', '', 'ro'),
('categories-catalog-ru', 0, 0, 's', 'categories.ab__lc_catalog', '', 'ru'),
('catalog-da', 0, 0, 's', 'categories.catalog', '', 'da'),
('catalog-de', 0, 0, 's', 'categories.catalog', '', 'de'),
('catalog-el', 0, 0, 's', 'categories.catalog', '', 'el'),
('catalog', 0, 0, 's', 'categories.catalog', '', 'en'),
('catalog-es', 0, 0, 's', 'categories.catalog', '', 'es'),
('catalog-fr', 0, 0, 's', 'categories.catalog', '', 'fr'),
('catalog-it', 0, 0, 's', 'categories.catalog', '', 'it'),
('catalog-nl', 0, 0, 's', 'categories.catalog', '', 'nl'),
('catalog-no', 0, 0, 's', 'categories.catalog', '', 'no'),
('categories-catalog', 0, 0, 's', 'categories.catalog', '', 'pt'),
('catalog-ro', 0, 0, 's', 'categories.catalog', '', 'ro'),
('catalog-ru', 0, 0, 's', 'categories.catalog', '', 'ru'),
('cart-da', 0, 0, 's', 'checkout.cart', '', 'da'),
('cart-de', 0, 0, 's', 'checkout.cart', '', 'de'),
('cart-el', 0, 0, 's', 'checkout.cart', '', 'el'),
('cart', 0, 0, 's', 'checkout.cart', '', 'en'),
('cart-es', 0, 0, 's', 'checkout.cart', '', 'es'),
('cart-fr', 0, 0, 's', 'checkout.cart', '', 'fr'),
('cart-it', 0, 0, 's', 'checkout.cart', '', 'it'),
('cart-nl', 0, 0, 's', 'checkout.cart', '', 'nl'),
('cart-no', 0, 0, 's', 'checkout.cart', '', 'no'),
('checkout-cart', 0, 0, 's', 'checkout.cart', '', 'pt'),
('cart-ro', 0, 0, 's', 'checkout.cart', '', 'ro'),
('cart-ru', 0, 0, 's', 'checkout.cart', '', 'ru'),
('checkout-da', 0, 0, 's', 'checkout.checkout', '', 'da'),
('checkout-de', 0, 0, 's', 'checkout.checkout', '', 'de'),
('checkout-el', 0, 0, 's', 'checkout.checkout', '', 'el'),
('checkout', 0, 0, 's', 'checkout.checkout', '', 'en'),
('checkout-es', 0, 0, 's', 'checkout.checkout', '', 'es'),
('checkout-fr', 0, 0, 's', 'checkout.checkout', '', 'fr'),
('checkout-it', 0, 0, 's', 'checkout.checkout', '', 'it'),
('checkout-nl', 0, 0, 's', 'checkout.checkout', '', 'nl'),
('checkout-no', 0, 0, 's', 'checkout.checkout', '', 'no'),
('checkout-checkout', 0, 0, 's', 'checkout.checkout', '', 'pt'),
('checkout-ro', 0, 0, 's', 'checkout.checkout', '', 'ro'),
('checkout-ru', 0, 0, 's', 'checkout.checkout', '', 'ru'),
('checkout-customer-info-da', 0, 0, 's', 'checkout.customer_info', '', 'da'),
('checkout-customer-info-de', 0, 0, 's', 'checkout.customer_info', '', 'de'),
('checkout-customer-info-el', 0, 0, 's', 'checkout.customer_info', '', 'el'),
('checkout-customer-info', 0, 0, 's', 'checkout.customer_info', '', 'en'),
('checkout-customer-info-es', 0, 0, 's', 'checkout.customer_info', '', 'es'),
('checkout-customer-info-fr', 0, 0, 's', 'checkout.customer_info', '', 'fr'),
('checkout-customer-info-it', 0, 0, 's', 'checkout.customer_info', '', 'it'),
('checkout-customer-info-nl', 0, 0, 's', 'checkout.customer_info', '', 'nl'),
('checkout-customer-info-no', 0, 0, 's', 'checkout.customer_info', '', 'no'),
('checkout-customerinfo', 0, 0, 's', 'checkout.customer_info', '', 'pt'),
('checkout-customer-info-ro', 0, 0, 's', 'checkout.customer_info', '', 'ro'),
('checkout-customer-info-ru', 0, 0, 's', 'checkout.customer_info', '', 'ru'),
('checkout-summary-da', 0, 0, 's', 'checkout.summary', '', 'da'),
('checkout-summary-de', 0, 0, 's', 'checkout.summary', '', 'de'),
('checkout-summary-el', 0, 0, 's', 'checkout.summary', '', 'el'),
('checkout-summary', 0, 0, 's', 'checkout.summary', '', 'en'),
('checkout-summary-es', 0, 0, 's', 'checkout.summary', '', 'es'),
('checkout-summary-fr', 0, 0, 's', 'checkout.summary', '', 'fr'),
('checkout-summary-it', 0, 0, 's', 'checkout.summary', '', 'it'),
('checkout-summary-nl', 0, 0, 's', 'checkout.summary', '', 'nl'),
('checkout-summary-no', 0, 0, 's', 'checkout.summary', '', 'no'),
('checkout-summary-pt', 0, 0, 's', 'checkout.summary', '', 'pt'),
('checkout-summary-ro', 0, 0, 's', 'checkout.summary', '', 'ro'),
('checkout-summary-ru', 0, 0, 's', 'checkout.summary', '', 'ru'),
('pricing-da', 0, 0, 's', 'companies.vendor_plans', '', 'da'),
('pricing-de', 0, 0, 's', 'companies.vendor_plans', '', 'de'),
('pricing-el', 0, 0, 's', 'companies.vendor_plans', '', 'el'),
('pricing', 0, 0, 's', 'companies.vendor_plans', '', 'en'),
('pricing-es', 0, 0, 's', 'companies.vendor_plans', '', 'es'),
('pricing-fr', 0, 0, 's', 'companies.vendor_plans', '', 'fr'),
('pricing-it', 0, 0, 's', 'companies.vendor_plans', '', 'it'),
('pricing-nl', 0, 0, 's', 'companies.vendor_plans', '', 'nl'),
('pricing-no', 0, 0, 's', 'companies.vendor_plans', '', 'no'),
('companies-vendorplans', 0, 0, 's', 'companies.vendor_plans', '', 'pt'),
('pricing-ro', 0, 0, 's', 'companies.vendor_plans', '', 'ro'),
('pricing-ru', 0, 0, 's', 'companies.vendor_plans', '', 'ru'),
('gift-certificates-da', 0, 0, 's', 'gift_certificates.add', '', 'da'),
('gift-certificates-de', 0, 0, 's', 'gift_certificates.add', '', 'de'),
('gift-certificates-el', 0, 0, 's', 'gift_certificates.add', '', 'el'),
('gift-certificates', 0, 0, 's', 'gift_certificates.add', '', 'en'),
('gift-certificates-es', 0, 0, 's', 'gift_certificates.add', '', 'es'),
('gift-certificates-fr', 0, 0, 's', 'gift_certificates.add', '', 'fr'),
('gift-certificates-it', 0, 0, 's', 'gift_certificates.add', '', 'it'),
('gift-certificates-nl', 0, 0, 's', 'gift_certificates.add', '', 'nl'),
('gift-certificates-no', 0, 0, 's', 'gift_certificates.add', '', 'no'),
('giftcertificates-add', 0, 0, 's', 'gift_certificates.add', '', 'pt'),
('gift-certificates-ro', 0, 0, 's', 'gift_certificates.add', '', 'ro'),
('gift-certificates-ru', 0, 0, 's', 'gift_certificates.add', '', 'ru'),
('gift-certificates-update-da', 0, 0, 's', 'gift_certificates.update', '', 'da'),
('gift-certificates-update-de', 0, 0, 's', 'gift_certificates.update', '', 'de'),
('gift-certificates-update-el', 0, 0, 's', 'gift_certificates.update', '', 'el'),
('gift-certificates-update', 0, 0, 's', 'gift_certificates.update', '', 'en'),
('gift-certificates-update-es', 0, 0, 's', 'gift_certificates.update', '', 'es'),
('gift-certificates-update-fr', 0, 0, 's', 'gift_certificates.update', '', 'fr'),
('gift-certificates-update-it', 0, 0, 's', 'gift_certificates.update', '', 'it'),
('gift-certificates-update-nl', 0, 0, 's', 'gift_certificates.update', '', 'nl'),
('gift-certificates-update-no', 0, 0, 's', 'gift_certificates.update', '', 'no'),
('giftcertificates-update', 0, 0, 's', 'gift_certificates.update', '', 'pt'),
('gift-certificates-update-ro', 0, 0, 's', 'gift_certificates.update', '', 'ro'),
('gift-certificates-update-ru', 0, 0, 's', 'gift_certificates.update', '', 'ru'),
('orders-da', 0, 0, 's', 'orders.search', '', 'da'),
('orders-de', 0, 0, 's', 'orders.search', '', 'de'),
('orders-el', 0, 0, 's', 'orders.search', '', 'el'),
('orders', 0, 0, 's', 'orders.search', '', 'en'),
('orders-es', 0, 0, 's', 'orders.search', '', 'es'),
('orders-fr', 0, 0, 's', 'orders.search', '', 'fr'),
('orders-it', 0, 0, 's', 'orders.search', '', 'it'),
('orders-nl', 0, 0, 's', 'orders.search', '', 'nl'),
('orders-no', 0, 0, 's', 'orders.search', '', 'no'),
('orders-search', 0, 0, 's', 'orders.search', '', 'pt'),
('orders-ro', 0, 0, 's', 'orders.search', '', 'ro'),
('orders-ru', 0, 0, 's', 'orders.search', '', 'ru'),
('compare-da', 0, 0, 's', 'product_features.compare', '', 'da'),
('compare-de', 0, 0, 's', 'product_features.compare', '', 'de'),
('compare-el', 0, 0, 's', 'product_features.compare', '', 'el'),
('compare', 0, 0, 's', 'product_features.compare', '', 'en'),
('compare-es', 0, 0, 's', 'product_features.compare', '', 'es'),
('compare-fr', 0, 0, 's', 'product_features.compare', '', 'fr'),
('compare-it', 0, 0, 's', 'product_features.compare', '', 'it'),
('compare-nl', 0, 0, 's', 'product_features.compare', '', 'nl'),
('compare-no', 0, 0, 's', 'product_features.compare', '', 'no'),
('productfeatures-compare', 0, 0, 's', 'product_features.compare', '', 'pt'),
('compare-ro', 0, 0, 's', 'product_features.compare', '', 'ro'),
('compare-ru', 0, 0, 's', 'product_features.compare', '', 'ru'),
('profiles-add-da', 0, 0, 's', 'profiles.add', '', 'da'),
('profiles-add-de', 0, 0, 's', 'profiles.add', '', 'de'),
('profiles-add-el', 0, 0, 's', 'profiles.add', '', 'el'),
('profiles-add', 0, 0, 's', 'profiles.add', '', 'en'),
('profiles-add-es', 0, 0, 's', 'profiles.add', '', 'es'),
('profiles-add-fr', 0, 0, 's', 'profiles.add', '', 'fr'),
('profiles-add-it', 0, 0, 's', 'profiles.add', '', 'it'),
('profiles-add-nl', 0, 0, 's', 'profiles.add', '', 'nl'),
('profiles-add-no', 0, 0, 's', 'profiles.add', '', 'no'),
('profiles-add-pt', 0, 0, 's', 'profiles.add', '', 'pt'),
('profiles-add-ro', 0, 0, 's', 'profiles.add', '', 'ro'),
('profiles-add-ru', 0, 0, 's', 'profiles.add', '', 'ru'),
('profiles-update-da', 0, 0, 's', 'profiles.update', '', 'da'),
('profiles-update-de', 0, 0, 's', 'profiles.update', '', 'de'),
('profiles-update-el', 0, 0, 's', 'profiles.update', '', 'el'),
('profiles-update', 0, 0, 's', 'profiles.update', '', 'en'),
('profiles-update-es', 0, 0, 's', 'profiles.update', '', 'es'),
('profiles-update-fr', 0, 0, 's', 'profiles.update', '', 'fr'),
('profiles-update-it', 0, 0, 's', 'profiles.update', '', 'it'),
('profiles-update-nl', 0, 0, 's', 'profiles.update', '', 'nl'),
('profiles-update-no', 0, 0, 's', 'profiles.update', '', 'no'),
('profiles-update-pt', 0, 0, 's', 'profiles.update', '', 'pt'),
('profiles-update-ro', 0, 0, 's', 'profiles.update', '', 'ro'),
('profiles-update-ru', 0, 0, 's', 'profiles.update', '', 'ru'),
('promotions-da', 0, 0, 's', 'promotions.list', '', 'da'),
('promotions-de', 0, 0, 's', 'promotions.list', '', 'de'),
('promotions-el', 0, 0, 's', 'promotions.list', '', 'el'),
('promotions', 0, 0, 's', 'promotions.list', '', 'en'),
('promotions-es', 0, 0, 's', 'promotions.list', '', 'es'),
('promotions-fr', 0, 0, 's', 'promotions.list', '', 'fr'),
('promotions-it', 0, 0, 's', 'promotions.list', '', 'it'),
('promotions-nl', 0, 0, 's', 'promotions.list', '', 'nl'),
('promotions-no', 0, 0, 's', 'promotions.list', '', 'no'),
('promotions-list', 0, 0, 's', 'promotions.list', '', 'pt'),
('promotions-ro', 0, 0, 's', 'promotions.list', '', 'ro'),
('promotions-ru', 0, 0, 's', 'promotions.list', '', 'ru'),
('returns-da', 0, 0, 's', 'rma.returns', '', 'da'),
('returns-de', 0, 0, 's', 'rma.returns', '', 'de'),
('returns-el', 0, 0, 's', 'rma.returns', '', 'el'),
('returns', 0, 0, 's', 'rma.returns', '', 'en'),
('returns-es', 0, 0, 's', 'rma.returns', '', 'es'),
('returns-fr', 0, 0, 's', 'rma.returns', '', 'fr'),
('returns-it', 0, 0, 's', 'rma.returns', '', 'it'),
('returns-nl', 0, 0, 's', 'rma.returns', '', 'nl'),
('returns-no', 0, 0, 's', 'rma.returns', '', 'no'),
('rma-returns', 0, 0, 's', 'rma.returns', '', 'pt'),
('returns-ro', 0, 0, 's', 'rma.returns', '', 'ro'),
('returns-ru', 0, 0, 's', 'rma.returns', '', 'ru'),
('sitemap-da', 0, 0, 's', 'sitemap.view', '', 'da'),
('sitemap-de', 0, 0, 's', 'sitemap.view', '', 'de'),
('sitemap-el', 0, 0, 's', 'sitemap.view', '', 'el'),
('sitemap', 0, 0, 's', 'sitemap.view', '', 'en'),
('sitemap-es', 0, 0, 's', 'sitemap.view', '', 'es'),
('sitemap-fr', 0, 0, 's', 'sitemap.view', '', 'fr'),
('sitemap-it', 0, 0, 's', 'sitemap.view', '', 'it'),
('sitemap-nl', 0, 0, 's', 'sitemap.view', '', 'nl'),
('sitemap-no', 0, 0, 's', 'sitemap.view', '', 'no'),
('sitemap-view', 0, 0, 's', 'sitemap.view', '', 'pt'),
('sitemap-ro', 0, 0, 's', 'sitemap.view', '', 'ro'),
('sitemap-ru', 0, 0, 's', 'sitemap.view', '', 'ru'),
('wishlist-da', 0, 0, 's', 'wishlist.view', '', 'da'),
('wishlist-de', 0, 0, 's', 'wishlist.view', '', 'de'),
('wishlist-el', 0, 0, 's', 'wishlist.view', '', 'el'),
('wishlist', 0, 0, 's', 'wishlist.view', '', 'en'),
('wishlist-es', 0, 0, 's', 'wishlist.view', '', 'es'),
('wishlist-fr', 0, 0, 's', 'wishlist.view', '', 'fr'),
('wishlist-it', 0, 0, 's', 'wishlist.view', '', 'it'),
('wishlist-nl', 0, 0, 's', 'wishlist.view', '', 'nl'),
('wishlist-no', 0, 0, 's', 'wishlist.view', '', 'no'),
('wishlist-view', 0, 0, 's', 'wishlist.view', '', 'pt'),
('wishlist-ro', 0, 0, 's', 'wishlist.view', '', 'ro'),
('wishlist-ru', 0, 0, 's', 'wishlist.view', '', 'ru'),
('our-team', 1, 0, 'a', '', '', 'pt'),
('acampamento', 1, 0, 'c', '', '', 'pt'),
('about-our-company', 2, 0, 'a', '', '', 'en'),
('about-our-company-pt', 2, 0, 'a', '', '', 'pt'),
('aquecimento-de-acampamento-equipamento-de-iluminacao', 2, 0, 'c', '', '1', 'pt'),
('privacy-policy', 3, 0, 'a', '', '', 'pt'),
('barracas-estruturas-climaticas', 3, 0, 'c', '', '1', 'pt'),
('free-returns', 4, 0, 'a', '', '', 'pt'),
('equipamentos-para-cozimento-bebidas-alimentos-de-acampamento', 4, 0, 'c', '', '1', 'pt'),
('test', 4, 0, 'm', '', '', 'pt'),
('free-shipping', 5, 0, 'a', '', '', 'pt'),
('equipamentos-sanitarios-de-limpeza-para-acampamento', 5, 0, 'c', '', '1', 'pt'),
('low-price-guarantee', 6, 0, 'a', '', '', 'pt'),
('moveis-mobilias-para-acampamento', 6, 0, 'c', '', '1', 'pt'),
('blog', 7, 0, 'a', '', '', 'en'),
('blog-pt', 7, 0, 'a', '', '', 'pt'),
('pacotes-de-variedade-de-acampamento', 7, 0, 'c', '', '1', 'pt'),
('merchium-marketplace-opens-for-partners', 8, 0, 'a', '', '7', 'en'),
('merchium-marketplace-opens-for-partners-pt', 8, 0, 'a', '', '7', 'pt'),
('acessorios-pessoais', 8, 0, 'c', '', '', 'pt'),
('embed-merchium-into-a-custom-website', 9, 0, 'a', '', '7', 'en'),
('embed-merchium-into-a-custom-website-pt', 9, 0, 'a', '', '7', 'pt'),
('acessorios-suportes-pessoais', 9, 0, 'c', '', '8', 'pt'),
('paypal', 10, 0, 'a', '', '7', 'en'),
('paypal-pt', 10, 0, 'a', '', '7', 'pt'),
('joias', 10, 0, 'c', '', '8', 'pt'),
('pacotes-de-variedades-para-acessorios-pessoais', 11, 0, 'c', '', '8', 'pt'),
('relogios-de-pulso', 12, 0, 'c', '', '8', 'pt'),
('alimentos-bebidas-tabaco', 13, 0, 'c', '', '', 'pt'),
('alimentos-preparados-conservados', 14, 0, 'c', '', '13', 'pt'),
('dvd-5-off', 14, 0, 'x', '', '', 'pt'),
('vendor-terms-and-conditions', 15, 0, 'a', '', '', 'pt'),
('aperitivos', 15, 0, 'c', '', '13/14', 'pt'),
('free-shipping-coupon', 15, 0, 'x', '', '', 'pt'),
('ab-stock-buy-a-promotional-hair-dryer-valera-get-a-40-discount-on-the-curling-iron', 16, 0, 'x', '', '', 'pt'),
('ab-racing-card-2-year-license-for-races-k1', 17, 0, 'x', '', '', 'pt'),
('ab-only-today-you-can-buy-a-camera-with-10-discount', 18, 0, 'x', '', '', 'pt'),
('why-buy-gift-certificates', 19, 0, 'a', '', '', 'en'),
('why-buy-gift-certificates-pt', 19, 0, 'a', '', '', 'pt'),
('ab-free-shipping-for-orders-over-50.', 19, 0, 'x', '', '', 'pt'),
('contacts', 20, 0, 'a', '', '', 'en'),
('contacts-pt', 20, 0, 'a', '', '', 'pt'),
('ab-5-discount-for-x-box-one-and-sabertooth-bundle', 20, 0, 'x', '', '', 'pt'),
('returns-and-exchanges', 21, 0, 'a', '', '', 'en'),
('returns-and-exchanges-pt', 21, 0, 'a', '', '', 'pt'),
('ab-stock-buy-a-promotional-hair-dryer-valera-get-a-40-discount-on-the-curling-iron-pt', 21, 0, 'x', '', '', 'pt'),
('payment-and-shipping', 22, 0, 'a', '', '', 'en'),
('payment-and-shipping-pt', 22, 0, 'a', '', '', 'pt'),
('ab-racing-card-2-year-license-for-races-k1-pt', 22, 0, 'x', '', '', 'pt'),
('reward-points', 23, 0, 'a', '', '', 'en'),
('reward-points-pt', 23, 0, 'a', '', '', 'pt'),
('bebes-criancas-alimentos-bebidas', 23, 0, 'c', '', '13/14', 'pt'),
('ab-only-today-you-can-buy-a-camera-with-10-discount-pt', 23, 0, 'x', '', '', 'pt'),
('ab-free-shipping-for-orders-over-50.-pt', 24, 0, 'x', '', '', 'pt'),
('ab-5-discount-for-x-box-one-and-sabertooth-bundle-pt', 25, 0, 'x', '', '', 'pt'),
('doces-em-pasta', 29, 0, 'c', '', '13/14', 'pt'),
('contato', 30, 0, 'a', '', '', 'pt'),
('laticinios-produtos-a-base-de-ovos', 36, 0, 'c', '', '13/14', 'pt'),
('for-those-who-love-sound-quality-we-have-awesome-pioneer-speakers-demo', 41, 0, 'a', '', '7', 'pt'),
('new-arrivals-of-nintendo-wii-games-demo', 42, 0, 'a', '', '7', 'pt'),
('only-in-our-store-famous-american-weathermaster-tents-demo', 43, 0, 'a', '', '7', 'pt'),
('we-got-the-best-tracks-of-legendary-b.b.king-demo', 44, 0, 'a', '', '7', 'pt'),
('looking-for-a-keypad-nokia-phone-and-cant-find-one-we-still-have-them-demo', 45, 0, 'a', '', '7', 'pt'),
('massas-macarrao', 45, 0, 'c', '', '13/14', 'pt'),
('afraid-of-zombies-preparing-for-apocalypse-demo', 46, 0, 'a', '', '7', 'pt'),
('true-american-classic-drifter-cruisers-demo', 47, 0, 'a', '', '7', 'pt'),
('provapagina', 48, 0, 'a', '', '', 'pt'),
('return-policy', 49, 0, 'a', '', '', 'pt'),
('shipping-policy', 50, 0, 'a', '', '', 'pt'),
('warranty-policy', 51, 0, 'a', '', '', 'pt'),
('frequently-asked-questions', 52, 0, 'a', '', '', 'pt'),
('contact-form', 53, 0, 'a', '', '', 'pt'),
('about-us', 54, 0, 'a', '', '', 'pt'),
('locations-and-contacts', 55, 0, 'a', '', '', 'pt'),
('marketplace-blog', 56, 0, 'a', '', '', 'pt'),
('this-is-a-blog-post-title', 57, 0, 'a', '', '56', 'pt'),
('10-brilliant-tips-for-efficient-product-packaging', 58, 0, 'a', '', '56', 'pt'),
('another-blog-post-for-your-vivashop-theme', 59, 0, 'a', '', '56', 'pt'),
('how-to-save-money-by-using-the-buy-together-feature', 60, 0, 'a', '', '56', 'pt'),
('always-buy-fresh-food-and-beverage-items', 61, 0, 'a', '', '56', 'pt'),
('how-to-create-your-account-on-our-store', 62, 0, 'a', '', '56', 'pt'),
('is-the-new-iphone-better-than-any-other', 63, 0, 'a', '', '56', 'pt'),
('how-to-choose-the-best-weight-loss-items', 64, 0, 'a', '', '56', 'pt'),
('merchiun-marketplace-opens-for-partners', 65, 0, 'a', '', '56', 'pt'),
('embed-merchiun-into-a-custom-website', 66, 0, 'a', '', '56', 'pt'),
('paypal-payment', 67, 0, 'a', '', '56', 'pt'),
('build-your-own-fashion-store-in-a-few-steps', 68, 0, 'a', '', '56', 'pt'),
('adidas', 86, 0, 'e', '', '', 'en'),
('adidas-pt', 86, 0, 'e', '', '', 'pt'),
('nike', 87, 0, 'e', '', '', 'en'),
('nike-pt', 87, 0, 'e', '', '', 'pt'),
('asus', 88, 0, 'e', '', '', 'en'),
('asus-pt', 88, 0, 'e', '', '', 'pt'),
('samsung-en', 89, 0, 'e', '', '', 'en'),
('samsung-pt-2', 89, 0, 'e', '', '', 'pt'),
('universal-music-group', 90, 0, 'e', '', '', 'en'),
('universal-music-group-pt', 90, 0, 'e', '', '', 'pt'),
('apple', 91, 0, 'e', '', '', 'en'),
('apple-pt', 91, 0, 'e', '', '', 'pt'),
('acer', 92, 0, 'e', '', '', 'en'),
('acer-pt', 92, 0, 'e', '', '', 'pt'),
('hewlett-packard', 93, 0, 'e', '', '', 'en'),
('hewlett-packard-pt', 93, 0, 'e', '', '', 'pt'),
('lg', 94, 0, 'e', '', '', 'en'),
('lg-pt', 94, 0, 'e', '', '', 'pt'),
('d-link', 95, 0, 'e', '', '', 'en'),
('d-link-pt', 95, 0, 'e', '', '', 'pt'),
('concord-records', 96, 0, 'e', '', '', 'en'),
('concord-records-pt', 96, 0, 'e', '', '', 'pt'),
('tp-link', 97, 0, 'e', '', '', 'en'),
('tp-link-pt', 97, 0, 'e', '', '', 'pt'),
('panasonic', 98, 0, 'e', '', '', 'en'),
('panasonic-pt', 98, 0, 'e', '', '', 'pt'),
('intel', 99, 0, 'e', '', '', 'en'),
('intel-pt', 99, 0, 'e', '', '', 'pt'),
('pioneer', 100, 0, 'e', '', '', 'en'),
('pioneer-pt', 100, 0, 'e', '', '', 'pt'),
('tomtom', 101, 0, 'e', '', '', 'en'),
('tomtom-pt', 101, 0, 'e', '', '', 'pt'),
('garmin', 102, 0, 'e', '', '', 'en'),
('garmin-pt', 102, 0, 'e', '', '', 'pt'),
('kenwood', 103, 0, 'e', '', '', 'en'),
('kenwood-pt', 103, 0, 'e', '', '', 'pt'),
('cobra', 104, 0, 'e', '', '', 'en'),
('cobra-pt', 104, 0, 'e', '', '', 'pt'),
('roadrunner-records', 105, 0, 'e', '', '', 'en'),
('roadrunner-records-pt', 105, 0, 'e', '', '', 'pt'),
('toshiba', 106, 0, 'e', '', '', 'en'),
('toshiba-pt', 106, 0, 'e', '', '', 'pt'),
('rhino', 107, 0, 'e', '', '', 'en'),
('rhino-pt', 107, 0, 'e', '', '', 'pt'),
('htc-en', 108, 0, 'e', '', '', 'en'),
('htc-pt-2', 108, 0, 'e', '', '', 'pt'),
('bebidas', 109, 0, 'c', '', '13', 'pt'),
('motorola-en', 109, 0, 'e', '', '', 'en'),
('motorola-pt-2', 109, 0, 'e', '', '', 'pt'),
('bebidas-alcoolicas-inclui-variantes-sem-alcool', 110, 0, 'c', '', '13/109', 'pt'),
('nokia-en', 110, 0, 'e', '', '', 'en'),
('nokia-pt-2', 110, 0, 'e', '', '', 'pt'),
('creative', 111, 0, 'e', '', '', 'en'),
('creative-pt', 111, 0, 'e', '', '', 'pt'),
('yamaha', 112, 0, 'e', '', '', 'en'),
('yamaha-pt', 112, 0, 'e', '', '', 'pt'),
('entertainment-one-ltd', 113, 0, 'e', '', '', 'en'),
('entertainment-one-ltd-pt', 113, 0, 'e', '', '', 'pt'),
('sony', 114, 0, 'e', '', '', 'en'),
('sony-pt', 114, 0, 'e', '', '', 'pt'),
('koss', 115, 0, 'e', '', '', 'en'),
('koss-pt', 115, 0, 'e', '', '', 'pt'),
('abbey-road-studios', 116, 0, 'e', '', '', 'en'),
('abbey-road-studios-pt', 116, 0, 'e', '', '', 'pt'),
('nikon', 117, 0, 'e', '', '', 'en'),
('nikon-pt', 117, 0, 'e', '', '', 'pt'),
('warner-bros.', 118, 0, 'e', '', '', 'en'),
('warner-bros.-pt', 118, 0, 'e', '', '', 'pt'),
('warner-home-video', 119, 0, 'e', '', '', 'en'),
('warner-home-video-pt', 119, 0, 'e', '', '', 'pt'),
('arc-system-works', 120, 0, 'e', '', '', 'en'),
('arc-system-works-pt', 120, 0, 'e', '', '', 'pt'),
('sandisk', 121, 0, 'e', '', '', 'en'),
('sandisk-pt', 121, 0, 'e', '', '', 'pt'),
('namco', 122, 0, 'e', '', '', 'en'),
('namco-pt', 122, 0, 'e', '', '', 'pt'),
('namco-bandai-games', 123, 0, 'e', '', '', 'en'),
('namco-bandai-games-pt', 123, 0, 'e', '', '', 'pt'),
('capcom', 124, 0, 'e', '', '', 'en'),
('capcom-pt', 124, 0, 'e', '', '', 'pt'),
('casio', 125, 0, 'e', '', '', 'en'),
('casio-pt', 125, 0, 'e', '', '', 'pt'),
('quartet-manufacturing', 126, 0, 'e', '', '', 'en'),
('quartet-manufacturing-pt', 126, 0, 'e', '', '', 'pt'),
('swingline', 127, 0, 'e', '', '', 'en'),
('swingline-pt', 127, 0, 'e', '', '', 'pt'),
('wilson-jones', 128, 0, 'e', '', '', 'en'),
('wilson-jones-pt', 128, 0, 'e', '', '', 'pt'),
('aiko', 129, 0, 'e', '', '', 'en'),
('aiko-pt', 129, 0, 'e', '', '', 'pt'),
('cleveland', 130, 0, 'e', '', '', 'en'),
('cleveland-pt', 130, 0, 'e', '', '', 'pt'),
('camelback', 131, 0, 'e', '', '', 'en'),
('camelback-pt', 131, 0, 'e', '', '', 'pt'),
('wilson-staff', 132, 0, 'e', '', '', 'en'),
('wilson-staff-pt', 132, 0, 'e', '', '', 'pt'),
('montblanc', 133, 0, 'e', '', '', 'en'),
('montblanc-pt', 133, 0, 'e', '', '', 'pt'),
('bebidas-nao-alcoolicas-nao-prontas-para-consumo', 134, 0, 'c', '', '13/109', 'pt'),
('tissot', 134, 0, 'e', '', '', 'en'),
('tissot-pt', 134, 0, 'e', '', '', 'pt'),
('gopro', 135, 0, 'e', '', '', 'en'),
('gopro-pt', 135, 0, 'e', '', '', 'pt'),
('microsoft-en', 136, 0, 'e', '', '', 'en'),
('microsoft-pt-2', 136, 0, 'e', '', '', 'pt'),
('bebidas-nao-alcoolicas-prontas-para-consumo', 148, 0, 'c', '', '13/109', 'pt'),
('cafe-substitutos-do-cafe', 168, 0, 'c', '', '13/109', 'pt'),
('nintendo', 177, 0, 'e', '', '', 'en'),
('nintendo-pt', 177, 0, 'e', '', '', 'pt'),
('cha-e-infusoes-tisanes', 179, 0, 'c', '', '13/109', 'pt'),
('electronic-arts-ea', 190, 0, 'e', '', '', 'en'),
('electronic-arts-ea-pt', 190, 0, 'e', '', '', 'pt'),
('sucker-punch-productions', 191, 0, 'e', '', '', 'en'),
('sucker-punch-productions-pt', 191, 0, 'e', '', '', 'pt'),
('carne-aves', 192, 0, 'c', '', '13', 'pt'),
('razer', 192, 0, 'e', '', '', 'en'),
('razer-pt', 192, 0, 'e', '', '', 'pt'),
('carnes-aves-nao-preparadas-nao-processadas', 193, 0, 'c', '', '13/192', 'pt'),
('carnes-aves-preparadas-processadas', 229, 0, 'c', '', '13/192', 'pt'),
('marketplace-fees', 264, 0, 'c', '', '', 'pt'),
('carnes-salsichas-de-aves-preparadas-processadas', 265, 0, 'c', '', '13/192', 'pt'),
('enfeite-fresco-alimentos', 274, 0, 'c', '', '13', 'pt'),
('flor-de-laranja-guarnicao-de-comida', 275, 0, 'c', '', '13/274', 'pt'),
('folhas-de-banana-enfeite-de-comida', 276, 0, 'c', '', '13/274', 'pt'),
('folhas-de-cacto-enfeite-de-comida', 277, 0, 'c', '', '13/274', 'pt'),
('frutas-nao-preparadas-nao-processadas-congeladas', 278, 0, 'c', '', '13', 'pt'),
('frutas-nao-preparadas-nao-processadas-congeladas', 279, 0, 'c', '', '13/278', 'pt'),
('frutas-nao-preparadas-nao-processadas-frescas', 280, 0, 'c', '', '13', 'pt'),
('tecnologia', 281, 0, 'c', '', '', 'pt'),
('celulares-e-telefones', 282, 0, 'c', '', '281', 'pt'),
('celulares-e-smartphones', 283, 0, 'c', '', '281/282', 'pt'),
('acessorios-para-celulares', 284, 0, 'c', '', '281/282', 'pt'),
('games', 285, 0, 'c', '', '281', 'pt'),
('marketplace-fees', 285, 0, 'p', '', '264', 'pt'),
('video-games', 286, 0, 'c', '', '281/285', 'pt'),
('fliperama-e-arcade', 287, 0, 'c', '', '281/285', 'pt'),
('informatica', 288, 0, 'c', '', '281', 'pt'),
('componentes-para-pc', 289, 0, 'c', '', '281/288', 'pt'),
('notebook', 290, 0, 'c', '', '281/288', 'pt'),
('casa-e-moveis', 291, 0, 'c', '', '', 'pt'),
('eletrodomesticos', 292, 0, 'c', '', '', 'pt'),
('esportes-e-fitness', 293, 0, 'c', '', '', 'pt'),
('ferramentas', 294, 0, 'c', '', '', 'pt'),
('iphone12', 296, 0, 'p', '', '281/282/283', 'pt'),
('galaxy-s21', 297, 0, 'p', '', '281/282/283', 'pt'),
('galaxy-s21-clone', 298, 0, 'p', '', '281/282/283', 'pt'),
('galaxy-s21-clone-clone', 299, 0, 'p', '', '281/282/283', 'pt'),
('galaxy-s21-clone-clone-clone', 300, 0, 'p', '', '281/282/283', 'pt'),
('galaxy-s21-v2-clone', 301, 0, 'p', '', '281/282/283', 'pt'),
('galaxy-s21-v3-clone', 302, 0, 'p', '', '281/282/283', 'pt'),
('iphone-12-clone', 303, 0, 'p', '', '281/282/283', 'pt'),
('iphone-12-v1-clone', 304, 0, 'p', '', '281/282/283', 'pt'),
('iphone-12-v2-clone', 305, 0, 'p', '', '281/282/283', 'pt'),
('iphone-12-v3-clone', 306, 0, 'p', '', '281/282/283', 'pt'),
('celular-01', 307, 0, 'p', '', '281/282/283', 'pt'),
('celular-01-test', 308, 0, 'p', '', '281/282/283', 'pt'),
('bananas', 315, 0, 'c', '', '13/280', 'pt'),
('caqui', 321, 0, 'c', '', '13/280', 'pt'),
('frutas-nao-preparadas-nao-processadas-nao-perecivel', 414, 0, 'c', '', '13', 'pt'),
('frutas-nao-preparadas-nao-processadas-nao-pereciveis', 415, 0, 'c', '', '13/414', 'pt'),
('frutas-legumes-frescos-and-frescos', 416, 0, 'c', '', '13', 'pt'),
('pacote-de-variedades-de-legumes-frutas-corte-fresco', 417, 0, 'c', '', '13/416', 'pt'),
('pacotes-de-variedades-de-frutas-vegetais-nao-preparados-nao-processados-frescos', 418, 0, 'c', '', '13/416', 'pt'),
('frutas-legumes-frescos-cortados', 419, 0, 'c', '', '13', 'pt'),
('frutas-corte-fresco', 420, 0, 'c', '', '13/419', 'pt'),
('legumes-corte-fresco', 436, 0, 'c', '', '13/419', 'pt'),
('frutas-legumes-nozes-sementes-preparadas-processadas', 470, 0, 'c', '', '13', 'pt'),
('combinacao-de-frutas-nozes-sementes', 471, 0, 'c', '', '13/470', 'pt'),
('misturas-de-frutas-nozes-sementes-preparadas-processadas-nao-pereciveis', 472, 0, 'c', '', '13/470/471', 'pt'),
('pacotes-de-variedades-para-combinacao-de-frutas-nozes-sementes', 473, 0, 'c', '', '13/470/471', 'pt'),
('frutas-preparadas-processadas', 474, 0, 'c', '', '13/470', 'pt'),
('frutas-preparadas-processadas-congeladas', 475, 0, 'c', '', '13/470/474', 'pt'),
('frutas-preparadas-processadas-pereciveis', 476, 0, 'c', '', '13/470/474', 'pt'),
('frutas-preparadas-processadas-nao-pereciveis', 477, 0, 'c', '', '13/470/474', 'pt'),
('legumes-preparados-processados', 478, 0, 'c', '', '13/470', 'pt'),
('legumes-preparados-processados-congelado', 479, 0, 'c', '', '13/470/478', 'pt'),
('legumes-preparados-processados-nao-pereciveis', 480, 0, 'c', '', '13/470/478', 'pt'),
('legumes-preparados-processados-pereciveis', 481, 0, 'c', '', '13/470/478', 'pt'),
('nozes-sementes-preparadas-processadas', 482, 0, 'c', '', '13/470', 'pt'),
('nozes-sementes-preparados-processados-descascados', 483, 0, 'c', '', '13/470/482', 'pt'),
('nozes-sementes-preparados-processados-pereciveis', 484, 0, 'c', '', '13/470/482', 'pt'),
('pacotes-de-variedades-para-frutas-legumes-nozes-sementes', 485, 0, 'c', '', '13/470', 'pt'),
('frutos-do-mar-e-substitutos-de-frutos-do-mar', 486, 0, 'c', '', '13', 'pt'),
('caviar-imitacao', 487, 0, 'c', '', '13/486', 'pt'),
('combinacao-de-frutos-do-mar-mariscos-peixes-invertebrados-aquaticos', 490, 0, 'c', '', '13/486', 'pt'),
('invertebrados-aquaticos-nao-preparados-nao-processados', 497, 0, 'c', '', '13/486', 'pt'),
('invertebrados-aquaticos-nao-preparados-nao-processados-congelados', 498, 0, 'c', '', '13/486/497', 'pt'),
('invertebrados-aquaticos-nao-preparados-nao-processados-nao-pereciveis', 499, 0, 'c', '', '13/486/497', 'pt'),
('invertebrados-aquaticos-nao-preparados-nao-processados-pereciveis', 500, 0, 'c', '', '13/486/497', 'pt'),
('invertebrados-aquaticos-preparados-processados', 501, 0, 'c', '', '13/486', 'pt'),
('mariscos-nao-preparados-nao-processados', 505, 0, 'c', '', '13/486', 'pt'),
('legumes-nao-preparados-nao-processados-congelados', 530, 0, 'c', '', '13', 'pt'),
('legumes-nao-preparados-nao-processados-congelados', 531, 0, 'c', '', '13/530', 'pt'),
('animais-vivos', 1055, 0, 'c', '', '', 'pt'),
('invertebrados', 1056, 0, 'c', '', '1055', 'pt'),
('vertebrados', 1057, 0, 'c', '', '1055', 'pt'),
('artes-artesanato-bordado', 1058, 0, 'c', '', '', 'pt'),
('kit-de-variedades-de-artes-artesanatos', 1059, 0, 'c', '', '1058', 'pt'),
('suprimentos-de-aerografos', 1060, 0, 'c', '', '1058', 'pt'),
('suprimentos-de-artesanato-em-queima-gravacao-em-madeira', 1061, 0, 'c', '', '1058', 'pt'),
('suprimentos-de-desenhos-pinturas-artisticas', 1062, 0, 'c', '', '1058', 'pt'),
('suprimentos-de-tecelagem-fiacao-artesanal', 1063, 0, 'c', '', '1058', 'pt'),
('suprimentos-para-artesanato-em-cestaria', 1064, 0, 'c', '', '1058', 'pt'),
('suprimentos-para-artesanato-em-joalheria', 1065, 0, 'c', '', '1058', 'pt'),
('suprimentos-para-artesanato-em-papel-cartao', 1066, 0, 'c', '', '1058', 'pt'),
('suprimentos-para-artesanato-em-tipografia-impressao', 1067, 0, 'c', '', '1058', 'pt'),
('suprimentos-para-artesanato-em-vidro-esmaltagem-marchetaria', 1068, 0, 'c', '', '1058', 'pt'),
('suprimentos-para-brinquedos-artesanais-bordado', 1069, 0, 'c', '', '1058', 'pt'),
('suprimentos-para-escultores-ceramica', 1070, 0, 'c', '', '1058', 'pt'),
('artigos-de-gramado-jardinagem', 1072, 0, 'c', '', '', 'pt'),
('alteracoes-para-gramado-solo-do-jardim-solo', 1073, 0, 'c', '', '1072', 'pt'),
('aparelhos-para-cozimento-aquecimento-para-gramados-jardins', 1074, 0, 'c', '', '1072', 'pt'),
('cercados-para-gramados-jardins', 1075, 0, 'c', '', '1072', 'pt'),
('eliminacao-de-residuos-do-gramado-jardim', 1076, 0, 'c', '', '1072', 'pt'),
('equipamento-para-teste-diagnostico-de-gramado-jardim', 1077, 0, 'c', '', '1072', 'pt'),
('equipamentos-e-ferramentas-de-gramado-jardinagem', 1078, 0, 'c', '', '1072', 'pt'),
('equipamentos-para-rega-de-gramados-jardins', 1079, 0, 'c', '', '1072', 'pt'),
('estruturas-exteriores-para-gramados-jardins', 1080, 0, 'c', '', '1072', 'pt'),
('gramado-jardim-floral-acessorios-para-plantas', 1081, 0, 'c', '', '1072', 'pt'),
('gramado-telhas-de-jardim', 1082, 0, 'c', '', '1072', 'pt'),
('iluminacao-de-gramado-jardim', 1083, 0, 'c', '', '1072', 'pt'),
('moveis-mobiliario-de-jardim-gramado', 1084, 0, 'c', '', '1072', 'pt'),
('artigos-de-papelaria-equipamentos-para-escritorio-suprimentos-de-ocasiao', 1089, 0, 'c', '', '', 'pt'),
('materiais-para-cartoes-de-visita-embalagem-para-presente-ocasioes', 1090, 0, 'c', '', '1089', 'pt'),
('acessorios-embalagem-para-presente', 1091, 0, 'c', '', '1089/1090', 'pt'),
('acessorios-para-embalagem-de-presente', 1092, 0, 'c', '', '1089/1090/1091', 'pt'),
('embalagem-para-presente', 1093, 0, 'c', '', '1089/1090/1091', 'pt'),
('outros-acessorios-embalagem-para-presente', 1094, 0, 'c', '', '1089/1090/1091', 'pt'),
('pacotes-de-variedades-para-acessorios-embalagem-para-presente', 1095, 0, 'c', '', '1089/1090/1091', 'pt'),
('cartoes-comemorativos-convites', 1096, 0, 'c', '', '1089/1090', 'pt'),
('blocos-de-anotacoes-convites', 1097, 0, 'c', '', '1089/1090/1096', 'pt'),
('cartoes-comemorativos-convites', 1098, 0, 'c', '', '1089/1090/1096', 'pt'),
('cartoes-postais', 1099, 0, 'c', '', '1089/1090/1096', 'pt'),
('envelope-para-cartao', 1100, 0, 'c', '', '1089/1090/1096', 'pt'),
('outros-cartoes-comemorativos-convites', 1101, 0, 'c', '', '1089/1090/1096', 'pt'),
('pacotes-de-variedades-para-cartoes-comemorativos-convites', 1102, 0, 'c', '', '1089/1090/1096', 'pt'),
('suportes-para-visualizacao-de-cartao-comemorativo', 1103, 0, 'c', '', '1089/1090/1096', 'pt'),
('materiais-de-ocasiao', 1104, 0, 'c', '', '1089/1090', 'pt'),
('bexigas', 1105, 0, 'c', '', '1089/1090/1104', 'pt'),
('chapeus-de-festa', 1106, 0, 'c', '', '1089/1090/1104', 'pt'),
('confete', 1107, 0, 'c', '', '1089/1090/1104', 'pt'),
('fogos-de-artificio', 1108, 0, 'c', '', '1089/1090/1104', 'pt'),
('lanca-confete', 1109, 0, 'c', '', '1089/1090/1104', 'pt'),
('lanca-serpentina', 1110, 0, 'c', '', '1089/1090/1104', 'pt'),
('lingua-de-sogra', 1111, 0, 'c', '', '1089/1090/1104', 'pt'),
('outros-materiais-para-ocasiao', 1112, 0, 'c', '', '1089/1090/1104', 'pt'),
('pacotes-de-variedades-para-materiais-de-ocasiao', 1113, 0, 'c', '', '1089/1090/1104', 'pt'),
('pinhatas', 1114, 0, 'c', '', '1089/1090/1104', 'pt'),
('serpentina-cadeias-de-papel', 1115, 0, 'c', '', '1089/1090/1104', 'pt'),
('pacotes-de-variedades-de-materiais-para-cartoes-de-visita-embalagem-para-presente-ocasioes', 1116, 0, 'c', '', '1089/1090', 'pt'),
('pacotes-de-variedades-para-artigos-de-papelaria-equipamentos-para-escritorio-suprimentos-de-ocasiao', 1117, 0, 'c', '', '1089', 'pt'),
('pacotes-de-variedades-para-artigos-de-papelaria-equipamentos-para-escritorio-suprimentos-de-ocasiao', 1118, 0, 'c', '', '1089/1117', 'pt'),
('papelaria-maquinas-de-escritorio', 1119, 0, 'c', '', '1089', 'pt'),
('acessorios-recursos-equipamentos-para-embalagem-postagem', 1120, 0, 'c', '', '1089/1119', 'pt'),
('abridores-de-carta-eletricos', 1121, 0, 'c', '', '1089/1119/1120', 'pt'),
('abridores-de-cartas-nao-eletricos', 1122, 0, 'c', '', '1089/1119/1120', 'pt'),
('acessorios-para-postagem-embalagem', 1123, 0, 'c', '', '1089/1119/1120', 'pt'),
('balancas-postais-eletricas', 1124, 0, 'c', '', '1089/1119/1120', 'pt'),
('balancas-postais-nao-eletricas', 1125, 0, 'c', '', '1089/1119/1120', 'pt'),
('embalagem-postal', 1126, 0, 'c', '', '1089/1119/1120', 'pt'),
('envelopes-mala-direta', 1127, 0, 'c', '', '1089/1119/1120', 'pt'),
('equipamento-para-carimbo-nao-eletrico', 1128, 0, 'c', '', '1089/1119/1120', 'pt'),
('maquinas-de-franquear', 1129, 0, 'c', '', '1089/1119/1120', 'pt'),
('maquinas-para-etiquetagem-postal', 1130, 0, 'c', '', '1089/1119/1120', 'pt'),
('outros-acessorios-recursos-equipamentos-para-postagem-embalagem', 1131, 0, 'c', '', '1089/1119/1120', 'pt'),
('pacotes-de-variedades-recursos-equipamentos-para-postagem-embalagem', 1132, 0, 'c', '', '1089/1119/1120', 'pt'),
('seladoras-insersoras-pastas-para-cartas', 1133, 0, 'c', '', '1089/1119/1120', 'pt'),
('selos-postais', 1134, 0, 'c', '', '1089/1119/1120', 'pt'),
('tubos-caixas-postais', 1135, 0, 'c', '', '1089/1119/1120', 'pt'),
('artigos-de-papelaria-como-adesivos-ficharios-grampos', 1136, 0, 'c', '', '1089/1119', 'pt'),
('acessorios-para-encadernacao', 1137, 0, 'c', '', '1089/1119/1136', 'pt'),
('artigos-de-papelaria-grampeadores-eletricos', 1138, 0, 'c', '', '1089/1119/1136', 'pt'),
('artigos-de-papelaria-grampeadores-nao-eletricos', 1139, 0, 'c', '', '1089/1119/1136', 'pt'),
('artigos-de-papelaria-grampos', 1140, 0, 'c', '', '1089/1119/1136', 'pt'),
('artigos-de-papelaria-removedores-de-grampo', 1141, 0, 'c', '', '1089/1119/1136', 'pt'),
('artigos-de-papelaria-como-fitas-adesivas', 1142, 0, 'c', '', '1089/1119/1136', 'pt'),
('cola-adesiva-removedores-de-cola', 1143, 0, 'c', '', '1089/1119/1136', 'pt'),
('colas-de-papelaria', 1144, 0, 'c', '', '1089/1119/1136', 'pt'),
('maquinas-de-encadernacao-eletricas', 1145, 0, 'c', '', '1089/1119/1136', 'pt'),
('maquinas-de-encadernacao-nao-eletricas', 1146, 0, 'c', '', '1089/1119/1136', 'pt'),
('outros-artigos-de-papelaria-como-adesivos-ficharios-grampos', 1147, 0, 'c', '', '1089/1119/1136', 'pt'),
('pacotes-de-variedades-para-artigos-de-papelaria-como-adesivos-ficharios-grampos', 1148, 0, 'c', '', '1089/1119/1136', 'pt'),
('artigos-de-papelaria-como-cortadores-aparadores', 1149, 0, 'c', '', '1089/1119', 'pt'),
('fragmentadoras-de-papel-eletricas', 1150, 0, 'c', '', '1089/1119/1149', 'pt'),
('fragmentadoras-de-papel-nao-eletricas', 1151, 0, 'c', '', '1089/1119/1149', 'pt'),
('outros-artigos-de-papelaria-como-cortadores-aparadores', 1152, 0, 'c', '', '1089/1119/1149', 'pt'),
('pacotes-de-variedades-para-artigos-de-papelaria-cortadores-aparadores', 1153, 0, 'c', '', '1089/1119/1149', 'pt'),
('perfuradores-de-papel-eletricos', 1154, 0, 'c', '', '1089/1119/1149', 'pt'),
('perfuradores-de-papel-nao-eletricas', 1155, 0, 'c', '', '1089/1119/1149', 'pt'),
('picotadoras-de-papel', 1156, 0, 'c', '', '1089/1119/1149', 'pt'),
('tesouras-artigos-de-papelaria', 1157, 0, 'c', '', '1089/1119/1149', 'pt'),
('artigos-de-papelaria-para-armazenamento-arquivamento', 1158, 0, 'c', '', '1089/1119', 'pt'),
('acessorios-para-mesa-armazenamento-de-itens-de-papelaria', 1159, 0, 'c', '', '1089/1119/1158', 'pt'),
('acessorios-pecas-de-reposicao-artigos-de-papelaria-para-armazenar-arquivar', 1160, 0, 'c', '', '1089/1119/1158', 'pt'),
('artigos-de-papelaria-para-arquivos-pastas-carteiras', 1161, 0, 'c', '', '1089/1119/1158', 'pt'),
('caixas-registradoras', 1162, 0, 'c', '', '1089/1119/1158', 'pt'),
('capas-de-livros', 1163, 0, 'c', '', '1089/1119/1158', 'pt'),
('estojos-para-lapis-canetas', 1164, 0, 'c', '', '1089/1119/1158', 'pt'),
('outros-artigos-de-papelaria-para-armazenamento-arquivamento', 1165, 0, 'c', '', '1089/1119/1158', 'pt'),
('pacotes-de-variedades-para-artigos-de-papelaria-para-armazenar-arquivar', 1166, 0, 'c', '', '1089/1119/1158', 'pt'),
('artigos-de-papelaria-para-papel-cartao-filme', 1167, 0, 'c', '', '1089/1119', 'pt'),
('artigos-de-papelaria-e-outros-como-papel-cartao-filme', 1168, 0, 'c', '', '1089/1119/1167', 'pt'),
('etiquetas-cupons-rotulos', 1169, 0, 'c', '', '1089/1119/1167', 'pt'),
('formularios-comerciais-papel-pre-impressos', 1170, 0, 'c', '', '1089/1119/1167', 'pt'),
('livros-de-exercicios', 1171, 0, 'c', '', '1089/1119/1167', 'pt'),
('pacotes-de-variedades-para-papel-cartao-filme-para-artigos-de-papelaria.', 1172, 0, 'c', '', '1089/1119/1167', 'pt'),
('papel-cartao-nao-impresso', 1173, 0, 'c', '', '1089/1119/1167', 'pt'),
('transparencias', 1174, 0, 'c', '', '1089/1119/1167', 'pt'),
('audiovisual-fotografia', 1223, 0, 'c', '', '', 'pt'),
('equipamento-de-audiovisual', 1224, 0, 'c', '', '1223', 'pt'),
('acessorios-audiovisuais', 1225, 0, 'c', '', '1223/1224', 'pt'),
('audio-video-portatil', 1247, 0, 'c', '', '1223/1224', 'pt'),
('equipamentos-de-audio-para-casa', 1264, 0, 'c', '', '1223/1224', 'pt'),
('pacotes-de-variedades-para-equipamento-audiovisual', 1283, 0, 'c', '', '1223/1224', 'pt'),
('recebimento-instalacao-de-video', 1284, 0, 'c', '', '1223/1224', 'pt'),
('fotografia-otica', 1310, 0, 'c', '', '1223', 'pt'),
('arte-fotografica', 1311, 0, 'c', '', '1223/1310', 'pt'),
('equipamento-de-impressao-fotografica-quarto-escuro', 1331, 0, 'c', '', '1223/1310', 'pt'),
('otica', 1341, 0, 'c', '', '1223/1310', 'pt'),
('pacotes-de-variedades-para-arte-fotografica-otica', 1349, 0, 'c', '', '1223/1310', 'pt'),
('midia-audiovisual', 1350, 0, 'c', '', '1223', 'pt'),
('conteudo-das-midias-digitais-ou-pre-gravada', 1351, 0, 'c', '', '1223/1350', 'pt'),
('midia-gravavel', 1367, 0, 'c', '', '1223/1350', 'pt'),
('pacotes-de-variedades-de-fotografia-audiovisual', 1377, 0, 'c', '', '1223', 'pt'),
('pacotes-de-variedades-de-fotografia-audiovisual', 1378, 0, 'c', '', '1223/1377', 'pt'),
('produtos-eletronicos-para-carro', 1379, 0, 'c', '', '1223', 'pt'),
('audio-para-carro', 1380, 0, 'c', '', '1223/1379', 'pt'),
('navegacao-video-do-carro', 1393, 0, 'c', '', '1223/1379', 'pt'),
('pacotes-de-variedades-para-produtos-eletronicos-no-carro', 1405, 0, 'c', '', '1223/1379', 'pt'),
('beleza-cuidados-pessoais-higiene', 1406, 0, 'c', '', '', 'pt'),
('cosmeticos-fragrancias', 1407, 0, 'c', '', '1406', 'pt'),
('aromaterapia', 1408, 0, 'c', '', '1406/1407', 'pt'),
('fragrancias', 1416, 0, 'c', '', '1406/1407', 'pt'),
('pacotes-de-variedades-de-cosmeticos-fragrancias', 1423, 0, 'c', '', '1406/1407', 'pt'),
('produtos-cosmeticos', 1425, 0, 'c', '', '1406/1407', 'pt'),
('produtos-cosmeticos-para-cuidados-com-a-unha', 1439, 0, 'c', '', '1406/1407', 'pt'),
('intimidade-pessoal', 1451, 0, 'c', '', '1406', 'pt'),
('acessorios-de-penetracao-eletrico', 1452, 0, 'c', '', '1406/1451', 'pt'),
('acessorios-de-penetracao-nao-eletrico', 1453, 0, 'c', '', '1406/1451', 'pt'),
('dispositivos-de-succao-eletrico', 1454, 0, 'c', '', '1406/1451', 'pt'),
('dispositivos-de-succao-nao-eletrico', 1455, 0, 'c', '', '1406/1451', 'pt'),
('pacotes-de-variedades-para-higiene-cuidados-pessoais-beleza', 1456, 0, 'c', '', '1406', 'pt'),
('pacotes-de-variedades-para-higiene-cuidados-pessoais-beleza', 1457, 0, 'c', '', '1406/1456', 'pt'),
('produtos-capilares', 1458, 0, 'c', '', '1406', 'pt'),
('pacotes-de-variedades-para-produtos-capilares', 1459, 0, 'c', '', '1406/1458', 'pt'),
('produtos-para-cuidados-com-o-cabelo', 1460, 0, 'c', '', '1406/1458', 'pt'),
('produtos-para-remocao-de-pelos', 1476, 0, 'c', '', '1406/1458', 'pt'),
('produtos-para-higiene-pessoal', 1491, 0, 'c', '', '1406', 'pt'),
('bebe', 1492, 0, 'c', '', '1406/1491', 'pt'),
('higiene-bucal', 1499, 0, 'c', '', '1406/1491', 'pt'),
('higiene-feminina-enfermagem', 1511, 0, 'c', '', '1406/1491', 'pt'),
('higiene-pessoal-geral', 1520, 0, 'c', '', '1406/1491', 'pt'),
('incontinencia-adulta', 1528, 0, 'c', '', '1406/1491', 'pt'),
('produtos-para-o-corpo', 1537, 0, 'c', '', '1406', 'pt'),
('massageador-de-banho-tonificante', 1538, 0, 'c', '', '1406/1537', 'pt'),
('massagem-aquecimento-pessoal-eletrico', 1539, 0, 'c', '', '1406/1537', 'pt'),
('massagem-aquecimento-pessoal-nao-eletrico', 1540, 0, 'c', '', '1406/1537', 'pt'),
('outros-tonificantes-massagens-corporais', 1541, 0, 'c', '', '1406/1537', 'pt'),
('pacotes-de-variedades-para-tonificacao-massagem-corporal', 1542, 0, 'c', '', '1406/1537', 'pt'),
('produtos-para-pele', 1545, 0, 'c', '', '1406', 'pt'),
('banho', 1546, 0, 'c', '', '1406/1545', 'pt'),
('cuidados-com-a-pele', 1553, 0, 'c', '', '1406/1545', 'pt'),
('pacotes-de-variedades-de-produtos-para-a-pele', 1569, 0, 'c', '', '1406/1545', 'pt'),
('produtos-para-bronzeamento', 1570, 0, 'c', '', '1406/1545', 'pt'),
('brinquedos-jogos', 1579, 0, 'c', '', '', 'pt'),
('brinquedos-jogos', 1580, 0, 'c', '', '1579', 'pt'),
('acessorios-trajes-a-fantasia', 1581, 0, 'c', '', '1579/1580', 'pt'),
('bonecas-marionetes-bonecos-de-personagens-de-aventura-bichos-de-pelucia', 1587, 0, 'c', '', '1579/1580', 'pt'),
('bonecas-marionetes-bonecos-de-personagens-de-aventura-bichos-de-pelucia-pt', 1594, 0, 'c', '', '1579/1580', 'pt'),
('brinquedos-passeio', 1605, 0, 'c', '', '1579/1580', 'pt'),
('brinquedos-jogos-outros', 1610, 0, 'c', '', '1579/1580', 'pt'),
('produtos-de-jogo-fornecidos-por-servicos', 1670, 0, 'c', '', '1579', 'pt'),
('cartoes-de-raspadinha-e-loteria', 1671, 0, 'c', '', '1579/1670', 'pt'),
('calcados', 1672, 0, 'c', '', '', 'pt'),
('acessorios-para-calcados', 1673, 0, 'c', '', '1672', 'pt'),
('calcados-de-seguranca-e-de-protecao', 1674, 0, 'c', '', '1672', 'pt'),
('calcados-de-uso-geral', 1675, 0, 'c', '', '1672', 'pt'),
('calcados-esportivos', 1676, 0, 'c', '', '1672', 'pt'),
('calcados-para-usar-em-interiores', 1677, 0, 'c', '', '1672', 'pt'),
('combustiveis-gases', 1678, 0, 'c', '', '', 'pt'),
('armazenamento-transferencia-de-combustivel', 1679, 0, 'c', '', '1678', 'pt'),
('armazenamento-de-combustivel', 1680, 0, 'c', '', '1678/1679', 'pt'),
('bombas-de-combustivel', 1683, 0, 'c', '', '1678/1679', 'pt'),
('combustiveis-aditivos', 1686, 0, 'c', '', '1678', 'pt'),
('aditivos-para-combustiveis', 1687, 0, 'c', '', '1678/1686', 'pt'),
('combustiveis-auxiliares-de-ignicao', 1689, 0, 'c', '', '1678/1686', 'pt'),
('combustiveis-pacotes-de-variedades-para-combustivel', 1698, 0, 'c', '', '1678/1686', 'pt'),
('gases-nao-usados-como-combustivel', 1699, 0, 'c', '', '1678', 'pt'),
('gas-dioxido-de-carbono', 1700, 0, 'c', '', '1678/1699', 'pt'),
('gas-helio', 1701, 0, 'c', '', '1678/1699', 'pt'),
('gas-nitrogenio', 1702, 0, 'c', '', '1678/1699', 'pt'),
('gas-oxido-nitrico', 1703, 0, 'c', '', '1678/1699', 'pt'),
('gases-tecnicos-outros', 1704, 0, 'c', '', '1678/1699', 'pt'),
('comunicacoes', 1705, 0, 'c', '', '', 'pt'),
('acessorios-de-comunicacao', 1706, 0, 'c', '', '1705', 'pt'),
('dispositivos-servicos-de-comunicacao-movel', 1707, 0, 'c', '', '1705', 'pt'),
('dispositivos-para-comunicacao-fixa', 1708, 0, 'c', '', '1705', 'pt'),
('pacotes-de-variedades-para-comunicacao', 1709, 0, 'c', '', '1705', 'pt'),
('sinalizacao', 1710, 0, 'c', '', '1705', 'pt'),
('cuidados-alimentacao-para-animais-de-estimacao', 1711, 0, 'c', '', '', 'pt'),
('cuidados-para-animais-de-estimacao', 1712, 0, 'c', '', '1711', 'pt'),
('acessorios-para-animais-de-estimacao', 1713, 0, 'c', '', '1711/1712', 'pt'),
('accessorios-para-terrario-nao-eletrico', 1714, 0, 'c', '', '1711/1712/1713', 'pt'),
('acessorios-recursos-para-controle-adestramento-para-animais-eletricos', 1715, 0, 'c', '', '1711/1712/1713', 'pt'),
('acessorios-recursos-para-aquarios-nao-eletricos', 1716, 0, 'c', '', '1711/1712/1713', 'pt'),
('acessorios-recursos-para-controle-adestramento-de-animais-nao-eletricos', 1717, 0, 'c', '', '1711/1712/1713', 'pt'),
('aquario-viveiro', 1718, 0, 'c', '', '1711/1712/1713', 'pt'),
('brinquedos-para-animais-de-estimacao-eletricos', 1719, 0, 'c', '', '1711/1712/1713', 'pt'),
('brinquedos-para-animais-de-estimacao-nao-eletricos', 1720, 0, 'c', '', '1711/1712/1713', 'pt'),
('cama-casa-para-animais-de-estimacao-descartaveis', 1721, 0, 'c', '', '1711/1712/1713', 'pt'),
('casa-cama-para-animais-de-estimacao-nao-descartaveis', 1722, 0, 'c', '', '1711/1712/1713', 'pt'),
('comedouro-bebedouro-para-animais-de-estimacao-eletricos', 1723, 0, 'c', '', '1711/1712/1713', 'pt'),
('outros-acessorios-para-animais-de-estimacao', 1724, 0, 'c', '', '1711/1712/1713', 'pt'),
('pacotes-de-variedades-de-acessorios-para-animais-de-estimacao', 1725, 0, 'c', '', '1711/1712/1713', 'pt'),
('roupas-para-animais-de-estimacao', 1726, 0, 'c', '', '1711/1712/1713', 'pt'),
('higiene-e-bem-estar-dos-animais-de-estimacao', 1727, 0, 'c', '', '1711/1712', 'pt'),
('outros-produtos-para-higiene-bem-estar-dos-animais', 1728, 0, 'c', '', '1711/1712/1727', 'pt'),
('pacotes-de-variedades-para-higiene-bem-estar-do-animal-de-estimacao', 1729, 0, 'c', '', '1711/1712/1727', 'pt'),
('protecao-sanitaria-higiene-dos-animais-de-estimacao', 1730, 0, 'c', '', '1711/1712/1727', 'pt'),
('recursos-para-higiene-dos-animais-de-estimacao', 1731, 0, 'c', '', '1711/1712/1727', 'pt'),
('pacotes-de-variedades-para-cuidados-com-os-animais-de-estimacao', 1732, 0, 'c', '', '1711/1712', 'pt'),
('suplementos-alimentares-remedios-para-animais-de-estimacao', 1733, 0, 'c', '', '1711/1712', 'pt'),
('outros-suplementos-nutricionais-para-animais-de-estimacao', 1734, 0, 'c', '', '1711/1712/1733', 'pt'),
('pacotes-de-suplementos-nutricionais-variados-para-animais-de-estimacao', 1735, 0, 'c', '', '1711/1712/1733', 'pt'),
('suplementos-alimentares-para-animais-de-estimacao', 1736, 0, 'c', '', '1711/1712/1733', 'pt'),
('tratamento-contra-parasitas-nos-animais-de-estimacao', 1737, 0, 'c', '', '1711/1712/1733', 'pt'),
('pacotes-de-variedades-para-racao-cuidados-com-os-animais-de-estimacao', 1738, 0, 'c', '', '1711', 'pt'),
('pacotes-de-variedades-para-racao-cuidados-com-os-animais-de-estimacao', 1739, 0, 'c', '', '1711/1738', 'pt'),
('racao-bebidas-para-animais-de-estimacao', 1740, 0, 'c', '', '1711', 'pt'),
('bebidas-para-animais-de-estimacao', 1741, 0, 'c', '', '1711/1740', 'pt'),
('bebidas-para-animais-de-estimacao-congeladas', 1742, 0, 'c', '', '1711/1740/1741', 'pt'),
('bebidas-para-animais-de-estimacao-nao-perecivel', 1743, 0, 'c', '', '1711/1740/1741', 'pt'),
('bebidas-para-animais-de-estimacao-pereciveis', 1744, 0, 'c', '', '1711/1740/1741', 'pt'),
('pacotes-de-variedades-para-racao-bebidas-para-animais-de-estimacao', 1745, 0, 'c', '', '1711/1740', 'pt'),
('racao', 1746, 0, 'c', '', '1711/1740', 'pt'),
('guloseimas-condimentos-para-animais-de-estimacao-produtos-comestiveis-complementares', 1747, 0, 'c', '', '1711/1740/1746', 'pt'),
('guloseimas-condimentos-para-animais-de-estimacao-produtos-comestiveis-complementares-congelado', 1748, 0, 'c', '', '1711/1740/1746', 'pt'),
('guloseimas-condimentos-para-animais-de-estimacao-produtos-comestiveis-complementares-pereciveis', 1749, 0, 'c', '', '1711/1740/1746', 'pt'),
('racao-congelada', 1750, 0, 'c', '', '1711/1740/1746', 'pt'),
('racao-nao-perecivel', 1751, 0, 'c', '', '1711/1740/1746', 'pt'),
('racao-perecivel', 1752, 0, 'c', '', '1711/1740/1746', 'pt'),
('culturas', 1753, 0, 'c', '', '', 'pt'),
('culturas-nao-destinadas-a-alimentos-ou-racoes-animais-e-peixes', 1754, 0, 'c', '', '1753', 'pt'),
('culturas-para-a-producao-de-fibras-naturais-e-resinas-fibras-cultivadas', 1755, 0, 'c', '', '1753/1754', 'pt'),
('arbustos-de-bambu-bambuseae', 1756, 0, 'c', '', '1753/1754/1755', 'pt'),
('arvores-kyenkyen-upas-antiaris-africana', 1757, 0, 'c', '', '1753/1754/1755', 'pt'),
('juteshrubs-corchorus', 1758, 0, 'c', '', '1753/1754/1755', 'pt'),
('linhaca-linum-usitatissimum', 1759, 0, 'c', '', '1753/1754/1755', 'pt'),
('linhaca-indiana-abroma-augustum', 1760, 0, 'c', '', '1753/1754/1755', 'pt'),
('outras-plantas-de-canhamo-agave-agave-letonae', 1761, 0, 'c', '', '1753/1754/1755', 'pt'),
('palmeiras-de-rafia-raphia-farinifera', 1762, 0, 'c', '', '1753/1754/1755', 'pt'),
('palmeiras-de-vime-calamus-rotang', 1763, 0, 'c', '', '1753/1754/1755', 'pt'),
('plantas-de-algodao-gossypium-hirsutum', 1764, 0, 'c', '', '1753/1754/1755', 'pt'),
('plantas-de-algodao-da-ilha-do-mar-gossypium-barbadense', 1765, 0, 'c', '', '1753/1754/1755', 'pt'),
('plantas-de-canhamo-cannabis-sativa', 1766, 0, 'c', '', '1753/1754/1755', 'pt'),
('plantas-de-canhamo-da-mauritania-furcraea-foetida', 1767, 0, 'c', '', '1753/1754/1755', 'pt'),
('plantas-de-canhamo-roselle-hibiscus-sabdariffa-var.-altissima', 1768, 0, 'c', '', '1753/1754/1755', 'pt'),
('plantas-de-fibra-de-aramina-musa-textilis', 1769, 0, 'c', '', '1753/1754/1755', 'pt'),
('plantas-de-juta-da-china-abutilon-avicennae', 1770, 0, 'c', '', '1753/1754/1755', 'pt'),
('plantas-de-juta-do-congo-urena-lobata', 1771, 0, 'c', '', '1753/1754/1755', 'pt'),
('plantas-de-pita-agave-americana', 1772, 0, 'c', '', '1753/1754/1755', 'pt'),
('plantas-de-rami-boehmeria-nivea', 1773, 0, 'c', '', '1753/1754/1755', 'pt'),
('plantas-de-urtiga-urtica-dioica', 1774, 0, 'c', '', '1753/1754/1755', 'pt');
INSERT INTO `partiushop_seo_names` (`name`, `object_id`, `company_id`, `type`, `dispatch`, `path`, `lang_code`) VALUES
('plantas-henequen-agave-fourcroydes', 1775, 0, 'c', '', '1753/1754/1755', 'pt'),
('plantas-kenaf-hibiscus-cannabinus', 1776, 0, 'c', '', '1753/1754/1755', 'pt'),
('plantas-maguey-agave-cantala', 1777, 0, 'c', '', '1753/1754/1755', 'pt'),
('plantas-simples-ou-tampico-agave-lecheguilla', 1778, 0, 'c', '', '1753/1754/1755', 'pt'),
('sisalplants-agave-sisalane', 1779, 0, 'c', '', '1753/1754/1755', 'pt'),
('sumauma-ceiba-pentandra', 1780, 0, 'c', '', '1753/1754/1755', 'pt'),
('culturas-para-producao-de-latex-culturas-de-latex', 1781, 0, 'c', '', '1753/1754', 'pt'),
('arvores-de-guta-percha-palaquium-sp.', 1782, 0, 'c', '', '1753/1754/1781', 'pt'),
('plantas-asafoetida-ferula-assa-foetida', 1783, 0, 'c', '', '1753/1754/1781', 'pt'),
('plantas-de-guayule-parthenium-argentatum', 1784, 0, 'c', '', '1753/1754/1781', 'pt'),
('plantas-leao-russas-taraxacum-kok-saghyz', 1785, 0, 'c', '', '1753/1754/1781', 'pt'),
('seringueira-hevea-brasiliensis', 1786, 0, 'c', '', '1753/1754/1781', 'pt'),
('culturas-para-producao-de-pigmentos-resinas-e-ceras-naturais', 1787, 0, 'c', '', '1753/1754', 'pt'),
('arbustos-de-aroeira-pistacia-lentiscus', 1788, 0, 'c', '', '1753/1754/1787', 'pt'),
('arbustos-de-vassoura-de-tintureiros-genista-tinctoria', 1789, 0, 'c', '', '1753/1754/1787', 'pt'),
('arvore-palmeiras-de-cera-ceroxylon-quindiuense', 1790, 0, 'c', '', '1753/1754/1787', 'pt'),
('arvore-senegal-rosewood-pterocarpus-erinaceus', 1791, 0, 'c', '', '1753/1754/1787', 'pt'),
('arvore-turpentine-pistacia-terebinthus', 1792, 0, 'c', '', '1753/1754/1787', 'pt'),
('arvores-balsam-fir-abies-balsamea', 1793, 0, 'c', '', '1753/1754/1787', 'pt'),
('arvores-de-agar-agar-aquilaria-malaccensis', 1794, 0, 'c', '', '1753/1754/1787', 'pt'),
('arvores-de-balsamo-do-peru-myroxylon-balsamum', 1795, 0, 'c', '', '1753/1754/1787', 'pt'),
('arvores-de-goma-arabica-acacia-senegal', 1796, 0, 'c', '', '1753/1754/1787', 'pt'),
('arvores-de-hena-lawsonia-inermis', 1797, 0, 'c', '', '1753/1754/1787', 'pt'),
('arvores-de-labdanum-cistus-ladanifer', 1798, 0, 'c', '', '1753/1754/1787', 'pt'),
('arvores-kamala-mallotus-philippensis', 1799, 0, 'c', '', '1753/1754/1787', 'pt'),
('arvores-olibanum-boswellia', 1800, 0, 'c', '', '1753/1754/1787', 'pt'),
('arvores-styrax-styrax-benzoin', 1801, 0, 'c', '', '1753/1754/1787', 'pt'),
('betula-africana-anogeissus-leiocarpa', 1802, 0, 'c', '', '1753/1754/1787', 'pt'),
('calendula-mexicana-tagetes-erecta', 1803, 0, 'c', '', '1753/1754/1787', 'pt'),
('plantas-galbanum-ferula-gummosa', 1804, 0, 'c', '', '1753/1754/1787', 'pt'),
('plantas-indigo-indigofera-tinctoria', 1805, 0, 'c', '', '1753/1754/1787', 'pt'),
('plantas-mais-maduras-rubia-tinctorum', 1806, 0, 'c', '', '1753/1754/1787', 'pt'),
('tara-caesalpinia-spinosa', 1807, 0, 'c', '', '1753/1754/1787', 'pt'),
('plantas-nao-toxicas-para-medicamentos-e-oleos-essenciais', 1808, 0, 'c', '', '1753/1754', 'pt'),
('adonis-da-primavera-adonis-vernalis', 1809, 0, 'c', '', '1753/1754/1808', 'pt'),
('amio-maior-ammi', 1810, 0, 'c', '', '1753/1754/1808', 'pt'),
('arnica-arnica-montana', 1811, 0, 'c', '', '1753/1754/1808', 'pt'),
('arruda-siria-peganum-harmala', 1812, 0, 'c', '', '1753/1754/1808', 'pt'),
('artemisia-artemisia-annua', 1813, 0, 'c', '', '1753/1754/1808', 'pt'),
('artemisia-africana-artemisia-afra', 1814, 0, 'c', '', '1753/1754/1808', 'pt'),
('artemisia-comum-artemisia-arborescens', 1815, 0, 'c', '', '1753/1754/1808', 'pt'),
('asaro-asarum-europaeum', 1816, 0, 'c', '', '1753/1754/1808', 'pt'),
('balsamita-tanacetum-balsamita', 1817, 0, 'c', '', '1753/1754/1808', 'pt'),
('batata-de-purga-ipomoea-purga', 1818, 0, 'c', '', '1753/1754/1808', 'pt'),
('boronia-boronia', 1819, 0, 'c', '', '1753/1754/1808', 'pt'),
('brionia-branca-bryonia-alba', 1820, 0, 'c', '', '1753/1754/1808', 'pt'),
('buchu-agathosma', 1821, 0, 'c', '', '1753/1754/1808', 'pt'),
('cabreuva-myrocarpus-frondosus', 1822, 0, 'c', '', '1753/1754/1808', 'pt'),
('calaminta-clinopodium-nepeta', 1823, 0, 'c', '', '1753/1754/1808', 'pt'),
('camedrio-teucrium-chamaedrys', 1824, 0, 'c', '', '1753/1754/1808', 'pt'),
('camomila-romana-chamaemelum-nobile', 1825, 0, 'c', '', '1753/1754/1808', 'pt'),
('canforeira-cinnamomum-camphora', 1826, 0, 'c', '', '1753/1754/1808', 'pt'),
('capim-vetiver-chrysopogon-zizanioides', 1827, 0, 'c', '', '1753/1754/1808', 'pt'),
('cassia-imperial-cassia-sieberiana', 1828, 0, 'c', '', '1753/1754/1808', 'pt'),
('cedro-vermelho-juniperus-virginiana', 1829, 0, 'c', '', '1753/1754/1808', 'pt'),
('chocho-lupinus-mutabilis', 1830, 0, 'c', '', '1753/1754/1808', 'pt'),
('coca-erythroxylum-coca', 1831, 0, 'c', '', '1753/1754/1808', 'pt'),
('copaiba-copaifera-langsdorffii', 1832, 0, 'c', '', '1753/1754/1808', 'pt'),
('croton-croton-tiglium', 1833, 0, 'c', '', '1753/1754/1808', 'pt'),
('dictamo-branco-dictamnus-albus', 1834, 0, 'c', '', '1753/1754/1808', 'pt'),
('erva-curry-helichrysum-italicum', 1835, 0, 'c', '', '1753/1754/1808', 'pt'),
('erva-de-santa-maria-dysphania-ambrosioides', 1836, 0, 'c', '', '1753/1754/1808', 'pt'),
('erva-de-sao-joao-hypericum-perforatum', 1837, 0, 'c', '', '1753/1754/1808', 'pt'),
('ervilhaca-de-leite-astragalus', 1838, 0, 'c', '', '1753/1754/1808', 'pt'),
('escamonea-asiatica-convolvulus-scammonia', 1839, 0, 'c', '', '1753/1754/1808', 'pt'),
('eucalipto-eucalyptus-sp.', 1840, 0, 'c', '', '1753/1754/1808', 'pt'),
('folha-de-baunilha-achlys-triphylla', 1841, 0, 'c', '', '1753/1754/1808', 'pt'),
('ginkgo-biloba-ginkgo-biloba', 1842, 0, 'c', '', '1753/1754/1808', 'pt'),
('iberis-iberis', 1843, 0, 'c', '', '1753/1754/1808', 'pt'),
('ilangue-ilangue-cananga-odorata', 1844, 0, 'c', '', '1753/1754/1808', 'pt'),
('ipeca-carapichea-ipecacuanha', 1845, 0, 'c', '', '1753/1754/1808', 'pt'),
('iuca-yucca', 1846, 0, 'c', '', '1753/1754/1808', 'pt'),
('jambu-acmella-oleracea', 1847, 0, 'c', '', '1753/1754/1808', 'pt'),
('jojoba-simmondsia-chinensis', 1848, 0, 'c', '', '1753/1754/1808', 'pt'),
('kosso-pterocarpus-erinaceus', 1849, 0, 'c', '', '1753/1754/1808', 'pt'),
('kunzea-kunzea', 1850, 0, 'c', '', '1753/1754/1808', 'pt'),
('lavanda-inglesa-lavandula-angustifolia', 1851, 0, 'c', '', '1753/1754/1808', 'pt'),
('liquen-de-usnea-usnea', 1852, 0, 'c', '', '1753/1754/1808', 'pt'),
('litsea-cubeba-litsea-cubeba', 1853, 0, 'c', '', '1753/1754/1808', 'pt'),
('madorneira-artemisia-maritima', 1854, 0, 'c', '', '1753/1754/1808', 'pt'),
('mamona-ricinus-communis', 1855, 0, 'c', '', '1753/1754/1808', 'pt'),
('marroio-de-agua-lycopus-europaeus', 1856, 0, 'c', '', '1753/1754/1808', 'pt'),
('melaleuca-melaleuca-sp.', 1857, 0, 'c', '', '1753/1754/1808', 'pt'),
('melancieira-citrullus-colocynthis', 1858, 0, 'c', '', '1753/1754/1808', 'pt'),
('mil-folhas-achillea-millefolium', 1859, 0, 'c', '', '1753/1754/1808', 'pt'),
('musgo-de-carvalho-evernia-prunastri', 1860, 0, 'c', '', '1753/1754/1808', 'pt'),
('nardo-nardostachys-jatamansi', 1861, 0, 'c', '', '1753/1754/1808', 'pt'),
('palo-santo-bulnesia-sarmientoi', 1862, 0, 'c', '', '1753/1754/1808', 'pt'),
('patchouli-pogostemon-cablin', 1863, 0, 'c', '', '1753/1754/1808', 'pt'),
('primula-oenothera-fruticosa', 1864, 0, 'c', '', '1753/1754/1808', 'pt'),
('psylium-plantago-ovata', 1865, 0, 'c', '', '1753/1754/1808', 'pt'),
('quina-cinchona', 1866, 0, 'c', '', '1753/1754/1808', 'pt'),
('rauvolfia-rauvolfia-serpentina', 1867, 0, 'c', '', '1753/1754/1808', 'pt'),
('ravensara-ravensara-aromatica', 1868, 0, 'c', '', '1753/1754/1808', 'pt'),
('rosa-damascena-rosa-damascena', 1869, 0, 'c', '', '1753/1754/1808', 'pt'),
('sabina-juniperus-sabina', 1870, 0, 'c', '', '1753/1754/1808', 'pt'),
('salsaparrilha-smilax', 1871, 0, 'c', '', '1753/1754/1808', 'pt'),
('samambaia-masculina-dryopteris-filix-mas', 1872, 0, 'c', '', '1753/1754/1808', 'pt'),
('santonica-artemisia-cina', 1873, 0, 'c', '', '1753/1754/1808', 'pt'),
('trombeterira-scopolia-carniolica', 1874, 0, 'c', '', '1753/1754/1808', 'pt'),
('tuia-vulgar-thuja-occidentalis', 1875, 0, 'c', '', '1753/1754/1808', 'pt'),
('udjong-atup-baeckea-frutescens', 1876, 0, 'c', '', '1753/1754/1808', 'pt'),
('valeriana-valeriana-officinalis', 1877, 0, 'c', '', '1753/1754/1808', 'pt'),
('vara-de-ouro-solidago', 1878, 0, 'c', '', '1753/1754/1808', 'pt'),
('verbena-verbena', 1879, 0, 'c', '', '1753/1754/1808', 'pt'),
('yohimbe-pausinystalia-johimbe', 1880, 0, 'c', '', '1753/1754/1808', 'pt'),
('plantas-toxicas-para-medicamentos', 1881, 0, 'c', '', '1753/1754', 'pt'),
('culturas-para-producao-de-alimentos', 1902, 0, 'c', '', '1753', 'pt'),
('caules-comestiveis', 1903, 0, 'c', '', '1753/1902', 'pt'),
('cogumelos-comestiveis', 1912, 0, 'c', '', '1753/1902', 'pt'),
('culturas-comestiveis-de-leguminosas', 1925, 0, 'c', '', '1753/1902', 'pt'),
('culturas-comestiveis-de-pomoideas', 1957, 0, 'c', '', '1753/1902', 'pt'),
('culturas-de-acucar', 1967, 0, 'c', '', '1753/1902', 'pt'),
('grama-e-outras-culturas-para-racao-animal-ou-para-melhoria-do-solo', 2499, 0, 'c', '', '1753', 'pt'),
('culturas-cruciferae', 2500, 0, 'c', '', '1753/2499', 'pt'),
('culturas-leguminosas', 2507, 0, 'c', '', '1753/2499', 'pt'),
('graminoides-gramineas', 2571, 0, 'c', '', '1753/2499', 'pt'),
('outras-culturas-de-alimento', 2643, 0, 'c', '', '1753/2499', 'pt'),
('eletrodomesticos-pt', 2658, 0, 'c', '', '', 'pt'),
('eletrodomesticos-pequenos', 2659, 0, 'c', '', '2658', 'pt'),
('aparelhos-para-cozimento-aquecimento', 2660, 0, 'c', '', '2658/2659', 'pt'),
('aparelhos-portateis-para-controle-do-ar', 2691, 0, 'c', '', '2658/2659', 'pt'),
('aparelhos-utensilios-de-limpeza', 2703, 0, 'c', '', '2658/2659', 'pt'),
('dispensadores-pequenos-de-agua', 2720, 0, 'c', '', '2658/2659', 'pt'),
('eletrodomesticos-pequenos-outros', 2723, 0, 'c', '', '2658/2659', 'pt'),
('principais-eletrodomesticos', 2771, 0, 'c', '', '2658', 'pt'),
('aparelhos-para-aquecimento', 2772, 0, 'c', '', '2658/2771', 'pt'),
('aparelhos-para-compactar-eliminar-residuos', 2777, 0, 'c', '', '2658/2771', 'pt'),
('eletrodomesticos-de-lavagem-na-cozinha', 2782, 0, 'c', '', '2658/2771', 'pt'),
('eletrodomesticos-para-refrigeracao-congelamento', 2786, 0, 'c', '', '2658/2771', 'pt'),
('principais-dispensers-de-agua', 2796, 0, 'c', '', '2658/2771', 'pt'),
('encanamento-aquecimento-ventilacao-ar-condicionado', 2813, 0, 'c', '', '', 'pt'),
('abastecimento-de-agua-gas-aquecimento-central', 2814, 0, 'c', '', '2813', 'pt'),
('acessorios-para-banheiro', 2815, 0, 'c', '', '2813', 'pt'),
('armazenamento-tratamento-de-agua', 2816, 0, 'c', '', '2813', 'pt'),
('dispositivos-de-prevencao-contra-refluxo', 2817, 0, 'c', '', '2813', 'pt'),
('encanamento-aquecimento-ventilacao-ar-condicionado', 2818, 0, 'c', '', '2813', 'pt'),
('equipamentos-de-aquecimento', 2819, 0, 'c', '', '2813', 'pt'),
('equipamentos-de-ventilacao-refrigeracao-condicionamento-de-ar', 2820, 0, 'c', '', '2813', 'pt'),
('equipamentos-para-residuos-esgoto', 2821, 0, 'c', '', '2813', 'pt'),
('loucas-sanitarias', 2822, 0, 'c', '', '2813', 'pt'),
('pacotes-de-variedade-de-encanamento-aquecimento-ventilacao-condicionamento-de-ar', 2823, 0, 'c', '', '2813', 'pt'),
('saude-e-bem-estar', 2824, 0, 'c', '', '2813', 'pt'),
('equipamentos-esportivos', 2825, 0, 'c', '', '', 'pt'),
('equipamentos-esportivos', 2826, 0, 'c', '', '2825', 'pt'),
('acessorios-para-equipamentos-esportivos', 2827, 0, 'c', '', '2825/2826', 'pt'),
('bastao-de-polo-taco-de-bilhar-taco-de-golfe-taco-de-hoquei-bastao-de-baseball', 2842, 0, 'c', '', '2825/2826', 'pt'),
('outros-tacos-de-golfe-tacos-de-hoquei-bastao-de-baseball', 2843, 0, 'c', '', '2825/2826/2842', 'pt'),
('tacos-de-golfe-bastao-de-hoquei-taco-de-baseball', 2844, 0, 'c', '', '2825/2826/2842', 'pt'),
('bolas-esportivas-discos-de-borracha-vulcanizada-petecas-frisbees-bumerangues', 2845, 0, 'c', '', '2825/2826', 'pt'),
('bolas-esportivas', 2846, 0, 'c', '', '2825/2826/2845', 'pt'),
('bumerangues', 2847, 0, 'c', '', '2825/2826/2845', 'pt'),
('discos-de-borracha-vulcanizada-empregados-no-hoquei-no-gelo', 2848, 0, 'c', '', '2825/2826/2845', 'pt'),
('frisbees-discos-feitos-de-plastico', 2849, 0, 'c', '', '2825/2826/2845', 'pt'),
('outrras-bolas-esportivas-discos-de-borracha-vulcanizada-petecas-frisbees-bumerangues', 2850, 0, 'c', '', '2825/2826/2845', 'pt'),
('pacotes-de-variedades-para-bolas-esportivas-discos-de-borracha-vulcanizada-petecas-frisbees-bumerangues', 2851, 0, 'c', '', '2825/2826/2845', 'pt'),
('petecas', 2852, 0, 'c', '', '2825/2826/2845', 'pt'),
('equipamento-esportivo-para-ciclismo', 2853, 0, 'c', '', '2825/2826', 'pt'),
('equipamento-esportivo-para-protecao-pessoal', 2861, 0, 'c', '', '2825/2826', 'pt'),
('exercitadores-transporte-de-bebes', 2980, 0, 'c', '', '2825', 'pt'),
('acessorios-para-carrinhos-de-bebe', 2981, 0, 'c', '', '2825/2980', 'pt'),
('andadores', 2982, 0, 'c', '', '2825/2980', 'pt'),
('bercos', 2983, 0, 'c', '', '2825/2980', 'pt'),
('bercos-portateis-para-viagem', 2984, 0, 'c', '', '2825/2980', 'pt'),
('cadeiras-de-balanco-para-bebes', 2985, 0, 'c', '', '2825/2980', 'pt'),
('equipamentos-para-oficina-armazenagem-de-ferramentas', 2992, 0, 'c', '', '', 'pt'),
('armazenamento-de-ferramentas', 2993, 0, 'c', '', '2992', 'pt'),
('assistencia-oficina', 2994, 0, 'c', '', '2992', 'pt'),
('ferramentas-equipamentos-eletricos', 2995, 0, 'c', '', '', 'pt'),
('ferramentas-eletricas-equipamentos-de-manuseio-elevacao', 2996, 0, 'c', '', '2995', 'pt'),
('ferramentas-eletricas-imoveis-bancada', 2997, 0, 'c', '', '2995', 'pt'),
('ferramentas-eletricas-portateis', 2998, 0, 'c', '', '2995', 'pt'),
('militar-equipamento-especializado-de-engenharia-motorizado', 2999, 0, 'c', '', '2995', 'pt'),
('pacotes-de-variedade-de-ferramentas-eletricas', 3000, 0, 'c', '', '2995', 'pt'),
('ferramentas-equipamentos-manuais', 3001, 0, 'c', '', '', 'pt'),
('brocas-nao-eletricas', 3002, 0, 'c', '', '3001', 'pt'),
('chaves', 3003, 0, 'c', '', '3001', 'pt'),
('chaves-de-fenda', 3004, 0, 'c', '', '3001', 'pt'),
('cinzeis-sulcos', 3005, 0, 'c', '', '3001', 'pt'),
('demolicao-remocao', 3006, 0, 'c', '', '3001', 'pt'),
('equipamento-de-transporte-elevacao-escalada', 3007, 0, 'c', '', '3001', 'pt'),
('esmeril-afiadoras-raspadeiras', 3008, 0, 'c', '', '3001', 'pt'),
('facas-nao-eletricas', 3009, 0, 'c', '', '3001', 'pt'),
('ferramentas-de-canos-tubos', 3010, 0, 'c', '', '3001', 'pt'),
('ferramentas-de-corte-de-metal-pincas-alicates', 3011, 0, 'c', '', '3001', 'pt'),
('ferramentas-de-marcacao-nivelamento-medicao', 3012, 0, 'c', '', '3001', 'pt'),
('ferramentas-de-telha-vidro-alvenaria', 3013, 0, 'c', '', '3001', 'pt'),
('informatica', 3028, 0, 'c', '', '', 'pt'),
('acessorios-para-computador-video-game', 3029, 0, 'c', '', '3028', 'pt'),
('componentes-para-computadores', 3030, 0, 'c', '', '3028', 'pt'),
('computador-software-para-video-game', 3031, 0, 'c', '', '3028', 'pt'),
('computadores', 3032, 0, 'c', '', '3028', 'pt'),
('consoles-de-videogame', 3033, 0, 'c', '', '3028', 'pt'),
('dispositivos-de-entrada-para-computador-controle-para-video-games', 3034, 0, 'c', '', '3028', 'pt'),
('drives-de-computador', 3035, 0, 'c', '', '3028', 'pt'),
('equipamentos-para-rede-de-computador', 3036, 0, 'c', '', '3028', 'pt'),
('pacotes-de-variedades-para-computadores-video-games', 3037, 0, 'c', '', '3028', 'pt'),
('perifericos-video-game', 3038, 0, 'c', '', '3028', 'pt'),
('ligacoes-eletricas', 3039, 0, 'c', '', '', 'pt'),
('aparelhos-eletricos-gerais', 3040, 0, 'c', '', '3039', 'pt'),
('cabos-extensao-para-fonte-de-energia', 3041, 0, 'c', '', '3039/3040', 'pt'),
('fio-terra-conexao', 3042, 0, 'c', '', '3039/3040', 'pt'),
('multimetros', 3043, 0, 'c', '', '3039/3040', 'pt'),
('placas-para-interruptores-eletricos', 3044, 0, 'c', '', '3039/3040', 'pt'),
('puxadores-de-cabos-fios', 3045, 0, 'c', '', '3039/3040', 'pt'),
('componentes-eletronicos-para-comunicacao', 3047, 0, 'c', '', '3039', 'pt'),
('acessorios-para-circuitos-eletronicos', 3048, 0, 'c', '', '3039/3047', 'pt'),
('circuitos-integrados-circuitos-montados', 3049, 0, 'c', '', '3039/3047', 'pt'),
('componentes-discretos', 3050, 0, 'c', '', '3039/3047', 'pt'),
('conexao-distribuicao-de-energia-eletrica', 3051, 0, 'c', '', '3039', 'pt'),
('baterias-carregadores', 3052, 0, 'c', '', '3039/3051', 'pt'),
('conexao-eletrica', 3057, 0, 'c', '', '3039/3051', 'pt'),
('distribuicao-eletrica', 3062, 0, 'c', '', '3039/3051', 'pt'),
('fiacao-cabeamento-eletrico', 3077, 0, 'c', '', '3039', 'pt'),
('cabos-eletricos', 3078, 0, 'c', '', '3039/3077', 'pt'),
('controle-gestao-de-cabeamento-fiacao', 3083, 0, 'c', '', '3039/3077', 'pt'),
('fiacao-eletrica', 3091, 0, 'c', '', '3039/3077', 'pt'),
('iluminacao-eletrica', 3094, 0, 'c', '', '3039', 'pt'),
('acessorios-de-iluminacao-eletrica', 3095, 0, 'c', '', '3039/3094', 'pt'),
('componentes-para-controle-de-iluminacao-eletrica', 3101, 0, 'c', '', '3039/3094', 'pt'),
('iluminacao-eletrica-outros', 3105, 0, 'c', '', '3039/3094', 'pt'),
('iluminacao-eletrica-portatil', 3106, 0, 'c', '', '3039/3094', 'pt'),
('iluminacao-lampadas-incandescentes-lampadas-eletricas', 3110, 0, 'c', '', '3039/3094', 'pt'),
('lubrificantes', 3116, 0, 'c', '', '', 'pt'),
('armazenamento-transferencia-de-compostos-de-protecao-lubrificantes', 3117, 0, 'c', '', '3116', 'pt'),
('armazenamento-de-compostos-de-protecao-lubrificantes', 3118, 0, 'c', '', '3116/3117', 'pt'),
('oleo-lubrificante-bombas-de-fluidos', 3122, 0, 'c', '', '3116/3117', 'pt'),
('oleo-lubrificante-bombas-de-fluidos-alimentadas', 3123, 0, 'c', '', '3116/3117/3122', 'pt'),
('oleo-lubrificante-bombas-de-fluidos-nao-alimentadas', 3124, 0, 'c', '', '3116/3117/3122', 'pt'),
('lubrificantes-compostos-de-protecao', 3125, 0, 'c', '', '3116', 'pt'),
('compostos-de-protecao', 3126, 0, 'c', '', '3116/3125', 'pt'),
('pacotes-de-variedade-de-compostos-de-protecao-lubrificantes', 3131, 0, 'c', '', '3116/3125', 'pt'),
('produtos-lubrificantes', 3132, 0, 'c', '', '3116/3125', 'pt'),
('pacotes-de-variedade-de-lubrificantes', 3137, 0, 'c', '', '3116', 'pt'),
('pacotes-de-variedade-de-lubrificantes', 3138, 0, 'c', '', '3116/3137', 'pt'),
('materiais-de-referencia-impressos-textuais', 3139, 0, 'c', '', '', 'pt'),
('livros', 3140, 0, 'c', '', '3139', 'pt'),
('mapas', 3141, 0, 'c', '', '3139', 'pt'),
('pacotes-de-variedade-de-materiais-de-referencia-impressos-textuais', 3142, 0, 'c', '', '3139', 'pt'),
('periodicos', 3143, 0, 'c', '', '3139', 'pt'),
('materias-primas-nao-alimentos', 3144, 0, 'c', '', '', 'pt'),
('materia-prima-formada', 3145, 0, 'c', '', '3144', 'pt'),
('material-reciclado-renovavel', 3146, 0, 'c', '', '3144/3145', 'pt'),
('materia-prima-formada', 3156, 0, 'c', '', '3144/3145', 'pt'),
('materia-prima-nao-formada', 3166, 0, 'c', '', '3144', 'pt'),
('aco-nao-formado', 3167, 0, 'c', '', '3144/3166', 'pt'),
('aluminio-nao-formado', 3168, 0, 'c', '', '3144/3166', 'pt'),
('cobre-nao-formado', 3169, 0, 'c', '', '3144/3166', 'pt'),
('ferro-nao-formado', 3170, 0, 'c', '', '3144/3166', 'pt'),
('madeira-nao-formada', 3171, 0, 'c', '', '3144/3166', 'pt'),
('mobiliario-domestico-para-escritorio', 3177, 0, 'c', '', '', 'pt'),
('mobiliario-decorativo', 3178, 0, 'c', '', '3177', 'pt'),
('bandeiras-bandeiras-decorativas-acessorios', 3179, 0, 'c', '', '3177/3178', 'pt'),
('bandeiras-banners-decorativos', 3180, 0, 'c', '', '3177/3178', 'pt'),
('imagens-espelhos-molduras', 3181, 0, 'c', '', '3177/3178', 'pt'),
('ornamentos', 3189, 0, 'c', '', '3177/3178', 'pt'),
('pacotes-de-variedades-para-mobiliario-decorativo', 3204, 0, 'c', '', '3177/3178', 'pt'),
('mobiliario-em-tecido-textil', 3209, 0, 'c', '', '3177', 'pt'),
('moveis-de-tecido-para-casa-escritorio', 3210, 0, 'c', '', '3177/3209', 'pt'),
('pacotes-de-variedades-para-tecido', 3227, 0, 'c', '', '3177/3209', 'pt'),
('roupa-de-cama', 3228, 0, 'c', '', '3177/3209', 'pt'),
('moveis-e-artigos-mobiliarios-para-casa-e-escritorio', 3239, 0, 'c', '', '3177', 'pt'),
('assentos-domesticos-para-bebes', 3240, 0, 'c', '', '3177/3239', 'pt'),
('assentos-para-bebes-outros', 3241, 0, 'c', '', '3177/3239/3240', 'pt'),
('assentos-para-bebes-pecas-de-reposicao', 3242, 0, 'c', '', '3177/3239/3240', 'pt'),
('cadeira-de-balanco-para-bebes-nao-automatica', 3243, 0, 'c', '', '3177/3239/3240', 'pt'),
('cadeirao-para-refeicoes', 3244, 0, 'c', '', '3177/3239/3240', 'pt'),
('cadeiras-de-balanco-para-bebes-automaticas', 3245, 0, 'c', '', '3177/3239/3240', 'pt'),
('pacote-de-variedade-de-assentos-para-bebes-domesticos', 3246, 0, 'c', '', '3177/3239/3240', 'pt'),
('camas-colchoes-para-bebes', 3247, 0, 'c', '', '3177/3239', 'pt'),
('moveis-sanitarios-para-bebes', 3253, 0, 'c', '', '3177/3239', 'pt'),
('bercos-e-banheiras-para-o-bebe', 3254, 0, 'c', '', '3177/3239/3253', 'pt'),
('moveis-sanitarios-para-bebes-outros', 3255, 0, 'c', '', '3177/3239/3253', 'pt'),
('moveis-sanitarios-para-bebes-pecas-de-reposicao', 3256, 0, 'c', '', '3177/3239/3253', 'pt'),
('pacote-de-variedades-de-moveis-sanitarios-para-bebes', 3257, 0, 'c', '', '3177/3239/3253', 'pt'),
('produtos-que-garantem-a-seguranca-do-bebe-durante-o-banho', 3258, 0, 'c', '', '3177/3239/3253', 'pt'),
('trocador', 3259, 0, 'c', '', '3177/3239/3253', 'pt'),
('trocador-de-fraldas', 3260, 0, 'c', '', '3177/3239/3253', 'pt'),
('troninhos-educativos-para-o-bebe', 3261, 0, 'c', '', '3177/3239/3253', 'pt'),
('moveis-para-casa-e-escritorio', 3262, 0, 'c', '', '3177', 'pt'),
('acessorios-para-mobilia-de-casa-e-escritorio', 3263, 0, 'c', '', '3177/3262', 'pt'),
('assentos-domesticos-e-para-escritorio', 3267, 0, 'c', '', '3177/3262', 'pt'),
('biombos-mostruario-de-moveis-armarios-para-casa-escritorio', 3279, 0, 'c', '', '3177/3262', 'pt'),
('armario-multiuso', 3280, 0, 'c', '', '3177/3262/3279', 'pt'),
('armarios-cristaleiras-para-casa-e-escritorio', 3281, 0, 'c', '', '3177/3262/3279', 'pt'),
('armarios-para-escritorio', 3282, 0, 'c', '', '3177/3262/3279', 'pt'),
('armarios-guarda-roupas-para-casa-escritorio', 3283, 0, 'c', '', '3177/3262/3279', 'pt'),
('balcoes-do-bar-em-casa-escritorio', 3284, 0, 'c', '', '3177/3262/3279', 'pt'),
('balcoes-bancadas', 3285, 0, 'c', '', '3177/3262/3279', 'pt'),
('compartimentos-cestos-para-casa-escritorio', 3286, 0, 'c', '', '3177/3262/3279', 'pt'),
('componentes-pecas-de-reposicao-moveis-para-mostruario-armarios-para-casa-escritorio', 3287, 0, 'c', '', '3177/3262/3279', 'pt'),
('divisorias-biombos-para-casa-escritorio', 3288, 0, 'c', '', '3177/3262/3279', 'pt'),
('estantes-para-casa-e-escritorio', 3289, 0, 'c', '', '3177/3262/3279', 'pt'),
('gaveteiros', 3290, 0, 'c', '', '3177/3262/3279', 'pt'),
('organizadores-domesticos', 3291, 0, 'c', '', '3177/3262/3279', 'pt'),
('outros-moveis-para-armazenagem-mostruario-para-casa-e-escritorio-outros', 3292, 0, 'c', '', '3177/3262/3279', 'pt'),
('pacotes-de-variedades-para-biombos-mobilia-para-mostruario-de-objetos-e-armarios-para-casa-e-escritorio', 3293, 0, 'c', '', '3177/3262/3279', 'pt'),
('plataformas-giratorias-universais', 3294, 0, 'c', '', '3177/3262/3279', 'pt'),
('suportes-trilhos-para-armazenagem', 3295, 0, 'c', '', '3177/3262/3279', 'pt'),
('camas-e-colchoes-para-casa', 3296, 0, 'c', '', '3177/3262', 'pt'),
('estandes-para-mostruario', 3305, 0, 'c', '', '3177/3262', 'pt'),
('moeda-certificados', 3316, 0, 'c', '', '', 'pt'),
('cartoes-pre-pagos-cartoes-presente-comprovantes', 3317, 0, 'c', '', '3316', 'pt'),
('moeda-certificados', 3318, 0, 'c', '', '3316', 'pt'),
('musica', 3319, 0, 'c', '', '', 'pt'),
('acessorios-para-instrumentos-musicais', 3320, 0, 'c', '', '3319', 'pt'),
('instrumentos-musicais-eletricos', 3321, 0, 'c', '', '3319', 'pt'),
('instrumentos-musicais-nao-eletricos', 3322, 0, 'c', '', '3319', 'pt'),
('pacotes-de-variedades-para-acessorios-de-instrumentos-musicais', 3323, 0, 'c', '', '3319', 'pt'),
('plantas-de-horticultura', 3324, 0, 'c', '', '', 'pt'),
('arbustos-arvores', 3325, 0, 'c', '', '3324', 'pt'),
('abies-abeto', 3326, 0, 'c', '', '3324/3325', 'pt'),
('araucaria', 3337, 0, 'c', '', '3324/3325', 'pt'),
('arbustos-arvores-outros', 3341, 0, 'c', '', '3324/3325', 'pt'),
('picea', 3347, 0, 'c', '', '3324/3325', 'pt'),
('pinus', 3351, 0, 'c', '', '3324/3325', 'pt'),
('bouquets', 3358, 0, 'c', '', '3324', 'pt'),
('buques-de-alstroemeria', 3359, 0, 'c', '', '3324/3358', 'pt'),
('buques-de-cravo', 3360, 0, 'c', '', '3324/3358', 'pt'),
('buques-de-crisantemo', 3361, 0, 'c', '', '3324/3358', 'pt'),
('buques-de-flores-tropicais', 3362, 0, 'c', '', '3324/3358', 'pt'),
('buques-de-lirio', 3363, 0, 'c', '', '3324/3358', 'pt'),
('flores-de-corte', 3368, 0, 'c', '', '3324', 'pt'),
('agapanthus-flores-de-corte', 3369, 0, 'c', '', '3324/3368', 'pt'),
('alchemilla-flores-de-corte', 3372, 0, 'c', '', '3324/3368', 'pt'),
('alstroemeria-flores-de-corte', 3375, 0, 'c', '', '3324/3368', 'pt'),
('anemone-flores-de-corte', 3378, 0, 'c', '', '3324/3368', 'pt'),
('anthurium-flores-de-corte', 3381, 0, 'c', '', '3324/3368', 'pt'),
('hortalicas-de-corte', 3520, 0, 'c', '', '3324', 'pt'),
('agapanthus-hortalicas-de-corte', 3521, 0, 'c', '', '3324/3520', 'pt'),
('anthurium-hortalicas-de-corte', 3524, 0, 'c', '', '3324/3520', 'pt'),
('asparagus-hortalicas-de-corte', 3527, 0, 'c', '', '3324/3520', 'pt'),
('aspidistra-hortalicas-de-corte', 3530, 0, 'c', '', '3324/3520', 'pt'),
('astilbe-hortalicas-de-corte', 3533, 0, 'c', '', '3324/3520', 'pt'),
('lampadas-rebentos-rizomas-tuberculos', 3634, 0, 'c', '', '3324', 'pt'),
('allium', 3635, 0, 'c', '', '3324/3634', 'pt'),
('bulbos-cormos-rizomas-tuberculos', 3636, 0, 'c', '', '3324/3634', 'pt'),
('crocus', 3637, 0, 'c', '', '3324/3634', 'pt'),
('dahlia', 3638, 0, 'c', '', '3324/3634', 'pt'),
('gladiolus', 3639, 0, 'c', '', '3324/3634', 'pt'),
('legumes-vegetais', 3648, 0, 'c', '', '3324', 'pt'),
('produtos-horticolas-fungos', 3649, 0, 'c', '', '3324/3648', 'pt'),
('plantas-vivas-genero-a-ate-g', 3650, 0, 'c', '', '3324', 'pt'),
('aechmea-plantas-vivas', 3651, 0, 'c', '', '3324/3650', 'pt'),
('aeonium-plantas-vivas', 3656, 0, 'c', '', '3324/3650', 'pt'),
('agapanthus-plantas-vivas', 3661, 0, 'c', '', '3324/3650', 'pt'),
('alocasia-plantas-vivas', 3666, 0, 'c', '', '3324/3650', 'pt'),
('aloe-plantas-vivas', 3671, 0, 'c', '', '3324/3650', 'pt'),
('plantas-vivas-genero-h-ate-z', 4036, 0, 'c', '', '3324', 'pt'),
('hedera-plantas-vivas', 4037, 0, 'c', '', '3324/4036', 'pt'),
('helianthus-plantas-vivas', 4042, 0, 'c', '', '3324/4036', 'pt'),
('helichrysum-plantas-vivas', 4047, 0, 'c', '', '3324/4036', 'pt'),
('heliotropium-plantas-vivas', 4052, 0, 'c', '', '3324/4036', 'pt'),
('helleborus-plantas-vivas', 4057, 0, 'c', '', '3324/4036', 'pt'),
('seedlings-ready-to-grow', 4495, 0, 'c', '', '3324', 'pt'),
('mudas-pronto-para-crescer', 4496, 0, 'c', '', '3324/4495', 'pt'),
('sementes-esporos', 4497, 0, 'c', '', '3324', 'pt'),
('esporos', 4498, 0, 'c', '', '3324/4497', 'pt'),
('sementes', 4503, 0, 'c', '', '3324/4497', 'pt'),
('variedade-de-plantas', 4507, 0, 'c', '', '3324', 'pt'),
('pacotes-de-variedades-para-gramado-plantas-de-jardim-fauna', 4508, 0, 'c', '', '3324/4507', 'pt'),
('produtos-de-limpeza-higiene', 4509, 0, 'c', '', '', 'pt'),
('controle-de-insetos-pragas-alergias', 4510, 0, 'c', '', '4509', 'pt'),
('controle-de-pragas-insetos-armadilhas-barreiras', 4511, 0, 'c', '', '4509/4510', 'pt'),
('inseticidas-pesticidas-rodenticidas', 4512, 0, 'c', '', '4509/4510', 'pt'),
('outros-controles-de-alergias-pragas-insetos', 4513, 0, 'c', '', '4509/4510', 'pt'),
('pacotes-de-variedades-para-controle-de-alergias-pragas-insetos', 4514, 0, 'c', '', '4509/4510', 'pt'),
('pesticidas', 4515, 0, 'c', '', '4509/4510', 'pt'),
('limpeza-industrial.', 4516, 0, 'c', '', '4509', 'pt'),
('acessorios-para-limpadores-de-pisos-industriais', 4517, 0, 'c', '', '4509/4516', 'pt'),
('limpador-de-piso-industrial-eletrico', 4518, 0, 'c', '', '4509/4516', 'pt'),
('pacotes-de-variedades-para-produtos-de-limpeza-higiene', 4519, 0, 'c', '', '4509', 'pt'),
('pacotes-de-variedade-para-produtos-de-limpeza-higiene', 4520, 0, 'c', '', '4509/4519', 'pt'),
('produtos-de-limpeza', 4521, 0, 'c', '', '4509', 'pt'),
('cuidados-com-louca', 4522, 0, 'c', '', '4509/4521', 'pt'),
('cuidados-de-superficie', 4531, 0, 'c', '', '4509/4521', 'pt'),
('desinfetantes-ambientadores', 4536, 0, 'c', '', '4509/4521', 'pt'),
('lavanderia', 4542, 0, 'c', '', '4509/4521', 'pt'),
('limpadores', 4552, 0, 'c', '', '4509/4521', 'pt'),
('produtos-para-coleta-de-lixo', 4572, 0, 'c', '', '4509', 'pt'),
('cestos-de-lixo-residuos', 4573, 0, 'c', '', '4509/4572', 'pt'),
('produtos-para-armazenamento-de-residuos-outros', 4574, 0, 'c', '', '4509/4572', 'pt'),
('produtos-para-armazenamento-de-residuos-pacotes-de-variedades', 4575, 0, 'c', '', '4509/4572', 'pt'),
('produtos-para-armazenamento-de-residuos-pecas-para-reposicao', 4576, 0, 'c', '', '4509/4572', 'pt'),
('sacos-de-lixo', 4577, 0, 'c', '', '4509/4572', 'pt'),
('suprimentos-de-limpeza-higiene', 4578, 0, 'c', '', '4509', 'pt'),
('auxiliares-de-limpeza', 4579, 0, 'c', '', '4509/4578', 'pt'),
('distribuidores-do-produto-fornecido', 4590, 0, 'c', '', '4509/4578', 'pt'),
('lavanderia-e-auxilios-de-passar-roupa', 4595, 0, 'c', '', '4509/4578', 'pt'),
('produtos-para-construcao', 4608, 0, 'c', '', '', 'pt'),
('abrasivos', 4609, 0, 'c', '', '4608', 'pt'),
('asfalto-concreto-alvenaria', 4610, 0, 'c', '', '4608', 'pt'),
('calhas-drenos', 4611, 0, 'c', '', '4608', 'pt'),
('capas-de-acesso-paneis', 4612, 0, 'c', '', '4608', 'pt'),
('componentes-estruturais-montagem', 4613, 0, 'c', '', '4608', 'pt'),
('estruturas-de-telhado-abrigo-ao-ar-livre', 4614, 0, 'c', '', '4608', 'pt'),
('ferragens-de-fixacao', 4615, 0, 'c', '', '4608', 'pt'),
('ferragens-para-porta', 4616, 0, 'c', '', '4608', 'pt'),
('isolamentos', 4617, 0, 'c', '', '4608', 'pt'),
('janelas', 4618, 0, 'c', '', '4608', 'pt'),
('molduras-serralherias-pecas-para-escadas', 4619, 0, 'c', '', '4608', 'pt'),
('pacotes-com-variedade-de-produtos-para-construcao', 4620, 0, 'c', '', '4608', 'pt'),
('recipientes-para-armazenamento-transporte', 4633, 0, 'c', '', '', 'pt'),
('caixas-caixotes-bandejas-de-armazenamento-transporte-vazias', 4634, 0, 'c', '', '4633', 'pt'),
('bandejas-de-transporte-armazenagem-vazias', 4635, 0, 'c', '', '4633/4634', 'pt'),
('caixas-de-armazenamento-transporte-vazias', 4636, 0, 'c', '', '4633/4634', 'pt'),
('engradados-de-transporte-armazenagem-vazios', 4637, 0, 'c', '', '4633/4634', 'pt'),
('conteineres-de-carga-para-transporte-armazenagem-vazios', 4638, 0, 'c', '', '4633', 'pt'),
('conteineres-de-carga-flexivel-vazios', 4639, 0, 'c', '', '4633/4638', 'pt'),
('conteineres-de-frete-aereo-vazios', 4640, 0, 'c', '', '4633/4638', 'pt'),
('conteineres-de-frete-intermodal-maritimo-vazios', 4641, 0, 'c', '', '4633/4638', 'pt'),
('conteineres-intermediarios-rigidos-a-granel-vazios', 4642, 0, 'c', '', '4633/4638', 'pt'),
('tanques-de-transporte-armazenagem-vazios', 4643, 0, 'c', '', '4633/4638', 'pt'),
('equipamentos-de-armazenagem-transporte', 4644, 0, 'c', '', '4633', 'pt'),
('armacoes-conversores-de-palete', 4645, 0, 'c', '', '4633/4644', 'pt'),
('folhas-intercalares', 4646, 0, 'c', '', '4633/4644', 'pt'),
('paletes', 4647, 0, 'c', '', '4633/4644', 'pt'),
('plataformas-moveis-de-transporte', 4648, 0, 'c', '', '4633/4644', 'pt'),
('prateleiras', 4649, 0, 'c', '', '4633/4644', 'pt'),
('garrafas-cilindros-barris-de-armazenagem-vazios', 4650, 0, 'c', '', '4633', 'pt'),
('garrafas-cilindros-de-armazenagem-vazios', 4651, 0, 'c', '', '4633/4650', 'pt'),
('cilindros-portateis-de-armazenagem-vazios', 4652, 0, 'c', '', '4633/4650/4651', 'pt'),
('garrafas-de-armazenagem-vazias', 4653, 0, 'c', '', '4633/4650/4651', 'pt'),
('tambores-barris-de-armazenagem-vazios', 4654, 0, 'c', '', '4633/4650', 'pt'),
('barris-de-armazenagem-vazios', 4655, 0, 'c', '', '4633/4650/4654', 'pt'),
('tambores-de-armazenagem-vazios', 4656, 0, 'c', '', '4633/4650/4654', 'pt'),
('segmento-transversal', 4657, 0, 'c', '', '', 'pt'),
('segmento-transversal', 4658, 0, 'c', '', '4657', 'pt'),
('seguranca-protecao-bricolagem', 4659, 0, 'c', '', '', 'pt'),
('assistencia-pessoal-de-protecao-bricolagem', 4660, 0, 'c', '', '4659', 'pt'),
('seguranca-vigilancia', 4661, 0, 'c', '', '', 'pt'),
('pacotes-de-variedades-de-seguranca-vigilancia', 4662, 0, 'c', '', '4661', 'pt'),
('pacotes-de-variedades-de-seguranca-vigilancia', 4663, 0, 'c', '', '4661/4662', 'pt'),
('seguranca-ambiental', 4664, 0, 'c', '', '4661', 'pt'),
('produtos-de-seguranca-contra-desastre-natural-climatico', 4665, 0, 'c', '', '4661/4664', 'pt'),
('produtos-de-seguranca-quimica-incendio-ambiental', 4680, 0, 'c', '', '4661/4664', 'pt'),
('seguranca-pessoal', 4686, 0, 'c', '', '4661', 'pt'),
('alarmes-corporais', 4687, 0, 'c', '', '4661/4686', 'pt'),
('alarmes-de-chaveiro', 4688, 0, 'c', '', '4661/4686', 'pt'),
('alarmes-pessoais-de-bagagem', 4689, 0, 'c', '', '4661/4686', 'pt'),
('apitos-de-emergencia', 4690, 0, 'c', '', '4661/4686', 'pt'),
('armas-imobilizadoras', 4691, 0, 'c', '', '4661/4686', 'pt'),
('seguranca-vigilancia', 4700, 0, 'c', '', '4661', 'pt'),
('cercados-para-bebes', 4701, 0, 'c', '', '4661/4700', 'pt'),
('cinto-de-seguranca-para-bebes', 4702, 0, 'c', '', '4661/4700', 'pt'),
('monitoramento-de-seguranca-do-bebe-nao-automatico', 4703, 0, 'c', '', '4661/4700', 'pt'),
('monitoramento-para-seguranca-do-bebe-automatico', 4704, 0, 'c', '', '4661/4700', 'pt'),
('protecao-e-seguranca-do-bebe-nao-automatica', 4705, 0, 'c', '', '4661/4700', 'pt'),
('seguranca-vigilancia-domestica-comercial', 4709, 0, 'c', '', '4661', 'pt'),
('barreiras', 4710, 0, 'c', '', '4661/4709', 'pt'),
('cofres', 4712, 0, 'c', '', '4661/4709', 'pt'),
('controle-de-multidao', 4715, 0, 'c', '', '4661/4709', 'pt'),
('equipamento-de-vigilancia-residencial-empresarial', 4718, 0, 'c', '', '4661/4709', 'pt'),
('extintores-de-incendio-para-empresas-residencias', 4725, 0, 'c', '', '4661/4709', 'pt'),
('servicos-maquinas-de-venda', 4747, 0, 'c', '', '', 'pt'),
('construcao-civil-e-servicos-relacionados', 4748, 0, 'c', '', '4747', 'pt'),
('construcao-civil-e-servicos-relacionados', 4749, 0, 'c', '', '4747/4748', 'pt'),
('maquinas-de-venda-automatica', 4750, 0, 'c', '', '4747', 'pt'),
('maquinas-de-venda-automatica', 4751, 0, 'c', '', '4747/4750', 'pt'),
('unidade-de-controle-operada-por-moedas', 4752, 0, 'c', '', '4747/4750', 'pt'),
('servicos-ambientais-e-de-energia', 4753, 0, 'c', '', '4747', 'pt'),
('servicos-ambientais', 4754, 0, 'c', '', '4747/4753', 'pt'),
('servicos-de-energia', 4755, 0, 'c', '', '4747/4753', 'pt'),
('servicos-cientificos-e-tecnologicos', 4756, 0, 'c', '', '4747', 'pt'),
('servicos-cientificos-e-tecnologicos', 4757, 0, 'c', '', '4747/4756', 'pt'),
('servicos-corporativos-e-comerciais', 4758, 0, 'c', '', '4747', 'pt'),
('negocios-e-servicos-de-consultoria', 4759, 0, 'c', '', '4747/4758', 'pt'),
('servico-de-arquitetura-e-engenharia', 4760, 0, 'c', '', '4747/4758', 'pt'),
('servico-de-informatica-e-tecnologia', 4761, 0, 'c', '', '4747/4758', 'pt'),
('servicos-contabeis', 4762, 0, 'c', '', '4747/4758', 'pt'),
('servicos-juridicos', 4763, 0, 'c', '', '4747/4758', 'pt'),
('servicos-de-comida-bebida-e-acomodacao', 4765, 0, 'c', '', '4747', 'pt'),
('servicos-de-acomodacao-temporaria', 4766, 0, 'c', '', '4747/4765', 'pt'),
('servicos-de-comidas-e-bebidas', 4767, 0, 'c', '', '4747/4765', 'pt'),
('servicos-de-comunicacao', 4768, 0, 'c', '', '4747', 'pt'),
('servicos-audiovisuais', 4769, 0, 'c', '', '4747/4768', 'pt'),
('servicos-de-telecomunicacoes', 4770, 0, 'c', '', '4747/4768', 'pt'),
('servicos-de-correspondencia', 4771, 0, 'c', '', '4747', 'pt'),
('servicos-de-correspondencia', 4772, 0, 'c', '', '4747/4771', 'pt'),
('servicos-de-cuidados-medicos-e-esteticos', 4773, 0, 'c', '', '4747', 'pt'),
('servicos-de-higiene-e-estetica', 4774, 0, 'c', '', '4747/4773', 'pt'),
('servicos-medicos', 4775, 0, 'c', '', '4747/4773', 'pt'),
('servicos-veterinarios', 4776, 0, 'c', '', '4747/4773', 'pt'),
('servicos-de-embalagem-armazenamento', 4777, 0, 'c', '', '4747', 'pt'),
('servicos-de-embalagem-armazenamento', 4778, 0, 'c', '', '4747/4777', 'pt'),
('servicos-de-limpeza', 4779, 0, 'c', '', '4747', 'pt'),
('servicos-de-limpeza', 4780, 0, 'c', '', '4747/4779', 'pt'),
('servicos-de-manutencao-reparo-e-instalacao', 4781, 0, 'c', '', '4747', 'pt'),
('servicos-de-instalacao', 4782, 0, 'c', '', '4747/4781', 'pt'),
('servicos-de-manutencao-reparo', 4783, 0, 'c', '', '4747/4781', 'pt'),
('setor-da-saude', 4793, 0, 'c', '', '', 'pt'),
('diagnosticos-iniciais', 4794, 0, 'c', '', '4793', 'pt'),
('monitores-para-diagnostico', 4795, 0, 'c', '', '4793/4794', 'pt'),
('pacotes-de-variedades-para-diagnostico-caseiro', 4798, 0, 'c', '', '4793/4794', 'pt'),
('testes-diagnosticos', 4799, 0, 'c', '', '4793/4794', 'pt'),
('materiais-medicos', 4805, 0, 'c', '', '4793', 'pt'),
('componente-de-apoio-a-dispositivo-medico', 4806, 0, 'c', '', '4793/4805', 'pt'),
('materiais-medicos', 4807, 0, 'c', '', '4793/4805', 'pt'),
('medicamentos', 4808, 0, 'c', '', '4793', 'pt'),
('compostos-farmaceuticos-acessorios', 4809, 0, 'c', '', '4793/4808', 'pt'),
('compostos-farmaceuticos-bases', 4810, 0, 'c', '', '4793/4808', 'pt'),
('compostos-farmaceuticos-produtos-quimicos', 4811, 0, 'c', '', '4793/4808', 'pt'),
('medicamentos', 4812, 0, 'c', '', '4793/4808', 'pt'),
('melhorias-no-setor-da-saude', 4813, 0, 'c', '', '4793', 'pt'),
('pacotes-de-variedades-para-melhorias-no-setor-da-saude', 4814, 0, 'c', '', '4793/4813', 'pt'),
('produtos-energeticos-estimulantes', 4815, 0, 'c', '', '4793/4813', 'pt'),
('recursos-para-dieta', 4818, 0, 'c', '', '4793/4813', 'pt'),
('suplementos-nutricionais-vitaminas-minerais', 4823, 0, 'c', '', '4793/4813', 'pt'),
('pacotes-de-variedades-para-o-setor-da-saude', 4827, 0, 'c', '', '4793', 'pt'),
('pacotes-de-variedades-para-o-setor-da-saude', 4828, 0, 'c', '', '4793/4827', 'pt'),
('planejamento-familiar', 4829, 0, 'c', '', '4793', 'pt'),
('barreira-de-contracepcao', 4830, 0, 'c', '', '4793/4829', 'pt'),
('contracepcao-hormonal', 4836, 0, 'c', '', '4793/4829', 'pt'),
('contracepcao-intra-uterina', 4842, 0, 'c', '', '4793/4829', 'pt'),
('pacotes-de-variedades-para-planejamento-familiar', 4845, 0, 'c', '', '4793/4829', 'pt'),
('recursos-tratamentos-para-o-setor-da-saude', 4846, 0, 'c', '', '4793', 'pt'),
('administracao-de-medicamentos', 4847, 0, 'c', '', '4793/4846', 'pt'),
('equipamentos-para-nutricao-enteral', 4853, 0, 'c', '', '4793/4846', 'pt'),
('materiais-de-tratamentos-subsidios-de-saude', 4860, 0, 'c', '', '4793/4846', 'pt'),
('medicamentos-florais-homeopaticos', 4862, 0, 'c', '', '4793/4846', 'pt'),
('medicamentos-para-alivio-da-dor', 4868, 0, 'c', '', '4793/4846', 'pt'),
('saude-veterinaria', 4974, 0, 'c', '', '4793', 'pt'),
('dispositivos-medicos-veterinarios', 4975, 0, 'c', '', '4793/4974', 'pt'),
('medicamentos-de-uso-veterinario', 4978, 0, 'c', '', '4793/4974', 'pt'),
('utensilios-de-cozinha-e-utensilios-de-mesa', 4983, 0, 'c', '', '', 'pt'),
('utensilios-de-cozinha', 4984, 0, 'c', '', '4983', 'pt'),
('acessorios-para-apresentacao-de-alimentos-bebidas', 4985, 0, 'c', '', '4983/4984', 'pt'),
('armazenamento-de-alimentos', 4989, 0, 'c', '', '4983/4984', 'pt'),
('equipamento-para-agua-bebidas', 4998, 0, 'c', '', '4983/4984', 'pt'),
('pacotes-de-variedades-para-utensilios-de-cozinha', 5008, 0, 'c', '', '4983/4984', 'pt'),
('recipientes-descartaveis-de-comida', 5009, 0, 'c', '', '4983/4984', 'pt'),
('utensilios-de-mesa', 5054, 0, 'c', '', '4983', 'pt'),
('acessorios-de-mesa', 5055, 0, 'c', '', '4983/5054', 'pt'),
('copos-nao-descartaveis', 5062, 0, 'c', '', '4983/5054', 'pt'),
('louca-de-servir-nao-descartavel', 5075, 0, 'c', '', '4983/5054', 'pt'),
('pacotes-de-variedades-de-utensilios-de-mesa', 5084, 0, 'c', '', '4983/5054', 'pt'),
('talheres-nao-descartaveis', 5085, 0, 'c', '', '4983/5054', 'pt'),
('veiculo', 5120, 0, 'c', '', '', 'pt'),
('acessorios-automotivos-e-manutencao', 5121, 0, 'c', '', '5120', 'pt'),
('acessorios-automotivos-para-aparencia-externa', 5122, 0, 'c', '', '5120/5121', 'pt'),
('acessorios-automotivos-para-o-interior-do-veiculo-painel', 5134, 0, 'c', '', '5120/5121', 'pt'),
('acessorios-externos-do-veiculo-coberturas-protecao', 5138, 0, 'c', '', '5120/5121', 'pt'),
('acessorios-externos-do-veiculo-estribos-degraus', 5150, 0, 'c', '', '5120/5121', 'pt'),
('acessorios-externos-do-veiculo-grades-parachoques', 5154, 0, 'c', '', '5120/5121', 'pt'),
('aeronave', 5461, 0, 'c', '', '5120', 'pt'),
('aeronave', 5462, 0, 'c', '', '5120/5461', 'pt'),
('carros-e-motocicletas', 5463, 0, 'c', '', '5120', 'pt'),
('automoveis', 5464, 0, 'c', '', '5120/5463', 'pt'),
('motocicletas', 5470, 0, 'c', '', '5120/5463', 'pt'),
('veiculos-especiais', 5474, 0, 'c', '', '5120', 'pt'),
('veiculos-especiais', 5475, 0, 'c', '', '5120/5474', 'pt'),
('vestuario', 5476, 0, 'c', '', '', 'pt'),
('roupa-de-dormir', 5477, 0, 'c', '', '5476', 'pt'),
('calcas-shorts-de-dormir', 5478, 0, 'c', '', '5476/5477', 'pt'),
('camisolas', 5479, 0, 'c', '', '5476/5477', 'pt'),
('pacotes-de-variedades-de-roupas-de-dormir', 5480, 0, 'c', '', '5476/5477', 'pt'),
('roupoes', 5481, 0, 'c', '', '5476/5477', 'pt'),
('touca-de-dormir', 5482, 0, 'c', '', '5476/5477', 'pt'),
('roupa-esportiva', 5483, 0, 'c', '', '5476', 'pt'),
('pacotes-de-variedades-de-roupas-esportivas', 5484, 0, 'c', '', '5476/5483', 'pt'),
('pecas-esportivas-emblemas-fivelas', 5485, 0, 'c', '', '5476/5483', 'pt'),
('roupa-esportiva-parte-inferior-do-corpo', 5486, 0, 'c', '', '5476/5483', 'pt'),
('roupa-esportiva-parte-superior-do-corpo', 5487, 0, 'c', '', '5476/5483', 'pt'),
('roupas-esportivas-cintos', 5488, 0, 'c', '', '5476/5483', 'pt'),
('roupas-de-banho', 5495, 0, 'c', '', '5476', 'pt'),
('biquini', 5496, 0, 'c', '', '5476/5495', 'pt'),
('biquini-parte-superior-top', 5497, 0, 'c', '', '5476/5495', 'pt'),
('maio', 5498, 0, 'c', '', '5476/5495', 'pt'),
('roupas-de-banho-outros', 5499, 0, 'c', '', '5476/5495', 'pt'),
('roupas-de-praia-saidas-de-praia', 5500, 0, 'c', '', '5476/5495', 'pt'),
('roupas-de-protecao', 5502, 0, 'c', '', '5476', 'pt'),
('acessorios-de-protecao', 5503, 0, 'c', '', '5476/5502', 'pt'),
('arcos-escudos-de-protecao-para-o-rosto', 5504, 0, 'c', '', '5476/5502', 'pt'),
('babadores-para-alimentacao', 5505, 0, 'c', '', '5476/5502', 'pt'),
('capacetes-eletricos', 5506, 0, 'c', '', '5476/5502', 'pt'),
('capacetes-nao-eletricos', 5507, 0, 'c', '', '5476/5502', 'pt'),
('roupas-intimas', 5524, 0, 'c', '', '5476', 'pt'),
('anaguas-chinelos', 5525, 0, 'c', '', '5476/5524', 'pt'),
('calcas-cuecas', 5526, 0, 'c', '', '5476/5524', 'pt'),
('camisetas-camisolas', 5527, 0, 'c', '', '5476/5524', 'pt'),
('meias', 5528, 0, 'c', '', '5476/5524', 'pt'),
('meias-calcas-meias-7-8', 5529, 0, 'c', '', '5476/5524', 'pt'),
('vestuario', 5534, 0, 'c', '', '5476', 'pt'),
('acessorios-para-vestuario', 5535, 0, 'c', '', '5476/5534', 'pt'),
('pacotes-de-variedades-para-vestuario', 5544, 0, 'c', '', '5476/5534', 'pt'),
('roupas-para-a-parte-debaixo-do-corpo-parte-inferior', 5545, 0, 'c', '', '5476/5534', 'pt'),
('roupas-para-a-parte-superior-do-corpo-tops', 5549, 0, 'c', '', '5476/5534', 'pt'),
('traje-completo', 5554, 0, 'c', '', '5476/5534', 'pt');

-- --------------------------------------------------------

--
